[INFO] fetching crate alibaba-cloud-sdk-rust 0.1.10...
[INFO] testing alibaba-cloud-sdk-rust-0.1.10 against 1.75.0 for beta-1.76-1
[INFO] extracting crate alibaba-cloud-sdk-rust 0.1.10 into /workspace/builds/worker-0-tc1/source
[INFO] validating manifest of crates.io crate alibaba-cloud-sdk-rust 0.1.10 on toolchain 1.75.0
[INFO] running `Command { std: CARGO_HOME="/workspace/cargo-home" RUSTUP_HOME="/workspace/rustup-home" "/workspace/cargo-home/bin/cargo" "+1.75.0" "metadata" "--manifest-path" "Cargo.toml" "--no-deps", kill_on_drop: false }`
[INFO] started tweaking crates.io crate alibaba-cloud-sdk-rust 0.1.10
[INFO] finished tweaking crates.io crate alibaba-cloud-sdk-rust 0.1.10
[INFO] tweaked toml for crates.io crate alibaba-cloud-sdk-rust 0.1.10 written to /workspace/builds/worker-0-tc1/source/Cargo.toml
[INFO] running `Command { std: CARGO_HOME="/workspace/cargo-home" RUSTUP_HOME="/workspace/rustup-home" "/workspace/cargo-home/bin/cargo" "+1.75.0" "generate-lockfile" "--manifest-path" "Cargo.toml", kill_on_drop: false }`
[INFO] [stderr]     Updating crates.io index
[INFO] running `Command { std: CARGO_HOME="/workspace/cargo-home" RUSTUP_HOME="/workspace/rustup-home" "/workspace/cargo-home/bin/cargo" "+1.75.0" "fetch" "--manifest-path" "Cargo.toml", kill_on_drop: false }`
[INFO] [stderr]  Downloading crates ...
[INFO] [stderr]   Downloaded simplelog v0.9.0
[INFO] [stderr]   Downloaded cvt v0.1.2
[INFO] [stderr]   Downloaded uuid-macro-internal v1.6.1
[INFO] [stderr]   Downloaded webpki-roots v0.22.6
[INFO] [stderr]   Downloaded ring v0.17.7
[INFO] [stderr]   Downloaded gostd_derive v0.0.3
[INFO] [stderr]   Downloaded gostd_builtin v1.0.4
[INFO] [stderr]   Downloaded gostd v0.3.10
[INFO] [stderr]   Downloaded gostd_time v1.0.6
[INFO] running `Command { std: "docker" "create" "-v" "/var/lib/crater-agent-workspace/builds/worker-0-tc1/target:/opt/rustwide/target:rw,Z" "-v" "/var/lib/crater-agent-workspace/builds/worker-0-tc1/source:/opt/rustwide/workdir:ro,Z" "-v" "/var/lib/crater-agent-workspace/cargo-home:/opt/rustwide/cargo-home:ro,Z" "-v" "/var/lib/crater-agent-workspace/rustup-home:/opt/rustwide/rustup-home:ro,Z" "-e" "SOURCE_DIR=/opt/rustwide/workdir" "-e" "CARGO_TARGET_DIR=/opt/rustwide/target" "-e" "CARGO_HOME=/opt/rustwide/cargo-home" "-e" "RUSTUP_HOME=/opt/rustwide/rustup-home" "-w" "/opt/rustwide/workdir" "-m" "1610612736" "--user" "0:0" "--network" "none" "ghcr.io/rust-lang/crates-build-env/linux@sha256:2788e3201cd34a07e3172128adcd8b3090168a8e3bcc40d7c032b9dda1df7d1c" "/opt/rustwide/cargo-home/bin/cargo" "+1.75.0" "metadata" "--no-deps" "--format-version=1", kill_on_drop: false }`
[INFO] [stdout] 01f6ea61fe7ca940c5a5601dc1bef86d4755f4ecd8a919f51b635ddc1317295f
[INFO] running `Command { std: "docker" "start" "-a" "01f6ea61fe7ca940c5a5601dc1bef86d4755f4ecd8a919f51b635ddc1317295f", kill_on_drop: false }`
[INFO] running `Command { std: "docker" "inspect" "01f6ea61fe7ca940c5a5601dc1bef86d4755f4ecd8a919f51b635ddc1317295f", kill_on_drop: false }`
[INFO] running `Command { std: "docker" "rm" "-f" "01f6ea61fe7ca940c5a5601dc1bef86d4755f4ecd8a919f51b635ddc1317295f", kill_on_drop: false }`
[INFO] [stdout] 01f6ea61fe7ca940c5a5601dc1bef86d4755f4ecd8a919f51b635ddc1317295f
[INFO] running `Command { std: "docker" "create" "-v" "/var/lib/crater-agent-workspace/builds/worker-0-tc1/target:/opt/rustwide/target:rw,Z" "-v" "/var/lib/crater-agent-workspace/builds/worker-0-tc1/source:/opt/rustwide/workdir:ro,Z" "-v" "/var/lib/crater-agent-workspace/cargo-home:/opt/rustwide/cargo-home:ro,Z" "-v" "/var/lib/crater-agent-workspace/rustup-home:/opt/rustwide/rustup-home:ro,Z" "-e" "SOURCE_DIR=/opt/rustwide/workdir" "-e" "CARGO_TARGET_DIR=/opt/rustwide/target" "-e" "CARGO_INCREMENTAL=0" "-e" "RUST_BACKTRACE=full" "-e" "RUSTFLAGS=--cap-lints=warn" "-e" "RUSTDOCFLAGS=--cap-lints=warn" "-e" "CARGO_HOME=/opt/rustwide/cargo-home" "-e" "RUSTUP_HOME=/opt/rustwide/rustup-home" "-w" "/opt/rustwide/workdir" "-m" "1610612736" "--user" "0:0" "--network" "none" "ghcr.io/rust-lang/crates-build-env/linux@sha256:2788e3201cd34a07e3172128adcd8b3090168a8e3bcc40d7c032b9dda1df7d1c" "/opt/rustwide/cargo-home/bin/cargo" "+1.75.0" "build" "--frozen" "--message-format=json", kill_on_drop: false }`
[INFO] [stdout] fac7ab6d70d1756868fb4b252d25a19c3ecb297280f7c91be0f3f8a6f689f899
[INFO] running `Command { std: "docker" "start" "-a" "fac7ab6d70d1756868fb4b252d25a19c3ecb297280f7c91be0f3f8a6f689f899", kill_on_drop: false }`
[INFO] [stderr]    Compiling proc-macro2 v1.0.75
[INFO] [stderr]    Compiling untrusted v0.9.0
[INFO] [stderr]    Compiling spin v0.9.8
[INFO] [stderr]    Compiling syn v1.0.109
[INFO] [stderr]    Compiling num-traits v0.2.17
[INFO] [stderr]    Compiling cc v1.0.83
[INFO] [stderr]    Compiling getrandom v0.2.11
[INFO] [stderr]    Compiling log v0.4.20
[INFO] [stderr]    Compiling spin v0.5.2
[INFO] [stderr]    Compiling untrusted v0.7.1
[INFO] [stderr]    Compiling rustls v0.20.9
[INFO] [stderr]    Compiling cvt v0.1.2
[INFO] [stderr]    Compiling rand_core v0.6.4
[INFO] [stderr]    Compiling iana-time-zone v0.1.59
[INFO] [stderr]    Compiling gostd_builtin v1.0.4
[INFO] [stderr]    Compiling rand_chacha v0.3.1
[INFO] [stderr]    Compiling termcolor v1.1.3
[INFO] [stderr]    Compiling rand v0.8.5
[INFO] [stderr]    Compiling quote v1.0.35
[INFO] [stderr]    Compiling ring v0.17.7
[INFO] [stderr]    Compiling ring v0.16.20
[INFO] [stderr]    Compiling syn v2.0.48
[INFO] [stderr]    Compiling chrono v0.4.31
[INFO] [stderr]    Compiling simplelog v0.9.0
[INFO] [stderr]    Compiling gostd_derive v0.0.3
[INFO] [stderr]    Compiling gostd_time v1.0.6
[INFO] [stderr]    Compiling serde_derive v1.0.194
[INFO] [stderr]    Compiling uuid-macro-internal v1.6.1
[INFO] [stderr]    Compiling uuid v1.6.1
[INFO] [stderr]    Compiling webpki v0.22.4
[INFO] [stderr]    Compiling sct v0.7.1
[INFO] [stderr]    Compiling webpki-roots v0.22.6
[INFO] [stderr]    Compiling serde v1.0.194
[INFO] [stderr]    Compiling gostd v0.3.10
[INFO] [stderr]    Compiling serde_json v1.0.111
[INFO] [stderr]    Compiling alibaba-cloud-sdk-rust v0.1.10 (/opt/rustwide/workdir)
[INFO] [stdout] warning: unused import: `endpoint::*`
[INFO] [stdout]  --> src/services/dysmsapi/mod.rs:5:9
[INFO] [stdout]   |
[INFO] [stdout] 5 | pub use endpoint::*;
[INFO] [stdout]   |         ^^^^^^^^^^^
[INFO] [stdout]   |
[INFO] [stdout]   = note: `#[warn(unused_imports)]` on by default
[INFO] [stdout] 
[INFO] [stdout] 
[INFO] [stdout] warning: call to `.borrow()` on a reference in this situation does nothing
[INFO] [stdout]    --> src/sdk/requests/mod.rs:310:13
[INFO] [stdout]     |
[INFO] [stdout] 310 |         self.borrow()
[INFO] [stdout]     |             ^^^^^^^^^ help: remove this redundant call
[INFO] [stdout]     |
[INFO] [stdout]     = note: the type `BaseRequest` does not implement `Borrow`, so calling `borrow` on `&BaseRequest` copies the reference, which does not do anything and can be removed
[INFO] [stdout]     = note: `#[warn(noop_method_call)]` on by default
[INFO] [stdout] 
[INFO] [stdout] 
[INFO] [stdout] warning: 2 warnings emitted
[INFO] [stdout] 
[INFO] [stdout] 
[INFO] [stderr]     Finished dev [unoptimized + debuginfo] target(s) in 20.48s
[INFO] running `Command { std: "docker" "inspect" "fac7ab6d70d1756868fb4b252d25a19c3ecb297280f7c91be0f3f8a6f689f899", kill_on_drop: false }`
[INFO] running `Command { std: "docker" "rm" "-f" "fac7ab6d70d1756868fb4b252d25a19c3ecb297280f7c91be0f3f8a6f689f899", kill_on_drop: false }`
[INFO] [stdout] fac7ab6d70d1756868fb4b252d25a19c3ecb297280f7c91be0f3f8a6f689f899
[INFO] running `Command { std: "docker" "create" "-v" "/var/lib/crater-agent-workspace/builds/worker-0-tc1/target:/opt/rustwide/target:rw,Z" "-v" "/var/lib/crater-agent-workspace/builds/worker-0-tc1/source:/opt/rustwide/workdir:ro,Z" "-v" "/var/lib/crater-agent-workspace/cargo-home:/opt/rustwide/cargo-home:ro,Z" "-v" "/var/lib/crater-agent-workspace/rustup-home:/opt/rustwide/rustup-home:ro,Z" "-e" "SOURCE_DIR=/opt/rustwide/workdir" "-e" "CARGO_TARGET_DIR=/opt/rustwide/target" "-e" "CARGO_INCREMENTAL=0" "-e" "RUST_BACKTRACE=full" "-e" "RUSTFLAGS=--cap-lints=warn" "-e" "RUSTDOCFLAGS=--cap-lints=warn" "-e" "CARGO_HOME=/opt/rustwide/cargo-home" "-e" "RUSTUP_HOME=/opt/rustwide/rustup-home" "-w" "/opt/rustwide/workdir" "-m" "1610612736" "--user" "0:0" "--network" "none" "ghcr.io/rust-lang/crates-build-env/linux@sha256:2788e3201cd34a07e3172128adcd8b3090168a8e3bcc40d7c032b9dda1df7d1c" "/opt/rustwide/cargo-home/bin/cargo" "+1.75.0" "test" "--frozen" "--no-run" "--message-format=json", kill_on_drop: false }`
[INFO] [stdout] 09112214d9d734cfef9c1f1134777db793efe7816b7cd54fe7c9fff615118cb1
[INFO] running `Command { std: "docker" "start" "-a" "09112214d9d734cfef9c1f1134777db793efe7816b7cd54fe7c9fff615118cb1", kill_on_drop: false }`
[INFO] [stderr]    Compiling alibaba-cloud-sdk-rust v0.1.10 (/opt/rustwide/workdir)
[INFO] [stdout] warning: unused import: `endpoint::*`
[INFO] [stdout]  --> src/services/dysmsapi/mod.rs:5:9
[INFO] [stdout]   |
[INFO] [stdout] 5 | pub use endpoint::*;
[INFO] [stdout]   |         ^^^^^^^^^^^
[INFO] [stdout]   |
[INFO] [stdout]   = note: `#[warn(unused_imports)]` on by default
[INFO] [stdout] 
[INFO] [stdout] 
[INFO] [stdout] warning: call to `.borrow()` on a reference in this situation does nothing
[INFO] [stdout]    --> src/sdk/requests/mod.rs:310:13
[INFO] [stdout]     |
[INFO] [stdout] 310 |         self.borrow()
[INFO] [stdout]     |             ^^^^^^^^^ help: remove this redundant call
[INFO] [stdout]     |
[INFO] [stdout]     = note: the type `BaseRequest` does not implement `Borrow`, so calling `borrow` on `&BaseRequest` copies the reference, which does not do anything and can be removed
[INFO] [stdout]     = note: `#[warn(noop_method_call)]` on by default
[INFO] [stdout] 
[INFO] [stdout] 
[INFO] [stdout] warning: 2 warnings emitted
[INFO] [stdout] 
[INFO] [stdout] 
[INFO] [stdout] warning: unused import: `endpoint::*`
[INFO] [stdout]  --> src/services/dysmsapi/mod.rs:5:9
[INFO] [stdout]   |
[INFO] [stdout] 5 | pub use endpoint::*;
[INFO] [stdout]   |         ^^^^^^^^^^^
[INFO] [stdout]   |
[INFO] [stdout]   = note: `#[warn(unused_imports)]` on by default
[INFO] [stdout] 
[INFO] [stdout] 
[INFO] [stdout] warning: call to `.borrow()` on a reference in this situation does nothing
[INFO] [stdout]    --> src/sdk/requests/mod.rs:310:13
[INFO] [stdout]     |
[INFO] [stdout] 310 |         self.borrow()
[INFO] [stdout]     |             ^^^^^^^^^ help: remove this redundant call
[INFO] [stdout]     |
[INFO] [stdout]     = note: the type `BaseRequest` does not implement `Borrow`, so calling `borrow` on `&BaseRequest` copies the reference, which does not do anything and can be removed
[INFO] [stdout]     = note: `#[warn(noop_method_call)]` on by default
[INFO] [stdout] 
[INFO] [stdout] 
[INFO] [stdout] warning: 2 warnings emitted
[INFO] [stdout] 
[INFO] [stdout] 
[INFO] [stderr]     Finished test [unoptimized + debuginfo] target(s) in 0.71s
[INFO] running `Command { std: "docker" "inspect" "09112214d9d734cfef9c1f1134777db793efe7816b7cd54fe7c9fff615118cb1", kill_on_drop: false }`
[INFO] running `Command { std: "docker" "rm" "-f" "09112214d9d734cfef9c1f1134777db793efe7816b7cd54fe7c9fff615118cb1", kill_on_drop: false }`
[INFO] [stdout] 09112214d9d734cfef9c1f1134777db793efe7816b7cd54fe7c9fff615118cb1
[INFO] running `Command { std: "docker" "create" "-v" "/var/lib/crater-agent-workspace/builds/worker-0-tc1/target:/opt/rustwide/target:rw,Z" "-v" "/var/lib/crater-agent-workspace/builds/worker-0-tc1/source:/opt/rustwide/workdir:ro,Z" "-v" "/var/lib/crater-agent-workspace/cargo-home:/opt/rustwide/cargo-home:ro,Z" "-v" "/var/lib/crater-agent-workspace/rustup-home:/opt/rustwide/rustup-home:ro,Z" "-e" "SOURCE_DIR=/opt/rustwide/workdir" "-e" "CARGO_TARGET_DIR=/opt/rustwide/target" "-e" "CARGO_INCREMENTAL=0" "-e" "RUST_BACKTRACE=full" "-e" "RUSTFLAGS=--cap-lints=warn" "-e" "RUSTDOCFLAGS=--cap-lints=warn" "-e" "CARGO_HOME=/opt/rustwide/cargo-home" "-e" "RUSTUP_HOME=/opt/rustwide/rustup-home" "-w" "/opt/rustwide/workdir" "-m" "1610612736" "--user" "0:0" "--network" "none" "ghcr.io/rust-lang/crates-build-env/linux@sha256:2788e3201cd34a07e3172128adcd8b3090168a8e3bcc40d7c032b9dda1df7d1c" "/opt/rustwide/cargo-home/bin/cargo" "+1.75.0" "test" "--frozen", kill_on_drop: false }`
[INFO] [stdout] aaeaa9e1e5eacf2f7319d60a64217687cf48fdcfca0a91585d63cabecc4d4085
[INFO] running `Command { std: "docker" "start" "-a" "aaeaa9e1e5eacf2f7319d60a64217687cf48fdcfca0a91585d63cabecc4d4085", kill_on_drop: false }`
[INFO] [stderr] warning: unused import: `endpoint::*`
[INFO] [stderr]  --> src/services/dysmsapi/mod.rs:5:9
[INFO] [stderr]   |
[INFO] [stderr] 5 | pub use endpoint::*;
[INFO] [stderr]   |         ^^^^^^^^^^^
[INFO] [stderr]   |
[INFO] [stderr]   = note: `#[warn(unused_imports)]` on by default
[INFO] [stderr] 
[INFO] [stderr] warning: call to `.borrow()` on a reference in this situation does nothing
[INFO] [stderr]    --> src/sdk/requests/mod.rs:310:13
[INFO] [stderr]     |
[INFO] [stderr] 310 |         self.borrow()
[INFO] [stderr]     |             ^^^^^^^^^ help: remove this redundant call
[INFO] [stderr]     |
[INFO] [stderr]     = note: the type `BaseRequest` does not implement `Borrow`, so calling `borrow` on `&BaseRequest` copies the reference, which does not do anything and can be removed
[INFO] [stderr]     = note: `#[warn(noop_method_call)]` on by default
[INFO] [stderr] 
[INFO] [stderr] warning: `alibaba-cloud-sdk-rust` (lib) generated 2 warnings (run `cargo fix --lib -p alibaba-cloud-sdk-rust` to apply 2 suggestions)
[INFO] [stderr] warning: `alibaba-cloud-sdk-rust` (lib test) generated 2 warnings (2 duplicates)
[INFO] [stderr]     Finished test [unoptimized + debuginfo] target(s) in 0.09s
[INFO] [stderr]      Running unittests src/lib.rs (/opt/rustwide/target/debug/deps/alibaba_cloud_sdk_rust-d48fbac5af13d9a4)
[INFO] [stdout] 
[INFO] [stdout] running 0 tests
[INFO] [stdout] 
[INFO] [stdout] test result: ok. 0 passed; 0 failed; 0 ignored; 0 measured; 0 filtered out; finished in 0.00s
[INFO] [stdout] 
[INFO] [stderr]    Doc-tests alibaba-cloud-sdk-rust
[INFO] [stdout] 
[INFO] [stdout] running 1 test
[INFO] [stderr] error: doctest failed, to rerun pass `--doc`
[INFO] [stdout] test src/lib.rs - (line 3) ... FAILED
[INFO] [stdout] 
[INFO] [stdout] failures:
[INFO] [stdout] 
[INFO] [stdout] ---- src/lib.rs - (line 3) stdout ----
[INFO] [stdout] error: expected `;`, found keyword `let`
[INFO] [stdout]   --> src/lib.rs:13:34
[INFO] [stdout]    |
[INFO] [stdout] 12 |     let phoneNumber="139xxxxxxxx" //手机号
[INFO] [stdout]    |                                  ^ help: add `;` here
[INFO] [stdout] 13 |     let mut client = dysmsapi::Client::NewClientWithAccessKey(
[INFO] [stdout]    |     --- unexpected token
[INFO] [stdout] 
[INFO] [stdout] error: aborting due to previous error
[INFO] [stdout] 
[INFO] [stdout] Couldn't compile the test.
[INFO] [stdout] 
[INFO] [stdout] failures:
[INFO] [stdout]     src/lib.rs - (line 3)
[INFO] [stdout] 
[INFO] [stdout] test result: FAILED. 0 passed; 1 failed; 0 ignored; 0 measured; 0 filtered out; finished in 0.08s
[INFO] [stdout] 
[INFO] running `Command { std: "docker" "inspect" "aaeaa9e1e5eacf2f7319d60a64217687cf48fdcfca0a91585d63cabecc4d4085", kill_on_drop: false }`
[INFO] running `Command { std: "docker" "rm" "-f" "aaeaa9e1e5eacf2f7319d60a64217687cf48fdcfca0a91585d63cabecc4d4085", kill_on_drop: false }`
[INFO] [stdout] aaeaa9e1e5eacf2f7319d60a64217687cf48fdcfca0a91585d63cabecc4d4085
[INFO] testing alibaba-cloud-sdk-rust-0.1.10 against beta-2023-12-22 for beta-1.76-1
[INFO] extracting crate alibaba-cloud-sdk-rust 0.1.10 into /workspace/builds/worker-0-tc2/source
[INFO] validating manifest of crates.io crate alibaba-cloud-sdk-rust 0.1.10 on toolchain beta-2023-12-22
[INFO] running `Command { std: CARGO_HOME="/workspace/cargo-home" RUSTUP_HOME="/workspace/rustup-home" "/workspace/cargo-home/bin/cargo" "+beta-2023-12-22" "metadata" "--manifest-path" "Cargo.toml" "--no-deps", kill_on_drop: false }`
[INFO] started tweaking crates.io crate alibaba-cloud-sdk-rust 0.1.10
[INFO] finished tweaking crates.io crate alibaba-cloud-sdk-rust 0.1.10
[INFO] tweaked toml for crates.io crate alibaba-cloud-sdk-rust 0.1.10 written to /workspace/builds/worker-0-tc2/source/Cargo.toml
[INFO] running `Command { std: CARGO_HOME="/workspace/cargo-home" RUSTUP_HOME="/workspace/rustup-home" "/workspace/cargo-home/bin/cargo" "+beta-2023-12-22" "generate-lockfile" "--manifest-path" "Cargo.toml", kill_on_drop: false }`
[INFO] [stderr]     Updating crates.io index
[INFO] running `Command { std: CARGO_HOME="/workspace/cargo-home" RUSTUP_HOME="/workspace/rustup-home" "/workspace/cargo-home/bin/cargo" "+beta-2023-12-22" "fetch" "--manifest-path" "Cargo.toml", kill_on_drop: false }`
[INFO] running `Command { std: "docker" "create" "-v" "/var/lib/crater-agent-workspace/builds/worker-0-tc2/target:/opt/rustwide/target:rw,Z" "-v" "/var/lib/crater-agent-workspace/builds/worker-0-tc2/source:/opt/rustwide/workdir:ro,Z" "-v" "/var/lib/crater-agent-workspace/cargo-home:/opt/rustwide/cargo-home:ro,Z" "-v" "/var/lib/crater-agent-workspace/rustup-home:/opt/rustwide/rustup-home:ro,Z" "-e" "SOURCE_DIR=/opt/rustwide/workdir" "-e" "CARGO_TARGET_DIR=/opt/rustwide/target" "-e" "CARGO_HOME=/opt/rustwide/cargo-home" "-e" "RUSTUP_HOME=/opt/rustwide/rustup-home" "-w" "/opt/rustwide/workdir" "-m" "1610612736" "--user" "0:0" "--network" "none" "ghcr.io/rust-lang/crates-build-env/linux@sha256:2788e3201cd34a07e3172128adcd8b3090168a8e3bcc40d7c032b9dda1df7d1c" "/opt/rustwide/cargo-home/bin/cargo" "+beta-2023-12-22" "metadata" "--no-deps" "--format-version=1", kill_on_drop: false }`
[INFO] [stdout] 2d3de51097d3214aed723f9f304d7abf27f7695a4aa9a60f0d50637efe20571d
[INFO] running `Command { std: "docker" "start" "-a" "2d3de51097d3214aed723f9f304d7abf27f7695a4aa9a60f0d50637efe20571d", kill_on_drop: false }`
[INFO] running `Command { std: "docker" "inspect" "2d3de51097d3214aed723f9f304d7abf27f7695a4aa9a60f0d50637efe20571d", kill_on_drop: false }`
[INFO] running `Command { std: "docker" "rm" "-f" "2d3de51097d3214aed723f9f304d7abf27f7695a4aa9a60f0d50637efe20571d", kill_on_drop: false }`
[INFO] [stdout] 2d3de51097d3214aed723f9f304d7abf27f7695a4aa9a60f0d50637efe20571d
[INFO] running `Command { std: "docker" "create" "-v" "/var/lib/crater-agent-workspace/builds/worker-0-tc2/target:/opt/rustwide/target:rw,Z" "-v" "/var/lib/crater-agent-workspace/builds/worker-0-tc2/source:/opt/rustwide/workdir:ro,Z" "-v" "/var/lib/crater-agent-workspace/cargo-home:/opt/rustwide/cargo-home:ro,Z" "-v" "/var/lib/crater-agent-workspace/rustup-home:/opt/rustwide/rustup-home:ro,Z" "-e" "SOURCE_DIR=/opt/rustwide/workdir" "-e" "CARGO_TARGET_DIR=/opt/rustwide/target" "-e" "CARGO_INCREMENTAL=0" "-e" "RUST_BACKTRACE=full" "-e" "RUSTFLAGS=--cap-lints=warn" "-e" "RUSTDOCFLAGS=--cap-lints=warn" "-e" "CARGO_HOME=/opt/rustwide/cargo-home" "-e" "RUSTUP_HOME=/opt/rustwide/rustup-home" "-w" "/opt/rustwide/workdir" "-m" "1610612736" "--user" "0:0" "--network" "none" "ghcr.io/rust-lang/crates-build-env/linux@sha256:2788e3201cd34a07e3172128adcd8b3090168a8e3bcc40d7c032b9dda1df7d1c" "/opt/rustwide/cargo-home/bin/cargo" "+beta-2023-12-22" "build" "--frozen" "--message-format=json", kill_on_drop: false }`
[INFO] [stdout] ae2c35d4bc434de6f7500f2a014c92f364d1dc7e2dc8e1caca50083feddbde1a
[INFO] running `Command { std: "docker" "start" "-a" "ae2c35d4bc434de6f7500f2a014c92f364d1dc7e2dc8e1caca50083feddbde1a", kill_on_drop: false }`
[INFO] [stderr]    Compiling proc-macro2 v1.0.75
[INFO] [stderr]    Compiling untrusted v0.9.0
[INFO] [stderr]    Compiling spin v0.9.8
[INFO] [stderr]    Compiling syn v1.0.109
[INFO] [stderr]    Compiling num-traits v0.2.17
[INFO] [stderr]    Compiling rustls v0.20.9
[INFO] [stderr]    Compiling cc v1.0.83
[INFO] [stderr]    Compiling getrandom v0.2.11
[INFO] [stderr]    Compiling untrusted v0.7.1
[INFO] [stderr]    Compiling rand_core v0.6.4
[INFO] [stderr]    Compiling log v0.4.20
[INFO] [stderr]    Compiling spin v0.5.2
[INFO] [stderr]    Compiling cvt v0.1.2
[INFO] [stderr]    Compiling iana-time-zone v0.1.59
[INFO] [stderr]    Compiling gostd_builtin v1.0.4
[INFO] [stderr]    Compiling termcolor v1.1.3
[INFO] [stderr]    Compiling rand_chacha v0.3.1
[INFO] [stderr]    Compiling rand v0.8.5
[INFO] [stderr]    Compiling quote v1.0.35
[INFO] [stderr]    Compiling ring v0.17.7
[INFO] [stderr]    Compiling ring v0.16.20
[INFO] [stderr]    Compiling syn v2.0.48
[INFO] [stderr]    Compiling chrono v0.4.31
[INFO] [stderr]    Compiling simplelog v0.9.0
[INFO] [stderr]    Compiling gostd_derive v0.0.3
[INFO] [stderr]    Compiling gostd_time v1.0.6
[INFO] [stderr]    Compiling serde_derive v1.0.194
[INFO] [stderr]    Compiling uuid-macro-internal v1.6.1
[INFO] [stderr]    Compiling webpki v0.22.4
[INFO] [stderr]    Compiling sct v0.7.1
[INFO] [stderr]    Compiling uuid v1.6.1
[INFO] [stderr]    Compiling webpki-roots v0.22.6
[INFO] [stderr]    Compiling gostd v0.3.10
[INFO] [stderr]    Compiling serde v1.0.194
[INFO] [stderr]    Compiling serde_json v1.0.111
[INFO] [stderr]    Compiling alibaba-cloud-sdk-rust v0.1.10 (/opt/rustwide/workdir)
[INFO] [stdout] warning: unused import: `endpoint::*`
[INFO] [stdout]  --> src/services/dysmsapi/mod.rs:5:9
[INFO] [stdout]   |
[INFO] [stdout] 5 | pub use endpoint::*;
[INFO] [stdout]   |         ^^^^^^^^^^^
[INFO] [stdout]   |
[INFO] [stdout]   = note: `#[warn(unused_imports)]` on by default
[INFO] [stdout] 
[INFO] [stdout] 
[INFO] [stdout] warning: call to `.borrow()` on a reference in this situation does nothing
[INFO] [stdout]    --> src/sdk/requests/mod.rs:310:13
[INFO] [stdout]     |
[INFO] [stdout] 310 |         self.borrow()
[INFO] [stdout]     |             ^^^^^^^^^ help: remove this redundant call
[INFO] [stdout]     |
[INFO] [stdout]     = note: the type `BaseRequest` does not implement `Borrow`, so calling `borrow` on `&BaseRequest` copies the reference, which does not do anything and can be removed
[INFO] [stdout]     = note: `#[warn(noop_method_call)]` on by default
[INFO] [stdout] 
[INFO] [stdout] 
[INFO] [stdout] warning: 2 warnings emitted
[INFO] [stdout] 
[INFO] [stdout] 
[INFO] [stderr]     Finished dev [unoptimized + debuginfo] target(s) in 25.99s
[INFO] running `Command { std: "docker" "inspect" "ae2c35d4bc434de6f7500f2a014c92f364d1dc7e2dc8e1caca50083feddbde1a", kill_on_drop: false }`
[INFO] running `Command { std: "docker" "rm" "-f" "ae2c35d4bc434de6f7500f2a014c92f364d1dc7e2dc8e1caca50083feddbde1a", kill_on_drop: false }`
[INFO] [stdout] ae2c35d4bc434de6f7500f2a014c92f364d1dc7e2dc8e1caca50083feddbde1a
[INFO] running `Command { std: "docker" "create" "-v" "/var/lib/crater-agent-workspace/builds/worker-0-tc2/target:/opt/rustwide/target:rw,Z" "-v" "/var/lib/crater-agent-workspace/builds/worker-0-tc2/source:/opt/rustwide/workdir:ro,Z" "-v" "/var/lib/crater-agent-workspace/cargo-home:/opt/rustwide/cargo-home:ro,Z" "-v" "/var/lib/crater-agent-workspace/rustup-home:/opt/rustwide/rustup-home:ro,Z" "-e" "SOURCE_DIR=/opt/rustwide/workdir" "-e" "CARGO_TARGET_DIR=/opt/rustwide/target" "-e" "CARGO_INCREMENTAL=0" "-e" "RUST_BACKTRACE=full" "-e" "RUSTFLAGS=--cap-lints=warn" "-e" "RUSTDOCFLAGS=--cap-lints=warn" "-e" "CARGO_HOME=/opt/rustwide/cargo-home" "-e" "RUSTUP_HOME=/opt/rustwide/rustup-home" "-w" "/opt/rustwide/workdir" "-m" "1610612736" "--user" "0:0" "--network" "none" "ghcr.io/rust-lang/crates-build-env/linux@sha256:2788e3201cd34a07e3172128adcd8b3090168a8e3bcc40d7c032b9dda1df7d1c" "/opt/rustwide/cargo-home/bin/cargo" "+beta-2023-12-22" "test" "--frozen" "--no-run" "--message-format=json", kill_on_drop: false }`
[INFO] [stdout] 955ea41ab7dfb25755b37e0dd2020e3a3728aef417fd4f4ba473757408ac2121
[INFO] running `Command { std: "docker" "start" "-a" "955ea41ab7dfb25755b37e0dd2020e3a3728aef417fd4f4ba473757408ac2121", kill_on_drop: false }`
[INFO] [stderr]    Compiling alibaba-cloud-sdk-rust v0.1.10 (/opt/rustwide/workdir)
[INFO] [stdout] warning: unused import: `endpoint::*`
[INFO] [stdout]  --> src/services/dysmsapi/mod.rs:5:9
[INFO] [stdout]   |
[INFO] [stdout] 5 | pub use endpoint::*;
[INFO] [stdout]   |         ^^^^^^^^^^^
[INFO] [stdout]   |
[INFO] [stdout]   = note: `#[warn(unused_imports)]` on by default
[INFO] [stdout] 
[INFO] [stdout] 
[INFO] [stdout] warning: call to `.borrow()` on a reference in this situation does nothing
[INFO] [stdout]    --> src/sdk/requests/mod.rs:310:13
[INFO] [stdout]     |
[INFO] [stdout] 310 |         self.borrow()
[INFO] [stdout]     |             ^^^^^^^^^ help: remove this redundant call
[INFO] [stdout]     |
[INFO] [stdout]     = note: the type `BaseRequest` does not implement `Borrow`, so calling `borrow` on `&BaseRequest` copies the reference, which does not do anything and can be removed
[INFO] [stdout]     = note: `#[warn(noop_method_call)]` on by default
[INFO] [stdout] 
[INFO] [stdout] 
[INFO] [stdout] warning: 2 warnings emitted
[INFO] [stdout] 
[INFO] [stdout] 
[INFO] [stdout] warning: unused import: `endpoint::*`
[INFO] [stdout]  --> src/services/dysmsapi/mod.rs:5:9
[INFO] [stdout]   |
[INFO] [stdout] 5 | pub use endpoint::*;
[INFO] [stdout]   |         ^^^^^^^^^^^
[INFO] [stdout]   |
[INFO] [stdout]   = note: `#[warn(unused_imports)]` on by default
[INFO] [stdout] 
[INFO] [stdout] 
[INFO] [stdout] warning: call to `.borrow()` on a reference in this situation does nothing
[INFO] [stdout]    --> src/sdk/requests/mod.rs:310:13
[INFO] [stdout]     |
[INFO] [stdout] 310 |         self.borrow()
[INFO] [stdout]     |             ^^^^^^^^^ help: remove this redundant call
[INFO] [stdout]     |
[INFO] [stdout]     = note: the type `BaseRequest` does not implement `Borrow`, so calling `borrow` on `&BaseRequest` copies the reference, which does not do anything and can be removed
[INFO] [stdout]     = note: `#[warn(noop_method_call)]` on by default
[INFO] [stdout] 
[INFO] [stdout] 
[INFO] [stdout] warning: 2 warnings emitted
[INFO] [stdout] 
[INFO] [stdout] 
[INFO] [stderr]     Finished test [unoptimized + debuginfo] target(s) in 0.82s
[INFO] running `Command { std: "docker" "inspect" "955ea41ab7dfb25755b37e0dd2020e3a3728aef417fd4f4ba473757408ac2121", kill_on_drop: false }`
[INFO] running `Command { std: "docker" "rm" "-f" "955ea41ab7dfb25755b37e0dd2020e3a3728aef417fd4f4ba473757408ac2121", kill_on_drop: false }`
[INFO] [stdout] 955ea41ab7dfb25755b37e0dd2020e3a3728aef417fd4f4ba473757408ac2121
[INFO] running `Command { std: "docker" "create" "-v" "/var/lib/crater-agent-workspace/builds/worker-0-tc2/target:/opt/rustwide/target:rw,Z" "-v" "/var/lib/crater-agent-workspace/builds/worker-0-tc2/source:/opt/rustwide/workdir:ro,Z" "-v" "/var/lib/crater-agent-workspace/cargo-home:/opt/rustwide/cargo-home:ro,Z" "-v" "/var/lib/crater-agent-workspace/rustup-home:/opt/rustwide/rustup-home:ro,Z" "-e" "SOURCE_DIR=/opt/rustwide/workdir" "-e" "CARGO_TARGET_DIR=/opt/rustwide/target" "-e" "CARGO_INCREMENTAL=0" "-e" "RUST_BACKTRACE=full" "-e" "RUSTFLAGS=--cap-lints=warn" "-e" "RUSTDOCFLAGS=--cap-lints=warn" "-e" "CARGO_HOME=/opt/rustwide/cargo-home" "-e" "RUSTUP_HOME=/opt/rustwide/rustup-home" "-w" "/opt/rustwide/workdir" "-m" "1610612736" "--user" "0:0" "--network" "none" "ghcr.io/rust-lang/crates-build-env/linux@sha256:2788e3201cd34a07e3172128adcd8b3090168a8e3bcc40d7c032b9dda1df7d1c" "/opt/rustwide/cargo-home/bin/cargo" "+beta-2023-12-22" "test" "--frozen", kill_on_drop: false }`
[INFO] [stdout] eba2b966af270939df3f221bb24a090dbcc523f26676da56e46a755613c98506
[INFO] running `Command { std: "docker" "start" "-a" "eba2b966af270939df3f221bb24a090dbcc523f26676da56e46a755613c98506", kill_on_drop: false }`
[INFO] [stderr] warning: unused import: `endpoint::*`
[INFO] [stderr]  --> src/services/dysmsapi/mod.rs:5:9
[INFO] [stderr]   |
[INFO] [stderr] 5 | pub use endpoint::*;
[INFO] [stderr]   |         ^^^^^^^^^^^
[INFO] [stderr]   |
[INFO] [stderr]   = note: `#[warn(unused_imports)]` on by default
[INFO] [stderr] 
[INFO] [stderr] warning: call to `.borrow()` on a reference in this situation does nothing
[INFO] [stderr]    --> src/sdk/requests/mod.rs:310:13
[INFO] [stderr]     |
[INFO] [stderr] 310 |         self.borrow()
[INFO] [stderr]     |             ^^^^^^^^^ help: remove this redundant call
[INFO] [stderr]     |
[INFO] [stderr]     = note: the type `BaseRequest` does not implement `Borrow`, so calling `borrow` on `&BaseRequest` copies the reference, which does not do anything and can be removed
[INFO] [stderr]     = note: `#[warn(noop_method_call)]` on by default
[INFO] [stderr] 
[INFO] [stderr] warning: `alibaba-cloud-sdk-rust` (lib) generated 2 warnings (run `cargo fix --lib -p alibaba-cloud-sdk-rust` to apply 2 suggestions)
[INFO] [stderr] warning: `alibaba-cloud-sdk-rust` (lib test) generated 2 warnings (2 duplicates)
[INFO] [stderr]     Finished test [unoptimized + debuginfo] target(s) in 0.09s
[INFO] [stderr]      Running unittests src/lib.rs (/opt/rustwide/target/debug/deps/alibaba_cloud_sdk_rust-248b8345b239b7e5)
[INFO] [stdout] 
[INFO] [stdout] running 0 tests
[INFO] [stdout] 
[INFO] [stdout] test result: ok. 0 passed; 0 failed; 0 ignored; 0 measured; 0 filtered out; finished in 0.00s
[INFO] [stdout] 
[INFO] [stderr]    Doc-tests alibaba-cloud-sdk-rust
[INFO] [stdout] 
[INFO] [stdout] running 1 test
[INFO] [stdout] test src/lib.rs - (line 3) ... FAILED
[INFO] [stderr] error: doctest failed, to rerun pass `--doc`
[INFO] [stdout] 
[INFO] [stdout] failures:
[INFO] [stdout] 
[INFO] [stdout] ---- src/lib.rs - (line 3) stdout ----
[INFO] [stdout] error: expected `;`, found keyword `let`
[INFO] [stdout]   --> src/lib.rs:13:34
[INFO] [stdout]    |
[INFO] [stdout] 12 |     let phoneNumber="139xxxxxxxx" //手机号
[INFO] [stdout]    |                                  ^ help: add `;` here
[INFO] [stdout] 13 |     let mut client = dysmsapi::Client::NewClientWithAccessKey(
[INFO] [stdout]    |     --- unexpected token
[INFO] [stdout] 
[INFO] [stdout] error: aborting due to 1 previous error
[INFO] [stdout] 
[INFO] [stdout] Couldn't compile the test.
[INFO] [stdout] 
[INFO] [stdout] failures:
[INFO] [stdout]     src/lib.rs - (line 3)
[INFO] [stdout] 
[INFO] [stdout] test result: FAILED. 0 passed; 1 failed; 0 ignored; 0 measured; 0 filtered out; finished in 0.10s
[INFO] [stdout] 
[INFO] running `Command { std: "docker" "inspect" "eba2b966af270939df3f221bb24a090dbcc523f26676da56e46a755613c98506", kill_on_drop: false }`
[INFO] running `Command { std: "docker" "rm" "-f" "eba2b966af270939df3f221bb24a090dbcc523f26676da56e46a755613c98506", kill_on_drop: false }`
[INFO] [stdout] eba2b966af270939df3f221bb24a090dbcc523f26676da56e46a755613c98506
