[INFO] fetching crate aldrin-macros 0.2.0...
[INFO] testing aldrin-macros-0.2.0 against 1.75.0 for beta-1.76-1
[INFO] extracting crate aldrin-macros 0.2.0 into /workspace/builds/worker-6-tc1/source
[INFO] validating manifest of crates.io crate aldrin-macros 0.2.0 on toolchain 1.75.0
[INFO] running `Command { std: CARGO_HOME="/workspace/cargo-home" RUSTUP_HOME="/workspace/rustup-home" "/workspace/cargo-home/bin/cargo" "+1.75.0" "metadata" "--manifest-path" "Cargo.toml" "--no-deps", kill_on_drop: false }`
[INFO] started tweaking crates.io crate aldrin-macros 0.2.0
[INFO] finished tweaking crates.io crate aldrin-macros 0.2.0
[INFO] tweaked toml for crates.io crate aldrin-macros 0.2.0 written to /workspace/builds/worker-6-tc1/source/Cargo.toml
[INFO] running `Command { std: CARGO_HOME="/workspace/cargo-home" RUSTUP_HOME="/workspace/rustup-home" "/workspace/cargo-home/bin/cargo" "+1.75.0" "generate-lockfile" "--manifest-path" "Cargo.toml", kill_on_drop: false }`
[INFO] [stderr]     Updating crates.io index
[INFO] running `Command { std: CARGO_HOME="/workspace/cargo-home" RUSTUP_HOME="/workspace/rustup-home" "/workspace/cargo-home/bin/cargo" "+1.75.0" "fetch" "--manifest-path" "Cargo.toml", kill_on_drop: false }`
[INFO] [stderr]  Downloading crates ...
[INFO] [stderr]   Downloaded nu-ansi-term v0.46.0
[INFO] [stderr]   Downloaded uuid v1.6.1
[INFO] [stderr]   Downloaded aldrin-codegen v0.2.1
[INFO] [stderr]   Downloaded sha2 v0.10.8
[INFO] [stderr]   Downloaded pest_meta v2.7.6
[INFO] [stderr]   Downloaded pest_generator v2.7.6
[INFO] [stderr]   Downloaded overload v0.1.1
[INFO] [stderr]   Downloaded pest v2.7.6
[INFO] [stderr]   Downloaded diffy v0.3.0
[INFO] [stderr]   Downloaded ucd-trie v0.1.6
[INFO] [stderr]   Downloaded pest_derive v2.7.6
[INFO] [stderr]   Downloaded aldrin-parser v0.2.0
[INFO] running `Command { std: "docker" "create" "-v" "/var/lib/crater-agent-workspace/builds/worker-6-tc1/target:/opt/rustwide/target:rw,Z" "-v" "/var/lib/crater-agent-workspace/builds/worker-6-tc1/source:/opt/rustwide/workdir:ro,Z" "-v" "/var/lib/crater-agent-workspace/cargo-home:/opt/rustwide/cargo-home:ro,Z" "-v" "/var/lib/crater-agent-workspace/rustup-home:/opt/rustwide/rustup-home:ro,Z" "-e" "SOURCE_DIR=/opt/rustwide/workdir" "-e" "CARGO_TARGET_DIR=/opt/rustwide/target" "-e" "CARGO_HOME=/opt/rustwide/cargo-home" "-e" "RUSTUP_HOME=/opt/rustwide/rustup-home" "-w" "/opt/rustwide/workdir" "-m" "1610612736" "--user" "0:0" "--network" "none" "ghcr.io/rust-lang/crates-build-env/linux@sha256:2788e3201cd34a07e3172128adcd8b3090168a8e3bcc40d7c032b9dda1df7d1c" "/opt/rustwide/cargo-home/bin/cargo" "+1.75.0" "metadata" "--no-deps" "--format-version=1", kill_on_drop: false }`
[INFO] [stdout] 32c7b15643808c8e01880b3196ed2053a838df7f8abd47c887242aca8dd6ad9d
[INFO] running `Command { std: "docker" "start" "-a" "32c7b15643808c8e01880b3196ed2053a838df7f8abd47c887242aca8dd6ad9d", kill_on_drop: false }`
[INFO] running `Command { std: "docker" "inspect" "32c7b15643808c8e01880b3196ed2053a838df7f8abd47c887242aca8dd6ad9d", kill_on_drop: false }`
[INFO] running `Command { std: "docker" "rm" "-f" "32c7b15643808c8e01880b3196ed2053a838df7f8abd47c887242aca8dd6ad9d", kill_on_drop: false }`
[INFO] [stdout] 32c7b15643808c8e01880b3196ed2053a838df7f8abd47c887242aca8dd6ad9d
[INFO] running `Command { std: "docker" "create" "-v" "/var/lib/crater-agent-workspace/builds/worker-6-tc1/target:/opt/rustwide/target:rw,Z" "-v" "/var/lib/crater-agent-workspace/builds/worker-6-tc1/source:/opt/rustwide/workdir:ro,Z" "-v" "/var/lib/crater-agent-workspace/cargo-home:/opt/rustwide/cargo-home:ro,Z" "-v" "/var/lib/crater-agent-workspace/rustup-home:/opt/rustwide/rustup-home:ro,Z" "-e" "SOURCE_DIR=/opt/rustwide/workdir" "-e" "CARGO_TARGET_DIR=/opt/rustwide/target" "-e" "CARGO_INCREMENTAL=0" "-e" "RUST_BACKTRACE=full" "-e" "RUSTFLAGS=--cap-lints=warn" "-e" "RUSTDOCFLAGS=--cap-lints=warn" "-e" "CARGO_HOME=/opt/rustwide/cargo-home" "-e" "RUSTUP_HOME=/opt/rustwide/rustup-home" "-w" "/opt/rustwide/workdir" "-m" "1610612736" "--user" "0:0" "--network" "none" "ghcr.io/rust-lang/crates-build-env/linux@sha256:2788e3201cd34a07e3172128adcd8b3090168a8e3bcc40d7c032b9dda1df7d1c" "/opt/rustwide/cargo-home/bin/cargo" "+1.75.0" "build" "--frozen" "--message-format=json", kill_on_drop: false }`
[INFO] [stdout] 325ca1cca52521acefdfff770e92d65b324fc28c9e7ce8233702bdb82628c4c1
[INFO] running `Command { std: "docker" "start" "-a" "325ca1cca52521acefdfff770e92d65b324fc28c9e7ce8233702bdb82628c4c1", kill_on_drop: false }`
[INFO] [stderr]    Compiling thiserror v1.0.56
[INFO] [stderr]    Compiling ucd-trie v0.1.6
[INFO] [stderr]    Compiling memchr v2.7.1
[INFO] [stderr]    Compiling libc v0.2.151
[INFO] [stderr]    Compiling once_cell v1.19.0
[INFO] [stderr]    Compiling cfg-if v1.0.0
[INFO] [stderr]    Compiling proc-macro-error-attr v1.0.4
[INFO] [stderr]    Compiling thiserror-impl v1.0.56
[INFO] [stderr]    Compiling overload v0.1.1
[INFO] [stderr]    Compiling nu-ansi-term v0.46.0
[INFO] [stderr]    Compiling proc-macro-error v1.0.4
[INFO] [stderr]    Compiling strsim v0.10.0
[INFO] [stderr]    Compiling heck v0.4.1
[INFO] [stderr]    Compiling unicode-segmentation v1.10.1
[INFO] [stderr]    Compiling unicode-width v0.1.11
[INFO] [stderr]    Compiling diffy v0.3.0
[INFO] [stderr]    Compiling getrandom v0.2.11
[INFO] [stderr]    Compiling uuid v1.6.1
[INFO] [stderr]    Compiling pest v2.7.6
[INFO] [stderr]    Compiling pest_meta v2.7.6
[INFO] [stderr]    Compiling pest_generator v2.7.6
[INFO] [stderr]    Compiling pest_derive v2.7.6
[INFO] [stderr]    Compiling aldrin-parser v0.2.0
[INFO] [stderr]    Compiling aldrin-codegen v0.2.1
[INFO] [stderr]    Compiling aldrin-macros v0.2.0 (/opt/rustwide/workdir)
[INFO] [stderr]     Finished dev [unoptimized + debuginfo] target(s) in 4.60s
[INFO] running `Command { std: "docker" "inspect" "325ca1cca52521acefdfff770e92d65b324fc28c9e7ce8233702bdb82628c4c1", kill_on_drop: false }`
[INFO] running `Command { std: "docker" "rm" "-f" "325ca1cca52521acefdfff770e92d65b324fc28c9e7ce8233702bdb82628c4c1", kill_on_drop: false }`
[INFO] [stdout] 325ca1cca52521acefdfff770e92d65b324fc28c9e7ce8233702bdb82628c4c1
[INFO] running `Command { std: "docker" "create" "-v" "/var/lib/crater-agent-workspace/builds/worker-6-tc1/target:/opt/rustwide/target:rw,Z" "-v" "/var/lib/crater-agent-workspace/builds/worker-6-tc1/source:/opt/rustwide/workdir:ro,Z" "-v" "/var/lib/crater-agent-workspace/cargo-home:/opt/rustwide/cargo-home:ro,Z" "-v" "/var/lib/crater-agent-workspace/rustup-home:/opt/rustwide/rustup-home:ro,Z" "-e" "SOURCE_DIR=/opt/rustwide/workdir" "-e" "CARGO_TARGET_DIR=/opt/rustwide/target" "-e" "CARGO_INCREMENTAL=0" "-e" "RUST_BACKTRACE=full" "-e" "RUSTFLAGS=--cap-lints=warn" "-e" "RUSTDOCFLAGS=--cap-lints=warn" "-e" "CARGO_HOME=/opt/rustwide/cargo-home" "-e" "RUSTUP_HOME=/opt/rustwide/rustup-home" "-w" "/opt/rustwide/workdir" "-m" "1610612736" "--user" "0:0" "--network" "none" "ghcr.io/rust-lang/crates-build-env/linux@sha256:2788e3201cd34a07e3172128adcd8b3090168a8e3bcc40d7c032b9dda1df7d1c" "/opt/rustwide/cargo-home/bin/cargo" "+1.75.0" "test" "--frozen" "--no-run" "--message-format=json", kill_on_drop: false }`
[INFO] [stdout] 559a0e4cab70504943e562e3a93aaa5b40c4aa3bb8ce1b989f89fe5c9dcd0d10
[INFO] running `Command { std: "docker" "start" "-a" "559a0e4cab70504943e562e3a93aaa5b40c4aa3bb8ce1b989f89fe5c9dcd0d10", kill_on_drop: false }`
[INFO] [stderr]    Compiling aldrin-macros v0.2.0 (/opt/rustwide/workdir)
[INFO] [stderr]     Finished test [unoptimized + debuginfo] target(s) in 0.48s
[INFO] running `Command { std: "docker" "inspect" "559a0e4cab70504943e562e3a93aaa5b40c4aa3bb8ce1b989f89fe5c9dcd0d10", kill_on_drop: false }`
[INFO] running `Command { std: "docker" "rm" "-f" "559a0e4cab70504943e562e3a93aaa5b40c4aa3bb8ce1b989f89fe5c9dcd0d10", kill_on_drop: false }`
[INFO] [stdout] 559a0e4cab70504943e562e3a93aaa5b40c4aa3bb8ce1b989f89fe5c9dcd0d10
[INFO] running `Command { std: "docker" "create" "-v" "/var/lib/crater-agent-workspace/builds/worker-6-tc1/target:/opt/rustwide/target:rw,Z" "-v" "/var/lib/crater-agent-workspace/builds/worker-6-tc1/source:/opt/rustwide/workdir:ro,Z" "-v" "/var/lib/crater-agent-workspace/cargo-home:/opt/rustwide/cargo-home:ro,Z" "-v" "/var/lib/crater-agent-workspace/rustup-home:/opt/rustwide/rustup-home:ro,Z" "-e" "SOURCE_DIR=/opt/rustwide/workdir" "-e" "CARGO_TARGET_DIR=/opt/rustwide/target" "-e" "CARGO_INCREMENTAL=0" "-e" "RUST_BACKTRACE=full" "-e" "RUSTFLAGS=--cap-lints=warn" "-e" "RUSTDOCFLAGS=--cap-lints=warn" "-e" "CARGO_HOME=/opt/rustwide/cargo-home" "-e" "RUSTUP_HOME=/opt/rustwide/rustup-home" "-w" "/opt/rustwide/workdir" "-m" "1610612736" "--user" "0:0" "--network" "none" "ghcr.io/rust-lang/crates-build-env/linux@sha256:2788e3201cd34a07e3172128adcd8b3090168a8e3bcc40d7c032b9dda1df7d1c" "/opt/rustwide/cargo-home/bin/cargo" "+1.75.0" "test" "--frozen", kill_on_drop: false }`
[INFO] [stdout] efcab48cea20253ca3dec9c030561116d4327e9c9cf8dbb6e4dc0e7041339634
[INFO] running `Command { std: "docker" "start" "-a" "efcab48cea20253ca3dec9c030561116d4327e9c9cf8dbb6e4dc0e7041339634", kill_on_drop: false }`
[INFO] [stderr]     Finished test [unoptimized + debuginfo] target(s) in 0.02s
[INFO] [stderr]      Running unittests src/lib.rs (/opt/rustwide/target/debug/deps/aldrin_macros-447b154a500acf0b)
[INFO] [stdout] 
[INFO] [stdout] running 0 tests
[INFO] [stdout] 
[INFO] [stdout] test result: ok. 0 passed; 0 failed; 0 ignored; 0 measured; 0 filtered out; finished in 0.00s
[INFO] [stdout] 
[INFO] [stderr]    Doc-tests aldrin-macros
[INFO] [stdout] 
[INFO] [stdout] running 10 tests
[INFO] [stdout] test src/lib.rs - generate (line 39) ... FAILED
[INFO] [stdout] test src/lib.rs - generate (line 200) ... FAILED
[INFO] [stdout] test src/lib.rs - generate (line 173) ... FAILED
[INFO] [stdout] test src/lib.rs - generate (line 152) ... FAILED
[INFO] [stdout] test src/lib.rs - generate (line 57) ... FAILED
[INFO] [stdout] test src/lib.rs - generate (line 135) ... FAILED
[INFO] [stdout] test src/lib.rs - generate (line 103) ... FAILED
[INFO] [stdout] test src/lib.rs - generate (line 227) ... FAILED
[INFO] [stdout] test src/lib.rs - generate (line 87) ... FAILED
[INFO] [stdout] test src/lib.rs - generate (line 67) ... FAILED
[INFO] [stdout] 
[INFO] [stdout] failures:
[INFO] [stdout] 
[INFO] [stdout] ---- src/lib.rs - generate (line 39) stdout ----
[INFO] [stdout] error[E0433]: failed to resolve: use of undeclared crate or module `aldrin`
[INFO] [stdout]  --> src/lib.rs:42:1
[INFO] [stdout]   |
[INFO] [stdout] 5 | generate!("schemas/example1.aldrin");
[INFO] [stdout]   | ^^^^^^^^^^^^^^^^^^^^^^^^^^^^^^^^^^^^ use of undeclared crate or module `aldrin`
[INFO] [stdout]   |
[INFO] [stdout]   = note: this error originates in the macro `generate` (in Nightly builds, run with -Z macro-backtrace for more info)
[INFO] [stdout] 
[INFO] [stdout] error: aborting due to previous error
[INFO] [stdout] 
[INFO] [stdout] For more information about this error, try `rustc --explain E0433`.
[INFO] [stdout] Couldn't compile the test.
[INFO] [stdout] ---- src/lib.rs - generate (line 200) stdout ----
[INFO] [stdout] error[E0433]: failed to resolve: use of undeclared crate or module `aldrin`
[INFO] [stdout]   --> src/lib.rs:203:1
[INFO] [stdout]    |
[INFO] [stdout] 6  | / generate! {
[INFO] [stdout] 7  | |     "schemas/example1.aldrin",
[INFO] [stdout] 8  | |     struct_non_exhaustive = false,
[INFO] [stdout] 9  | |     enum_non_exhaustive = false,
[INFO] [stdout] 10 | |     event_non_exhaustive = false,
[INFO] [stdout] 11 | |     function_non_exhaustive = false,
[INFO] [stdout] 12 | | }
[INFO] [stdout]    | |_^ use of undeclared crate or module `aldrin`
[INFO] [stdout]    |
[INFO] [stdout]    = note: this error originates in the macro `generate` (in Nightly builds, run with -Z macro-backtrace for more info)
[INFO] [stdout] 
[INFO] [stdout] error: aborting due to previous error
[INFO] [stdout] 
[INFO] [stdout] For more information about this error, try `rustc --explain E0433`.
[INFO] [stdout] Couldn't compile the test.
[INFO] [stdout] ---- src/lib.rs - generate (line 173) stdout ----
[INFO] [stdout] error[E0433]: failed to resolve: use of undeclared crate or module `aldrin`
[INFO] [stdout]  --> src/lib.rs:176:1
[INFO] [stdout]   |
[INFO] [stdout] 5 | / generate! {
[INFO] [stdout] 6 | |     "schemas/example1.aldrin",
[INFO] [stdout] 7 | |     struct_builders = false,
[INFO] [stdout] 8 | | }
[INFO] [stdout]   | |_^ use of undeclared crate or module `aldrin`
[INFO] [stdout]   |
[INFO] [stdout]   = note: this error originates in the macro `generate` (in Nightly builds, run with -Z macro-backtrace for more info)
[INFO] [stdout] 
[INFO] [stdout] error: aborting due to previous error
[INFO] [stdout] 
[INFO] [stdout] For more information about this error, try `rustc --explain E0433`.
[INFO] [stdout] Couldn't compile the test.
[INFO] [stdout] ---- src/lib.rs - generate (line 152) stdout ----
[INFO] [stdout] error[E0433]: failed to resolve: use of undeclared crate or module `aldrin`
[INFO] [stdout]  --> src/lib.rs:155:1
[INFO] [stdout]   |
[INFO] [stdout] 5 | / generate! {
[INFO] [stdout] 6 | |     "schemas/example1.aldrin",
[INFO] [stdout] 7 | |     patch = "schemas/example1-rename.patch",
[INFO] [stdout] 8 | |     patch = "schemas/example1-rename-again.patch",
[INFO] [stdout] 9 | | }
[INFO] [stdout]   | |_^ use of undeclared crate or module `aldrin`
[INFO] [stdout]   |
[INFO] [stdout]   = note: this error originates in the macro `generate` (in Nightly builds, run with -Z macro-backtrace for more info)
[INFO] [stdout] 
[INFO] [stdout] error: aborting due to previous error
[INFO] [stdout] 
[INFO] [stdout] For more information about this error, try `rustc --explain E0433`.
[INFO] [stdout] Couldn't compile the test.
[INFO] [stdout] ---- src/lib.rs - generate (line 57) stdout ----
[INFO] [stdout] error[E0433]: failed to resolve: use of undeclared crate or module `aldrin`
[INFO] [stdout]  --> src/lib.rs:61:5
[INFO] [stdout]   |
[INFO] [stdout] 7 |     generate!("schemas/example1.aldrin");
[INFO] [stdout]   |     ^^^^^^^^^^^^^^^^^^^^^^^^^^^^^^^^^^^^ use of undeclared crate or module `aldrin`
[INFO] [stdout]   |
[INFO] [stdout]   = note: this error originates in the macro `generate` (in Nightly builds, run with -Z macro-backtrace for more info)
[INFO] [stdout] 
[INFO] [stdout] error: aborting due to previous error
[INFO] [stdout] 
[INFO] [stdout] For more information about this error, try `rustc --explain E0433`.
[INFO] [stdout] Couldn't compile the test.
[INFO] [stdout] ---- src/lib.rs - generate (line 135) stdout ----
[INFO] [stdout] error[E0433]: failed to resolve: use of undeclared crate or module `aldrin`
[INFO] [stdout]  --> src/lib.rs:138:1
[INFO] [stdout]   |
[INFO] [stdout] 5 | / generate! {
[INFO] [stdout] 6 | |     "schemas/example1.aldrin",
[INFO] [stdout] 7 | |     patch = "schemas/example1-rename.patch",
[INFO] [stdout] 8 | | }
[INFO] [stdout]   | |_^ use of undeclared crate or module `aldrin`
[INFO] [stdout]   |
[INFO] [stdout]   = note: this error originates in the macro `generate` (in Nightly builds, run with -Z macro-backtrace for more info)
[INFO] [stdout] 
[INFO] [stdout] error: aborting due to previous error
[INFO] [stdout] 
[INFO] [stdout] For more information about this error, try `rustc --explain E0433`.
[INFO] [stdout] Couldn't compile the test.
[INFO] [stdout] ---- src/lib.rs - generate (line 103) stdout ----
[INFO] [stdout] error[E0433]: failed to resolve: use of undeclared crate or module `aldrin`
[INFO] [stdout]  --> src/lib.rs:106:1
[INFO] [stdout]   |
[INFO] [stdout] 5 | / generate! {
[INFO] [stdout] 6 | |     "schemas/example3.aldrin",
[INFO] [stdout] 7 | |     "schemas/example4.aldrin",
[INFO] [stdout] 8 | |     include = "schemas",
[INFO] [stdout] 9 | | }
[INFO] [stdout]   | |_^ use of undeclared crate or module `aldrin`
[INFO] [stdout]   |
[INFO] [stdout]   = note: this error originates in the macro `generate` (in Nightly builds, run with -Z macro-backtrace for more info)
[INFO] [stdout] 
[INFO] [stdout] error: aborting due to previous error
[INFO] [stdout] 
[INFO] [stdout] For more information about this error, try `rustc --explain E0433`.
[INFO] [stdout] Couldn't compile the test.
[INFO] [stdout] ---- src/lib.rs - generate (line 227) stdout ----
[INFO] [stdout] error[E0433]: failed to resolve: use of undeclared crate or module `aldrin`
[INFO] [stdout]   --> src/lib.rs:231:1
[INFO] [stdout]    |
[INFO] [stdout] 6  | / generate! {
[INFO] [stdout] 7  | |     "schemas/example5.aldrin",
[INFO] [stdout] 8  | |     include = "schemas/foreign",
[INFO] [stdout] 9  | |     warnings_as_errors = true,
[INFO] [stdout] 10 | | }
[INFO] [stdout]    | |_^ use of undeclared crate or module `aldrin`
[INFO] [stdout]    |
[INFO] [stdout]    = note: this error originates in the macro `generate` (in Nightly builds, run with -Z macro-backtrace for more info)
[INFO] [stdout] 
[INFO] [stdout] error[E0433]: failed to resolve: use of undeclared crate or module `aldrin`
[INFO] [stdout]   --> src/lib.rs:238:1
[INFO] [stdout]    |
[INFO] [stdout] 13 | / generate! {
[INFO] [stdout] 14 | |     "schemas/foreign/example6.aldrin",
[INFO] [stdout] 15 | |     suppress_warnings = true,
[INFO] [stdout] 16 | | }
[INFO] [stdout]    | |_^ use of undeclared crate or module `aldrin`
[INFO] [stdout]    |
[INFO] [stdout]    = note: this error originates in the macro `generate` (in Nightly builds, run with -Z macro-backtrace for more info)
[INFO] [stdout] 
[INFO] [stdout] error: aborting due to 2 previous errors
[INFO] [stdout] 
[INFO] [stdout] For more information about this error, try `rustc --explain E0433`.
[INFO] [stdout] Couldn't compile the test.
[INFO] [stdout] ---- src/lib.rs - generate (line 87) stdout ----
[INFO] [stdout] error[E0433]: failed to resolve: use of undeclared crate or module `aldrin`
[INFO] [stdout]  --> src/lib.rs:90:1
[INFO] [stdout]   |
[INFO] [stdout] 5 | / generate! {
[INFO] [stdout] 6 | |     "schemas/example1.aldrin",
[INFO] [stdout] 7 | |     "schemas/example2.aldrin",
[INFO] [stdout] 8 | | }
[INFO] [stdout]   | |_^ use of undeclared crate or module `aldrin`
[INFO] [stdout]   |
[INFO] [stdout]   = note: this error originates in the macro `generate` (in Nightly builds, run with -Z macro-backtrace for more info)
[INFO] [stdout] 
[INFO] [stdout] error: aborting due to previous error
[INFO] [stdout] 
[INFO] [stdout] For more information about this error, try `rustc --explain E0433`.
[INFO] [stdout] Couldn't compile the test.
[INFO] [stdout] ---- src/lib.rs - generate (line 67) stdout ----
[INFO] [stdout] error[E0433]: failed to resolve: use of undeclared crate or module `aldrin`
[INFO] [stdout]  --> src/lib.rs:71:5
[INFO] [stdout]   |
[INFO] [stdout] 6 |     generate!("schemas/example1.aldrin");
[INFO] [stdout]   |     ^^^^^^^^^^^^^^^^^^^^^^^^^^^^^^^^^^^^ use of undeclared crate or module `aldrin`
[INFO] [stdout]   |
[INFO] [stdout]   = note: this error originates in the macro `generate` (in Nightly builds, run with -Z macro-backtrace for more info)
[INFO] [stdout] 
[INFO] [stdout] error: aborting due to previous error
[INFO] [stdout] 
[INFO] [stdout] For more information about this error, try `rustc --explain E0433`.
[INFO] [stdout] Couldn't compile the test.
[INFO] [stdout] 
[INFO] [stdout] failures:
[INFO] [stdout]     src/lib.rs - generate (line 103)
[INFO] [stdout]     src/lib.rs - generate (line 135)
[INFO] [stdout]     src/lib.rs - generate (line 152)
[INFO] [stdout]     src/lib.rs - generate (line 173)
[INFO] [stdout]     src/lib.rs - generate (line 200)
[INFO] [stdout]     src/lib.rs - generate (line 227)
[INFO] [stdout]     src/lib.rs - generate (line 39)
[INFO] [stdout]     src/lib.rs - generate (line 57)
[INFO] [stdout]     src/lib.rs - generate (line 67)
[INFO] [stdout]     src/lib.rs - generate (line 87)
[INFO] [stdout] 
[INFO] [stdout] test result: FAILED. 0 passed; 10 failed; 0 ignored; 0 measured; 0 filtered out; finished in 0.10s
[INFO] [stdout] 
[INFO] [stderr] error: doctest failed, to rerun pass `--doc`
[INFO] running `Command { std: "docker" "inspect" "efcab48cea20253ca3dec9c030561116d4327e9c9cf8dbb6e4dc0e7041339634", kill_on_drop: false }`
[INFO] running `Command { std: "docker" "rm" "-f" "efcab48cea20253ca3dec9c030561116d4327e9c9cf8dbb6e4dc0e7041339634", kill_on_drop: false }`
[INFO] [stdout] efcab48cea20253ca3dec9c030561116d4327e9c9cf8dbb6e4dc0e7041339634
[INFO] testing aldrin-macros-0.2.0 against beta-2023-12-22 for beta-1.76-1
[INFO] extracting crate aldrin-macros 0.2.0 into /workspace/builds/worker-6-tc2/source
[INFO] validating manifest of crates.io crate aldrin-macros 0.2.0 on toolchain beta-2023-12-22
[INFO] running `Command { std: CARGO_HOME="/workspace/cargo-home" RUSTUP_HOME="/workspace/rustup-home" "/workspace/cargo-home/bin/cargo" "+beta-2023-12-22" "metadata" "--manifest-path" "Cargo.toml" "--no-deps", kill_on_drop: false }`
[INFO] started tweaking crates.io crate aldrin-macros 0.2.0
[INFO] finished tweaking crates.io crate aldrin-macros 0.2.0
[INFO] tweaked toml for crates.io crate aldrin-macros 0.2.0 written to /workspace/builds/worker-6-tc2/source/Cargo.toml
[INFO] running `Command { std: CARGO_HOME="/workspace/cargo-home" RUSTUP_HOME="/workspace/rustup-home" "/workspace/cargo-home/bin/cargo" "+beta-2023-12-22" "generate-lockfile" "--manifest-path" "Cargo.toml", kill_on_drop: false }`
[INFO] [stderr]     Updating crates.io index
[INFO] running `Command { std: CARGO_HOME="/workspace/cargo-home" RUSTUP_HOME="/workspace/rustup-home" "/workspace/cargo-home/bin/cargo" "+beta-2023-12-22" "fetch" "--manifest-path" "Cargo.toml", kill_on_drop: false }`
[INFO] running `Command { std: "docker" "create" "-v" "/var/lib/crater-agent-workspace/builds/worker-6-tc2/target:/opt/rustwide/target:rw,Z" "-v" "/var/lib/crater-agent-workspace/builds/worker-6-tc2/source:/opt/rustwide/workdir:ro,Z" "-v" "/var/lib/crater-agent-workspace/cargo-home:/opt/rustwide/cargo-home:ro,Z" "-v" "/var/lib/crater-agent-workspace/rustup-home:/opt/rustwide/rustup-home:ro,Z" "-e" "SOURCE_DIR=/opt/rustwide/workdir" "-e" "CARGO_TARGET_DIR=/opt/rustwide/target" "-e" "CARGO_HOME=/opt/rustwide/cargo-home" "-e" "RUSTUP_HOME=/opt/rustwide/rustup-home" "-w" "/opt/rustwide/workdir" "-m" "1610612736" "--user" "0:0" "--network" "none" "ghcr.io/rust-lang/crates-build-env/linux@sha256:2788e3201cd34a07e3172128adcd8b3090168a8e3bcc40d7c032b9dda1df7d1c" "/opt/rustwide/cargo-home/bin/cargo" "+beta-2023-12-22" "metadata" "--no-deps" "--format-version=1", kill_on_drop: false }`
[INFO] [stdout] 6618028f38d62d1cd4fe21928ec31424aaf12aca95542331052664b4aaac1135
[INFO] running `Command { std: "docker" "start" "-a" "6618028f38d62d1cd4fe21928ec31424aaf12aca95542331052664b4aaac1135", kill_on_drop: false }`
[INFO] running `Command { std: "docker" "inspect" "6618028f38d62d1cd4fe21928ec31424aaf12aca95542331052664b4aaac1135", kill_on_drop: false }`
[INFO] running `Command { std: "docker" "rm" "-f" "6618028f38d62d1cd4fe21928ec31424aaf12aca95542331052664b4aaac1135", kill_on_drop: false }`
[INFO] [stdout] 6618028f38d62d1cd4fe21928ec31424aaf12aca95542331052664b4aaac1135
[INFO] running `Command { std: "docker" "create" "-v" "/var/lib/crater-agent-workspace/builds/worker-6-tc2/target:/opt/rustwide/target:rw,Z" "-v" "/var/lib/crater-agent-workspace/builds/worker-6-tc2/source:/opt/rustwide/workdir:ro,Z" "-v" "/var/lib/crater-agent-workspace/cargo-home:/opt/rustwide/cargo-home:ro,Z" "-v" "/var/lib/crater-agent-workspace/rustup-home:/opt/rustwide/rustup-home:ro,Z" "-e" "SOURCE_DIR=/opt/rustwide/workdir" "-e" "CARGO_TARGET_DIR=/opt/rustwide/target" "-e" "CARGO_INCREMENTAL=0" "-e" "RUST_BACKTRACE=full" "-e" "RUSTFLAGS=--cap-lints=warn" "-e" "RUSTDOCFLAGS=--cap-lints=warn" "-e" "CARGO_HOME=/opt/rustwide/cargo-home" "-e" "RUSTUP_HOME=/opt/rustwide/rustup-home" "-w" "/opt/rustwide/workdir" "-m" "1610612736" "--user" "0:0" "--network" "none" "ghcr.io/rust-lang/crates-build-env/linux@sha256:2788e3201cd34a07e3172128adcd8b3090168a8e3bcc40d7c032b9dda1df7d1c" "/opt/rustwide/cargo-home/bin/cargo" "+beta-2023-12-22" "build" "--frozen" "--message-format=json", kill_on_drop: false }`
[INFO] [stdout] eb301ab670b8c6bc32533c4b59883c9b99b671efeae1cadd0c7a69f800e04536
[INFO] running `Command { std: "docker" "start" "-a" "eb301ab670b8c6bc32533c4b59883c9b99b671efeae1cadd0c7a69f800e04536", kill_on_drop: false }`
[INFO] [stderr]    Compiling thiserror v1.0.56
[INFO] [stderr]    Compiling ucd-trie v0.1.6
[INFO] [stderr]    Compiling memchr v2.7.1
[INFO] [stderr]    Compiling once_cell v1.19.0
[INFO] [stderr]    Compiling libc v0.2.151
[INFO] [stderr]    Compiling cfg-if v1.0.0
[INFO] [stderr]    Compiling proc-macro-error-attr v1.0.4
[INFO] [stderr]    Compiling thiserror-impl v1.0.56
[INFO] [stderr]    Compiling overload v0.1.1
[INFO] [stderr]    Compiling nu-ansi-term v0.46.0
[INFO] [stderr]    Compiling proc-macro-error v1.0.4
[INFO] [stderr]    Compiling heck v0.4.1
[INFO] [stderr]    Compiling unicode-width v0.1.11
[INFO] [stderr]    Compiling unicode-segmentation v1.10.1
[INFO] [stderr]    Compiling strsim v0.10.0
[INFO] [stderr]    Compiling diffy v0.3.0
[INFO] [stderr]    Compiling getrandom v0.2.11
[INFO] [stderr]    Compiling uuid v1.6.1
[INFO] [stderr]    Compiling pest v2.7.6
[INFO] [stderr]    Compiling pest_meta v2.7.6
[INFO] [stderr]    Compiling pest_generator v2.7.6
[INFO] [stderr]    Compiling pest_derive v2.7.6
[INFO] [stderr]    Compiling aldrin-parser v0.2.0
[INFO] [stderr]    Compiling aldrin-codegen v0.2.1
[INFO] [stderr]    Compiling aldrin-macros v0.2.0 (/opt/rustwide/workdir)
[INFO] [stderr]     Finished dev [unoptimized + debuginfo] target(s) in 4.63s
[INFO] running `Command { std: "docker" "inspect" "eb301ab670b8c6bc32533c4b59883c9b99b671efeae1cadd0c7a69f800e04536", kill_on_drop: false }`
[INFO] running `Command { std: "docker" "rm" "-f" "eb301ab670b8c6bc32533c4b59883c9b99b671efeae1cadd0c7a69f800e04536", kill_on_drop: false }`
[INFO] [stdout] eb301ab670b8c6bc32533c4b59883c9b99b671efeae1cadd0c7a69f800e04536
[INFO] running `Command { std: "docker" "create" "-v" "/var/lib/crater-agent-workspace/builds/worker-6-tc2/target:/opt/rustwide/target:rw,Z" "-v" "/var/lib/crater-agent-workspace/builds/worker-6-tc2/source:/opt/rustwide/workdir:ro,Z" "-v" "/var/lib/crater-agent-workspace/cargo-home:/opt/rustwide/cargo-home:ro,Z" "-v" "/var/lib/crater-agent-workspace/rustup-home:/opt/rustwide/rustup-home:ro,Z" "-e" "SOURCE_DIR=/opt/rustwide/workdir" "-e" "CARGO_TARGET_DIR=/opt/rustwide/target" "-e" "CARGO_INCREMENTAL=0" "-e" "RUST_BACKTRACE=full" "-e" "RUSTFLAGS=--cap-lints=warn" "-e" "RUSTDOCFLAGS=--cap-lints=warn" "-e" "CARGO_HOME=/opt/rustwide/cargo-home" "-e" "RUSTUP_HOME=/opt/rustwide/rustup-home" "-w" "/opt/rustwide/workdir" "-m" "1610612736" "--user" "0:0" "--network" "none" "ghcr.io/rust-lang/crates-build-env/linux@sha256:2788e3201cd34a07e3172128adcd8b3090168a8e3bcc40d7c032b9dda1df7d1c" "/opt/rustwide/cargo-home/bin/cargo" "+beta-2023-12-22" "test" "--frozen" "--no-run" "--message-format=json", kill_on_drop: false }`
[INFO] [stdout] a1c65f9f19b4ea2921552f69f0324d321bb00a42abbb056846790090f45cb4e2
[INFO] running `Command { std: "docker" "start" "-a" "a1c65f9f19b4ea2921552f69f0324d321bb00a42abbb056846790090f45cb4e2", kill_on_drop: false }`
[INFO] [stderr]    Compiling aldrin-macros v0.2.0 (/opt/rustwide/workdir)
[INFO] [stderr]     Finished test [unoptimized + debuginfo] target(s) in 0.48s
[INFO] running `Command { std: "docker" "inspect" "a1c65f9f19b4ea2921552f69f0324d321bb00a42abbb056846790090f45cb4e2", kill_on_drop: false }`
[INFO] running `Command { std: "docker" "rm" "-f" "a1c65f9f19b4ea2921552f69f0324d321bb00a42abbb056846790090f45cb4e2", kill_on_drop: false }`
[INFO] [stdout] a1c65f9f19b4ea2921552f69f0324d321bb00a42abbb056846790090f45cb4e2
[INFO] running `Command { std: "docker" "create" "-v" "/var/lib/crater-agent-workspace/builds/worker-6-tc2/target:/opt/rustwide/target:rw,Z" "-v" "/var/lib/crater-agent-workspace/builds/worker-6-tc2/source:/opt/rustwide/workdir:ro,Z" "-v" "/var/lib/crater-agent-workspace/cargo-home:/opt/rustwide/cargo-home:ro,Z" "-v" "/var/lib/crater-agent-workspace/rustup-home:/opt/rustwide/rustup-home:ro,Z" "-e" "SOURCE_DIR=/opt/rustwide/workdir" "-e" "CARGO_TARGET_DIR=/opt/rustwide/target" "-e" "CARGO_INCREMENTAL=0" "-e" "RUST_BACKTRACE=full" "-e" "RUSTFLAGS=--cap-lints=warn" "-e" "RUSTDOCFLAGS=--cap-lints=warn" "-e" "CARGO_HOME=/opt/rustwide/cargo-home" "-e" "RUSTUP_HOME=/opt/rustwide/rustup-home" "-w" "/opt/rustwide/workdir" "-m" "1610612736" "--user" "0:0" "--network" "none" "ghcr.io/rust-lang/crates-build-env/linux@sha256:2788e3201cd34a07e3172128adcd8b3090168a8e3bcc40d7c032b9dda1df7d1c" "/opt/rustwide/cargo-home/bin/cargo" "+beta-2023-12-22" "test" "--frozen", kill_on_drop: false }`
[INFO] [stdout] f924b0c9dec1d467bfbf2b5b1bd9c8a69dcfeae9adc02f371b40baa130ffcf38
[INFO] running `Command { std: "docker" "start" "-a" "f924b0c9dec1d467bfbf2b5b1bd9c8a69dcfeae9adc02f371b40baa130ffcf38", kill_on_drop: false }`
[INFO] [stderr]     Finished test [unoptimized + debuginfo] target(s) in 0.02s
[INFO] [stderr]      Running unittests src/lib.rs (/opt/rustwide/target/debug/deps/aldrin_macros-183c4a8f88bba96a)
[INFO] [stdout] 
[INFO] [stdout] running 0 tests
[INFO] [stdout] 
[INFO] [stdout] test result: ok. 0 passed; 0 failed; 0 ignored; 0 measured; 0 filtered out; finished in 0.00s
[INFO] [stdout] 
[INFO] [stderr]    Doc-tests aldrin-macros
[INFO] [stdout] 
[INFO] [stdout] running 10 tests
[INFO] [stdout] test src/lib.rs - generate (line 39) ... FAILED
[INFO] [stdout] test src/lib.rs - generate (line 152) ... FAILED
[INFO] [stdout] test src/lib.rs - generate (line 57) ... FAILED
[INFO] [stdout] test src/lib.rs - generate (line 173) ... FAILED
[INFO] [stdout] test src/lib.rs - generate (line 200) ... FAILED
[INFO] [stdout] test src/lib.rs - generate (line 135) ... FAILED
[INFO] [stdout] test src/lib.rs - generate (line 103) ... FAILED
[INFO] [stdout] test src/lib.rs - generate (line 227) ... FAILED
[INFO] [stdout] test src/lib.rs - generate (line 67) ... FAILED
[INFO] [stdout] test src/lib.rs - generate (line 87) ... FAILED
[INFO] [stdout] 
[INFO] [stdout] failures:
[INFO] [stdout] 
[INFO] [stdout] ---- src/lib.rs - generate (line 39) stdout ----
[INFO] [stdout] error[E0433]: failed to resolve: use of undeclared crate or module `aldrin`
[INFO] [stdout]  --> src/lib.rs:42:1
[INFO] [stdout]   |
[INFO] [stdout] 5 | generate!("schemas/example1.aldrin");
[INFO] [stdout]   | ^^^^^^^^^^^^^^^^^^^^^^^^^^^^^^^^^^^^ use of undeclared crate or module `aldrin`
[INFO] [stdout]   |
[INFO] [stdout]   = note: this error originates in the macro `generate` (in Nightly builds, run with -Z macro-backtrace for more info)
[INFO] [stdout] 
[INFO] [stdout] error: aborting due to 1 previous error
[INFO] [stdout] 
[INFO] [stdout] For more information about this error, try `rustc --explain E0433`.
[INFO] [stdout] Couldn't compile the test.
[INFO] [stdout] ---- src/lib.rs - generate (line 152) stdout ----
[INFO] [stdout] error[E0433]: failed to resolve: use of undeclared crate or module `aldrin`
[INFO] [stdout]  --> src/lib.rs:155:1
[INFO] [stdout]   |
[INFO] [stdout] 5 | / generate! {
[INFO] [stdout] 6 | |     "schemas/example1.aldrin",
[INFO] [stdout] 7 | |     patch = "schemas/example1-rename.patch",
[INFO] [stdout] 8 | |     patch = "schemas/example1-rename-again.patch",
[INFO] [stdout] 9 | | }
[INFO] [stdout]   | |_^ use of undeclared crate or module `aldrin`
[INFO] [stdout]   |
[INFO] [stdout]   = note: this error originates in the macro `generate` (in Nightly builds, run with -Z macro-backtrace for more info)
[INFO] [stdout] 
[INFO] [stdout] error: aborting due to 1 previous error
[INFO] [stdout] 
[INFO] [stdout] For more information about this error, try `rustc --explain E0433`.
[INFO] [stdout] Couldn't compile the test.
[INFO] [stdout] ---- src/lib.rs - generate (line 57) stdout ----
[INFO] [stdout] error[E0433]: failed to resolve: use of undeclared crate or module `aldrin`
[INFO] [stdout]  --> src/lib.rs:61:5
[INFO] [stdout]   |
[INFO] [stdout] 7 |     generate!("schemas/example1.aldrin");
[INFO] [stdout]   |     ^^^^^^^^^^^^^^^^^^^^^^^^^^^^^^^^^^^^ use of undeclared crate or module `aldrin`
[INFO] [stdout]   |
[INFO] [stdout]   = note: this error originates in the macro `generate` (in Nightly builds, run with -Z macro-backtrace for more info)
[INFO] [stdout] 
[INFO] [stdout] error: aborting due to 1 previous error
[INFO] [stdout] 
[INFO] [stdout] For more information about this error, try `rustc --explain E0433`.
[INFO] [stdout] Couldn't compile the test.
[INFO] [stdout] ---- src/lib.rs - generate (line 173) stdout ----
[INFO] [stdout] error[E0433]: failed to resolve: use of undeclared crate or module `aldrin`
[INFO] [stdout]  --> src/lib.rs:176:1
[INFO] [stdout]   |
[INFO] [stdout] 5 | / generate! {
[INFO] [stdout] 6 | |     "schemas/example1.aldrin",
[INFO] [stdout] 7 | |     struct_builders = false,
[INFO] [stdout] 8 | | }
[INFO] [stdout]   | |_^ use of undeclared crate or module `aldrin`
[INFO] [stdout]   |
[INFO] [stdout]   = note: this error originates in the macro `generate` (in Nightly builds, run with -Z macro-backtrace for more info)
[INFO] [stdout] 
[INFO] [stdout] error: aborting due to 1 previous error
[INFO] [stdout] 
[INFO] [stdout] For more information about this error, try `rustc --explain E0433`.
[INFO] [stdout] Couldn't compile the test.
[INFO] [stdout] ---- src/lib.rs - generate (line 200) stdout ----
[INFO] [stdout] error[E0433]: failed to resolve: use of undeclared crate or module `aldrin`
[INFO] [stdout]   --> src/lib.rs:203:1
[INFO] [stdout]    |
[INFO] [stdout] 6  | / generate! {
[INFO] [stdout] 7  | |     "schemas/example1.aldrin",
[INFO] [stdout] 8  | |     struct_non_exhaustive = false,
[INFO] [stdout] 9  | |     enum_non_exhaustive = false,
[INFO] [stdout] 10 | |     event_non_exhaustive = false,
[INFO] [stdout] 11 | |     function_non_exhaustive = false,
[INFO] [stdout] 12 | | }
[INFO] [stdout]    | |_^ use of undeclared crate or module `aldrin`
[INFO] [stdout]    |
[INFO] [stdout]    = note: this error originates in the macro `generate` (in Nightly builds, run with -Z macro-backtrace for more info)
[INFO] [stdout] 
[INFO] [stdout] error: aborting due to 1 previous error
[INFO] [stdout] 
[INFO] [stdout] For more information about this error, try `rustc --explain E0433`.
[INFO] [stdout] Couldn't compile the test.
[INFO] [stdout] ---- src/lib.rs - generate (line 135) stdout ----
[INFO] [stdout] error[E0433]: failed to resolve: use of undeclared crate or module `aldrin`
[INFO] [stdout]  --> src/lib.rs:138:1
[INFO] [stdout]   |
[INFO] [stdout] 5 | / generate! {
[INFO] [stdout] 6 | |     "schemas/example1.aldrin",
[INFO] [stdout] 7 | |     patch = "schemas/example1-rename.patch",
[INFO] [stdout] 8 | | }
[INFO] [stdout]   | |_^ use of undeclared crate or module `aldrin`
[INFO] [stdout]   |
[INFO] [stdout]   = note: this error originates in the macro `generate` (in Nightly builds, run with -Z macro-backtrace for more info)
[INFO] [stdout] 
[INFO] [stdout] error: aborting due to 1 previous error
[INFO] [stdout] 
[INFO] [stdout] For more information about this error, try `rustc --explain E0433`.
[INFO] [stdout] Couldn't compile the test.
[INFO] [stdout] ---- src/lib.rs - generate (line 103) stdout ----
[INFO] [stdout] error[E0433]: failed to resolve: use of undeclared crate or module `aldrin`
[INFO] [stdout]  --> src/lib.rs:106:1
[INFO] [stdout]   |
[INFO] [stdout] 5 | / generate! {
[INFO] [stdout] 6 | |     "schemas/example3.aldrin",
[INFO] [stdout] 7 | |     "schemas/example4.aldrin",
[INFO] [stdout] 8 | |     include = "schemas",
[INFO] [stdout] 9 | | }
[INFO] [stdout]   | |_^ use of undeclared crate or module `aldrin`
[INFO] [stdout]   |
[INFO] [stdout]   = note: this error originates in the macro `generate` (in Nightly builds, run with -Z macro-backtrace for more info)
[INFO] [stdout] 
[INFO] [stdout] error: aborting due to 1 previous error
[INFO] [stdout] 
[INFO] [stdout] For more information about this error, try `rustc --explain E0433`.
[INFO] [stdout] Couldn't compile the test.
[INFO] [stdout] ---- src/lib.rs - generate (line 227) stdout ----
[INFO] [stdout] error[E0433]: failed to resolve: use of undeclared crate or module `aldrin`
[INFO] [stdout]   --> src/lib.rs:231:1
[INFO] [stdout]    |
[INFO] [stdout] 6  | / generate! {
[INFO] [stdout] 7  | |     "schemas/example5.aldrin",
[INFO] [stdout] 8  | |     include = "schemas/foreign",
[INFO] [stdout] 9  | |     warnings_as_errors = true,
[INFO] [stdout] 10 | | }
[INFO] [stdout]    | |_^ use of undeclared crate or module `aldrin`
[INFO] [stdout]    |
[INFO] [stdout]    = note: this error originates in the macro `generate` (in Nightly builds, run with -Z macro-backtrace for more info)
[INFO] [stdout] 
[INFO] [stdout] error[E0433]: failed to resolve: use of undeclared crate or module `aldrin`
[INFO] [stdout]   --> src/lib.rs:238:1
[INFO] [stdout]    |
[INFO] [stdout] 13 | / generate! {
[INFO] [stdout] 14 | |     "schemas/foreign/example6.aldrin",
[INFO] [stdout] 15 | |     suppress_warnings = true,
[INFO] [stdout] 16 | | }
[INFO] [stdout]    | |_^ use of undeclared crate or module `aldrin`
[INFO] [stdout]    |
[INFO] [stdout]    = note: this error originates in the macro `generate` (in Nightly builds, run with -Z macro-backtrace for more info)
[INFO] [stdout] 
[INFO] [stdout] error: aborting due to 2 previous errors
[INFO] [stdout] 
[INFO] [stdout] For more information about this error, try `rustc --explain E0433`.
[INFO] [stdout] Couldn't compile the test.
[INFO] [stdout] ---- src/lib.rs - generate (line 67) stdout ----
[INFO] [stdout] error[E0433]: failed to resolve: use of undeclared crate or module `aldrin`
[INFO] [stdout]  --> src/lib.rs:71:5
[INFO] [stdout]   |
[INFO] [stdout] 6 |     generate!("schemas/example1.aldrin");
[INFO] [stdout]   |     ^^^^^^^^^^^^^^^^^^^^^^^^^^^^^^^^^^^^ use of undeclared crate or module `aldrin`
[INFO] [stdout]   |
[INFO] [stdout]   = note: this error originates in the macro `generate` (in Nightly builds, run with -Z macro-backtrace for more info)
[INFO] [stdout] 
[INFO] [stdout] error: aborting due to 1 previous error
[INFO] [stdout] 
[INFO] [stdout] For more information about this error, try `rustc --explain E0433`.
[INFO] [stdout] Couldn't compile the test.
[INFO] [stdout] ---- src/lib.rs - generate (line 87) stdout ----
[INFO] [stdout] error[E0433]: failed to resolve: use of undeclared crate or module `aldrin`
[INFO] [stdout]  --> src/lib.rs:90:1
[INFO] [stdout]   |
[INFO] [stdout] 5 | / generate! {
[INFO] [stdout] 6 | |     "schemas/example1.aldrin",
[INFO] [stdout] 7 | |     "schemas/example2.aldrin",
[INFO] [stdout] 8 | | }
[INFO] [stdout]   | |_^ use of undeclared crate or module `aldrin`
[INFO] [stdout]   |
[INFO] [stdout]   = note: this error originates in the macro `generate` (in Nightly builds, run with -Z macro-backtrace for more info)
[INFO] [stdout] 
[INFO] [stdout] error: aborting due to 1 previous error
[INFO] [stdout] 
[INFO] [stdout] For more information about this error, try `rustc --explain E0433`.
[INFO] [stdout] Couldn't compile the test.
[INFO] [stdout] 
[INFO] [stdout] failures:
[INFO] [stdout]     src/lib.rs - generate (line 103)
[INFO] [stdout]     src/lib.rs - generate (line 135)
[INFO] [stdout]     src/lib.rs - generate (line 152)
[INFO] [stdout]     src/lib.rs - generate (line 173)
[INFO] [stdout]     src/lib.rs - generate (line 200)
[INFO] [stdout]     src/lib.rs - generate (line 227)
[INFO] [stdout]     src/lib.rs - generate (line 39)
[INFO] [stdout]     src/lib.rs - generate (line 57)
[INFO] [stdout]     src/lib.rs - generate (line 67)
[INFO] [stdout]     src/lib.rs - generate (line 87)
[INFO] [stdout] 
[INFO] [stdout] test result: FAILED. 0 passed; 10 failed; 0 ignored; 0 measured; 0 filtered out; finished in 0.10s
[INFO] [stdout] 
[INFO] [stderr] error: doctest failed, to rerun pass `--doc`
[INFO] running `Command { std: "docker" "inspect" "f924b0c9dec1d467bfbf2b5b1bd9c8a69dcfeae9adc02f371b40baa130ffcf38", kill_on_drop: false }`
[INFO] running `Command { std: "docker" "rm" "-f" "f924b0c9dec1d467bfbf2b5b1bd9c8a69dcfeae9adc02f371b40baa130ffcf38", kill_on_drop: false }`
[INFO] [stdout] f924b0c9dec1d467bfbf2b5b1bd9c8a69dcfeae9adc02f371b40baa130ffcf38
