[INFO] fetching crate agsol-wasm-factory 0.0.1...
[INFO] testing agsol-wasm-factory-0.0.1 against 1.75.0 for beta-1.76-1
[INFO] extracting crate agsol-wasm-factory 0.0.1 into /workspace/builds/worker-3-tc1/source
[INFO] validating manifest of crates.io crate agsol-wasm-factory 0.0.1 on toolchain 1.75.0
[INFO] running `Command { std: CARGO_HOME="/workspace/cargo-home" RUSTUP_HOME="/workspace/rustup-home" "/workspace/cargo-home/bin/cargo" "+1.75.0" "metadata" "--manifest-path" "Cargo.toml" "--no-deps", kill_on_drop: false }`
[INFO] started tweaking crates.io crate agsol-wasm-factory 0.0.1
[INFO] finished tweaking crates.io crate agsol-wasm-factory 0.0.1
[INFO] tweaked toml for crates.io crate agsol-wasm-factory 0.0.1 written to /workspace/builds/worker-3-tc1/source/Cargo.toml
[INFO] running `Command { std: CARGO_HOME="/workspace/cargo-home" RUSTUP_HOME="/workspace/rustup-home" "/workspace/cargo-home/bin/cargo" "+1.75.0" "generate-lockfile" "--manifest-path" "Cargo.toml", kill_on_drop: false }`
[INFO] [stderr]     Updating crates.io index
[INFO] running `Command { std: CARGO_HOME="/workspace/cargo-home" RUSTUP_HOME="/workspace/rustup-home" "/workspace/cargo-home/bin/cargo" "+1.75.0" "fetch" "--manifest-path" "Cargo.toml", kill_on_drop: false }`
[INFO] [stderr]  Downloading crates ...
[INFO] [stderr]   Downloaded keccak v0.1.4
[INFO] [stderr]   Downloaded borsh v0.10.3
[INFO] [stderr]   Downloaded ark-ff-asm v0.4.2
[INFO] [stderr]   Downloaded arrayref v0.3.7
[INFO] [stderr]   Downloaded feature-probe v0.1.1
[INFO] [stderr]   Downloaded rand_xoshiro v0.6.0
[INFO] [stderr]   Downloaded tiny-bip39 v0.8.2
[INFO] [stderr]   Downloaded ark-serialize-derive v0.4.2
[INFO] [stderr]   Downloaded borsh-schema-derive-internal v0.10.3
[INFO] [stderr]   Downloaded borsh-derive v0.10.3
[INFO] [stderr]   Downloaded solana-frozen-abi-macro v1.17.14
[INFO] [stderr]   Downloaded libsecp256k1 v0.6.0
[INFO] [stderr]   Downloaded borsh-derive-internal v0.9.3
[INFO] [stderr]   Downloaded constant_time_eq v0.3.0
[INFO] [stderr]   Downloaded solana-frozen-abi v1.17.14
[INFO] [stderr]   Downloaded libsecp256k1-core v0.2.2
[INFO] [stderr]   Downloaded bitmaps v2.1.0
[INFO] [stderr]   Downloaded ark-poly v0.4.2
[INFO] [stderr]   Downloaded blake3 v1.5.0
[INFO] [stderr]   Downloaded curve25519-dalek v3.2.1
[INFO] [stderr]   Downloaded solana-program v1.17.14
[INFO] [stderr]   Downloaded sha3 v0.10.8
[INFO] [stderr]   Downloaded proc-macro-crate v0.1.5
[INFO] [stderr]   Downloaded im v15.1.0
[INFO] [stderr]   Downloaded crypto-mac v0.8.0
[INFO] [stderr]   Downloaded hashbrown v0.13.2
[INFO] [stderr]   Downloaded light-poseidon v0.2.0
[INFO] [stderr]   Downloaded borsh v0.9.3
[INFO] [stderr]   Downloaded ark-serialize v0.4.2
[INFO] [stderr]   Downloaded rustc-hash v1.1.0
[INFO] [stderr]   Downloaded toml v0.5.11
[INFO] [stderr]   Downloaded ahash v0.7.7
[INFO] [stderr]   Downloaded ark-ff v0.4.2
[INFO] [stderr]   Downloaded sized-chunks v0.6.5
[INFO] [stderr]   Downloaded hmac v0.8.1
[INFO] [stderr]   Downloaded bv v0.11.1
[INFO] [stderr]   Downloaded pbkdf2 v0.4.0
[INFO] [stderr]   Downloaded ark-ec v0.4.2
[INFO] [stderr]   Downloaded bytemuck_derive v1.5.0
[INFO] [stderr]   Downloaded libsecp256k1-gen-genmult v0.2.1
[INFO] [stderr]   Downloaded ark-ff-macros v0.4.2
[INFO] [stderr]   Downloaded ark-std v0.4.0
[INFO] [stderr]   Downloaded console_log v0.2.2
[INFO] [stderr]   Downloaded memmap2 v0.5.10
[INFO] [stderr]   Downloaded ark-bn254 v0.4.0
[INFO] [stderr]   Downloaded arrayvec v0.7.4
[INFO] [stderr]   Downloaded borsh-schema-derive-internal v0.9.3
[INFO] [stderr]   Downloaded solana-sdk-macro v1.17.14
[INFO] [stderr]   Downloaded zeroize_derive v1.4.2
[INFO] [stderr]   Downloaded bs58 v0.4.0
[INFO] [stderr]   Downloaded hmac-drbg v0.3.0
[INFO] [stderr]   Downloaded zeroize v1.3.0
[INFO] [stderr]   Downloaded paste v1.0.14
[INFO] [stderr]   Downloaded num-derive v0.3.3
[INFO] [stderr]   Downloaded borsh-derive v0.9.3
[INFO] [stderr]   Downloaded borsh-derive-internal v0.10.3
[INFO] [stderr]   Downloaded libsecp256k1-gen-ecmult v0.2.1
[INFO] running `Command { std: "docker" "create" "-v" "/var/lib/crater-agent-workspace/builds/worker-3-tc1/target:/opt/rustwide/target:rw,Z" "-v" "/var/lib/crater-agent-workspace/builds/worker-3-tc1/source:/opt/rustwide/workdir:ro,Z" "-v" "/var/lib/crater-agent-workspace/cargo-home:/opt/rustwide/cargo-home:ro,Z" "-v" "/var/lib/crater-agent-workspace/rustup-home:/opt/rustwide/rustup-home:ro,Z" "-e" "SOURCE_DIR=/opt/rustwide/workdir" "-e" "CARGO_TARGET_DIR=/opt/rustwide/target" "-e" "CARGO_HOME=/opt/rustwide/cargo-home" "-e" "RUSTUP_HOME=/opt/rustwide/rustup-home" "-w" "/opt/rustwide/workdir" "-m" "1610612736" "--user" "0:0" "--network" "none" "ghcr.io/rust-lang/crates-build-env/linux@sha256:2788e3201cd34a07e3172128adcd8b3090168a8e3bcc40d7c032b9dda1df7d1c" "/opt/rustwide/cargo-home/bin/cargo" "+1.75.0" "metadata" "--no-deps" "--format-version=1", kill_on_drop: false }`
[INFO] [stdout] 36051146fdd94096c89fd4de68dd97faac4f8f5016cb3417b6ad78da6caea673
[INFO] running `Command { std: "docker" "start" "-a" "36051146fdd94096c89fd4de68dd97faac4f8f5016cb3417b6ad78da6caea673", kill_on_drop: false }`
[INFO] running `Command { std: "docker" "inspect" "36051146fdd94096c89fd4de68dd97faac4f8f5016cb3417b6ad78da6caea673", kill_on_drop: false }`
[INFO] running `Command { std: "docker" "rm" "-f" "36051146fdd94096c89fd4de68dd97faac4f8f5016cb3417b6ad78da6caea673", kill_on_drop: false }`
[INFO] [stdout] 36051146fdd94096c89fd4de68dd97faac4f8f5016cb3417b6ad78da6caea673
[INFO] running `Command { std: "docker" "create" "-v" "/var/lib/crater-agent-workspace/builds/worker-3-tc1/target:/opt/rustwide/target:rw,Z" "-v" "/var/lib/crater-agent-workspace/builds/worker-3-tc1/source:/opt/rustwide/workdir:ro,Z" "-v" "/var/lib/crater-agent-workspace/cargo-home:/opt/rustwide/cargo-home:ro,Z" "-v" "/var/lib/crater-agent-workspace/rustup-home:/opt/rustwide/rustup-home:ro,Z" "-e" "SOURCE_DIR=/opt/rustwide/workdir" "-e" "CARGO_TARGET_DIR=/opt/rustwide/target" "-e" "CARGO_INCREMENTAL=0" "-e" "RUST_BACKTRACE=full" "-e" "RUSTFLAGS=--cap-lints=warn" "-e" "RUSTDOCFLAGS=--cap-lints=warn" "-e" "CARGO_HOME=/opt/rustwide/cargo-home" "-e" "RUSTUP_HOME=/opt/rustwide/rustup-home" "-w" "/opt/rustwide/workdir" "-m" "1610612736" "--user" "0:0" "--network" "none" "ghcr.io/rust-lang/crates-build-env/linux@sha256:2788e3201cd34a07e3172128adcd8b3090168a8e3bcc40d7c032b9dda1df7d1c" "/opt/rustwide/cargo-home/bin/cargo" "+1.75.0" "build" "--frozen" "--message-format=json", kill_on_drop: false }`
[INFO] [stdout] 1747f5df0e1bbe80ff9272a77fa39d8882c7fa5cf591d684fd979e03eab4a436
[INFO] running `Command { std: "docker" "start" "-a" "1747f5df0e1bbe80ff9272a77fa39d8882c7fa5cf591d684fd979e03eab4a436", kill_on_drop: false }`
[INFO] [stderr]    Compiling heck v0.3.3
[INFO] [stderr]    Compiling agsol-wasm-factory v0.0.1 (/opt/rustwide/workdir)
[INFO] [stderr]     Finished dev [unoptimized + debuginfo] target(s) in 0.35s
[INFO] running `Command { std: "docker" "inspect" "1747f5df0e1bbe80ff9272a77fa39d8882c7fa5cf591d684fd979e03eab4a436", kill_on_drop: false }`
[INFO] running `Command { std: "docker" "rm" "-f" "1747f5df0e1bbe80ff9272a77fa39d8882c7fa5cf591d684fd979e03eab4a436", kill_on_drop: false }`
[INFO] [stdout] 1747f5df0e1bbe80ff9272a77fa39d8882c7fa5cf591d684fd979e03eab4a436
[INFO] running `Command { std: "docker" "create" "-v" "/var/lib/crater-agent-workspace/builds/worker-3-tc1/target:/opt/rustwide/target:rw,Z" "-v" "/var/lib/crater-agent-workspace/builds/worker-3-tc1/source:/opt/rustwide/workdir:ro,Z" "-v" "/var/lib/crater-agent-workspace/cargo-home:/opt/rustwide/cargo-home:ro,Z" "-v" "/var/lib/crater-agent-workspace/rustup-home:/opt/rustwide/rustup-home:ro,Z" "-e" "SOURCE_DIR=/opt/rustwide/workdir" "-e" "CARGO_TARGET_DIR=/opt/rustwide/target" "-e" "CARGO_INCREMENTAL=0" "-e" "RUST_BACKTRACE=full" "-e" "RUSTFLAGS=--cap-lints=warn" "-e" "RUSTDOCFLAGS=--cap-lints=warn" "-e" "CARGO_HOME=/opt/rustwide/cargo-home" "-e" "RUSTUP_HOME=/opt/rustwide/rustup-home" "-w" "/opt/rustwide/workdir" "-m" "1610612736" "--user" "0:0" "--network" "none" "ghcr.io/rust-lang/crates-build-env/linux@sha256:2788e3201cd34a07e3172128adcd8b3090168a8e3bcc40d7c032b9dda1df7d1c" "/opt/rustwide/cargo-home/bin/cargo" "+1.75.0" "test" "--frozen" "--no-run" "--message-format=json", kill_on_drop: false }`
[INFO] [stdout] b954a84887e7f73bb82a80b01d1d06079054f70a7c33659fdd34ce2523c80cd6
[INFO] running `Command { std: "docker" "start" "-a" "b954a84887e7f73bb82a80b01d1d06079054f70a7c33659fdd34ce2523c80cd6", kill_on_drop: false }`
[INFO] [stderr]    Compiling serde v1.0.194
[INFO] [stderr]    Compiling libc v0.2.151
[INFO] [stderr]    Compiling cfg-if v1.0.0
[INFO] [stderr]    Compiling typenum v1.17.0
[INFO] [stderr]    Compiling subtle v2.5.0
[INFO] [stderr]    Compiling syn v1.0.109
[INFO] [stderr]    Compiling ppv-lite86 v0.2.17
[INFO] [stderr]    Compiling semver v1.0.21
[INFO] [stderr]    Compiling either v1.9.0
[INFO] [stderr]    Compiling crossbeam-utils v0.8.18
[INFO] [stderr]    Compiling generic-array v0.14.7
[INFO] [stderr]    Compiling num-traits v0.2.17
[INFO] [stderr]    Compiling ahash v0.8.7
[INFO] [stderr]    Compiling num-bigint v0.4.4
[INFO] [stderr]    Compiling num-integer v0.1.45
[INFO] [stderr]    Compiling syn v2.0.48
[INFO] [stderr]    Compiling zerocopy v0.7.32
[INFO] [stderr]    Compiling getrandom v0.1.16
[INFO] [stderr]    Compiling paste v1.0.14
[INFO] [stderr]    Compiling wasm-bindgen-shared v0.2.89
[INFO] [stderr]    Compiling itertools v0.10.5
[INFO] [stderr]    Compiling rayon-core v1.12.0
[INFO] [stderr]    Compiling cpufeatures v0.2.12
[INFO] [stderr]    Compiling thiserror v1.0.56
[INFO] [stderr]    Compiling log v0.4.20
[INFO] [stderr]    Compiling ahash v0.7.7
[INFO] [stderr]    Compiling bumpalo v3.14.0
[INFO] [stderr]    Compiling feature-probe v0.1.1
[INFO] [stderr]    Compiling im v15.1.0
[INFO] [stderr]    Compiling tinyvec_macros v0.1.1
[INFO] [stderr]    Compiling rustc_version v0.4.0
[INFO] [stderr]    Compiling bv v0.11.1
[INFO] [stderr]    Compiling arrayref v0.3.7
[INFO] [stderr]    Compiling anyhow v1.0.79
[INFO] [stderr]    Compiling rustversion v1.0.14
[INFO] [stderr]    Compiling opaque-debug v0.3.0
[INFO] [stderr]    Compiling serde_json v1.0.111
[INFO] [stderr]    Compiling tinyvec v1.6.0
[INFO] [stderr]    Compiling constant_time_eq v0.3.0
[INFO] [stderr]    Compiling byteorder v1.5.0
[INFO] [stderr]    Compiling bs58 v0.4.0
[INFO] [stderr]    Compiling ryu v1.0.16
[INFO] [stderr]    Compiling crossbeam-epoch v0.9.17
[INFO] [stderr]    Compiling solana-frozen-abi-macro v1.17.14
[INFO] [stderr]    Compiling solana-frozen-abi v1.17.14
[INFO] [stderr]    Compiling arrayvec v0.7.4
[INFO] [stderr]    Compiling wasm-bindgen v0.2.89
[INFO] [stderr]    Compiling itoa v1.0.10
[INFO] [stderr]    Compiling memoffset v0.9.0
[INFO] [stderr]    Compiling crossbeam-deque v0.8.4
[INFO] [stderr]    Compiling keccak v0.1.4
[INFO] [stderr]    Compiling lazy_static v1.4.0
[INFO] [stderr]    Compiling base64 v0.12.3
[INFO] [stderr]    Compiling rustc-hash v1.1.0
[INFO] [stderr]    Compiling base64 v0.21.5
[INFO] [stderr]    Compiling agsol-wasm-factory v0.0.1 (/opt/rustwide/workdir)
[INFO] [stderr]    Compiling bitmaps v2.1.0
[INFO] [stderr]    Compiling unicode-normalization v0.1.22
[INFO] [stderr]    Compiling rayon v1.8.0
[INFO] [stderr]    Compiling getrandom v0.2.11
[INFO] [stderr]    Compiling jobserver v0.1.27
[INFO] [stderr]    Compiling memmap2 v0.5.10
[INFO] [stderr]    Compiling rand_core v0.6.4
[INFO] [stderr]    Compiling rand_core v0.5.1
[INFO] [stderr]    Compiling cc v1.0.83
[INFO] [stderr]    Compiling rand_chacha v0.3.1
[INFO] [stderr]    Compiling rand_xoshiro v0.6.0
[INFO] [stderr]    Compiling rand_chacha v0.2.2
[INFO] [stderr]    Compiling hashbrown v0.11.2
[INFO] [stderr]    Compiling sized-chunks v0.6.5
[INFO] [stderr]    Compiling hashbrown v0.13.2
[INFO] [stderr]    Compiling rand v0.7.3
[INFO] [stderr]    Compiling rand v0.8.5
[INFO] [stderr]    Compiling ark-std v0.4.0
[INFO] [stderr]    Compiling blake3 v1.5.0
[INFO] [stderr]    Compiling solana-program v1.17.14
[INFO] [stderr]    Compiling wasm-bindgen-backend v0.2.89
[INFO] [stderr]    Compiling borsh-schema-derive-internal v0.10.3
[INFO] [stderr]    Compiling borsh-schema-derive-internal v0.9.3
[INFO] [stderr]    Compiling borsh-derive-internal v0.10.3
[INFO] [stderr]    Compiling borsh-derive-internal v0.9.3
[INFO] [stderr]    Compiling serde_derive v1.0.194
[INFO] [stderr]    Compiling zeroize_derive v1.4.2
[INFO] [stderr]    Compiling thiserror-impl v1.0.56
[INFO] [stderr]    Compiling bytemuck_derive v1.5.0
[INFO] [stderr]    Compiling solana-sdk-macro v1.17.14
[INFO] [stderr]    Compiling wasm-bindgen-macro-support v0.2.89
[INFO] [stderr]    Compiling ark-serialize-derive v0.4.2
[INFO] [stderr]    Compiling derivative v2.2.0
[INFO] [stderr]    Compiling ark-ff-asm v0.4.2
[INFO] [stderr]    Compiling ark-ff-macros v0.4.2
[INFO] [stderr]    Compiling num-derive v0.3.3
[INFO] [stderr]    Compiling zeroize v1.3.0
[INFO] [stderr]    Compiling wasm-bindgen-macro v0.2.89
[INFO] [stderr]    Compiling bytemuck v1.14.0
[INFO] [stderr]    Compiling toml v0.5.11
[INFO] [stderr]    Compiling serde_bytes v0.11.14
[INFO] [stderr]    Compiling bitflags v2.4.1
[INFO] [stderr]    Compiling bincode v1.3.3
[INFO] [stderr]    Compiling block-buffer v0.10.4
[INFO] [stderr]    Compiling digest v0.9.0
[INFO] [stderr]    Compiling crypto-common v0.1.6
[INFO] [stderr]    Compiling crypto-mac v0.8.0
[INFO] [stderr]    Compiling block-buffer v0.9.0
[INFO] [stderr]    Compiling pbkdf2 v0.4.0
[INFO] [stderr]    Compiling libsecp256k1-core v0.2.2
[INFO] [stderr]    Compiling hmac v0.8.1
[INFO] [stderr]    Compiling curve25519-dalek v3.2.1
[INFO] [stderr]    Compiling sha2 v0.9.9
[INFO] [stderr]    Compiling digest v0.10.7
[INFO] [stderr]    Compiling hmac-drbg v0.3.0
[INFO] [stderr]    Compiling ark-serialize v0.4.2
[INFO] [stderr]    Compiling sha2 v0.10.8
[INFO] [stderr]    Compiling sha3 v0.10.8
[INFO] [stderr]    Compiling tiny-bip39 v0.8.2
[INFO] [stderr]    Compiling proc-macro-crate v0.1.5
[INFO] [stderr]    Compiling ark-ff v0.4.2
[INFO] [stderr]    Compiling borsh-derive v0.10.3
[INFO] [stderr]    Compiling borsh-derive v0.9.3
[INFO] [stderr]    Compiling libsecp256k1-gen-genmult v0.2.1
[INFO] [stderr]    Compiling libsecp256k1-gen-ecmult v0.2.1
[INFO] [stderr]    Compiling libsecp256k1 v0.6.0
[INFO] [stderr]    Compiling borsh v0.9.3
[INFO] [stderr]    Compiling borsh v0.10.3
[INFO] [stderr]    Compiling ark-poly v0.4.2
[INFO] [stderr]    Compiling ark-ec v0.4.2
[INFO] [stderr]    Compiling ark-bn254 v0.4.0
[INFO] [stderr]    Compiling light-poseidon v0.2.0
[INFO] [stderr]     Finished test [unoptimized + debuginfo] target(s) in 19.35s
[INFO] running `Command { std: "docker" "inspect" "b954a84887e7f73bb82a80b01d1d06079054f70a7c33659fdd34ce2523c80cd6", kill_on_drop: false }`
[INFO] running `Command { std: "docker" "rm" "-f" "b954a84887e7f73bb82a80b01d1d06079054f70a7c33659fdd34ce2523c80cd6", kill_on_drop: false }`
[INFO] [stdout] b954a84887e7f73bb82a80b01d1d06079054f70a7c33659fdd34ce2523c80cd6
[INFO] running `Command { std: "docker" "create" "-v" "/var/lib/crater-agent-workspace/builds/worker-3-tc1/target:/opt/rustwide/target:rw,Z" "-v" "/var/lib/crater-agent-workspace/builds/worker-3-tc1/source:/opt/rustwide/workdir:ro,Z" "-v" "/var/lib/crater-agent-workspace/cargo-home:/opt/rustwide/cargo-home:ro,Z" "-v" "/var/lib/crater-agent-workspace/rustup-home:/opt/rustwide/rustup-home:ro,Z" "-e" "SOURCE_DIR=/opt/rustwide/workdir" "-e" "CARGO_TARGET_DIR=/opt/rustwide/target" "-e" "CARGO_INCREMENTAL=0" "-e" "RUST_BACKTRACE=full" "-e" "RUSTFLAGS=--cap-lints=warn" "-e" "RUSTDOCFLAGS=--cap-lints=warn" "-e" "CARGO_HOME=/opt/rustwide/cargo-home" "-e" "RUSTUP_HOME=/opt/rustwide/rustup-home" "-w" "/opt/rustwide/workdir" "-m" "1610612736" "--user" "0:0" "--network" "none" "ghcr.io/rust-lang/crates-build-env/linux@sha256:2788e3201cd34a07e3172128adcd8b3090168a8e3bcc40d7c032b9dda1df7d1c" "/opt/rustwide/cargo-home/bin/cargo" "+1.75.0" "test" "--frozen", kill_on_drop: false }`
[INFO] [stdout] 7a751f1cd28d7ff8921adcefdfafa0d2445ffa6f53535624e62caac75a95823c
[INFO] running `Command { std: "docker" "start" "-a" "7a751f1cd28d7ff8921adcefdfafa0d2445ffa6f53535624e62caac75a95823c", kill_on_drop: false }`
[INFO] [stderr]     Finished test [unoptimized + debuginfo] target(s) in 0.12s
[INFO] [stderr]      Running unittests src/lib.rs (/opt/rustwide/target/debug/deps/agsol_wasm_factory-261b72a51e75aad4)
[INFO] [stdout] 
[INFO] [stdout] running 0 tests
[INFO] [stdout] 
[INFO] [stdout] test result: ok. 0 passed; 0 failed; 0 ignored; 0 measured; 0 filtered out; finished in 0.00s
[INFO] [stdout] 
[INFO] [stderr]    Doc-tests agsol-wasm-factory
[INFO] [stdout] 
[INFO] [stdout] running 1 test
[INFO] [stdout] test src/lib.rs - wasm_instruction (line 16) ... FAILED
[INFO] [stdout] 
[INFO] [stdout] failures:
[INFO] [stdout] 
[INFO] [stdout] ---- src/lib.rs - wasm_instruction (line 16) stdout ----
[INFO] [stdout] warning: use of deprecated function `solana_program::borsh::try_from_slice_unchecked`: Please use `borsh0_10::try_from_slice_unchecked` instead
[INFO] [stdout]   --> src/lib.rs:44:1
[INFO] [stdout]    |
[INFO] [stdout] 31 | wasm_instruction!(foo_factory);
[INFO] [stdout]    | ^^^^^^^^^^^^^^^^^^^^^^^^^^^^^^
[INFO] [stdout]    |
[INFO] [stdout]    = note: `#[warn(deprecated)]` on by default
[INFO] [stdout]    = note: this warning originates in the macro `wasm_instruction` (in Nightly builds, run with -Z macro-backtrace for more info)
[INFO] [stdout] 
[INFO] [stdout] error[E0277]: the trait bound `FooArgs: borsh::de::BorshDeserialize` is not satisfied
[INFO] [stdout]   --> src/lib.rs:44:1
[INFO] [stdout]    |
[INFO] [stdout] 31 | wasm_instruction!(foo_factory);
[INFO] [stdout]    | ^^^^^^^^^^^^^^^^^^^^^^^^^^^^^^ the trait `borsh::de::BorshDeserialize` is not implemented for `FooArgs`
[INFO] [stdout]    |
[INFO] [stdout]    = help: the following other types implement trait `borsh::de::BorshDeserialize`:
[INFO] [stdout]              bool
[INFO] [stdout]              isize
[INFO] [stdout]              i8
[INFO] [stdout]              i16
[INFO] [stdout]              i32
[INFO] [stdout]              i64
[INFO] [stdout]              i128
[INFO] [stdout]              usize
[INFO] [stdout]            and 76 others
[INFO] [stdout] note: required by a bound in `solana_program::borsh::try_from_slice_unchecked`
[INFO] [stdout]   --> /opt/rustwide/cargo-home/registry/src/index.crates.io-6f17d22bba15001f/solana-program-1.17.14/src/borsh.rs:38:36
[INFO] [stdout]    |
[INFO] [stdout] 38 | pub fn try_from_slice_unchecked<T: BorshDeserialize>(data: &[u8]) -> Result<T, Error> {
[INFO] [stdout]    |                                    ^^^^^^^^^^^^^^^^ required by this bound in `try_from_slice_unchecked`
[INFO] [stdout]    = note: this error originates in the macro `wasm_instruction` (in Nightly builds, run with -Z macro-backtrace for more info)
[INFO] [stdout] 
[INFO] [stdout] error: aborting due to previous error; 1 warning emitted
[INFO] [stdout] 
[INFO] [stdout] For more information about this error, try `rustc --explain E0277`.
[INFO] [stdout] Couldn't compile the test.
[INFO] [stdout] 
[INFO] [stdout] failures:
[INFO] [stdout]     src/lib.rs - wasm_instruction (line 16)
[INFO] [stdout] 
[INFO] [stdout] test result: FAILED. 0 passed; 1 failed; 0 ignored; 0 measured; 0 filtered out; finished in 0.07s
[INFO] [stdout] 
[INFO] [stderr] error: doctest failed, to rerun pass `--doc`
[INFO] running `Command { std: "docker" "inspect" "7a751f1cd28d7ff8921adcefdfafa0d2445ffa6f53535624e62caac75a95823c", kill_on_drop: false }`
[INFO] running `Command { std: "docker" "rm" "-f" "7a751f1cd28d7ff8921adcefdfafa0d2445ffa6f53535624e62caac75a95823c", kill_on_drop: false }`
[INFO] [stdout] 7a751f1cd28d7ff8921adcefdfafa0d2445ffa6f53535624e62caac75a95823c
