[INFO] fetching crate agprefs 0.3.1...
[INFO] testing agprefs-0.3.1 against 1.75.0 for beta-1.76-1
[INFO] extracting crate agprefs 0.3.1 into /workspace/builds/worker-2-tc1/source
[INFO] validating manifest of crates.io crate agprefs 0.3.1 on toolchain 1.75.0
[INFO] running `Command { std: CARGO_HOME="/workspace/cargo-home" RUSTUP_HOME="/workspace/rustup-home" "/workspace/cargo-home/bin/cargo" "+1.75.0" "metadata" "--manifest-path" "Cargo.toml" "--no-deps", kill_on_drop: false }`
[INFO] started tweaking crates.io crate agprefs 0.3.1
[INFO] finished tweaking crates.io crate agprefs 0.3.1
[INFO] tweaked toml for crates.io crate agprefs 0.3.1 written to /workspace/builds/worker-2-tc1/source/Cargo.toml
[INFO] crate crates.io crate agprefs 0.3.1 already has a lockfile, it will not be regenerated
[INFO] running `Command { std: CARGO_HOME="/workspace/cargo-home" RUSTUP_HOME="/workspace/rustup-home" "/workspace/cargo-home/bin/cargo" "+1.75.0" "fetch" "--manifest-path" "Cargo.toml", kill_on_drop: false }`
[INFO] [stderr]     Updating crates.io index
[INFO] [stderr]  Downloading crates ...
[INFO] [stderr]   Downloaded brownstone v3.0.0
[INFO] [stderr]   Downloaded indent_write v2.2.0
[INFO] [stderr]   Downloaded walkdir v2.3.3
[INFO] [stderr]   Downloaded plotters-svg v0.3.3
[INFO] [stderr]   Downloaded arrayvec v0.7.3
[INFO] [stderr]   Downloaded escape_string v0.1.2
[INFO] [stderr]   Downloaded thiserror v1.0.40
[INFO] [stderr]   Downloaded quote v1.0.28
[INFO] [stderr]   Downloaded cookie-factory v0.3.2
[INFO] [stderr]   Downloaded proc-macro2 v1.0.60
[INFO] [stderr]   Downloaded serde v1.0.164
[INFO] [stderr]   Downloaded syn v2.0.18
[INFO] [stderr]   Downloaded plotters v0.3.4
[INFO] [stderr]   Downloaded libc v0.2.146
[INFO] [stderr]   Downloaded rayon v1.7.0
[INFO] [stderr]   Downloaded regex-syntax v0.7.2
[INFO] [stderr]   Downloaded regex v1.8.4
[INFO] [stderr]   Downloaded bumpalo v3.13.0
[INFO] [stderr]   Downloaded rayon-core v1.11.0
[INFO] [stderr]   Downloaded serde_derive v1.0.164
[INFO] [stderr]   Downloaded unicode-ident v1.0.9
[INFO] [stderr]   Downloaded os_str_bytes v6.5.1
[INFO] [stderr]   Downloaded plotters-backend v0.3.4
[INFO] [stderr]   Downloaded log v0.4.19
[INFO] [stderr]   Downloaded either v1.8.1
[INFO] [stderr]   Downloaded joinery v2.1.0
[INFO] [stderr]   Downloaded nom-supreme v0.8.0
[INFO] [stderr]   Downloaded thiserror-impl v1.0.40
[INFO] running `Command { std: "docker" "create" "-v" "/var/lib/crater-agent-workspace/builds/worker-2-tc1/target:/opt/rustwide/target:rw,Z" "-v" "/var/lib/crater-agent-workspace/builds/worker-2-tc1/source:/opt/rustwide/workdir:ro,Z" "-v" "/var/lib/crater-agent-workspace/cargo-home:/opt/rustwide/cargo-home:ro,Z" "-v" "/var/lib/crater-agent-workspace/rustup-home:/opt/rustwide/rustup-home:ro,Z" "-e" "SOURCE_DIR=/opt/rustwide/workdir" "-e" "CARGO_TARGET_DIR=/opt/rustwide/target" "-e" "CARGO_HOME=/opt/rustwide/cargo-home" "-e" "RUSTUP_HOME=/opt/rustwide/rustup-home" "-w" "/opt/rustwide/workdir" "-m" "1610612736" "--user" "0:0" "--network" "none" "ghcr.io/rust-lang/crates-build-env/linux@sha256:2788e3201cd34a07e3172128adcd8b3090168a8e3bcc40d7c032b9dda1df7d1c" "/opt/rustwide/cargo-home/bin/cargo" "+1.75.0" "metadata" "--no-deps" "--format-version=1", kill_on_drop: false }`
[INFO] [stdout] 693684f5fb26cb8f9cd1894f216863c15d2022fe151155ce266c9d7cf3593593
[INFO] running `Command { std: "docker" "start" "-a" "693684f5fb26cb8f9cd1894f216863c15d2022fe151155ce266c9d7cf3593593", kill_on_drop: false }`
[INFO] running `Command { std: "docker" "inspect" "693684f5fb26cb8f9cd1894f216863c15d2022fe151155ce266c9d7cf3593593", kill_on_drop: false }`
[INFO] running `Command { std: "docker" "rm" "-f" "693684f5fb26cb8f9cd1894f216863c15d2022fe151155ce266c9d7cf3593593", kill_on_drop: false }`
[INFO] [stdout] 693684f5fb26cb8f9cd1894f216863c15d2022fe151155ce266c9d7cf3593593
[INFO] running `Command { std: "docker" "create" "-v" "/var/lib/crater-agent-workspace/builds/worker-2-tc1/target:/opt/rustwide/target:rw,Z" "-v" "/var/lib/crater-agent-workspace/builds/worker-2-tc1/source:/opt/rustwide/workdir:ro,Z" "-v" "/var/lib/crater-agent-workspace/cargo-home:/opt/rustwide/cargo-home:ro,Z" "-v" "/var/lib/crater-agent-workspace/rustup-home:/opt/rustwide/rustup-home:ro,Z" "-e" "SOURCE_DIR=/opt/rustwide/workdir" "-e" "CARGO_TARGET_DIR=/opt/rustwide/target" "-e" "CARGO_INCREMENTAL=0" "-e" "RUST_BACKTRACE=full" "-e" "RUSTFLAGS=--cap-lints=warn" "-e" "RUSTDOCFLAGS=--cap-lints=warn" "-e" "CARGO_HOME=/opt/rustwide/cargo-home" "-e" "RUSTUP_HOME=/opt/rustwide/rustup-home" "-w" "/opt/rustwide/workdir" "-m" "1610612736" "--user" "0:0" "--network" "none" "ghcr.io/rust-lang/crates-build-env/linux@sha256:2788e3201cd34a07e3172128adcd8b3090168a8e3bcc40d7c032b9dda1df7d1c" "/opt/rustwide/cargo-home/bin/cargo" "+1.75.0" "build" "--frozen" "--message-format=json", kill_on_drop: false }`
[INFO] [stdout] d98045ad96d4c99595775ad149443e7e4b247c11cde2ccb96812edb1b84304be
[INFO] running `Command { std: "docker" "start" "-a" "d98045ad96d4c99595775ad149443e7e4b247c11cde2ccb96812edb1b84304be", kill_on_drop: false }`
[INFO] [stderr]    Compiling proc-macro2 v1.0.60
[INFO] [stderr]    Compiling unicode-ident v1.0.9
[INFO] [stderr]    Compiling quote v1.0.28
[INFO] [stderr]    Compiling serde v1.0.164
[INFO] [stderr]    Compiling minimal-lexical v0.2.1
[INFO] [stderr]    Compiling thiserror v1.0.40
[INFO] [stderr]    Compiling arrayvec v0.7.3
[INFO] [stderr]    Compiling indent_write v2.2.0
[INFO] [stderr]    Compiling joinery v2.1.0
[INFO] [stderr]    Compiling escape_string v0.1.2
[INFO] [stderr]    Compiling cookie-factory v0.3.2
[INFO] [stderr]    Compiling indexmap v1.9.3
[INFO] [stderr]    Compiling nom v7.1.3
[INFO] [stderr]    Compiling brownstone v3.0.0
[INFO] [stderr]    Compiling syn v2.0.18
[INFO] [stderr]    Compiling nom-supreme v0.8.0
[INFO] [stderr]    Compiling serde_derive v1.0.164
[INFO] [stderr]    Compiling thiserror-impl v1.0.40
[INFO] [stderr]    Compiling agprefs v0.3.1 (/opt/rustwide/workdir)
[INFO] [stderr]     Finished dev [unoptimized + debuginfo] target(s) in 11.44s
[INFO] running `Command { std: "docker" "inspect" "d98045ad96d4c99595775ad149443e7e4b247c11cde2ccb96812edb1b84304be", kill_on_drop: false }`
[INFO] running `Command { std: "docker" "rm" "-f" "d98045ad96d4c99595775ad149443e7e4b247c11cde2ccb96812edb1b84304be", kill_on_drop: false }`
[INFO] [stdout] d98045ad96d4c99595775ad149443e7e4b247c11cde2ccb96812edb1b84304be
[INFO] running `Command { std: "docker" "create" "-v" "/var/lib/crater-agent-workspace/builds/worker-2-tc1/target:/opt/rustwide/target:rw,Z" "-v" "/var/lib/crater-agent-workspace/builds/worker-2-tc1/source:/opt/rustwide/workdir:ro,Z" "-v" "/var/lib/crater-agent-workspace/cargo-home:/opt/rustwide/cargo-home:ro,Z" "-v" "/var/lib/crater-agent-workspace/rustup-home:/opt/rustwide/rustup-home:ro,Z" "-e" "SOURCE_DIR=/opt/rustwide/workdir" "-e" "CARGO_TARGET_DIR=/opt/rustwide/target" "-e" "CARGO_INCREMENTAL=0" "-e" "RUST_BACKTRACE=full" "-e" "RUSTFLAGS=--cap-lints=warn" "-e" "RUSTDOCFLAGS=--cap-lints=warn" "-e" "CARGO_HOME=/opt/rustwide/cargo-home" "-e" "RUSTUP_HOME=/opt/rustwide/rustup-home" "-w" "/opt/rustwide/workdir" "-m" "1610612736" "--user" "0:0" "--network" "none" "ghcr.io/rust-lang/crates-build-env/linux@sha256:2788e3201cd34a07e3172128adcd8b3090168a8e3bcc40d7c032b9dda1df7d1c" "/opt/rustwide/cargo-home/bin/cargo" "+1.75.0" "test" "--frozen" "--no-run" "--message-format=json", kill_on_drop: false }`
[INFO] [stdout] 7321541d0a1d85c602b6887a54607e58bf83d71fd56de63565ab784c3f7913d7
[INFO] running `Command { std: "docker" "start" "-a" "7321541d0a1d85c602b6887a54607e58bf83d71fd56de63565ab784c3f7913d7", kill_on_drop: false }`
[INFO] [stderr]    Compiling serde v1.0.164
[INFO] [stderr]    Compiling memoffset v0.9.0
[INFO] [stderr]    Compiling libc v0.2.146
[INFO] [stderr]    Compiling indexmap v1.9.3
[INFO] [stderr]    Compiling crossbeam-epoch v0.9.15
[INFO] [stderr]    Compiling num-traits v0.2.15
[INFO] [stderr]    Compiling rayon-core v1.11.0
[INFO] [stderr]    Compiling either v1.8.1
[INFO] [stderr]    Compiling os_str_bytes v6.5.1
[INFO] [stderr]    Compiling ciborium-io v0.2.1
[INFO] [stderr]    Compiling plotters-backend v0.3.4
[INFO] [stderr]    Compiling half v1.8.2
[INFO] [stderr]    Compiling textwrap v0.16.0
[INFO] [stderr]    Compiling regex-syntax v0.7.2
[INFO] [stderr]    Compiling cast v0.3.0
[INFO] [stderr]    Compiling walkdir v2.3.3
[INFO] [stderr]    Compiling anes v0.1.6
[INFO] [stderr]    Compiling plotters-svg v0.3.3
[INFO] [stderr]    Compiling ciborium-ll v0.2.1
[INFO] [stderr]    Compiling itertools v0.10.5
[INFO] [stderr]    Compiling clap_lex v0.2.4
[INFO] [stderr]    Compiling crossbeam-deque v0.8.3
[INFO] [stderr]    Compiling num_cpus v1.15.0
[INFO] [stderr]    Compiling atty v0.2.14
[INFO] [stderr]    Compiling regex v1.8.4
[INFO] [stderr]    Compiling plotters v0.3.4
[INFO] [stderr]    Compiling criterion-plot v0.5.0
[INFO] [stderr]    Compiling rayon v1.7.0
[INFO] [stderr]    Compiling serde_json v1.0.96
[INFO] [stderr]    Compiling ciborium v0.2.1
[INFO] [stderr]    Compiling clap v3.2.25
[INFO] [stderr]    Compiling agprefs v0.3.1 (/opt/rustwide/workdir)
[INFO] [stderr]    Compiling tinytemplate v1.2.1
[INFO] [stderr]    Compiling criterion v0.4.0
[INFO] [stderr]     Finished test [unoptimized + debuginfo] target(s) in 8.50s
[INFO] running `Command { std: "docker" "inspect" "7321541d0a1d85c602b6887a54607e58bf83d71fd56de63565ab784c3f7913d7", kill_on_drop: false }`
[INFO] running `Command { std: "docker" "rm" "-f" "7321541d0a1d85c602b6887a54607e58bf83d71fd56de63565ab784c3f7913d7", kill_on_drop: false }`
[INFO] [stdout] 7321541d0a1d85c602b6887a54607e58bf83d71fd56de63565ab784c3f7913d7
[INFO] running `Command { std: "docker" "create" "-v" "/var/lib/crater-agent-workspace/builds/worker-2-tc1/target:/opt/rustwide/target:rw,Z" "-v" "/var/lib/crater-agent-workspace/builds/worker-2-tc1/source:/opt/rustwide/workdir:ro,Z" "-v" "/var/lib/crater-agent-workspace/cargo-home:/opt/rustwide/cargo-home:ro,Z" "-v" "/var/lib/crater-agent-workspace/rustup-home:/opt/rustwide/rustup-home:ro,Z" "-e" "SOURCE_DIR=/opt/rustwide/workdir" "-e" "CARGO_TARGET_DIR=/opt/rustwide/target" "-e" "CARGO_INCREMENTAL=0" "-e" "RUST_BACKTRACE=full" "-e" "RUSTFLAGS=--cap-lints=warn" "-e" "RUSTDOCFLAGS=--cap-lints=warn" "-e" "CARGO_HOME=/opt/rustwide/cargo-home" "-e" "RUSTUP_HOME=/opt/rustwide/rustup-home" "-w" "/opt/rustwide/workdir" "-m" "1610612736" "--user" "0:0" "--network" "none" "ghcr.io/rust-lang/crates-build-env/linux@sha256:2788e3201cd34a07e3172128adcd8b3090168a8e3bcc40d7c032b9dda1df7d1c" "/opt/rustwide/cargo-home/bin/cargo" "+1.75.0" "test" "--frozen", kill_on_drop: false }`
[INFO] [stdout] f5f239e68ce2f9506a696d5acc31d459998431d4088bc9d6283af9240fd4d085
[INFO] running `Command { std: "docker" "start" "-a" "f5f239e68ce2f9506a696d5acc31d459998431d4088bc9d6283af9240fd4d085", kill_on_drop: false }`
[INFO] [stderr]     Finished test [unoptimized + debuginfo] target(s) in 0.04s
[INFO] [stderr]      Running unittests src/lib.rs (/opt/rustwide/target/debug/deps/agprefs-292d2cbfd2e33a36)
[INFO] [stdout] 
[INFO] [stdout] running 3 tests
[INFO] [stdout] test types::test_value ... ok
[INFO] [stdout] test parser::esc_test_empty ... ok
[INFO] [stdout] test parser::esc_test ... ok
[INFO] [stdout] 
[INFO] [stdout] test result: ok. 3 passed; 0 failed; 0 ignored; 0 measured; 0 filtered out; finished in 0.00s
[INFO] [stdout] 
[INFO] [stderr]      Running unittests src/main.rs (/opt/rustwide/target/debug/deps/agprefs-41b0c022661097cf)
[INFO] [stdout] 
[INFO] [stdout] running 0 tests
[INFO] [stdout] 
[INFO] [stdout] test result: ok. 0 passed; 0 failed; 0 ignored; 0 measured; 0 filtered out; finished in 0.00s
[INFO] [stdout] 
[INFO] [stderr]      Running tests/parse.rs (/opt/rustwide/target/debug/deps/parse-f2837be3ae6f3f00)
[INFO] [stdout] 
[INFO] [stdout] running 8 tests
[INFO] [stdout] test fail ... ok
[INFO] [stdout] test db ... ok
[INFO] [stdout] test one ... ok
[INFO] [stdout] test nikhil ... ok
[INFO] [stdout] test two ... ok
[INFO] [stdout] test serialize_metadata ... ok
[INFO] [stdout] test windows ... FAILED
[INFO] [stdout] test metadata ... FAILED
[INFO] [stdout] 
[INFO] [stdout] failures:
[INFO] [stdout] 
[INFO] [stdout] ---- windows stdout ----
[INFO] [stdout] thread 'windows' panicked at tests/parse.rs:38:42:
[INFO] [stdout] called `Result::unwrap()` on an `Err` value: Os { code: 30, kind: ReadOnlyFilesystem, message: "Read-only file system" }
[INFO] [stdout] stack backtrace:
[INFO] [stdout]    0:     0x5651dc82c9cc - std::backtrace_rs::backtrace::libunwind::trace::ha637c64ce894333a
[INFO] [stdout]                                at /rustc/82e1608dfa6e0b5569232559e3d385fea5a93112/library/std/src/../../backtrace/src/backtrace/libunwind.rs:104:5
[INFO] [stdout]    1:     0x5651dc82c9cc - std::backtrace_rs::backtrace::trace_unsynchronized::h47f62dea28e0c88d
[INFO] [stdout]                                at /rustc/82e1608dfa6e0b5569232559e3d385fea5a93112/library/std/src/../../backtrace/src/backtrace/mod.rs:66:5
[INFO] [stdout]    2:     0x5651dc82c9cc - std::sys_common::backtrace::_print_fmt::h9eef0abe20ede486
[INFO] [stdout]                                at /rustc/82e1608dfa6e0b5569232559e3d385fea5a93112/library/std/src/sys_common/backtrace.rs:67:5
[INFO] [stdout]    3:     0x5651dc82c9cc - <std::sys_common::backtrace::_print::DisplayBacktrace as core::fmt::Display>::fmt::hed7f999df88cc644
[INFO] [stdout]                                at /rustc/82e1608dfa6e0b5569232559e3d385fea5a93112/library/std/src/sys_common/backtrace.rs:44:22
[INFO] [stdout]    4:     0x5651dc857db0 - core::fmt::rt::Argument::fmt::h1539a9308b8d058d
[INFO] [stdout]                                at /rustc/82e1608dfa6e0b5569232559e3d385fea5a93112/library/core/src/fmt/rt.rs:142:9
[INFO] [stdout]    5:     0x5651dc857db0 - core::fmt::write::h3a39390d8560d9c9
[INFO] [stdout]                                at /rustc/82e1608dfa6e0b5569232559e3d385fea5a93112/library/core/src/fmt/mod.rs:1120:17
[INFO] [stdout]    6:     0x5651dc82a37f - std::io::Write::write_fmt::h040b369f3a0f9cbc
[INFO] [stdout]                                at /rustc/82e1608dfa6e0b5569232559e3d385fea5a93112/library/std/src/io/mod.rs:1762:15
[INFO] [stdout]    7:     0x5651dc82c7b4 - std::sys_common::backtrace::_print::h894006fb5c6f3d45
[INFO] [stdout]                                at /rustc/82e1608dfa6e0b5569232559e3d385fea5a93112/library/std/src/sys_common/backtrace.rs:47:5
[INFO] [stdout]    8:     0x5651dc82c7b4 - std::sys_common::backtrace::print::h23a2d212c6fff936
[INFO] [stdout]                                at /rustc/82e1608dfa6e0b5569232559e3d385fea5a93112/library/std/src/sys_common/backtrace.rs:34:9
[INFO] [stdout]    9:     0x5651dc82e477 - std::panicking::default_hook::{{closure}}::h8a1d2ee00185001a
[INFO] [stdout]   10:     0x5651dc82e163 - std::panicking::default_hook::h6038f2eba384e475
[INFO] [stdout]                                at /rustc/82e1608dfa6e0b5569232559e3d385fea5a93112/library/std/src/panicking.rs:289:9
[INFO] [stdout]   11:     0x5651dc7c99c7 - <alloc::boxed::Box<F,A> as core::ops::function::Fn<Args>>::call::h0ad024c9bdc6d768
[INFO] [stdout]                                at /rustc/82e1608dfa6e0b5569232559e3d385fea5a93112/library/alloc/src/boxed.rs:2021:9
[INFO] [stdout]   12:     0x5651dc7c99c7 - test::test_main::{{closure}}::h7500b54257359db6
[INFO] [stdout]                                at /rustc/82e1608dfa6e0b5569232559e3d385fea5a93112/library/test/src/lib.rs:138:21
[INFO] [stdout]   13:     0x5651dc82ea88 - <alloc::boxed::Box<F,A> as core::ops::function::Fn<Args>>::call::h1f8f335eaa9cfaee
[INFO] [stdout]                                at /rustc/82e1608dfa6e0b5569232559e3d385fea5a93112/library/alloc/src/boxed.rs:2021:9
[INFO] [stdout]   14:     0x5651dc82ea88 - std::panicking::rust_panic_with_hook::h2b5517d590cab22e
[INFO] [stdout]                                at /rustc/82e1608dfa6e0b5569232559e3d385fea5a93112/library/std/src/panicking.rs:783:13
[INFO] [stdout]   15:     0x5651dc82e7de - std::panicking::begin_panic_handler::{{closure}}::h233112c06e0ef43e
[INFO] [stdout]                                at /rustc/82e1608dfa6e0b5569232559e3d385fea5a93112/library/std/src/panicking.rs:657:13
[INFO] [stdout]   16:     0x5651dc82ce96 - std::sys_common::backtrace::__rust_end_short_backtrace::h6e893f24d7ebbff8
[INFO] [stdout]                                at /rustc/82e1608dfa6e0b5569232559e3d385fea5a93112/library/std/src/sys_common/backtrace.rs:170:18
[INFO] [stdout]   17:     0x5651dc82e542 - rust_begin_unwind
[INFO] [stdout]                                at /rustc/82e1608dfa6e0b5569232559e3d385fea5a93112/library/std/src/panicking.rs:645:5
[INFO] [stdout]   18:     0x5651dc775145 - core::panicking::panic_fmt::hbf0e066aabfa482c
[INFO] [stdout]                                at /rustc/82e1608dfa6e0b5569232559e3d385fea5a93112/library/core/src/panicking.rs:72:14
[INFO] [stdout]   19:     0x5651dc7756d3 - core::result::unwrap_failed::hddb4fea594200c52
[INFO] [stdout]                                at /rustc/82e1608dfa6e0b5569232559e3d385fea5a93112/library/core/src/result.rs:1653:5
[INFO] [stdout]   20:     0x5651dc780e0d - core::result::Result<T,E>::unwrap::he1e51e22f66fc24f
[INFO] [stdout]                                at /rustc/82e1608dfa6e0b5569232559e3d385fea5a93112/library/core/src/result.rs:1077:23
[INFO] [stdout]   21:     0x5651dc783964 - parse::windows::h2a6800b51bcf4246
[INFO] [stdout]                                at /opt/rustwide/workdir/tests/parse.rs:38:5
[INFO] [stdout]   22:     0x5651dc783717 - parse::windows::{{closure}}::h4a3177be508ef2a8
[INFO] [stdout]                                at /opt/rustwide/workdir/tests/parse.rs:31:17
[INFO] [stdout]   23:     0x5651dc7786f6 - core::ops::function::FnOnce::call_once::h59ad58ef5eb94f67
[INFO] [stdout]                                at /rustc/82e1608dfa6e0b5569232559e3d385fea5a93112/library/core/src/ops/function.rs:250:5
[INFO] [stdout]   24:     0x5651dc7cf01f - core::ops::function::FnOnce::call_once::h2b5d431d5046312d
[INFO] [stdout]                                at /rustc/82e1608dfa6e0b5569232559e3d385fea5a93112/library/core/src/ops/function.rs:250:5
[INFO] [stdout]   25:     0x5651dc7cf01f - test::__rust_begin_short_backtrace::h7714669af176e207
[INFO] [stdout]                                at /rustc/82e1608dfa6e0b5569232559e3d385fea5a93112/library/test/src/lib.rs:628:18
[INFO] [stdout]   26:     0x5651dc7ce035 - test::run_test_in_process::{{closure}}::h85218797dcbcec12
[INFO] [stdout]                                at /rustc/82e1608dfa6e0b5569232559e3d385fea5a93112/library/test/src/lib.rs:651:60
[INFO] [stdout]   27:     0x5651dc7ce035 - <core::panic::unwind_safe::AssertUnwindSafe<F> as core::ops::function::FnOnce<()>>::call_once::h76c106ea31c14d7b
[INFO] [stdout]                                at /rustc/82e1608dfa6e0b5569232559e3d385fea5a93112/library/core/src/panic/unwind_safe.rs:272:9
[INFO] [stdout]   28:     0x5651dc7ce035 - std::panicking::try::do_call::h3bd5d0f6620ee946
[INFO] [stdout]                                at /rustc/82e1608dfa6e0b5569232559e3d385fea5a93112/library/std/src/panicking.rs:552:40
[INFO] [stdout]   29:     0x5651dc7ce035 - std::panicking::try::h232e535e4744fe31
[INFO] [stdout]                                at /rustc/82e1608dfa6e0b5569232559e3d385fea5a93112/library/std/src/panicking.rs:516:19
[INFO] [stdout]   30:     0x5651dc7ce035 - std::panic::catch_unwind::h3ce3bd6ca8dbac68
[INFO] [stdout]                                at /rustc/82e1608dfa6e0b5569232559e3d385fea5a93112/library/std/src/panic.rs:142:14
[INFO] [stdout]   31:     0x5651dc7ce035 - test::run_test_in_process::hc97b257c9621286a
[INFO] [stdout]                                at /rustc/82e1608dfa6e0b5569232559e3d385fea5a93112/library/test/src/lib.rs:651:27
[INFO] [stdout]   32:     0x5651dc7ce035 - test::run_test::{{closure}}::h2aa798823a438d38
[INFO] [stdout]                                at /rustc/82e1608dfa6e0b5569232559e3d385fea5a93112/library/test/src/lib.rs:574:43
[INFO] [stdout]   33:     0x5651dc7962f6 - test::run_test::{{closure}}::h87d231c78fb59832
[INFO] [stdout]                                at /rustc/82e1608dfa6e0b5569232559e3d385fea5a93112/library/test/src/lib.rs:602:41
[INFO] [stdout]   34:     0x5651dc7962f6 - std::sys_common::backtrace::__rust_begin_short_backtrace::he6df152596625789
[INFO] [stdout]                                at /rustc/82e1608dfa6e0b5569232559e3d385fea5a93112/library/std/src/sys_common/backtrace.rs:154:18
[INFO] [stdout]   35:     0x5651dc79b3a7 - std::thread::Builder::spawn_unchecked_::{{closure}}::{{closure}}::ha94be15d1e0acf36
[INFO] [stdout]                                at /rustc/82e1608dfa6e0b5569232559e3d385fea5a93112/library/std/src/thread/mod.rs:529:17
[INFO] [stdout]   36:     0x5651dc79b3a7 - <core::panic::unwind_safe::AssertUnwindSafe<F> as core::ops::function::FnOnce<()>>::call_once::h9dc6bd6372f16606
[INFO] [stdout]                                at /rustc/82e1608dfa6e0b5569232559e3d385fea5a93112/library/core/src/panic/unwind_safe.rs:272:9
[INFO] [stdout]   37:     0x5651dc79b3a7 - std::panicking::try::do_call::h9057517f80303cd4
[INFO] [stdout]                                at /rustc/82e1608dfa6e0b5569232559e3d385fea5a93112/library/std/src/panicking.rs:552:40
[INFO] [stdout]   38:     0x5651dc79b3a7 - std::panicking::try::he3a30b11ee45340c
[INFO] [stdout]                                at /rustc/82e1608dfa6e0b5569232559e3d385fea5a93112/library/std/src/panicking.rs:516:19
[INFO] [stdout]   39:     0x5651dc79b3a7 - std::panic::catch_unwind::h410458cfd3528b8b
[INFO] [stdout]                                at /rustc/82e1608dfa6e0b5569232559e3d385fea5a93112/library/std/src/panic.rs:142:14
[INFO] [stdout]   40:     0x5651dc79b3a7 - std::thread::Builder::spawn_unchecked_::{{closure}}::h72ac3bdb567b737b
[INFO] [stdout]                                at /rustc/82e1608dfa6e0b5569232559e3d385fea5a93112/library/std/src/thread/mod.rs:528:30
[INFO] [stdout]   41:     0x5651dc79b3a7 - core::ops::function::FnOnce::call_once{{vtable.shim}}::h38f34da3654a8344
[INFO] [stdout]                                at /rustc/82e1608dfa6e0b5569232559e3d385fea5a93112/library/core/src/ops/function.rs:250:5
[INFO] [stdout]   42:     0x5651dc833515 - <alloc::boxed::Box<F,A> as core::ops::function::FnOnce<Args>>::call_once::hc7eafaff61e32df9
[INFO] [stdout]                                at /rustc/82e1608dfa6e0b5569232559e3d385fea5a93112/library/alloc/src/boxed.rs:2007:9
[INFO] [stdout]   43:     0x5651dc833515 - <alloc::boxed::Box<F,A> as core::ops::function::FnOnce<Args>>::call_once::h6ba4a5de48dd2304
[INFO] [stdout]                                at /rustc/82e1608dfa6e0b5569232559e3d385fea5a93112/library/alloc/src/boxed.rs:2007:9
[INFO] [stdout]   44:     0x5651dc833515 - std::sys::unix::thread::Thread::new::thread_start::he469335aef763e45
[INFO] [stdout]                                at /rustc/82e1608dfa6e0b5569232559e3d385fea5a93112/library/std/src/sys/unix/thread.rs:108:17
[INFO] [stdout]   45:     0x7f3a73a33ac3 - <unknown>
[INFO] [stdout]   46:     0x7f3a73ac4bf4 - __clone
[INFO] [stdout]   47:                0x0 - <unknown>
[INFO] [stdout] 
[INFO] [stdout] ---- metadata stdout ----
[INFO] [stdout] thread 'metadata' panicked at tests/parse.rs:82:5:
[INFO] [stdout] assertion `left == right` failed
[INFO] [stdout]   left: "s = { AutoLateralCA = 0,\nBlacks2012 = -31,\nBrightness = 50,\nCameraProfile = \"Adobe Standard\",\nCameraProfileDigest = \"2D1D4700365C3E2831EEAE0D1A8F9CDF\",\nClarity2012 = -23,\nColorGradeBlending = 50,\nColorGradeGlobalHue = 0,\nColorGradeGlobalLum = 0,\nColorGradeGlobalSat = 0,\nColorGradeHighlightLum = 0,\nColorGradeMidtoneHue = 0,\nColorGradeMidtoneLum = 0,\nColorGradeMidtoneSat = 0,\nColorGradeShadowLum = 0,\nColorNoiseReduction = 25,\nContrast = 25,\nContrast2012 = -22,\nConvertToGrayscale = false,\nCustomTemperature = 6915,\nCustomTint = -33.6081,\nDefringeGreenAmount = 0,\nDefringeGreenHueHi = 60,\nDefringeGreenHueLo = 40,\nDefringePurpleAmount = 0,\nDefringePurpleHueHi = 70,\nDefringePurpleHueLo = 30,\nDehaze = 15,\nExposure = 0,\nExposure2012 = 1.43,\nGrainSize = 25,\nHighlights2012 = 18,\nLensManualDistortionAmount = 0,\nLensProfileEnable = 0,\nLensProfileSetup = \"LensDefaults\",\nLook = { Amount = 1,\nGroup = { [\"x-default\"] = \"Profiles\" },\nName = \"Adobe Color\",\nParameters = { CameraProfile = \"Adobe Standard\",\nConvertToGrayscale = false,\nEnableCalibration = true,\nEnableColorAdjustments = true,\nEnableDetail = true,\nEnableEffects = true,\nEnableGrayscaleMix = true,\nEnableLensCorrections = true,\nEnableMaskGroupBasedCorrections = true,\nEnableRedEye = true,\nEnableRetouch = true,\nEnableSplitToning = true,\nEnableToneCurve = true,\nEnableTransform = true,\nLookTable = \"E1095149FDB39D7A057BAB208837E2E1\",\nProcessVersion = \"11.0\",\nToneCurveName2012 = \"\",\nToneCurvePV2012 = { 0,\n0,\n22,\n16,\n40,\n35,\n127,\n127,\n224,\n230,\n240,\n246,\n255,\n255 },\nToneCurvePV2012Blue = { 0,\n0,\n255,\n255 },\nToneCurvePV2012Green = { 0,\n0,\n255,\n255 },\nToneCurvePV2012Red = { 0,\n0,\n255,\n255 },\nVersion = \"14.4.1\" },\nSupportsAmount = false,\nSupportsMonochrome = false,\nSupportsOutputReferred = false,\nUUID = \"B952C231111CD8E0ECCF14B86BAA7077\" },\nLuminanceNoiseReductionContrast = 0,\nOverrideLookVignette = false,\nPerspectiveHorizontal = 0,\nPerspectiveRotate = 0,\nPerspectiveScale = 100,\nPerspectiveVertical = 0,\nPerspectiveX = 0,\nPerspectiveY = 0,\nProcessVersion = \"11.0\",\nRedEyeInfo = {  },\nRetouchInfo = {  },\nSaturation = 27,\nShadows = 5,\nShadows2012 = -29,\nSharpenDetail = 25,\nSharpenEdgeMasking = 0,\nSharpenRadius = 1,\nSharpness = 40,\nTemperature = 6915,\nTexture = 26,\nTint = -34,\nToneCurveName2012 = \"Linear\",\nToneCurvePV2012 = { 0,\n0,\n255,\n255 },\nToneCurvePV2012Blue = { 0,\n0,\n255,\n255 },\nToneCurvePV2012Green = { 0,\n0,\n255,\n255 },\nToneCurvePV2012Red = { 0,\n0,\n255,\n255 },\nUprightCenterMode = 0,\nUprightCenterNormX = 0.5,\nUprightCenterNormY = 0.5,\nUprightFocalLength35mm = 35,\nUprightFocalMode = 0,\nUprightFourSegmentsCount = 0,\nUprightPreview = false,\nUprightTransformCount = 6,\nUprightVersion = 151388160,\nVersion = \"14.4.1\",\nVibrance = -31,\nWhiteBalance = \"Custom\",\nWhites2012 = 27 }\n"
[INFO] [stdout]  right: "s = {\nAutoLateralCA = 0,\nBlacks2012 = -31,\nBrightness = 50,\nCameraProfile = \"Adobe Standard\",\nCameraProfileDigest = \"2D1D4700365C3E2831EEAE0D1A8F9CDF\",\nClarity2012 = -23,\nColorGradeBlending = 50,\nColorGradeGlobalHue = 0,\nColorGradeGlobalLum = 0,\nColorGradeGlobalSat = 0,\nColorGradeHighlightLum = 0,\nColorGradeMidtoneHue = 0,\nColorGradeMidtoneLum = 0,\nColorGradeMidtoneSat = 0,\nColorGradeShadowLum = 0,\nColorNoiseReduction = 25,\nContrast = 25,\nContrast2012 = -22,\nConvertToGrayscale = false,\nCustomTemperature = 6915,\nCustomTint = -33.6081,\nDefringeGreenAmount = 0,\nDefringeGreenHueHi = 60,\nDefringeGreenHueLo = 40,\nDefringePurpleAmount = 0,\nDefringePurpleHueHi = 70,\nDefringePurpleHueLo = 30,\nDehaze = 15,\nExposure = 0,\nExposure2012 = 1.43,\nGrainSize = 25,\nHighlights2012 = 18,\nLensManualDistortionAmount = 0,\nLensProfileEnable = 0,\nLensProfileSetup = \"LensDefaults\",\nLook = { Amount = 1,\nGroup = { [\"x-default\"] = \"Profiles\" },\nName = \"Adobe Color\",\nParameters = { CameraProfile = \"Adobe Standard\",\nConvertToGrayscale = false,\nEnableCalibration = true,\nEnableColorAdjustments = true,\nEnableDetail = true,\nEnableEffects = true,\nEnableGrayscaleMix = true,\nEnableLensCorrections = true,\nEnableMaskGroupBasedCorrections = true,\nEnableRedEye = true,\nEnableRetouch = true,\nEnableSplitToning = true,\nEnableToneCurve = true,\nEnableTransform = true,\nLookTable = \"E1095149FDB39D7A057BAB208837E2E1\",\nProcessVersion = \"11.0\",\nToneCurveName2012 = \"\",\nToneCurvePV2012 = { 0,\n0,\n22,\n16,\n40,\n35,\n127,\n127,\n224,\n230,\n240,\n246,\n255,\n255 },\nToneCurvePV2012Blue = { 0,\n0,\n255,\n255 },\nToneCurvePV2012Green = { 0,\n0,\n255,\n255 },\nToneCurvePV2012Red = { 0,\n0,\n255,\n255 },\nVersion = \"14.4.1\" },\nSupportsAmount = false,\nSupportsMonochrome = false,\nSupportsOutputReferred = false,\nUUID = \"B952C231111CD8E0ECCF14B86BAA7077\" },\nLuminanceNoiseReductionContrast = 0,\nOverrideLookVignette = false,\nPerspectiveHorizontal = 0,\nPerspectiveRotate = 0,\nPerspectiveScale = 100,\nPerspectiveVertical = 0,\nPerspectiveX = 0,\nPerspectiveY = 0,\nProcessVersion = \"11.0\",\nRedEyeInfo = {  },\nRetouchInfo = {  },\nSaturation = 27,\nShadows = 5,\nShadows2012 = -29,\nSharpenDetail = 25,\nSharpenEdgeMasking = 0,\nSharpenRadius = 1,\nSharpness = 40,\nTemperature = 6915,\nTexture = 26,\nTint = -34,\nToneCurveName2012 = \"Linear\",\nToneCurvePV2012 = { 0,\n0,\n255,\n255 },\nToneCurvePV2012Blue = { 0,\n0,\n255,\n255 },\nToneCurvePV2012Green = { 0,\n0,\n255,\n255 },\nToneCurvePV2012Red = { 0,\n0,\n255,\n255 },\nUprightCenterMode = 0,\nUprightCenterNormX = 0.5,\nUprightCenterNormY = 0.5,\nUprightFocalLength35mm = 35,\nUprightFocalMode = 0,\nUprightFourSegmentsCount = 0,\nUprightPreview = false,\nUprightTransformCount = 6,\nUprightVersion = 151388160,\nVersion = \"14.4.1\",\nVibrance = -31,\nWhiteBalance = \"Custom\",\nWhites2012 = 27\n}\n"
[INFO] [stdout] stack backtrace:
[INFO] [stdout]    0:     0x5651dc82c9cc - std::backtrace_rs::backtrace::libunwind::trace::ha637c64ce894333a
[INFO] [stdout]                                at /rustc/82e1608dfa6e0b5569232559e3d385fea5a93112/library/std/src/../../backtrace/src/backtrace/libunwind.rs:104:5
[INFO] [stdout]    1:     0x5651dc82c9cc - std::backtrace_rs::backtrace::trace_unsynchronized::h47f62dea28e0c88d
[INFO] [stdout]                                at /rustc/82e1608dfa6e0b5569232559e3d385fea5a93112/library/std/src/../../backtrace/src/backtrace/mod.rs:66:5
[INFO] [stdout]    2:     0x5651dc82c9cc - std::sys_common::backtrace::_print_fmt::h9eef0abe20ede486
[INFO] [stdout]                                at /rustc/82e1608dfa6e0b5569232559e3d385fea5a93112/library/std/src/sys_common/backtrace.rs:67:5
[INFO] [stdout]    3:     0x5651dc82c9cc - <std::sys_common::backtrace::_print::DisplayBacktrace as core::fmt::Display>::fmt::hed7f999df88cc644
[INFO] [stdout]                                at /rustc/82e1608dfa6e0b5569232559e3d385fea5a93112/library/std/src/sys_common/backtrace.rs:44:22
[INFO] [stdout]    4:     0x5651dc857db0 - core::fmt::rt::Argument::fmt::h1539a9308b8d058d
[INFO] [stdout]                                at /rustc/82e1608dfa6e0b5569232559e3d385fea5a93112/library/core/src/fmt/rt.rs:142:9
[INFO] [stdout]    5:     0x5651dc857db0 - core::fmt::write::h3a39390d8560d9c9
[INFO] [stdout]                                at /rustc/82e1608dfa6e0b5569232559e3d385fea5a93112/library/core/src/fmt/mod.rs:1120:17
[INFO] [stdout]    6:     0x5651dc82a37f - std::io::Write::write_fmt::h040b369f3a0f9cbc
[INFO] [stdout]                                at /rustc/82e1608dfa6e0b5569232559e3d385fea5a93112/library/std/src/io/mod.rs:1762:15
[INFO] [stdout]    7:     0x5651dc82c7b4 - std::sys_common::backtrace::_print::h894006fb5c6f3d45
[INFO] [stdout]                                at /rustc/82e1608dfa6e0b5569232559e3d385fea5a93112/library/std/src/sys_common/backtrace.rs:47:5
[INFO] [stdout]    8:     0x5651dc82c7b4 - std::sys_common::backtrace::print::h23a2d212c6fff936
[INFO] [stdout]                                at /rustc/82e1608dfa6e0b5569232559e3d385fea5a93112/library/std/src/sys_common/backtrace.rs:34:9
[INFO] [stdout]    9:     0x5651dc82e477 - std::panicking::default_hook::{{closure}}::h8a1d2ee00185001a
[INFO] [stdout]   10:     0x5651dc82e163 - std::panicking::default_hook::h6038f2eba384e475
[INFO] [stdout]                                at /rustc/82e1608dfa6e0b5569232559e3d385fea5a93112/library/std/src/panicking.rs:289:9
[INFO] [stdout]   11:     0x5651dc7c99c7 - <alloc::boxed::Box<F,A> as core::ops::function::Fn<Args>>::call::h0ad024c9bdc6d768
[INFO] [stdout]                                at /rustc/82e1608dfa6e0b5569232559e3d385fea5a93112/library/alloc/src/boxed.rs:2021:9
[INFO] [stdout]   12:     0x5651dc7c99c7 - test::test_main::{{closure}}::h7500b54257359db6
[INFO] [stdout]                                at /rustc/82e1608dfa6e0b5569232559e3d385fea5a93112/library/test/src/lib.rs:138:21
[INFO] [stdout]   13:     0x5651dc82ea88 - <alloc::boxed::Box<F,A> as core::ops::function::Fn<Args>>::call::h1f8f335eaa9cfaee
[INFO] [stdout]                                at /rustc/82e1608dfa6e0b5569232559e3d385fea5a93112/library/alloc/src/boxed.rs:2021:9
[INFO] [stdout]   14:     0x5651dc82ea88 - std::panicking::rust_panic_with_hook::h2b5517d590cab22e
[INFO] [stdout]                                at /rustc/82e1608dfa6e0b5569232559e3d385fea5a93112/library/std/src/panicking.rs:783:13
[INFO] [stdout]   15:     0x5651dc82e7de - std::panicking::begin_panic_handler::{{closure}}::h233112c06e0ef43e
[INFO] [stdout]                                at /rustc/82e1608dfa6e0b5569232559e3d385fea5a93112/library/std/src/panicking.rs:657:13
[INFO] [stdout]   16:     0x5651dc82ce96 - std::sys_common::backtrace::__rust_end_short_backtrace::h6e893f24d7ebbff8
[INFO] [stdout]                                at /rustc/82e1608dfa6e0b5569232559e3d385fea5a93112/library/std/src/sys_common/backtrace.rs:170:18
[INFO] [stdout]   17:     0x5651dc82e542 - rust_begin_unwind
[INFO] [stdout]                                at /rustc/82e1608dfa6e0b5569232559e3d385fea5a93112/library/std/src/panicking.rs:645:5
[INFO] [stdout]   18:     0x5651dc775145 - core::panicking::panic_fmt::hbf0e066aabfa482c
[INFO] [stdout]                                at /rustc/82e1608dfa6e0b5569232559e3d385fea5a93112/library/core/src/panicking.rs:72:14
[INFO] [stdout]   19:     0x5651dc77555b - core::panicking::assert_failed_inner::h0bba8b7c26ee4492
[INFO] [stdout]   20:     0x5651dc780fb2 - core::panicking::assert_failed::h7d6e1e6519a33cc0
[INFO] [stdout]                                at /rustc/82e1608dfa6e0b5569232559e3d385fea5a93112/library/core/src/panicking.rs:279:5
[INFO] [stdout]   21:     0x5651dc784406 - parse::metadata::h68a5afdaf6c2ca8a
[INFO] [stdout]                                at /opt/rustwide/workdir/tests/parse.rs:82:5
[INFO] [stdout]   22:     0x5651dc784177 - parse::metadata::{{closure}}::he3a2703d2f60f401
[INFO] [stdout]                                at /opt/rustwide/workdir/tests/parse.rs:75:18
[INFO] [stdout]   23:     0x5651dc778686 - core::ops::function::FnOnce::call_once::h3818a781ce4f665a
[INFO] [stdout]                                at /rustc/82e1608dfa6e0b5569232559e3d385fea5a93112/library/core/src/ops/function.rs:250:5
[INFO] [stdout]   24:     0x5651dc7cf01f - core::ops::function::FnOnce::call_once::h2b5d431d5046312d
[INFO] [stdout]                                at /rustc/82e1608dfa6e0b5569232559e3d385fea5a93112/library/core/src/ops/function.rs:250:5
[INFO] [stdout]   25:     0x5651dc7cf01f - test::__rust_begin_short_backtrace::h7714669af176e207
[INFO] [stdout]                                at /rustc/82e1608dfa6e0b5569232559e3d385fea5a93112/library/test/src/lib.rs:628:18
[INFO] [stdout]   26:     0x5651dc7ce035 - test::run_test_in_process::{{closure}}::h85218797dcbcec12
[INFO] [stdout]                                at /rustc/82e1608dfa6e0b5569232559e3d385fea5a93112/library/test/src/lib.rs:651:60
[INFO] [stdout]   27:     0x5651dc7ce035 - <core::panic::unwind_safe::AssertUnwindSafe<F> as core::ops::function::FnOnce<()>>::call_once::h76c106ea31c14d7b
[INFO] [stdout]                                at /rustc/82e1608dfa6e0b5569232559e3d385fea5a93112/library/core/src/panic/unwind_safe.rs:272:9
[INFO] [stdout]   28:     0x5651dc7ce035 - std::panicking::try::do_call::h3bd5d0f6620ee946
[INFO] [stdout]                                at /rustc/82e1608dfa6e0b5569232559e3d385fea5a93112/library/std/src/panicking.rs:552:40
[INFO] [stdout]   29:     0x5651dc7ce035 - std::panicking::try::h232e535e4744fe31
[INFO] [stdout]                                at /rustc/82e1608dfa6e0b5569232559e3d385fea5a93112/library/std/src/panicking.rs:516:19
[INFO] [stdout]   30:     0x5651dc7ce035 - std::panic::catch_unwind::h3ce3bd6ca8dbac68
[INFO] [stdout]                                at /rustc/82e1608dfa6e0b5569232559e3d385fea5a93112/library/std/src/panic.rs:142:14
[INFO] [stdout]   31:     0x5651dc7ce035 - test::run_test_in_process::hc97b257c9621286a
[INFO] [stdout]                                at /rustc/82e1608dfa6e0b5569232559e3d385fea5a93112/library/test/src/lib.rs:651:27
[INFO] [stdout]   32:     0x5651dc7ce035 - test::run_test::{{closure}}::h2aa798823a438d38
[INFO] [stdout]                                at /rustc/82e1608dfa6e0b5569232559e3d385fea5a93112/library/test/src/lib.rs:574:43
[INFO] [stdout]   33:     0x5651dc7962f6 - test::run_test::{{closure}}::h87d231c78fb59832
[INFO] [stdout]                                at /rustc/82e1608dfa6e0b5569232559e3d385fea5a93112/library/test/src/lib.rs:602:41
[INFO] [stdout]   34:     0x5651dc7962f6 - std::sys_common::backtrace::__rust_begin_short_backtrace::he6df152596625789
[INFO] [stdout]                                at /rustc/82e1608dfa6e0b5569232559e3d385fea5a93112/library/std/src/sys_common/backtrace.rs:154:18
[INFO] [stdout]   35:     0x5651dc79b3a7 - std::thread::Builder::spawn_unchecked_::{{closure}}::{{closure}}::ha94be15d1e0acf36
[INFO] [stdout]                                at /rustc/82e1608dfa6e0b5569232559e3d385fea5a93112/library/std/src/thread/mod.rs:529:17
[INFO] [stdout]   36:     0x5651dc79b3a7 - <core::panic::unwind_safe::AssertUnwindSafe<F> as core::ops::function::FnOnce<()>>::call_once::h9dc6bd6372f16606
[INFO] [stdout]                                at /rustc/82e1608dfa6e0b5569232559e3d385fea5a93112/library/core/src/panic/unwind_safe.rs:272:9
[INFO] [stdout]   37:     0x5651dc79b3a7 - std::panicking::try::do_call::h9057517f80303cd4
[INFO] [stdout]                                at /rustc/82e1608dfa6e0b5569232559e3d385fea5a93112/library/std/src/panicking.rs:552:40
[INFO] [stdout]   38:     0x5651dc79b3a7 - std::panicking::try::he3a30b11ee45340c
[INFO] [stdout]                                at /rustc/82e1608dfa6e0b5569232559e3d385fea5a93112/library/std/src/panicking.rs:516:19
[INFO] [stdout]   39:     0x5651dc79b3a7 - std::panic::catch_unwind::h410458cfd3528b8b
[INFO] [stdout]                                at /rustc/82e1608dfa6e0b5569232559e3d385fea5a93112/library/std/src/panic.rs:142:14
[INFO] [stdout]   40:     0x5651dc79b3a7 - std::thread::Builder::spawn_unchecked_::{{closure}}::h72ac3bdb567b737b
[INFO] [stdout]                                at /rustc/82e1608dfa6e0b5569232559e3d385fea5a93112/library/std/src/thread/mod.rs:528:30
[INFO] [stdout]   41:     0x5651dc79b3a7 - core::ops::function::FnOnce::call_once{{vtable.shim}}::h38f34da3654a8344
[INFO] [stdout]                                at /rustc/82e1608dfa6e0b5569232559e3d385fea5a93112/library/core/src/ops/function.rs:250:5
[INFO] [stdout]   42:     0x5651dc833515 - <alloc::boxed::Box<F,A> as core::ops::function::FnOnce<Args>>::call_once::hc7eafaff61e32df9
[INFO] [stdout]                                at /rustc/82e1608dfa6e0b5569232559e3d385fea5a93112/library/alloc/src/boxed.rs:2007:9
[INFO] [stdout]   43:     0x5651dc833515 - <alloc::boxed::Box<F,A> as core::ops::function::FnOnce<Args>>::call_once::h6ba4a5de48dd2304
[INFO] [stdout]                                at /rustc/82e1608dfa6e0b5569232559e3d385fea5a93112/library/alloc/src/boxed.rs:2007:9
[INFO] [stdout]   44:     0x5651dc833515 - std::sys::unix::thread::Thread::new::thread_start::he469335aef763e45
[INFO] [stdout]                                at /rustc/82e1608dfa6e0b5569232559e3d385fea5a93112/library/std/src/sys/unix/thread.rs:108:17
[INFO] [stdout]   45:     0x7f3a73a33ac3 - <unknown>
[INFO] [stdout]   46:     0x7f3a73ac4bf4 - __clone
[INFO] [stdout]   47:                0x0 - <unknown>
[INFO] [stdout] 
[INFO] [stdout] 
[INFO] [stdout] failures:
[INFO] [stdout]     metadata
[INFO] [stdout]     windows
[INFO] [stdout] 
[INFO] [stdout] test result: FAILED. 6 passed; 2 failed; 0 ignored; 0 measured; 0 filtered out; finished in 0.01s
[INFO] [stdout] 
[INFO] [stderr] error: test failed, to rerun pass `--test parse`
[INFO] running `Command { std: "docker" "inspect" "f5f239e68ce2f9506a696d5acc31d459998431d4088bc9d6283af9240fd4d085", kill_on_drop: false }`
[INFO] running `Command { std: "docker" "rm" "-f" "f5f239e68ce2f9506a696d5acc31d459998431d4088bc9d6283af9240fd4d085", kill_on_drop: false }`
[INFO] [stdout] f5f239e68ce2f9506a696d5acc31d459998431d4088bc9d6283af9240fd4d085
[INFO] testing agprefs-0.3.1 against beta-2023-12-22 for beta-1.76-1
[INFO] extracting crate agprefs 0.3.1 into /workspace/builds/worker-2-tc2/source
[INFO] validating manifest of crates.io crate agprefs 0.3.1 on toolchain beta-2023-12-22
[INFO] running `Command { std: CARGO_HOME="/workspace/cargo-home" RUSTUP_HOME="/workspace/rustup-home" "/workspace/cargo-home/bin/cargo" "+beta-2023-12-22" "metadata" "--manifest-path" "Cargo.toml" "--no-deps", kill_on_drop: false }`
[INFO] started tweaking crates.io crate agprefs 0.3.1
[INFO] finished tweaking crates.io crate agprefs 0.3.1
[INFO] tweaked toml for crates.io crate agprefs 0.3.1 written to /workspace/builds/worker-2-tc2/source/Cargo.toml
[INFO] crate crates.io crate agprefs 0.3.1 already has a lockfile, it will not be regenerated
[INFO] running `Command { std: CARGO_HOME="/workspace/cargo-home" RUSTUP_HOME="/workspace/rustup-home" "/workspace/cargo-home/bin/cargo" "+beta-2023-12-22" "fetch" "--manifest-path" "Cargo.toml", kill_on_drop: false }`
[INFO] running `Command { std: "docker" "create" "-v" "/var/lib/crater-agent-workspace/builds/worker-2-tc2/target:/opt/rustwide/target:rw,Z" "-v" "/var/lib/crater-agent-workspace/builds/worker-2-tc2/source:/opt/rustwide/workdir:ro,Z" "-v" "/var/lib/crater-agent-workspace/cargo-home:/opt/rustwide/cargo-home:ro,Z" "-v" "/var/lib/crater-agent-workspace/rustup-home:/opt/rustwide/rustup-home:ro,Z" "-e" "SOURCE_DIR=/opt/rustwide/workdir" "-e" "CARGO_TARGET_DIR=/opt/rustwide/target" "-e" "CARGO_HOME=/opt/rustwide/cargo-home" "-e" "RUSTUP_HOME=/opt/rustwide/rustup-home" "-w" "/opt/rustwide/workdir" "-m" "1610612736" "--user" "0:0" "--network" "none" "ghcr.io/rust-lang/crates-build-env/linux@sha256:2788e3201cd34a07e3172128adcd8b3090168a8e3bcc40d7c032b9dda1df7d1c" "/opt/rustwide/cargo-home/bin/cargo" "+beta-2023-12-22" "metadata" "--no-deps" "--format-version=1", kill_on_drop: false }`
[INFO] [stdout] f37ef71aed31ab50dff7cf3c22c860da72f4dd89e83a60325d7e61eb2823a8e2
[INFO] running `Command { std: "docker" "start" "-a" "f37ef71aed31ab50dff7cf3c22c860da72f4dd89e83a60325d7e61eb2823a8e2", kill_on_drop: false }`
[INFO] running `Command { std: "docker" "inspect" "f37ef71aed31ab50dff7cf3c22c860da72f4dd89e83a60325d7e61eb2823a8e2", kill_on_drop: false }`
[INFO] running `Command { std: "docker" "rm" "-f" "f37ef71aed31ab50dff7cf3c22c860da72f4dd89e83a60325d7e61eb2823a8e2", kill_on_drop: false }`
[INFO] [stdout] f37ef71aed31ab50dff7cf3c22c860da72f4dd89e83a60325d7e61eb2823a8e2
[INFO] running `Command { std: "docker" "create" "-v" "/var/lib/crater-agent-workspace/builds/worker-2-tc2/target:/opt/rustwide/target:rw,Z" "-v" "/var/lib/crater-agent-workspace/builds/worker-2-tc2/source:/opt/rustwide/workdir:ro,Z" "-v" "/var/lib/crater-agent-workspace/cargo-home:/opt/rustwide/cargo-home:ro,Z" "-v" "/var/lib/crater-agent-workspace/rustup-home:/opt/rustwide/rustup-home:ro,Z" "-e" "SOURCE_DIR=/opt/rustwide/workdir" "-e" "CARGO_TARGET_DIR=/opt/rustwide/target" "-e" "CARGO_INCREMENTAL=0" "-e" "RUST_BACKTRACE=full" "-e" "RUSTFLAGS=--cap-lints=warn" "-e" "RUSTDOCFLAGS=--cap-lints=warn" "-e" "CARGO_HOME=/opt/rustwide/cargo-home" "-e" "RUSTUP_HOME=/opt/rustwide/rustup-home" "-w" "/opt/rustwide/workdir" "-m" "1610612736" "--user" "0:0" "--network" "none" "ghcr.io/rust-lang/crates-build-env/linux@sha256:2788e3201cd34a07e3172128adcd8b3090168a8e3bcc40d7c032b9dda1df7d1c" "/opt/rustwide/cargo-home/bin/cargo" "+beta-2023-12-22" "build" "--frozen" "--message-format=json", kill_on_drop: false }`
[INFO] [stdout] fff6598d55559e0822028279d0eae914e0fbbc855bcb49f5f0b25cf982c4e3fb
[INFO] running `Command { std: "docker" "start" "-a" "fff6598d55559e0822028279d0eae914e0fbbc855bcb49f5f0b25cf982c4e3fb", kill_on_drop: false }`
[INFO] [stderr]    Compiling proc-macro2 v1.0.60
[INFO] [stderr]    Compiling unicode-ident v1.0.9
[INFO] [stderr]    Compiling quote v1.0.28
[INFO] [stderr]    Compiling serde v1.0.164
[INFO] [stderr]    Compiling thiserror v1.0.40
[INFO] [stderr]    Compiling arrayvec v0.7.3
[INFO] [stderr]    Compiling minimal-lexical v0.2.1
[INFO] [stderr]    Compiling indent_write v2.2.0
[INFO] [stderr]    Compiling joinery v2.1.0
[INFO] [stderr]    Compiling cookie-factory v0.3.2
[INFO] [stderr]    Compiling escape_string v0.1.2
[INFO] [stderr]    Compiling indexmap v1.9.3
[INFO] [stderr]    Compiling brownstone v3.0.0
[INFO] [stderr]    Compiling nom v7.1.3
[INFO] [stderr]    Compiling syn v2.0.18
[INFO] [stderr]    Compiling nom-supreme v0.8.0
[INFO] [stderr]    Compiling serde_derive v1.0.164
[INFO] [stderr]    Compiling thiserror-impl v1.0.40
[INFO] [stderr]    Compiling agprefs v0.3.1 (/opt/rustwide/workdir)
[INFO] [stderr]     Finished dev [unoptimized + debuginfo] target(s) in 6.65s
[INFO] running `Command { std: "docker" "inspect" "fff6598d55559e0822028279d0eae914e0fbbc855bcb49f5f0b25cf982c4e3fb", kill_on_drop: false }`
[INFO] running `Command { std: "docker" "rm" "-f" "fff6598d55559e0822028279d0eae914e0fbbc855bcb49f5f0b25cf982c4e3fb", kill_on_drop: false }`
[INFO] [stdout] fff6598d55559e0822028279d0eae914e0fbbc855bcb49f5f0b25cf982c4e3fb
[INFO] running `Command { std: "docker" "create" "-v" "/var/lib/crater-agent-workspace/builds/worker-2-tc2/target:/opt/rustwide/target:rw,Z" "-v" "/var/lib/crater-agent-workspace/builds/worker-2-tc2/source:/opt/rustwide/workdir:ro,Z" "-v" "/var/lib/crater-agent-workspace/cargo-home:/opt/rustwide/cargo-home:ro,Z" "-v" "/var/lib/crater-agent-workspace/rustup-home:/opt/rustwide/rustup-home:ro,Z" "-e" "SOURCE_DIR=/opt/rustwide/workdir" "-e" "CARGO_TARGET_DIR=/opt/rustwide/target" "-e" "CARGO_INCREMENTAL=0" "-e" "RUST_BACKTRACE=full" "-e" "RUSTFLAGS=--cap-lints=warn" "-e" "RUSTDOCFLAGS=--cap-lints=warn" "-e" "CARGO_HOME=/opt/rustwide/cargo-home" "-e" "RUSTUP_HOME=/opt/rustwide/rustup-home" "-w" "/opt/rustwide/workdir" "-m" "1610612736" "--user" "0:0" "--network" "none" "ghcr.io/rust-lang/crates-build-env/linux@sha256:2788e3201cd34a07e3172128adcd8b3090168a8e3bcc40d7c032b9dda1df7d1c" "/opt/rustwide/cargo-home/bin/cargo" "+beta-2023-12-22" "test" "--frozen" "--no-run" "--message-format=json", kill_on_drop: false }`
[INFO] [stdout] 1510b65fb6010920997e6d79972e459f32ee90df15e3265e1e066210db2e7db0
[INFO] running `Command { std: "docker" "start" "-a" "1510b65fb6010920997e6d79972e459f32ee90df15e3265e1e066210db2e7db0", kill_on_drop: false }`
[INFO] [stderr]    Compiling serde v1.0.164
[INFO] [stderr]    Compiling memoffset v0.9.0
[INFO] [stderr]    Compiling libc v0.2.146
[INFO] [stderr]    Compiling crossbeam-epoch v0.9.15
[INFO] [stderr]    Compiling indexmap v1.9.3
[INFO] [stderr]    Compiling num-traits v0.2.15
[INFO] [stderr]    Compiling either v1.8.1
[INFO] [stderr]    Compiling rayon-core v1.11.0
[INFO] [stderr]    Compiling plotters-backend v0.3.4
[INFO] [stderr]    Compiling half v1.8.2
[INFO] [stderr]    Compiling ciborium-io v0.2.1
[INFO] [stderr]    Compiling os_str_bytes v6.5.1
[INFO] [stderr]    Compiling textwrap v0.16.0
[INFO] [stderr]    Compiling regex-syntax v0.7.2
[INFO] [stderr]    Compiling cast v0.3.0
[INFO] [stderr]    Compiling walkdir v2.3.3
[INFO] [stderr]    Compiling anes v0.1.6
[INFO] [stderr]    Compiling itertools v0.10.5
[INFO] [stderr]    Compiling clap_lex v0.2.4
[INFO] [stderr]    Compiling plotters-svg v0.3.3
[INFO] [stderr]    Compiling ciborium-ll v0.2.1
[INFO] [stderr]    Compiling crossbeam-deque v0.8.3
[INFO] [stderr]    Compiling num_cpus v1.15.0
[INFO] [stderr]    Compiling atty v0.2.14
[INFO] [stderr]    Compiling regex v1.8.4
[INFO] [stderr]    Compiling plotters v0.3.4
[INFO] [stderr]    Compiling rayon v1.7.0
[INFO] [stderr]    Compiling criterion-plot v0.5.0
[INFO] [stderr]    Compiling serde_json v1.0.96
[INFO] [stderr]    Compiling ciborium v0.2.1
[INFO] [stderr]    Compiling clap v3.2.25
[INFO] [stderr]    Compiling agprefs v0.3.1 (/opt/rustwide/workdir)
[INFO] [stderr]    Compiling tinytemplate v1.2.1
[INFO] [stderr]    Compiling criterion v0.4.0
[INFO] [stderr]     Finished test [unoptimized + debuginfo] target(s) in 8.60s
[INFO] running `Command { std: "docker" "inspect" "1510b65fb6010920997e6d79972e459f32ee90df15e3265e1e066210db2e7db0", kill_on_drop: false }`
[INFO] running `Command { std: "docker" "rm" "-f" "1510b65fb6010920997e6d79972e459f32ee90df15e3265e1e066210db2e7db0", kill_on_drop: false }`
[INFO] [stdout] 1510b65fb6010920997e6d79972e459f32ee90df15e3265e1e066210db2e7db0
[INFO] running `Command { std: "docker" "create" "-v" "/var/lib/crater-agent-workspace/builds/worker-2-tc2/target:/opt/rustwide/target:rw,Z" "-v" "/var/lib/crater-agent-workspace/builds/worker-2-tc2/source:/opt/rustwide/workdir:ro,Z" "-v" "/var/lib/crater-agent-workspace/cargo-home:/opt/rustwide/cargo-home:ro,Z" "-v" "/var/lib/crater-agent-workspace/rustup-home:/opt/rustwide/rustup-home:ro,Z" "-e" "SOURCE_DIR=/opt/rustwide/workdir" "-e" "CARGO_TARGET_DIR=/opt/rustwide/target" "-e" "CARGO_INCREMENTAL=0" "-e" "RUST_BACKTRACE=full" "-e" "RUSTFLAGS=--cap-lints=warn" "-e" "RUSTDOCFLAGS=--cap-lints=warn" "-e" "CARGO_HOME=/opt/rustwide/cargo-home" "-e" "RUSTUP_HOME=/opt/rustwide/rustup-home" "-w" "/opt/rustwide/workdir" "-m" "1610612736" "--user" "0:0" "--network" "none" "ghcr.io/rust-lang/crates-build-env/linux@sha256:2788e3201cd34a07e3172128adcd8b3090168a8e3bcc40d7c032b9dda1df7d1c" "/opt/rustwide/cargo-home/bin/cargo" "+beta-2023-12-22" "test" "--frozen", kill_on_drop: false }`
[INFO] [stdout] 3d3e9f1a5883b55c6fe2eaa9cfaec95fffd7ff05392b8f9ea25f907dea021236
[INFO] running `Command { std: "docker" "start" "-a" "3d3e9f1a5883b55c6fe2eaa9cfaec95fffd7ff05392b8f9ea25f907dea021236", kill_on_drop: false }`
[INFO] [stderr]     Finished test [unoptimized + debuginfo] target(s) in 0.04s
[INFO] [stderr]      Running unittests src/lib.rs (/opt/rustwide/target/debug/deps/agprefs-f8e9ff792adb363e)
[INFO] [stdout] 
[INFO] [stdout] running 3 tests
[INFO] [stdout] test parser::esc_test_empty ... ok
[INFO] [stdout] test types::test_value ... ok
[INFO] [stdout] test parser::esc_test ... ok
[INFO] [stdout] 
[INFO] [stdout] test result: ok. 3 passed; 0 failed; 0 ignored; 0 measured; 0 filtered out; finished in 0.00s
[INFO] [stdout] 
[INFO] [stderr]      Running unittests src/main.rs (/opt/rustwide/target/debug/deps/agprefs-8df3cc46c511dfe0)
[INFO] [stdout] 
[INFO] [stdout] running 0 tests
[INFO] [stdout] 
[INFO] [stdout] test result: ok. 0 passed; 0 failed; 0 ignored; 0 measured; 0 filtered out; finished in 0.00s
[INFO] [stdout] 
[INFO] [stderr]      Running tests/parse.rs (/opt/rustwide/target/debug/deps/parse-f5413ebe49589c91)
[INFO] [stdout] 
[INFO] [stdout] running 8 tests
[INFO] [stdout] test fail ... ok
[INFO] [stdout] test db ... ok
[INFO] [stdout] test nikhil ... ok
[INFO] [stdout] test one ... ok
[INFO] [stdout] test two ... ok
[INFO] [stdout] test serialize_metadata ... ok
[INFO] [stdout] test windows ... FAILED
[INFO] [stdout] test metadata ... FAILED
[INFO] [stdout] 
[INFO] [stdout] failures:
[INFO] [stdout] 
[INFO] [stdout] ---- windows stdout ----
[INFO] [stdout] thread 'windows' panicked at tests/parse.rs:38:42:
[INFO] [stdout] called `Result::unwrap()` on an `Err` value: Os { code: 30, kind: ReadOnlyFilesystem, message: "Read-only file system" }
[INFO] [stdout] stack backtrace:
[INFO] [stdout]    0:     0x5581c074f1a6 - std::backtrace_rs::backtrace::libunwind::trace::h261606ad26a499c1
[INFO] [stdout]                                at /rustc/0e09125c6c3c2fd70d7de961bcf0e51575235fad/library/std/src/../../backtrace/src/backtrace/libunwind.rs:104:5
[INFO] [stdout]    1:     0x5581c074f1a6 - std::backtrace_rs::backtrace::trace_unsynchronized::hd183f0625477fb28
[INFO] [stdout]                                at /rustc/0e09125c6c3c2fd70d7de961bcf0e51575235fad/library/std/src/../../backtrace/src/backtrace/mod.rs:66:5
[INFO] [stdout]    2:     0x5581c074f1a6 - std::sys_common::backtrace::_print_fmt::hd7f8fef21b4eda67
[INFO] [stdout]                                at /rustc/0e09125c6c3c2fd70d7de961bcf0e51575235fad/library/std/src/sys_common/backtrace.rs:68:5
[INFO] [stdout]    3:     0x5581c074f1a6 - <std::sys_common::backtrace::_print::DisplayBacktrace as core::fmt::Display>::fmt::h623d9b51f2f453f1
[INFO] [stdout]                                at /rustc/0e09125c6c3c2fd70d7de961bcf0e51575235fad/library/std/src/sys_common/backtrace.rs:44:22
[INFO] [stdout]    4:     0x5581c0779870 - core::fmt::rt::Argument::fmt::h9f417ac76a86f368
[INFO] [stdout]                                at /rustc/0e09125c6c3c2fd70d7de961bcf0e51575235fad/library/core/src/fmt/rt.rs:142:9
[INFO] [stdout]    5:     0x5581c0779870 - core::fmt::write::hc9b6faf4ac2aeff7
[INFO] [stdout]                                at /rustc/0e09125c6c3c2fd70d7de961bcf0e51575235fad/library/core/src/fmt/mod.rs:1120:17
[INFO] [stdout]    6:     0x5581c074cc0f - std::io::Write::write_fmt::he04625a3a989fec3
[INFO] [stdout]                                at /rustc/0e09125c6c3c2fd70d7de961bcf0e51575235fad/library/std/src/io/mod.rs:1810:15
[INFO] [stdout]    7:     0x5581c074ef84 - std::sys_common::backtrace::_print::hd5d66399c7df88a2
[INFO] [stdout]                                at /rustc/0e09125c6c3c2fd70d7de961bcf0e51575235fad/library/std/src/sys_common/backtrace.rs:47:5
[INFO] [stdout]    8:     0x5581c074ef84 - std::sys_common::backtrace::print::he81ed2da642d37e5
[INFO] [stdout]                                at /rustc/0e09125c6c3c2fd70d7de961bcf0e51575235fad/library/std/src/sys_common/backtrace.rs:34:9
[INFO] [stdout]    9:     0x5581c0750cf7 - std::panicking::default_hook::{{closure}}::h85773f4fa117163d
[INFO] [stdout]   10:     0x5581c07509dd - std::panicking::default_hook::h6a1694a91d09b278
[INFO] [stdout]                                at /rustc/0e09125c6c3c2fd70d7de961bcf0e51575235fad/library/std/src/panicking.rs:289:9
[INFO] [stdout]   11:     0x5581c06eaa77 - <alloc::boxed::Box<F,A> as core::ops::function::Fn<Args>>::call::h616ac37fa3cd6c8f
[INFO] [stdout]                                at /rustc/0e09125c6c3c2fd70d7de961bcf0e51575235fad/library/alloc/src/boxed.rs:2029:9
[INFO] [stdout]   12:     0x5581c06eaa77 - test::test_main::{{closure}}::h00d84697cefdcbb6
[INFO] [stdout]                                at /rustc/0e09125c6c3c2fd70d7de961bcf0e51575235fad/library/test/src/lib.rs:138:21
[INFO] [stdout]   13:     0x5581c0751316 - <alloc::boxed::Box<F,A> as core::ops::function::Fn<Args>>::call::hcb3fe3b9bb537ba8
[INFO] [stdout]                                at /rustc/0e09125c6c3c2fd70d7de961bcf0e51575235fad/library/alloc/src/boxed.rs:2029:9
[INFO] [stdout]   14:     0x5581c0751316 - std::panicking::rust_panic_with_hook::h0a7ad96e90f7145b
[INFO] [stdout]                                at /rustc/0e09125c6c3c2fd70d7de961bcf0e51575235fad/library/std/src/panicking.rs:783:13
[INFO] [stdout]   15:     0x5581c0751062 - std::panicking::begin_panic_handler::{{closure}}::h7919090525c6485e
[INFO] [stdout]                                at /rustc/0e09125c6c3c2fd70d7de961bcf0e51575235fad/library/std/src/panicking.rs:657:13
[INFO] [stdout]   16:     0x5581c074f6a6 - std::sys_common::backtrace::__rust_end_short_backtrace::hf3289479464f7dfe
[INFO] [stdout]                                at /rustc/0e09125c6c3c2fd70d7de961bcf0e51575235fad/library/std/src/sys_common/backtrace.rs:171:18
[INFO] [stdout]   17:     0x5581c0750dc0 - rust_begin_unwind
[INFO] [stdout]                                at /rustc/0e09125c6c3c2fd70d7de961bcf0e51575235fad/library/std/src/panicking.rs:645:5
[INFO] [stdout]   18:     0x5581c0695125 - core::panicking::panic_fmt::hcc9f77c5c132af55
[INFO] [stdout]                                at /rustc/0e09125c6c3c2fd70d7de961bcf0e51575235fad/library/core/src/panicking.rs:72:14
[INFO] [stdout]   19:     0x5581c06956c3 - core::result::unwrap_failed::hbe14f498be1452f9
[INFO] [stdout]                                at /rustc/0e09125c6c3c2fd70d7de961bcf0e51575235fad/library/core/src/result.rs:1649:5
[INFO] [stdout]   20:     0x5581c06a11fd - core::result::Result<T,E>::unwrap::hebaeb4c072e41456
[INFO] [stdout]                                at /rustc/0e09125c6c3c2fd70d7de961bcf0e51575235fad/library/core/src/result.rs:1073:23
[INFO] [stdout]   21:     0x5581c06a3d7e - parse::windows::h166f7b2c949afb8f
[INFO] [stdout]                                at /opt/rustwide/workdir/tests/parse.rs:38:5
[INFO] [stdout]   22:     0x5581c06a3b27 - parse::windows::{{closure}}::h684220c797483a1c
[INFO] [stdout]                                at /opt/rustwide/workdir/tests/parse.rs:31:17
[INFO] [stdout]   23:     0x5581c0698816 - core::ops::function::FnOnce::call_once::h96076abe855f40c5
[INFO] [stdout]                                at /rustc/0e09125c6c3c2fd70d7de961bcf0e51575235fad/library/core/src/ops/function.rs:250:5
[INFO] [stdout]   24:     0x5581c06f034f - core::ops::function::FnOnce::call_once::hd64d26f405258157
[INFO] [stdout]                                at /rustc/0e09125c6c3c2fd70d7de961bcf0e51575235fad/library/core/src/ops/function.rs:250:5
[INFO] [stdout]   25:     0x5581c06f034f - test::__rust_begin_short_backtrace::he21b0b7a6d731bf9
[INFO] [stdout]                                at /rustc/0e09125c6c3c2fd70d7de961bcf0e51575235fad/library/test/src/lib.rs:627:18
[INFO] [stdout]   26:     0x5581c06ef0d1 - test::run_test_in_process::{{closure}}::hf5c73986d7bdfde2
[INFO] [stdout]                                at /rustc/0e09125c6c3c2fd70d7de961bcf0e51575235fad/library/test/src/lib.rs:650:60
[INFO] [stdout]   27:     0x5581c06ef0d1 - <core::panic::unwind_safe::AssertUnwindSafe<F> as core::ops::function::FnOnce<()>>::call_once::h330011ad032aadc0
[INFO] [stdout]                                at /rustc/0e09125c6c3c2fd70d7de961bcf0e51575235fad/library/core/src/panic/unwind_safe.rs:272:9
[INFO] [stdout]   28:     0x5581c06ef0d1 - std::panicking::try::do_call::he61b0a958b795a41
[INFO] [stdout]                                at /rustc/0e09125c6c3c2fd70d7de961bcf0e51575235fad/library/std/src/panicking.rs:552:40
[INFO] [stdout]   29:     0x5581c06ef0d1 - std::panicking::try::h7309da130f906eb7
[INFO] [stdout]                                at /rustc/0e09125c6c3c2fd70d7de961bcf0e51575235fad/library/std/src/panicking.rs:516:19
[INFO] [stdout]   30:     0x5581c06ef0d1 - std::panic::catch_unwind::hc5c3a06fdaf0a92a
[INFO] [stdout]                                at /rustc/0e09125c6c3c2fd70d7de961bcf0e51575235fad/library/std/src/panic.rs:142:14
[INFO] [stdout]   31:     0x5581c06ef0d1 - test::run_test_in_process::h7e7b7c71c3324e0f
[INFO] [stdout]                                at /rustc/0e09125c6c3c2fd70d7de961bcf0e51575235fad/library/test/src/lib.rs:650:27
[INFO] [stdout]   32:     0x5581c06ef0d1 - test::run_test::{{closure}}::h1f509f28f5cf20b1
[INFO] [stdout]                                at /rustc/0e09125c6c3c2fd70d7de961bcf0e51575235fad/library/test/src/lib.rs:573:43
[INFO] [stdout]   33:     0x5581c06b6406 - test::run_test::{{closure}}::h1754218abf443f6d
[INFO] [stdout]                                at /rustc/0e09125c6c3c2fd70d7de961bcf0e51575235fad/library/test/src/lib.rs:601:41
[INFO] [stdout]   34:     0x5581c06b6406 - std::sys_common::backtrace::__rust_begin_short_backtrace::h2ee174b9d5954948
[INFO] [stdout]                                at /rustc/0e09125c6c3c2fd70d7de961bcf0e51575235fad/library/std/src/sys_common/backtrace.rs:155:18
[INFO] [stdout]   35:     0x5581c06bb467 - std::thread::Builder::spawn_unchecked_::{{closure}}::{{closure}}::hf60bee9c1a17ef09
[INFO] [stdout]                                at /rustc/0e09125c6c3c2fd70d7de961bcf0e51575235fad/library/std/src/thread/mod.rs:529:17
[INFO] [stdout]   36:     0x5581c06bb467 - <core::panic::unwind_safe::AssertUnwindSafe<F> as core::ops::function::FnOnce<()>>::call_once::h33d0dddec5216160
[INFO] [stdout]                                at /rustc/0e09125c6c3c2fd70d7de961bcf0e51575235fad/library/core/src/panic/unwind_safe.rs:272:9
[INFO] [stdout]   37:     0x5581c06bb467 - std::panicking::try::do_call::h144b3048b546f835
[INFO] [stdout]                                at /rustc/0e09125c6c3c2fd70d7de961bcf0e51575235fad/library/std/src/panicking.rs:552:40
[INFO] [stdout]   38:     0x5581c06bb467 - std::panicking::try::h978244d04646189f
[INFO] [stdout]                                at /rustc/0e09125c6c3c2fd70d7de961bcf0e51575235fad/library/std/src/panicking.rs:516:19
[INFO] [stdout]   39:     0x5581c06bb467 - std::panic::catch_unwind::hdf436369d188fe86
[INFO] [stdout]                                at /rustc/0e09125c6c3c2fd70d7de961bcf0e51575235fad/library/std/src/panic.rs:142:14
[INFO] [stdout]   40:     0x5581c06bb467 - std::thread::Builder::spawn_unchecked_::{{closure}}::h87329cbdd33c79ec
[INFO] [stdout]                                at /rustc/0e09125c6c3c2fd70d7de961bcf0e51575235fad/library/std/src/thread/mod.rs:528:30
[INFO] [stdout]   41:     0x5581c06bb467 - core::ops::function::FnOnce::call_once{{vtable.shim}}::h401abbe67897d450
[INFO] [stdout]                                at /rustc/0e09125c6c3c2fd70d7de961bcf0e51575235fad/library/core/src/ops/function.rs:250:5
[INFO] [stdout]   42:     0x5581c0755dc5 - <alloc::boxed::Box<F,A> as core::ops::function::FnOnce<Args>>::call_once::h5d7c8f150ab9c84c
[INFO] [stdout]                                at /rustc/0e09125c6c3c2fd70d7de961bcf0e51575235fad/library/alloc/src/boxed.rs:2015:9
[INFO] [stdout]   43:     0x5581c0755dc5 - <alloc::boxed::Box<F,A> as core::ops::function::FnOnce<Args>>::call_once::h570d5b005c242c15
[INFO] [stdout]                                at /rustc/0e09125c6c3c2fd70d7de961bcf0e51575235fad/library/alloc/src/boxed.rs:2015:9
[INFO] [stdout]   44:     0x5581c0755dc5 - std::sys::unix::thread::Thread::new::thread_start::h36b0a20c0b2361ad
[INFO] [stdout]                                at /rustc/0e09125c6c3c2fd70d7de961bcf0e51575235fad/library/std/src/sys/unix/thread.rs:108:17
[INFO] [stdout]   45:     0x7fc4dd685ac3 - <unknown>
[INFO] [stdout]   46:     0x7fc4dd716bf4 - __clone
[INFO] [stdout]   47:                0x0 - <unknown>
[INFO] [stdout] 
[INFO] [stdout] ---- metadata stdout ----
[INFO] [stdout] thread 'metadata' panicked at tests/parse.rs:82:5:
[INFO] [stdout] assertion `left == right` failed
[INFO] [stdout]   left: "s = { AutoLateralCA = 0,\nBlacks2012 = -31,\nBrightness = 50,\nCameraProfile = \"Adobe Standard\",\nCameraProfileDigest = \"2D1D4700365C3E2831EEAE0D1A8F9CDF\",\nClarity2012 = -23,\nColorGradeBlending = 50,\nColorGradeGlobalHue = 0,\nColorGradeGlobalLum = 0,\nColorGradeGlobalSat = 0,\nColorGradeHighlightLum = 0,\nColorGradeMidtoneHue = 0,\nColorGradeMidtoneLum = 0,\nColorGradeMidtoneSat = 0,\nColorGradeShadowLum = 0,\nColorNoiseReduction = 25,\nContrast = 25,\nContrast2012 = -22,\nConvertToGrayscale = false,\nCustomTemperature = 6915,\nCustomTint = -33.6081,\nDefringeGreenAmount = 0,\nDefringeGreenHueHi = 60,\nDefringeGreenHueLo = 40,\nDefringePurpleAmount = 0,\nDefringePurpleHueHi = 70,\nDefringePurpleHueLo = 30,\nDehaze = 15,\nExposure = 0,\nExposure2012 = 1.43,\nGrainSize = 25,\nHighlights2012 = 18,\nLensManualDistortionAmount = 0,\nLensProfileEnable = 0,\nLensProfileSetup = \"LensDefaults\",\nLook = { Amount = 1,\nGroup = { [\"x-default\"] = \"Profiles\" },\nName = \"Adobe Color\",\nParameters = { CameraProfile = \"Adobe Standard\",\nConvertToGrayscale = false,\nEnableCalibration = true,\nEnableColorAdjustments = true,\nEnableDetail = true,\nEnableEffects = true,\nEnableGrayscaleMix = true,\nEnableLensCorrections = true,\nEnableMaskGroupBasedCorrections = true,\nEnableRedEye = true,\nEnableRetouch = true,\nEnableSplitToning = true,\nEnableToneCurve = true,\nEnableTransform = true,\nLookTable = \"E1095149FDB39D7A057BAB208837E2E1\",\nProcessVersion = \"11.0\",\nToneCurveName2012 = \"\",\nToneCurvePV2012 = { 0,\n0,\n22,\n16,\n40,\n35,\n127,\n127,\n224,\n230,\n240,\n246,\n255,\n255 },\nToneCurvePV2012Blue = { 0,\n0,\n255,\n255 },\nToneCurvePV2012Green = { 0,\n0,\n255,\n255 },\nToneCurvePV2012Red = { 0,\n0,\n255,\n255 },\nVersion = \"14.4.1\" },\nSupportsAmount = false,\nSupportsMonochrome = false,\nSupportsOutputReferred = false,\nUUID = \"B952C231111CD8E0ECCF14B86BAA7077\" },\nLuminanceNoiseReductionContrast = 0,\nOverrideLookVignette = false,\nPerspectiveHorizontal = 0,\nPerspectiveRotate = 0,\nPerspectiveScale = 100,\nPerspectiveVertical = 0,\nPerspectiveX = 0,\nPerspectiveY = 0,\nProcessVersion = \"11.0\",\nRedEyeInfo = {  },\nRetouchInfo = {  },\nSaturation = 27,\nShadows = 5,\nShadows2012 = -29,\nSharpenDetail = 25,\nSharpenEdgeMasking = 0,\nSharpenRadius = 1,\nSharpness = 40,\nTemperature = 6915,\nTexture = 26,\nTint = -34,\nToneCurveName2012 = \"Linear\",\nToneCurvePV2012 = { 0,\n0,\n255,\n255 },\nToneCurvePV2012Blue = { 0,\n0,\n255,\n255 },\nToneCurvePV2012Green = { 0,\n0,\n255,\n255 },\nToneCurvePV2012Red = { 0,\n0,\n255,\n255 },\nUprightCenterMode = 0,\nUprightCenterNormX = 0.5,\nUprightCenterNormY = 0.5,\nUprightFocalLength35mm = 35,\nUprightFocalMode = 0,\nUprightFourSegmentsCount = 0,\nUprightPreview = false,\nUprightTransformCount = 6,\nUprightVersion = 151388160,\nVersion = \"14.4.1\",\nVibrance = -31,\nWhiteBalance = \"Custom\",\nWhites2012 = 27 }\n"
[INFO] [stdout]  right: "s = {\nAutoLateralCA = 0,\nBlacks2012 = -31,\nBrightness = 50,\nCameraProfile = \"Adobe Standard\",\nCameraProfileDigest = \"2D1D4700365C3E2831EEAE0D1A8F9CDF\",\nClarity2012 = -23,\nColorGradeBlending = 50,\nColorGradeGlobalHue = 0,\nColorGradeGlobalLum = 0,\nColorGradeGlobalSat = 0,\nColorGradeHighlightLum = 0,\nColorGradeMidtoneHue = 0,\nColorGradeMidtoneLum = 0,\nColorGradeMidtoneSat = 0,\nColorGradeShadowLum = 0,\nColorNoiseReduction = 25,\nContrast = 25,\nContrast2012 = -22,\nConvertToGrayscale = false,\nCustomTemperature = 6915,\nCustomTint = -33.6081,\nDefringeGreenAmount = 0,\nDefringeGreenHueHi = 60,\nDefringeGreenHueLo = 40,\nDefringePurpleAmount = 0,\nDefringePurpleHueHi = 70,\nDefringePurpleHueLo = 30,\nDehaze = 15,\nExposure = 0,\nExposure2012 = 1.43,\nGrainSize = 25,\nHighlights2012 = 18,\nLensManualDistortionAmount = 0,\nLensProfileEnable = 0,\nLensProfileSetup = \"LensDefaults\",\nLook = { Amount = 1,\nGroup = { [\"x-default\"] = \"Profiles\" },\nName = \"Adobe Color\",\nParameters = { CameraProfile = \"Adobe Standard\",\nConvertToGrayscale = false,\nEnableCalibration = true,\nEnableColorAdjustments = true,\nEnableDetail = true,\nEnableEffects = true,\nEnableGrayscaleMix = true,\nEnableLensCorrections = true,\nEnableMaskGroupBasedCorrections = true,\nEnableRedEye = true,\nEnableRetouch = true,\nEnableSplitToning = true,\nEnableToneCurve = true,\nEnableTransform = true,\nLookTable = \"E1095149FDB39D7A057BAB208837E2E1\",\nProcessVersion = \"11.0\",\nToneCurveName2012 = \"\",\nToneCurvePV2012 = { 0,\n0,\n22,\n16,\n40,\n35,\n127,\n127,\n224,\n230,\n240,\n246,\n255,\n255 },\nToneCurvePV2012Blue = { 0,\n0,\n255,\n255 },\nToneCurvePV2012Green = { 0,\n0,\n255,\n255 },\nToneCurvePV2012Red = { 0,\n0,\n255,\n255 },\nVersion = \"14.4.1\" },\nSupportsAmount = false,\nSupportsMonochrome = false,\nSupportsOutputReferred = false,\nUUID = \"B952C231111CD8E0ECCF14B86BAA7077\" },\nLuminanceNoiseReductionContrast = 0,\nOverrideLookVignette = false,\nPerspectiveHorizontal = 0,\nPerspectiveRotate = 0,\nPerspectiveScale = 100,\nPerspectiveVertical = 0,\nPerspectiveX = 0,\nPerspectiveY = 0,\nProcessVersion = \"11.0\",\nRedEyeInfo = {  },\nRetouchInfo = {  },\nSaturation = 27,\nShadows = 5,\nShadows2012 = -29,\nSharpenDetail = 25,\nSharpenEdgeMasking = 0,\nSharpenRadius = 1,\nSharpness = 40,\nTemperature = 6915,\nTexture = 26,\nTint = -34,\nToneCurveName2012 = \"Linear\",\nToneCurvePV2012 = { 0,\n0,\n255,\n255 },\nToneCurvePV2012Blue = { 0,\n0,\n255,\n255 },\nToneCurvePV2012Green = { 0,\n0,\n255,\n255 },\nToneCurvePV2012Red = { 0,\n0,\n255,\n255 },\nUprightCenterMode = 0,\nUprightCenterNormX = 0.5,\nUprightCenterNormY = 0.5,\nUprightFocalLength35mm = 35,\nUprightFocalMode = 0,\nUprightFourSegmentsCount = 0,\nUprightPreview = false,\nUprightTransformCount = 6,\nUprightVersion = 151388160,\nVersion = \"14.4.1\",\nVibrance = -31,\nWhiteBalance = \"Custom\",\nWhites2012 = 27\n}\n"
[INFO] [stdout] stack backtrace:
[INFO] [stdout]    0:     0x5581c074f1a6 - std::backtrace_rs::backtrace::libunwind::trace::h261606ad26a499c1
[INFO] [stdout]                                at /rustc/0e09125c6c3c2fd70d7de961bcf0e51575235fad/library/std/src/../../backtrace/src/backtrace/libunwind.rs:104:5
[INFO] [stdout]    1:     0x5581c074f1a6 - std::backtrace_rs::backtrace::trace_unsynchronized::hd183f0625477fb28
[INFO] [stdout]                                at /rustc/0e09125c6c3c2fd70d7de961bcf0e51575235fad/library/std/src/../../backtrace/src/backtrace/mod.rs:66:5
[INFO] [stdout]    2:     0x5581c074f1a6 - std::sys_common::backtrace::_print_fmt::hd7f8fef21b4eda67
[INFO] [stdout]                                at /rustc/0e09125c6c3c2fd70d7de961bcf0e51575235fad/library/std/src/sys_common/backtrace.rs:68:5
[INFO] [stdout]    3:     0x5581c074f1a6 - <std::sys_common::backtrace::_print::DisplayBacktrace as core::fmt::Display>::fmt::h623d9b51f2f453f1
[INFO] [stdout]                                at /rustc/0e09125c6c3c2fd70d7de961bcf0e51575235fad/library/std/src/sys_common/backtrace.rs:44:22
[INFO] [stdout]    4:     0x5581c0779870 - core::fmt::rt::Argument::fmt::h9f417ac76a86f368
[INFO] [stdout]                                at /rustc/0e09125c6c3c2fd70d7de961bcf0e51575235fad/library/core/src/fmt/rt.rs:142:9
[INFO] [stdout]    5:     0x5581c0779870 - core::fmt::write::hc9b6faf4ac2aeff7
[INFO] [stdout]                                at /rustc/0e09125c6c3c2fd70d7de961bcf0e51575235fad/library/core/src/fmt/mod.rs:1120:17
[INFO] [stdout]    6:     0x5581c074cc0f - std::io::Write::write_fmt::he04625a3a989fec3
[INFO] [stdout]                                at /rustc/0e09125c6c3c2fd70d7de961bcf0e51575235fad/library/std/src/io/mod.rs:1810:15
[INFO] [stdout]    7:     0x5581c074ef84 - std::sys_common::backtrace::_print::hd5d66399c7df88a2
[INFO] [stdout]                                at /rustc/0e09125c6c3c2fd70d7de961bcf0e51575235fad/library/std/src/sys_common/backtrace.rs:47:5
[INFO] [stdout]    8:     0x5581c074ef84 - std::sys_common::backtrace::print::he81ed2da642d37e5
[INFO] [stdout]                                at /rustc/0e09125c6c3c2fd70d7de961bcf0e51575235fad/library/std/src/sys_common/backtrace.rs:34:9
[INFO] [stdout]    9:     0x5581c0750cf7 - std::panicking::default_hook::{{closure}}::h85773f4fa117163d
[INFO] [stdout]   10:     0x5581c07509dd - std::panicking::default_hook::h6a1694a91d09b278
[INFO] [stdout]                                at /rustc/0e09125c6c3c2fd70d7de961bcf0e51575235fad/library/std/src/panicking.rs:289:9
[INFO] [stdout]   11:     0x5581c06eaa77 - <alloc::boxed::Box<F,A> as core::ops::function::Fn<Args>>::call::h616ac37fa3cd6c8f
[INFO] [stdout]                                at /rustc/0e09125c6c3c2fd70d7de961bcf0e51575235fad/library/alloc/src/boxed.rs:2029:9
[INFO] [stdout]   12:     0x5581c06eaa77 - test::test_main::{{closure}}::h00d84697cefdcbb6
[INFO] [stdout]                                at /rustc/0e09125c6c3c2fd70d7de961bcf0e51575235fad/library/test/src/lib.rs:138:21
[INFO] [stdout]   13:     0x5581c0751316 - <alloc::boxed::Box<F,A> as core::ops::function::Fn<Args>>::call::hcb3fe3b9bb537ba8
[INFO] [stdout]                                at /rustc/0e09125c6c3c2fd70d7de961bcf0e51575235fad/library/alloc/src/boxed.rs:2029:9
[INFO] [stdout]   14:     0x5581c0751316 - std::panicking::rust_panic_with_hook::h0a7ad96e90f7145b
[INFO] [stdout]                                at /rustc/0e09125c6c3c2fd70d7de961bcf0e51575235fad/library/std/src/panicking.rs:783:13
[INFO] [stdout]   15:     0x5581c0751062 - std::panicking::begin_panic_handler::{{closure}}::h7919090525c6485e
[INFO] [stdout]                                at /rustc/0e09125c6c3c2fd70d7de961bcf0e51575235fad/library/std/src/panicking.rs:657:13
[INFO] [stdout]   16:     0x5581c074f6a6 - std::sys_common::backtrace::__rust_end_short_backtrace::hf3289479464f7dfe
[INFO] [stdout]                                at /rustc/0e09125c6c3c2fd70d7de961bcf0e51575235fad/library/std/src/sys_common/backtrace.rs:171:18
[INFO] [stdout]   17:     0x5581c0750dc0 - rust_begin_unwind
[INFO] [stdout]                                at /rustc/0e09125c6c3c2fd70d7de961bcf0e51575235fad/library/std/src/panicking.rs:645:5
[INFO] [stdout]   18:     0x5581c0695125 - core::panicking::panic_fmt::hcc9f77c5c132af55
[INFO] [stdout]                                at /rustc/0e09125c6c3c2fd70d7de961bcf0e51575235fad/library/core/src/panicking.rs:72:14
[INFO] [stdout]   19:     0x5581c069555b - core::panicking::assert_failed_inner::h9f13e27dd63c3a08
[INFO] [stdout]                                at /rustc/0e09125c6c3c2fd70d7de961bcf0e51575235fad/library/core/src/panicking.rs:342:17
[INFO] [stdout]   20:     0x5581c06a1342 - core::panicking::assert_failed::h355a0f1531dba268
[INFO] [stdout]                                at /rustc/0e09125c6c3c2fd70d7de961bcf0e51575235fad/library/core/src/panicking.rs:297:5
[INFO] [stdout]   21:     0x5581c06a4830 - parse::metadata::hdb2a99614337637d
[INFO] [stdout]                                at /opt/rustwide/workdir/tests/parse.rs:82:5
[INFO] [stdout]   22:     0x5581c06a4597 - parse::metadata::{{closure}}::hf3a7d86ab47bb476
[INFO] [stdout]                                at /opt/rustwide/workdir/tests/parse.rs:75:18
[INFO] [stdout]   23:     0x5581c0698946 - core::ops::function::FnOnce::call_once::hd15b15be042a9767
[INFO] [stdout]                                at /rustc/0e09125c6c3c2fd70d7de961bcf0e51575235fad/library/core/src/ops/function.rs:250:5
[INFO] [stdout]   24:     0x5581c06f034f - core::ops::function::FnOnce::call_once::hd64d26f405258157
[INFO] [stdout]                                at /rustc/0e09125c6c3c2fd70d7de961bcf0e51575235fad/library/core/src/ops/function.rs:250:5
[INFO] [stdout]   25:     0x5581c06f034f - test::__rust_begin_short_backtrace::he21b0b7a6d731bf9
[INFO] [stdout]                                at /rustc/0e09125c6c3c2fd70d7de961bcf0e51575235fad/library/test/src/lib.rs:627:18
[INFO] [stdout]   26:     0x5581c06ef0d1 - test::run_test_in_process::{{closure}}::hf5c73986d7bdfde2
[INFO] [stdout]                                at /rustc/0e09125c6c3c2fd70d7de961bcf0e51575235fad/library/test/src/lib.rs:650:60
[INFO] [stdout]   27:     0x5581c06ef0d1 - <core::panic::unwind_safe::AssertUnwindSafe<F> as core::ops::function::FnOnce<()>>::call_once::h330011ad032aadc0
[INFO] [stdout]                                at /rustc/0e09125c6c3c2fd70d7de961bcf0e51575235fad/library/core/src/panic/unwind_safe.rs:272:9
[INFO] [stdout]   28:     0x5581c06ef0d1 - std::panicking::try::do_call::he61b0a958b795a41
[INFO] [stdout]                                at /rustc/0e09125c6c3c2fd70d7de961bcf0e51575235fad/library/std/src/panicking.rs:552:40
[INFO] [stdout]   29:     0x5581c06ef0d1 - std::panicking::try::h7309da130f906eb7
[INFO] [stdout]                                at /rustc/0e09125c6c3c2fd70d7de961bcf0e51575235fad/library/std/src/panicking.rs:516:19
[INFO] [stdout]   30:     0x5581c06ef0d1 - std::panic::catch_unwind::hc5c3a06fdaf0a92a
[INFO] [stdout]                                at /rustc/0e09125c6c3c2fd70d7de961bcf0e51575235fad/library/std/src/panic.rs:142:14
[INFO] [stdout]   31:     0x5581c06ef0d1 - test::run_test_in_process::h7e7b7c71c3324e0f
[INFO] [stdout]                                at /rustc/0e09125c6c3c2fd70d7de961bcf0e51575235fad/library/test/src/lib.rs:650:27
[INFO] [stdout]   32:     0x5581c06ef0d1 - test::run_test::{{closure}}::h1f509f28f5cf20b1
[INFO] [stdout]                                at /rustc/0e09125c6c3c2fd70d7de961bcf0e51575235fad/library/test/src/lib.rs:573:43
[INFO] [stdout]   33:     0x5581c06b6406 - test::run_test::{{closure}}::h1754218abf443f6d
[INFO] [stdout]                                at /rustc/0e09125c6c3c2fd70d7de961bcf0e51575235fad/library/test/src/lib.rs:601:41
[INFO] [stdout]   34:     0x5581c06b6406 - std::sys_common::backtrace::__rust_begin_short_backtrace::h2ee174b9d5954948
[INFO] [stdout]                                at /rustc/0e09125c6c3c2fd70d7de961bcf0e51575235fad/library/std/src/sys_common/backtrace.rs:155:18
[INFO] [stdout]   35:     0x5581c06bb467 - std::thread::Builder::spawn_unchecked_::{{closure}}::{{closure}}::hf60bee9c1a17ef09
[INFO] [stdout]                                at /rustc/0e09125c6c3c2fd70d7de961bcf0e51575235fad/library/std/src/thread/mod.rs:529:17
[INFO] [stdout]   36:     0x5581c06bb467 - <core::panic::unwind_safe::AssertUnwindSafe<F> as core::ops::function::FnOnce<()>>::call_once::h33d0dddec5216160
[INFO] [stdout]                                at /rustc/0e09125c6c3c2fd70d7de961bcf0e51575235fad/library/core/src/panic/unwind_safe.rs:272:9
[INFO] [stdout]   37:     0x5581c06bb467 - std::panicking::try::do_call::h144b3048b546f835
[INFO] [stdout]                                at /rustc/0e09125c6c3c2fd70d7de961bcf0e51575235fad/library/std/src/panicking.rs:552:40
[INFO] [stdout]   38:     0x5581c06bb467 - std::panicking::try::h978244d04646189f
[INFO] [stdout]                                at /rustc/0e09125c6c3c2fd70d7de961bcf0e51575235fad/library/std/src/panicking.rs:516:19
[INFO] [stdout]   39:     0x5581c06bb467 - std::panic::catch_unwind::hdf436369d188fe86
[INFO] [stdout]                                at /rustc/0e09125c6c3c2fd70d7de961bcf0e51575235fad/library/std/src/panic.rs:142:14
[INFO] [stdout]   40:     0x5581c06bb467 - std::thread::Builder::spawn_unchecked_::{{closure}}::h87329cbdd33c79ec
[INFO] [stdout]                                at /rustc/0e09125c6c3c2fd70d7de961bcf0e51575235fad/library/std/src/thread/mod.rs:528:30
[INFO] [stdout]   41:     0x5581c06bb467 - core::ops::function::FnOnce::call_once{{vtable.shim}}::h401abbe67897d450
[INFO] [stdout]                                at /rustc/0e09125c6c3c2fd70d7de961bcf0e51575235fad/library/core/src/ops/function.rs:250:5
[INFO] [stdout]   42:     0x5581c0755dc5 - <alloc::boxed::Box<F,A> as core::ops::function::FnOnce<Args>>::call_once::h5d7c8f150ab9c84c
[INFO] [stdout]                                at /rustc/0e09125c6c3c2fd70d7de961bcf0e51575235fad/library/alloc/src/boxed.rs:2015:9
[INFO] [stdout]   43:     0x5581c0755dc5 - <alloc::boxed::Box<F,A> as core::ops::function::FnOnce<Args>>::call_once::h570d5b005c242c15
[INFO] [stdout]                                at /rustc/0e09125c6c3c2fd70d7de961bcf0e51575235fad/library/alloc/src/boxed.rs:2015:9
[INFO] [stdout]   44:     0x5581c0755dc5 - std::sys::unix::thread::Thread::new::thread_start::h36b0a20c0b2361ad
[INFO] [stdout]                                at /rustc/0e09125c6c3c2fd70d7de961bcf0e51575235fad/library/std/src/sys/unix/thread.rs:108:17
[INFO] [stdout]   45:     0x7fc4dd685ac3 - <unknown>
[INFO] [stdout]   46:     0x7fc4dd716bf4 - __clone
[INFO] [stdout]   47:                0x0 - <unknown>
[INFO] [stdout] 
[INFO] [stdout] 
[INFO] [stdout] failures:
[INFO] [stdout]     metadata
[INFO] [stdout]     windows
[INFO] [stdout] 
[INFO] [stdout] test result: FAILED. 6 passed; 2 failed; 0 ignored; 0 measured; 0 filtered out; finished in 0.01s
[INFO] [stdout] 
[INFO] [stderr] error: test failed, to rerun pass `--test parse`
[INFO] running `Command { std: "docker" "inspect" "3d3e9f1a5883b55c6fe2eaa9cfaec95fffd7ff05392b8f9ea25f907dea021236", kill_on_drop: false }`
[INFO] running `Command { std: "docker" "rm" "-f" "3d3e9f1a5883b55c6fe2eaa9cfaec95fffd7ff05392b8f9ea25f907dea021236", kill_on_drop: false }`
[INFO] [stdout] 3d3e9f1a5883b55c6fe2eaa9cfaec95fffd7ff05392b8f9ea25f907dea021236
