[INFO] fetching crate agg 0.1.0...
[INFO] testing agg-0.1.0 against 1.75.0 for beta-1.76-1
[INFO] extracting crate agg 0.1.0 into /workspace/builds/worker-4-tc1/source
[INFO] validating manifest of crates.io crate agg 0.1.0 on toolchain 1.75.0
[INFO] running `Command { std: CARGO_HOME="/workspace/cargo-home" RUSTUP_HOME="/workspace/rustup-home" "/workspace/cargo-home/bin/cargo" "+1.75.0" "metadata" "--manifest-path" "Cargo.toml" "--no-deps", kill_on_drop: false }`
[INFO] started tweaking crates.io crate agg 0.1.0
[INFO] finished tweaking crates.io crate agg 0.1.0
[INFO] tweaked toml for crates.io crate agg 0.1.0 written to /workspace/builds/worker-4-tc1/source/Cargo.toml
[INFO] running `Command { std: CARGO_HOME="/workspace/cargo-home" RUSTUP_HOME="/workspace/rustup-home" "/workspace/cargo-home/bin/cargo" "+1.75.0" "generate-lockfile" "--manifest-path" "Cargo.toml", kill_on_drop: false }`
[INFO] [stderr]     Updating crates.io index
[INFO] running `Command { std: CARGO_HOME="/workspace/cargo-home" RUSTUP_HOME="/workspace/rustup-home" "/workspace/cargo-home/bin/cargo" "+1.75.0" "fetch" "--manifest-path" "Cargo.toml", kill_on_drop: false }`
[INFO] [stderr]  Downloading crates ...
[INFO] [stderr]   Downloaded libz-sys v1.1.12
[INFO] [stderr]   Downloaded freetype-sys v0.7.1
[INFO] [stderr]   Downloaded freetype-rs v0.19.1
[INFO] running `Command { std: "docker" "create" "-v" "/var/lib/crater-agent-workspace/builds/worker-4-tc1/target:/opt/rustwide/target:rw,Z" "-v" "/var/lib/crater-agent-workspace/builds/worker-4-tc1/source:/opt/rustwide/workdir:ro,Z" "-v" "/var/lib/crater-agent-workspace/cargo-home:/opt/rustwide/cargo-home:ro,Z" "-v" "/var/lib/crater-agent-workspace/rustup-home:/opt/rustwide/rustup-home:ro,Z" "-e" "SOURCE_DIR=/opt/rustwide/workdir" "-e" "CARGO_TARGET_DIR=/opt/rustwide/target" "-e" "CARGO_HOME=/opt/rustwide/cargo-home" "-e" "RUSTUP_HOME=/opt/rustwide/rustup-home" "-w" "/opt/rustwide/workdir" "-m" "1610612736" "--user" "0:0" "--network" "none" "ghcr.io/rust-lang/crates-build-env/linux@sha256:2788e3201cd34a07e3172128adcd8b3090168a8e3bcc40d7c032b9dda1df7d1c" "/opt/rustwide/cargo-home/bin/cargo" "+1.75.0" "metadata" "--no-deps" "--format-version=1", kill_on_drop: false }`
[INFO] [stdout] 67b03be471c3238bf38037ef8af6c25e8289648d447d0196335bf62f515e7a90
[INFO] running `Command { std: "docker" "start" "-a" "67b03be471c3238bf38037ef8af6c25e8289648d447d0196335bf62f515e7a90", kill_on_drop: false }`
[INFO] running `Command { std: "docker" "inspect" "67b03be471c3238bf38037ef8af6c25e8289648d447d0196335bf62f515e7a90", kill_on_drop: false }`
[INFO] running `Command { std: "docker" "rm" "-f" "67b03be471c3238bf38037ef8af6c25e8289648d447d0196335bf62f515e7a90", kill_on_drop: false }`
[INFO] [stdout] 67b03be471c3238bf38037ef8af6c25e8289648d447d0196335bf62f515e7a90
[INFO] running `Command { std: "docker" "create" "-v" "/var/lib/crater-agent-workspace/builds/worker-4-tc1/target:/opt/rustwide/target:rw,Z" "-v" "/var/lib/crater-agent-workspace/builds/worker-4-tc1/source:/opt/rustwide/workdir:ro,Z" "-v" "/var/lib/crater-agent-workspace/cargo-home:/opt/rustwide/cargo-home:ro,Z" "-v" "/var/lib/crater-agent-workspace/rustup-home:/opt/rustwide/rustup-home:ro,Z" "-e" "SOURCE_DIR=/opt/rustwide/workdir" "-e" "CARGO_TARGET_DIR=/opt/rustwide/target" "-e" "CARGO_INCREMENTAL=0" "-e" "RUST_BACKTRACE=full" "-e" "RUSTFLAGS=--cap-lints=warn" "-e" "RUSTDOCFLAGS=--cap-lints=warn" "-e" "CARGO_HOME=/opt/rustwide/cargo-home" "-e" "RUSTUP_HOME=/opt/rustwide/rustup-home" "-w" "/opt/rustwide/workdir" "-m" "1610612736" "--user" "0:0" "--network" "none" "ghcr.io/rust-lang/crates-build-env/linux@sha256:2788e3201cd34a07e3172128adcd8b3090168a8e3bcc40d7c032b9dda1df7d1c" "/opt/rustwide/cargo-home/bin/cargo" "+1.75.0" "build" "--frozen" "--message-format=json", kill_on_drop: false }`
[INFO] [stdout] 160485bdf1bac9e4611506d0099d7f25b4fdcc9180e7181b70bedaf0527d7351
[INFO] running `Command { std: "docker" "start" "-a" "160485bdf1bac9e4611506d0099d7f25b4fdcc9180e7181b70bedaf0527d7351", kill_on_drop: false }`
[INFO] [stderr]    Compiling libc v0.2.151
[INFO] [stderr]    Compiling pkg-config v0.3.28
[INFO] [stderr]    Compiling vcpkg v0.2.15
[INFO] [stderr]    Compiling freetype-sys v0.7.1
[INFO] [stderr]    Compiling cc v1.0.83
[INFO] [stderr]    Compiling libz-sys v1.1.12
[INFO] [stderr]    Compiling freetype-rs v0.19.1
[INFO] [stderr]    Compiling agg v0.1.0 (/opt/rustwide/workdir)
[INFO] [stdout] warning: field `max_extent` is never read
[INFO] [stdout]     --> src/render.rs:1441:5
[INFO] [stdout]      |
[INFO] [stdout] 1430 | pub struct LineInterpolatorImage {
[INFO] [stdout]      |            --------------------- field in this struct
[INFO] [stdout] ...
[INFO] [stdout] 1441 |     max_extent: i64,
[INFO] [stdout]      |     ^^^^^^^^^^
[INFO] [stdout]      |
[INFO] [stdout]      = note: `LineInterpolatorImage` has a derived impl for the trait `Debug`, but this is intentionally ignored during dead code analysis
[INFO] [stdout]      = note: `#[warn(dead_code)]` on by default
[INFO] [stdout] 
[INFO] [stdout] 
[INFO] [stdout] warning: field `len` is never read
[INFO] [stdout]     --> src/render.rs:1831:5
[INFO] [stdout]      |
[INFO] [stdout] 1818 | struct DistanceInterpolator4 {
[INFO] [stdout]      |        --------------------- field in this struct
[INFO] [stdout] ...
[INFO] [stdout] 1831 |     len: i64,
[INFO] [stdout]      |     ^^^
[INFO] [stdout]      |
[INFO] [stdout]      = note: `DistanceInterpolator4` has a derived impl for the trait `Debug`, but this is intentionally ignored during dead code analysis
[INFO] [stdout] 
[INFO] [stdout] 
[INFO] [stdout] warning: field `big_endian` is never read
[INFO] [stdout]   --> src/text.rs:26:5
[INFO] [stdout]    |
[INFO] [stdout] 12 | pub struct GsvText {
[INFO] [stdout]    |            ------- field in this struct
[INFO] [stdout] ...
[INFO] [stdout] 26 |     big_endian: bool,
[INFO] [stdout]    |     ^^^^^^^^^^
[INFO] [stdout]    |
[INFO] [stdout]    = note: `GsvText` has a derived impl for the trait `Debug`, but this is intentionally ignored during dead code analysis
[INFO] [stdout] 
[INFO] [stdout] 
[INFO] [stdout] warning: fields `dx1` and `dx2` are never read
[INFO] [stdout]    --> src/line_interp.rs:730:5
[INFO] [stdout]     |
[INFO] [stdout] 729 | pub(crate) struct DistanceInterpolator00 {
[INFO] [stdout]     |                   ---------------------- fields in this struct
[INFO] [stdout] 730 |     dx1: i64,
[INFO] [stdout]     |     ^^^
[INFO] [stdout] 731 |     dy1: i64,
[INFO] [stdout] 732 |     dx2: i64,
[INFO] [stdout]     |     ^^^
[INFO] [stdout]     |
[INFO] [stdout]     = note: `DistanceInterpolator00` has a derived impl for the trait `Debug`, but this is intentionally ignored during dead code analysis
[INFO] [stdout] 
[INFO] [stdout] 
[INFO] [stdout] warning: field `dx` is never read
[INFO] [stdout]    --> src/line_interp.rs:762:5
[INFO] [stdout]     |
[INFO] [stdout] 761 | pub(crate) struct DistanceInterpolator0 {
[INFO] [stdout]     |                   --------------------- field in this struct
[INFO] [stdout] 762 |     dx: i64,
[INFO] [stdout]     |     ^^
[INFO] [stdout]     |
[INFO] [stdout]     = note: `DistanceInterpolator0` has a derived impl for the trait `Debug`, but this is intentionally ignored during dead code analysis
[INFO] [stdout] 
[INFO] [stdout] 
[INFO] [stdout] warning: 5 warnings emitted
[INFO] [stdout] 
[INFO] [stdout] 
[INFO] [stderr]     Finished dev [unoptimized + debuginfo] target(s) in 2.22s
[INFO] running `Command { std: "docker" "inspect" "160485bdf1bac9e4611506d0099d7f25b4fdcc9180e7181b70bedaf0527d7351", kill_on_drop: false }`
[INFO] running `Command { std: "docker" "rm" "-f" "160485bdf1bac9e4611506d0099d7f25b4fdcc9180e7181b70bedaf0527d7351", kill_on_drop: false }`
[INFO] [stdout] 160485bdf1bac9e4611506d0099d7f25b4fdcc9180e7181b70bedaf0527d7351
[INFO] running `Command { std: "docker" "create" "-v" "/var/lib/crater-agent-workspace/builds/worker-4-tc1/target:/opt/rustwide/target:rw,Z" "-v" "/var/lib/crater-agent-workspace/builds/worker-4-tc1/source:/opt/rustwide/workdir:ro,Z" "-v" "/var/lib/crater-agent-workspace/cargo-home:/opt/rustwide/cargo-home:ro,Z" "-v" "/var/lib/crater-agent-workspace/rustup-home:/opt/rustwide/rustup-home:ro,Z" "-e" "SOURCE_DIR=/opt/rustwide/workdir" "-e" "CARGO_TARGET_DIR=/opt/rustwide/target" "-e" "CARGO_INCREMENTAL=0" "-e" "RUST_BACKTRACE=full" "-e" "RUSTFLAGS=--cap-lints=warn" "-e" "RUSTDOCFLAGS=--cap-lints=warn" "-e" "CARGO_HOME=/opt/rustwide/cargo-home" "-e" "RUSTUP_HOME=/opt/rustwide/rustup-home" "-w" "/opt/rustwide/workdir" "-m" "1610612736" "--user" "0:0" "--network" "none" "ghcr.io/rust-lang/crates-build-env/linux@sha256:2788e3201cd34a07e3172128adcd8b3090168a8e3bcc40d7c032b9dda1df7d1c" "/opt/rustwide/cargo-home/bin/cargo" "+1.75.0" "test" "--frozen" "--no-run" "--message-format=json", kill_on_drop: false }`
[INFO] [stdout] d8518e3c676ec54c31cce94e68058fc68353ee3c9f06ccea9b909bed0482dda9
[INFO] running `Command { std: "docker" "start" "-a" "d8518e3c676ec54c31cce94e68058fc68353ee3c9f06ccea9b909bed0482dda9", kill_on_drop: false }`
[INFO] [stdout] warning: field `max_extent` is never read
[INFO] [stdout]     --> src/render.rs:1441:5
[INFO] [stdout]      |
[INFO] [stdout] 1430 | pub struct LineInterpolatorImage {
[INFO] [stdout]      |            --------------------- field in this struct
[INFO] [stdout] ...
[INFO] [stdout] 1441 |     max_extent: i64,
[INFO] [stdout]      |     ^^^^^^^^^^
[INFO] [stdout]      |
[INFO] [stdout]      = note: `LineInterpolatorImage` has a derived impl for the trait `Debug`, but this is intentionally ignored during dead code analysis
[INFO] [stdout]      = note: `#[warn(dead_code)]` on by default
[INFO] [stdout] 
[INFO] [stdout] 
[INFO] [stdout] warning: field `len` is never read
[INFO] [stdout]     --> src/render.rs:1831:5
[INFO] [stdout]      |
[INFO] [stdout] 1818 | struct DistanceInterpolator4 {
[INFO] [stdout]      |        --------------------- field in this struct
[INFO] [stdout] ...
[INFO] [stdout] 1831 |     len: i64,
[INFO] [stdout]      |     ^^^
[INFO] [stdout]      |
[INFO] [stdout]      = note: `DistanceInterpolator4` has a derived impl for the trait `Debug`, but this is intentionally ignored during dead code analysis
[INFO] [stdout] 
[INFO] [stdout] 
[INFO] [stdout] warning: field `big_endian` is never read
[INFO] [stdout]   --> src/text.rs:26:5
[INFO] [stdout]    |
[INFO] [stdout] 12 | pub struct GsvText {
[INFO] [stdout]    |            ------- field in this struct
[INFO] [stdout] ...
[INFO] [stdout] 26 |     big_endian: bool,
[INFO] [stdout]    |     ^^^^^^^^^^
[INFO] [stdout]    |
[INFO] [stdout]    = note: `GsvText` has a derived impl for the trait `Debug`, but this is intentionally ignored during dead code analysis
[INFO] [stdout] 
[INFO] [stdout] 
[INFO] [stdout] warning: fields `dx1` and `dx2` are never read
[INFO] [stdout]    --> src/line_interp.rs:730:5
[INFO] [stdout]     |
[INFO] [stdout] 729 | pub(crate) struct DistanceInterpolator00 {
[INFO] [stdout]     |                   ---------------------- fields in this struct
[INFO] [stdout] 730 |     dx1: i64,
[INFO] [stdout]     |     ^^^
[INFO] [stdout] 731 |     dy1: i64,
[INFO] [stdout] 732 |     dx2: i64,
[INFO] [stdout]     |     ^^^
[INFO] [stdout]     |
[INFO] [stdout]     = note: `DistanceInterpolator00` has a derived impl for the trait `Debug`, but this is intentionally ignored during dead code analysis
[INFO] [stdout] 
[INFO] [stdout] 
[INFO] [stdout] warning: field `dx` is never read
[INFO] [stdout]    --> src/line_interp.rs:762:5
[INFO] [stdout]     |
[INFO] [stdout] 761 | pub(crate) struct DistanceInterpolator0 {
[INFO] [stdout]     |                   --------------------- field in this struct
[INFO] [stdout] 762 |     dx: i64,
[INFO] [stdout]     |     ^^
[INFO] [stdout]     |
[INFO] [stdout]     = note: `DistanceInterpolator0` has a derived impl for the trait `Debug`, but this is intentionally ignored during dead code analysis
[INFO] [stdout] 
[INFO] [stdout] 
[INFO] [stderr]    Compiling agg v0.1.0 (/opt/rustwide/workdir)
[INFO] [stdout] warning: 5 warnings emitted
[INFO] [stdout] 
[INFO] [stdout] 
[INFO] [stdout] warning: field `step` is never read
[INFO] [stdout]   --> tests/rasterizers2.rs:48:5
[INFO] [stdout]    |
[INFO] [stdout] 43 | pub struct Spiral {
[INFO] [stdout]    |            ------ field in this struct
[INFO] [stdout] ...
[INFO] [stdout] 48 |     step: f64,
[INFO] [stdout]    |     ^^^^
[INFO] [stdout]    |
[INFO] [stdout]    = note: `Spiral` has a derived impl for the trait `Debug`, but this is intentionally ignored during dead code analysis
[INFO] [stdout]    = note: `#[warn(dead_code)]` on by default
[INFO] [stdout] 
[INFO] [stdout] 
[INFO] [stdout] warning: use of deprecated method `agg::Pixfmt::<T>::line`: please use `path_storage` and friends instead
[INFO] [stdout]   --> tests/t06_simple_line.rs:21:13
[INFO] [stdout]    |
[INFO] [stdout] 21 |         pix.line(x0,y0, x1, y1, black);
[INFO] [stdout]    |             ^^^^
[INFO] [stdout]    |
[INFO] [stdout]    = note: `#[warn(deprecated)]` on by default
[INFO] [stdout] 
[INFO] [stdout] 
[INFO] [stdout] warning: use of deprecated method `agg::Pixfmt::<T>::line`: please use `path_storage` and friends instead
[INFO] [stdout]   --> tests/t09_sprial_ba.rs:23:13
[INFO] [stdout]    |
[INFO] [stdout] 23 |         pix.line(x0,y0, x1, y1, black);
[INFO] [stdout]    |             ^^^^
[INFO] [stdout]    |
[INFO] [stdout]    = note: `#[warn(deprecated)]` on by default
[INFO] [stdout] 
[INFO] [stdout] 
[INFO] [stdout] warning: 1 warning emitted
[INFO] [stdout] 
[INFO] [stdout] 
[INFO] [stdout] warning: field `max_extent` is never read
[INFO] [stdout]     --> src/render.rs:1441:5
[INFO] [stdout]      |
[INFO] [stdout] 1430 | pub struct LineInterpolatorImage {
[INFO] [stdout]      |            --------------------- field in this struct
[INFO] [stdout] ...
[INFO] [stdout] 1441 |     max_extent: i64,
[INFO] [stdout]      |     ^^^^^^^^^^
[INFO] [stdout]      |
[INFO] [stdout]      = note: `LineInterpolatorImage` has a derived impl for the trait `Debug`, but this is intentionally ignored during dead code analysis
[INFO] [stdout]      = note: `#[warn(dead_code)]` on by default
[INFO] [stdout] 
[INFO] [stdout] 
[INFO] [stdout] warning: field `len` is never read
[INFO] [stdout]     --> src/render.rs:1831:5
[INFO] [stdout]      |
[INFO] [stdout] 1818 | struct DistanceInterpolator4 {
[INFO] [stdout]      |        --------------------- field in this struct
[INFO] [stdout] ...
[INFO] [stdout] 1831 |     len: i64,
[INFO] [stdout]      |     ^^^
[INFO] [stdout]      |
[INFO] [stdout]      = note: `DistanceInterpolator4` has a derived impl for the trait `Debug`, but this is intentionally ignored during dead code analysis
[INFO] [stdout] 
[INFO] [stdout] 
[INFO] [stdout] warning: field `big_endian` is never read
[INFO] [stdout]   --> src/text.rs:26:5
[INFO] [stdout]    |
[INFO] [stdout] 12 | pub struct GsvText {
[INFO] [stdout]    |            ------- field in this struct
[INFO] [stdout] ...
[INFO] [stdout] 26 |     big_endian: bool,
[INFO] [stdout]    |     ^^^^^^^^^^
[INFO] [stdout]    |
[INFO] [stdout]    = note: `GsvText` has a derived impl for the trait `Debug`, but this is intentionally ignored during dead code analysis
[INFO] [stdout] 
[INFO] [stdout] 
[INFO] [stdout] warning: fields `dx1` and `dx2` are never read
[INFO] [stdout]    --> src/line_interp.rs:730:5
[INFO] [stdout]     |
[INFO] [stdout] 729 | pub(crate) struct DistanceInterpolator00 {
[INFO] [stdout]     |                   ---------------------- fields in this struct
[INFO] [stdout] 730 |     dx1: i64,
[INFO] [stdout]     |     ^^^
[INFO] [stdout] 731 |     dy1: i64,
[INFO] [stdout] 732 |     dx2: i64,
[INFO] [stdout]     |     ^^^
[INFO] [stdout]     |
[INFO] [stdout]     = note: `DistanceInterpolator00` has a derived impl for the trait `Debug`, but this is intentionally ignored during dead code analysis
[INFO] [stdout] 
[INFO] [stdout] 
[INFO] [stdout] warning: field `dx` is never read
[INFO] [stdout]    --> src/line_interp.rs:762:5
[INFO] [stdout]     |
[INFO] [stdout] 761 | pub(crate) struct DistanceInterpolator0 {
[INFO] [stdout]     |                   --------------------- field in this struct
[INFO] [stdout] 762 |     dx: i64,
[INFO] [stdout]     |     ^^
[INFO] [stdout]     |
[INFO] [stdout]     = note: `DistanceInterpolator0` has a derived impl for the trait `Debug`, but this is intentionally ignored during dead code analysis
[INFO] [stdout] 
[INFO] [stdout] 
[INFO] [stdout] warning: use of deprecated method `agg::Pixfmt::<T>::line_sp_aa`: please use `path_storage` and friends instead
[INFO] [stdout]   --> tests/t10_simple_lines.rs:20:13
[INFO] [stdout]    |
[INFO] [stdout] 20 |         pix.line_sp_aa(x0,y0, x1, y1, black);
[INFO] [stdout]    |             ^^^^^^^^^^
[INFO] [stdout]    |
[INFO] [stdout]    = note: `#[warn(deprecated)]` on by default
[INFO] [stdout] 
[INFO] [stdout] 
[INFO] [stdout] warning: use of deprecated method `agg::Pixfmt::<T>::line_sp`: please use `path_storage` and friends instead
[INFO] [stdout]   --> tests/t07_subpixel_line.rs:21:13
[INFO] [stdout]    |
[INFO] [stdout] 21 |         pix.line_sp(x0,y0, x1, y1, black);
[INFO] [stdout]    |             ^^^^^^^
[INFO] [stdout]    |
[INFO] [stdout]    = note: `#[warn(deprecated)]` on by default
[INFO] [stdout] 
[INFO] [stdout] 
[INFO] [stdout] warning: 1 warning emitted
[INFO] [stdout] 
[INFO] [stdout] 
[INFO] [stdout] warning: 1 warning emitted
[INFO] [stdout] 
[INFO] [stdout] 
[INFO] [stdout] warning: field `step` is never read
[INFO] [stdout]   --> tests/rasterizers2_pre.rs:50:5
[INFO] [stdout]    |
[INFO] [stdout] 45 | pub struct Spiral {
[INFO] [stdout]    |            ------ field in this struct
[INFO] [stdout] ...
[INFO] [stdout] 50 |     step: f64,
[INFO] [stdout]    |     ^^^^
[INFO] [stdout]    |
[INFO] [stdout]    = note: `Spiral` has a derived impl for the trait `Debug`, but this is intentionally ignored during dead code analysis
[INFO] [stdout]    = note: `#[warn(dead_code)]` on by default
[INFO] [stdout] 
[INFO] [stdout] 
[INFO] [stdout] warning: 1 warning emitted
[INFO] [stdout] 
[INFO] [stdout] 
[INFO] [stdout] warning: 5 warnings emitted
[INFO] [stdout] 
[INFO] [stdout] 
[INFO] [stdout] warning: 1 warning emitted
[INFO] [stdout] 
[INFO] [stdout] 
[INFO] [stdout] warning: use of deprecated method `agg::Pixfmt::<T>::line_sp`: please use `path_storage` and friends instead
[INFO] [stdout]   --> tests/t08_spiral.rs:23:13
[INFO] [stdout]    |
[INFO] [stdout] 23 |         pix.line_sp(x0,y0, x1, y1, black);
[INFO] [stdout]    |             ^^^^^^^
[INFO] [stdout]    |
[INFO] [stdout]    = note: `#[warn(deprecated)]` on by default
[INFO] [stdout] 
[INFO] [stdout] 
[INFO] [stdout] warning: 1 warning emitted
[INFO] [stdout] 
[INFO] [stdout] 
[INFO] [stdout] warning: 1 warning emitted
[INFO] [stdout] 
[INFO] [stdout] 
[INFO] [stderr]     Finished test [unoptimized + debuginfo] target(s) in 1.90s
[INFO] running `Command { std: "docker" "inspect" "d8518e3c676ec54c31cce94e68058fc68353ee3c9f06ccea9b909bed0482dda9", kill_on_drop: false }`
[INFO] running `Command { std: "docker" "rm" "-f" "d8518e3c676ec54c31cce94e68058fc68353ee3c9f06ccea9b909bed0482dda9", kill_on_drop: false }`
[INFO] [stdout] d8518e3c676ec54c31cce94e68058fc68353ee3c9f06ccea9b909bed0482dda9
[INFO] running `Command { std: "docker" "create" "-v" "/var/lib/crater-agent-workspace/builds/worker-4-tc1/target:/opt/rustwide/target:rw,Z" "-v" "/var/lib/crater-agent-workspace/builds/worker-4-tc1/source:/opt/rustwide/workdir:ro,Z" "-v" "/var/lib/crater-agent-workspace/cargo-home:/opt/rustwide/cargo-home:ro,Z" "-v" "/var/lib/crater-agent-workspace/rustup-home:/opt/rustwide/rustup-home:ro,Z" "-e" "SOURCE_DIR=/opt/rustwide/workdir" "-e" "CARGO_TARGET_DIR=/opt/rustwide/target" "-e" "CARGO_INCREMENTAL=0" "-e" "RUST_BACKTRACE=full" "-e" "RUSTFLAGS=--cap-lints=warn" "-e" "RUSTDOCFLAGS=--cap-lints=warn" "-e" "CARGO_HOME=/opt/rustwide/cargo-home" "-e" "RUSTUP_HOME=/opt/rustwide/rustup-home" "-w" "/opt/rustwide/workdir" "-m" "1610612736" "--user" "0:0" "--network" "none" "ghcr.io/rust-lang/crates-build-env/linux@sha256:2788e3201cd34a07e3172128adcd8b3090168a8e3bcc40d7c032b9dda1df7d1c" "/opt/rustwide/cargo-home/bin/cargo" "+1.75.0" "test" "--frozen", kill_on_drop: false }`
[INFO] [stdout] 69cbd7350339907848072df0fc73e7e160212b0405e0df7834fc3c791eac8379
[INFO] running `Command { std: "docker" "start" "-a" "69cbd7350339907848072df0fc73e7e160212b0405e0df7834fc3c791eac8379", kill_on_drop: false }`
[INFO] [stderr] warning: field `max_extent` is never read
[INFO] [stderr]     --> src/render.rs:1441:5
[INFO] [stderr]      |
[INFO] [stderr] 1430 | pub struct LineInterpolatorImage {
[INFO] [stderr]      |            --------------------- field in this struct
[INFO] [stderr] ...
[INFO] [stderr] 1441 |     max_extent: i64,
[INFO] [stderr]      |     ^^^^^^^^^^
[INFO] [stderr]      |
[INFO] [stderr]      = note: `LineInterpolatorImage` has a derived impl for the trait `Debug`, but this is intentionally ignored during dead code analysis
[INFO] [stderr]      = note: `#[warn(dead_code)]` on by default
[INFO] [stderr] 
[INFO] [stderr] warning: field `len` is never read
[INFO] [stderr]     --> src/render.rs:1831:5
[INFO] [stderr]      |
[INFO] [stderr] 1818 | struct DistanceInterpolator4 {
[INFO] [stderr]      |        --------------------- field in this struct
[INFO] [stderr] ...
[INFO] [stderr] 1831 |     len: i64,
[INFO] [stderr]      |     ^^^
[INFO] [stderr]      |
[INFO] [stderr]      = note: `DistanceInterpolator4` has a derived impl for the trait `Debug`, but this is intentionally ignored during dead code analysis
[INFO] [stderr] 
[INFO] [stderr] warning: field `big_endian` is never read
[INFO] [stderr]   --> src/text.rs:26:5
[INFO] [stderr]    |
[INFO] [stderr] 12 | pub struct GsvText {
[INFO] [stderr]    |            ------- field in this struct
[INFO] [stderr] ...
[INFO] [stderr] 26 |     big_endian: bool,
[INFO] [stderr]    |     ^^^^^^^^^^
[INFO] [stderr]    |
[INFO] [stderr]    = note: `GsvText` has a derived impl for the trait `Debug`, but this is intentionally ignored during dead code analysis
[INFO] [stderr] 
[INFO] [stderr] warning: fields `dx1` and `dx2` are never read
[INFO] [stderr]    --> src/line_interp.rs:730:5
[INFO] [stderr]     |
[INFO] [stderr] 729 | pub(crate) struct DistanceInterpolator00 {
[INFO] [stderr]     |                   ---------------------- fields in this struct
[INFO] [stderr] 730 |     dx1: i64,
[INFO] [stderr]     |     ^^^
[INFO] [stderr] 731 |     dy1: i64,
[INFO] [stderr] 732 |     dx2: i64,
[INFO] [stderr]     |     ^^^
[INFO] [stderr]     |
[INFO] [stderr]     = note: `DistanceInterpolator00` has a derived impl for the trait `Debug`, but this is intentionally ignored during dead code analysis
[INFO] [stderr] 
[INFO] [stderr] warning: field `dx` is never read
[INFO] [stderr]    --> src/line_interp.rs:762:5
[INFO] [stderr]     |
[INFO] [stderr] 761 | pub(crate) struct DistanceInterpolator0 {
[INFO] [stderr]     |                   --------------------- field in this struct
[INFO] [stderr] 762 |     dx: i64,
[INFO] [stderr]     |     ^^
[INFO] [stderr]     |
[INFO] [stderr]     = note: `DistanceInterpolator0` has a derived impl for the trait `Debug`, but this is intentionally ignored during dead code analysis
[INFO] [stderr] 
[INFO] [stderr] warning: `agg` (lib) generated 5 warnings
[INFO] [stderr] warning: `agg` (lib test) generated 5 warnings (5 duplicates)
[INFO] [stderr] warning: use of deprecated method `agg::Pixfmt::<T>::line_sp_aa`: please use `path_storage` and friends instead
[INFO] [stderr]   --> tests/t10_simple_lines.rs:20:13
[INFO] [stderr]    |
[INFO] [stderr] 20 |         pix.line_sp_aa(x0,y0, x1, y1, black);
[INFO] [stderr]    |             ^^^^^^^^^^
[INFO] [stderr]    |
[INFO] [stderr]    = note: `#[warn(deprecated)]` on by default
[INFO] [stderr] 
[INFO] [stderr] warning: field `step` is never read
[INFO] [stderr]   --> tests/rasterizers2_pre.rs:50:5
[INFO] [stderr]    |
[INFO] [stderr] 45 | pub struct Spiral {
[INFO] [stderr]    |            ------ field in this struct
[INFO] [stderr] ...
[INFO] [stderr] 50 |     step: f64,
[INFO] [stderr]    |     ^^^^
[INFO] [stderr]    |
[INFO] [stderr]    = note: `Spiral` has a derived impl for the trait `Debug`, but this is intentionally ignored during dead code analysis
[INFO] [stderr]    = note: `#[warn(dead_code)]` on by default
[INFO] [stderr] 
[INFO] [stderr] warning: use of deprecated method `agg::Pixfmt::<T>::line`: please use `path_storage` and friends instead
[INFO] [stderr]   --> tests/t06_simple_line.rs:21:13
[INFO] [stderr]    |
[INFO] [stderr] 21 |         pix.line(x0,y0, x1, y1, black);
[INFO] [stderr]    |             ^^^^
[INFO] [stderr]    |
[INFO] [stderr]    = note: `#[warn(deprecated)]` on by default
[INFO] [stderr] 
[INFO] [stderr] warning: `agg` (test "t10_simple_lines") generated 1 warning
[INFO] [stderr] warning: `agg` (test "rasterizers2_pre") generated 1 warning
[INFO] [stderr] warning: `agg` (test "t06_simple_line") generated 1 warning
[INFO] [stderr] warning: use of deprecated method `agg::Pixfmt::<T>::line_sp`: please use `path_storage` and friends instead
[INFO] [stderr]   --> tests/t07_subpixel_line.rs:21:13
[INFO] [stderr]    |
[INFO] [stderr] 21 |         pix.line_sp(x0,y0, x1, y1, black);
[INFO] [stderr]    |             ^^^^^^^
[INFO] [stderr]    |
[INFO] [stderr]    = note: `#[warn(deprecated)]` on by default
[INFO] [stderr] 
[INFO] [stderr] warning: use of deprecated method `agg::Pixfmt::<T>::line`: please use `path_storage` and friends instead
[INFO] [stderr]   --> tests/t09_sprial_ba.rs:23:13
[INFO] [stderr]    |
[INFO] [stderr] 23 |         pix.line(x0,y0, x1, y1, black);
[INFO] [stderr]    |             ^^^^
[INFO] [stderr]    |
[INFO] [stderr]    = note: `#[warn(deprecated)]` on by default
[INFO] [stderr] 
[INFO] [stderr] warning: `agg` (test "t07_subpixel_line") generated 1 warning
[INFO] [stderr] warning: `agg` (test "t09_sprial_ba") generated 1 warning
[INFO] [stderr] warning: use of deprecated method `agg::Pixfmt::<T>::line_sp`: please use `path_storage` and friends instead
[INFO] [stderr]   --> tests/t08_spiral.rs:23:13
[INFO] [stderr]    |
[INFO] [stderr] 23 |         pix.line_sp(x0,y0, x1, y1, black);
[INFO] [stderr]    |             ^^^^^^^
[INFO] [stderr]    |
[INFO] [stderr]    = note: `#[warn(deprecated)]` on by default
[INFO] [stderr] 
[INFO] [stderr] warning: `agg` (test "t08_spiral") generated 1 warning
[INFO] [stderr] warning: field `step` is never read
[INFO] [stderr]   --> tests/rasterizers2.rs:48:5
[INFO] [stderr]    |
[INFO] [stderr] 43 | pub struct Spiral {
[INFO] [stderr]    |            ------ field in this struct
[INFO] [stderr] ...
[INFO] [stderr] 48 |     step: f64,
[INFO] [stderr]    |     ^^^^
[INFO] [stderr]    |
[INFO] [stderr]    = note: `Spiral` has a derived impl for the trait `Debug`, but this is intentionally ignored during dead code analysis
[INFO] [stderr]    = note: `#[warn(dead_code)]` on by default
[INFO] [stderr] 
[INFO] [stderr] warning: `agg` (test "rasterizers2") generated 1 warning
[INFO] [stderr]     Finished test [unoptimized + debuginfo] target(s) in 0.01s
[INFO] [stderr]      Running unittests src/lib.rs (/opt/rustwide/target/debug/deps/agg-5c1cb35684566419)
[INFO] [stdout] 
[INFO] [stdout] running 12 tests
[INFO] [stdout] test color::tests::rgb8_test ... ok
[INFO] [stdout] test color::tests::gray_test ... ok
[INFO] [stdout] test color::tests::rgb8_to_gray8_test ... ok
[INFO] [stdout] test color::tests::rgba8_test ... ok
[INFO] [stdout] test pixfmt::tests::pixfmt_rgb8_test ... ok
[INFO] [stdout] test pixfmt::tests::pixfmt_rgba8_test ... ok
[INFO] [stdout] test pixfmt::tests::pixfmt_rgba8pre_test ... ok
[INFO] [stdout] test color::tests::srgb_test ... ok
[INFO] [stdout] test pixfmt::tests::pixfmt_test ... ok
[INFO] [stdout] test math::tests::multiply_u8_test ... ok
[INFO] [stdout] test math::tests::perlerp_u8_test ... FAILED
[INFO] [stdout] test math::tests::lerp_u8_test ... ok
[INFO] [stdout] 
[INFO] [stdout] failures:
[INFO] [stdout] 
[INFO] [stdout] ---- math::tests::perlerp_u8_test stdout ----
[INFO] [stdout] thread 'math::tests::perlerp_u8_test' panicked at src/math.rs:91:21:
[INFO] [stdout] assertion `left == right` failed: prelerp(1,255,0) = 255
[INFO] [stdout]   left: 0
[INFO] [stdout]  right: 255
[INFO] [stdout] stack backtrace:
[INFO] [stdout]    0:     0x56190dd646ac - std::backtrace_rs::backtrace::libunwind::trace::ha637c64ce894333a
[INFO] [stdout]                                at /rustc/82e1608dfa6e0b5569232559e3d385fea5a93112/library/std/src/../../backtrace/src/backtrace/libunwind.rs:104:5
[INFO] [stdout]    1:     0x56190dd646ac - std::backtrace_rs::backtrace::trace_unsynchronized::h47f62dea28e0c88d
[INFO] [stdout]                                at /rustc/82e1608dfa6e0b5569232559e3d385fea5a93112/library/std/src/../../backtrace/src/backtrace/mod.rs:66:5
[INFO] [stdout]    2:     0x56190dd646ac - std::sys_common::backtrace::_print_fmt::h9eef0abe20ede486
[INFO] [stdout]                                at /rustc/82e1608dfa6e0b5569232559e3d385fea5a93112/library/std/src/sys_common/backtrace.rs:67:5
[INFO] [stdout]    3:     0x56190dd646ac - <std::sys_common::backtrace::_print::DisplayBacktrace as core::fmt::Display>::fmt::hed7f999df88cc644
[INFO] [stdout]                                at /rustc/82e1608dfa6e0b5569232559e3d385fea5a93112/library/std/src/sys_common/backtrace.rs:44:22
[INFO] [stdout]    4:     0x56190dd8e1f0 - core::fmt::rt::Argument::fmt::h1539a9308b8d058d
[INFO] [stdout]                                at /rustc/82e1608dfa6e0b5569232559e3d385fea5a93112/library/core/src/fmt/rt.rs:142:9
[INFO] [stdout]    5:     0x56190dd8e1f0 - core::fmt::write::h3a39390d8560d9c9
[INFO] [stdout]                                at /rustc/82e1608dfa6e0b5569232559e3d385fea5a93112/library/core/src/fmt/mod.rs:1120:17
[INFO] [stdout]    6:     0x56190dd6205f - std::io::Write::write_fmt::h040b369f3a0f9cbc
[INFO] [stdout]                                at /rustc/82e1608dfa6e0b5569232559e3d385fea5a93112/library/std/src/io/mod.rs:1762:15
[INFO] [stdout]    7:     0x56190dd64494 - std::sys_common::backtrace::_print::h894006fb5c6f3d45
[INFO] [stdout]                                at /rustc/82e1608dfa6e0b5569232559e3d385fea5a93112/library/std/src/sys_common/backtrace.rs:47:5
[INFO] [stdout]    8:     0x56190dd64494 - std::sys_common::backtrace::print::h23a2d212c6fff936
[INFO] [stdout]                                at /rustc/82e1608dfa6e0b5569232559e3d385fea5a93112/library/std/src/sys_common/backtrace.rs:34:9
[INFO] [stdout]    9:     0x56190dd66157 - std::panicking::default_hook::{{closure}}::h8a1d2ee00185001a
[INFO] [stdout]   10:     0x56190dd65e43 - std::panicking::default_hook::h6038f2eba384e475
[INFO] [stdout]                                at /rustc/82e1608dfa6e0b5569232559e3d385fea5a93112/library/std/src/panicking.rs:289:9
[INFO] [stdout]   11:     0x56190dd35857 - <alloc::boxed::Box<F,A> as core::ops::function::Fn<Args>>::call::h0ad024c9bdc6d768
[INFO] [stdout]                                at /rustc/82e1608dfa6e0b5569232559e3d385fea5a93112/library/alloc/src/boxed.rs:2021:9
[INFO] [stdout]   12:     0x56190dd35857 - test::test_main::{{closure}}::h7500b54257359db6
[INFO] [stdout]                                at /rustc/82e1608dfa6e0b5569232559e3d385fea5a93112/library/test/src/lib.rs:138:21
[INFO] [stdout]   13:     0x56190dd66768 - <alloc::boxed::Box<F,A> as core::ops::function::Fn<Args>>::call::h1f8f335eaa9cfaee
[INFO] [stdout]                                at /rustc/82e1608dfa6e0b5569232559e3d385fea5a93112/library/alloc/src/boxed.rs:2021:9
[INFO] [stdout]   14:     0x56190dd66768 - std::panicking::rust_panic_with_hook::h2b5517d590cab22e
[INFO] [stdout]                                at /rustc/82e1608dfa6e0b5569232559e3d385fea5a93112/library/std/src/panicking.rs:783:13
[INFO] [stdout]   15:     0x56190dd664be - std::panicking::begin_panic_handler::{{closure}}::h233112c06e0ef43e
[INFO] [stdout]                                at /rustc/82e1608dfa6e0b5569232559e3d385fea5a93112/library/std/src/panicking.rs:657:13
[INFO] [stdout]   16:     0x56190dd64b76 - std::sys_common::backtrace::__rust_end_short_backtrace::h6e893f24d7ebbff8
[INFO] [stdout]                                at /rustc/82e1608dfa6e0b5569232559e3d385fea5a93112/library/std/src/sys_common/backtrace.rs:170:18
[INFO] [stdout]   17:     0x56190dd66222 - rust_begin_unwind
[INFO] [stdout]                                at /rustc/82e1608dfa6e0b5569232559e3d385fea5a93112/library/std/src/panicking.rs:645:5
[INFO] [stdout]   18:     0x56190dcf1cf5 - core::panicking::panic_fmt::hbf0e066aabfa482c
[INFO] [stdout]                                at /rustc/82e1608dfa6e0b5569232559e3d385fea5a93112/library/core/src/panicking.rs:72:14
[INFO] [stdout]   19:     0x56190dcf2101 - core::panicking::assert_failed_inner::h0bba8b7c26ee4492
[INFO] [stdout]   20:     0x56190dcf341e - core::panicking::assert_failed::h43353052e8cd6292
[INFO] [stdout]                                at /rustc/82e1608dfa6e0b5569232559e3d385fea5a93112/library/core/src/panicking.rs:279:5
[INFO] [stdout]   21:     0x56190dd01b58 - agg::math::tests::perlerp_u8_test::hf0ff55dd9b7d0f09
[INFO] [stdout]                                at /opt/rustwide/workdir/src/math.rs:91:21
[INFO] [stdout]   22:     0x56190dd01767 - agg::math::tests::perlerp_u8_test::{{closure}}::h315e8540f96a373c
[INFO] [stdout]                                at /opt/rustwide/workdir/src/math.rs:85:25
[INFO] [stdout]   23:     0x56190dcf2f46 - core::ops::function::FnOnce::call_once::h76501f657fe11406
[INFO] [stdout]                                at /rustc/82e1608dfa6e0b5569232559e3d385fea5a93112/library/core/src/ops/function.rs:250:5
[INFO] [stdout]   24:     0x56190dd3aeaf - core::ops::function::FnOnce::call_once::h2b5d431d5046312d
[INFO] [stdout]                                at /rustc/82e1608dfa6e0b5569232559e3d385fea5a93112/library/core/src/ops/function.rs:250:5
[INFO] [stdout]   25:     0x56190dd3aeaf - test::__rust_begin_short_backtrace::h7714669af176e207
[INFO] [stdout]                                at /rustc/82e1608dfa6e0b5569232559e3d385fea5a93112/library/test/src/lib.rs:628:18
[INFO] [stdout]   26:     0x56190dd39ec5 - test::run_test_in_process::{{closure}}::h85218797dcbcec12
[INFO] [stdout]                                at /rustc/82e1608dfa6e0b5569232559e3d385fea5a93112/library/test/src/lib.rs:651:60
[INFO] [stdout]   27:     0x56190dd39ec5 - <core::panic::unwind_safe::AssertUnwindSafe<F> as core::ops::function::FnOnce<()>>::call_once::h76c106ea31c14d7b
[INFO] [stdout]                                at /rustc/82e1608dfa6e0b5569232559e3d385fea5a93112/library/core/src/panic/unwind_safe.rs:272:9
[INFO] [stdout]   28:     0x56190dd39ec5 - std::panicking::try::do_call::h3bd5d0f6620ee946
[INFO] [stdout]                                at /rustc/82e1608dfa6e0b5569232559e3d385fea5a93112/library/std/src/panicking.rs:552:40
[INFO] [stdout]   29:     0x56190dd39ec5 - std::panicking::try::h232e535e4744fe31
[INFO] [stdout]                                at /rustc/82e1608dfa6e0b5569232559e3d385fea5a93112/library/std/src/panicking.rs:516:19
[INFO] [stdout]   30:     0x56190dd39ec5 - std::panic::catch_unwind::h3ce3bd6ca8dbac68
[INFO] [stdout]                                at /rustc/82e1608dfa6e0b5569232559e3d385fea5a93112/library/std/src/panic.rs:142:14
[INFO] [stdout]   31:     0x56190dd39ec5 - test::run_test_in_process::hc97b257c9621286a
[INFO] [stdout]                                at /rustc/82e1608dfa6e0b5569232559e3d385fea5a93112/library/test/src/lib.rs:651:27
[INFO] [stdout]   32:     0x56190dd39ec5 - test::run_test::{{closure}}::h2aa798823a438d38
[INFO] [stdout]                                at /rustc/82e1608dfa6e0b5569232559e3d385fea5a93112/library/test/src/lib.rs:574:43
[INFO] [stdout]   33:     0x56190dd02186 - test::run_test::{{closure}}::h87d231c78fb59832
[INFO] [stdout]                                at /rustc/82e1608dfa6e0b5569232559e3d385fea5a93112/library/test/src/lib.rs:602:41
[INFO] [stdout]   34:     0x56190dd02186 - std::sys_common::backtrace::__rust_begin_short_backtrace::he6df152596625789
[INFO] [stdout]                                at /rustc/82e1608dfa6e0b5569232559e3d385fea5a93112/library/std/src/sys_common/backtrace.rs:154:18
[INFO] [stdout]   35:     0x56190dd07237 - std::thread::Builder::spawn_unchecked_::{{closure}}::{{closure}}::ha94be15d1e0acf36
[INFO] [stdout]                                at /rustc/82e1608dfa6e0b5569232559e3d385fea5a93112/library/std/src/thread/mod.rs:529:17
[INFO] [stdout]   36:     0x56190dd07237 - <core::panic::unwind_safe::AssertUnwindSafe<F> as core::ops::function::FnOnce<()>>::call_once::h9dc6bd6372f16606
[INFO] [stdout]                                at /rustc/82e1608dfa6e0b5569232559e3d385fea5a93112/library/core/src/panic/unwind_safe.rs:272:9
[INFO] [stdout]   37:     0x56190dd07237 - std::panicking::try::do_call::h9057517f80303cd4
[INFO] [stdout]                                at /rustc/82e1608dfa6e0b5569232559e3d385fea5a93112/library/std/src/panicking.rs:552:40
[INFO] [stdout]   38:     0x56190dd07237 - std::panicking::try::he3a30b11ee45340c
[INFO] [stdout]                                at /rustc/82e1608dfa6e0b5569232559e3d385fea5a93112/library/std/src/panicking.rs:516:19
[INFO] [stdout]   39:     0x56190dd07237 - std::panic::catch_unwind::h410458cfd3528b8b
[INFO] [stdout]                                at /rustc/82e1608dfa6e0b5569232559e3d385fea5a93112/library/std/src/panic.rs:142:14
[INFO] [stdout]   40:     0x56190dd07237 - std::thread::Builder::spawn_unchecked_::{{closure}}::h72ac3bdb567b737b
[INFO] [stdout]                                at /rustc/82e1608dfa6e0b5569232559e3d385fea5a93112/library/std/src/thread/mod.rs:528:30
[INFO] [stdout]   41:     0x56190dd07237 - core::ops::function::FnOnce::call_once{{vtable.shim}}::h38f34da3654a8344
[INFO] [stdout]                                at /rustc/82e1608dfa6e0b5569232559e3d385fea5a93112/library/core/src/ops/function.rs:250:5
[INFO] [stdout]   42:     0x56190dd6b1f5 - <alloc::boxed::Box<F,A> as core::ops::function::FnOnce<Args>>::call_once::hc7eafaff61e32df9
[INFO] [stdout]                                at /rustc/82e1608dfa6e0b5569232559e3d385fea5a93112/library/alloc/src/boxed.rs:2007:9
[INFO] [stdout]   43:     0x56190dd6b1f5 - <alloc::boxed::Box<F,A> as core::ops::function::FnOnce<Args>>::call_once::h6ba4a5de48dd2304
[INFO] [stdout]                                at /rustc/82e1608dfa6e0b5569232559e3d385fea5a93112/library/alloc/src/boxed.rs:2007:9
[INFO] [stdout]   44:     0x56190dd6b1f5 - std::sys::unix::thread::Thread::new::thread_start::he469335aef763e45
[INFO] [stdout]                                at /rustc/82e1608dfa6e0b5569232559e3d385fea5a93112/library/std/src/sys/unix/thread.rs:108:17
[INFO] [stdout]   45:     0x7fbe95baaac3 - <unknown>
[INFO] [stdout]   46:     0x7fbe95c3bbf4 - __clone
[INFO] [stdout]   47:                0x0 - <unknown>
[INFO] [stdout] 
[INFO] [stdout] 
[INFO] [stdout] failures:
[INFO] [stdout]     math::tests::perlerp_u8_test
[INFO] [stdout] 
[INFO] [stdout] test result: FAILED. 11 passed; 1 failed; 0 ignored; 0 measured; 0 filtered out; finished in 0.69s
[INFO] [stdout] 
[INFO] [stderr] error: test failed, to rerun pass `--lib`
[INFO] running `Command { std: "docker" "inspect" "69cbd7350339907848072df0fc73e7e160212b0405e0df7834fc3c791eac8379", kill_on_drop: false }`
[INFO] running `Command { std: "docker" "rm" "-f" "69cbd7350339907848072df0fc73e7e160212b0405e0df7834fc3c791eac8379", kill_on_drop: false }`
[INFO] [stdout] 69cbd7350339907848072df0fc73e7e160212b0405e0df7834fc3c791eac8379
