[INFO] fetching crate age-plugin-ledger 0.1.2...
[INFO] testing age-plugin-ledger-0.1.2 against 1.75.0 for beta-1.76-1
[INFO] extracting crate age-plugin-ledger 0.1.2 into /workspace/builds/worker-7-tc1/source
[INFO] validating manifest of crates.io crate age-plugin-ledger 0.1.2 on toolchain 1.75.0
[INFO] running `Command { std: CARGO_HOME="/workspace/cargo-home" RUSTUP_HOME="/workspace/rustup-home" "/workspace/cargo-home/bin/cargo" "+1.75.0" "metadata" "--manifest-path" "Cargo.toml" "--no-deps", kill_on_drop: false }`
[INFO] started tweaking crates.io crate age-plugin-ledger 0.1.2
[INFO] finished tweaking crates.io crate age-plugin-ledger 0.1.2
[INFO] tweaked toml for crates.io crate age-plugin-ledger 0.1.2 written to /workspace/builds/worker-7-tc1/source/Cargo.toml
[INFO] crate crates.io crate age-plugin-ledger 0.1.2 already has a lockfile, it will not be regenerated
[INFO] running `Command { std: CARGO_HOME="/workspace/cargo-home" RUSTUP_HOME="/workspace/rustup-home" "/workspace/cargo-home/bin/cargo" "+1.75.0" "fetch" "--manifest-path" "Cargo.toml", kill_on_drop: false }`
[INFO] [stderr]     Updating crates.io index
[INFO] [stderr]     Blocking waiting for file lock on package cache
[INFO] [stderr]  Downloading crates ...
[INFO] [stderr]   Downloaded pkcs8 v0.10.2
[INFO] [stderr]   Downloaded errno v0.3.1
[INFO] [stderr]   Downloaded sha2 v0.10.7
[INFO] [stderr]   Downloaded elliptic-curve v0.13.5
[INFO] [stderr]   Downloaded inout v0.1.3
[INFO] [stderr]   Downloaded encode_unicode v0.3.6
[INFO] [stderr]   Downloaded cookie-factory v0.3.2
[INFO] [stderr]   Downloaded windows-targets v0.42.2
[INFO] [stderr]   Downloaded aead v0.5.2
[INFO] [stderr]   Downloaded chacha20 v0.9.1
[INFO] [stderr]   Downloaded zeroize v1.6.0
[INFO] [stderr]   Downloaded which v4.4.0
[INFO] [stderr]   Downloaded poly1305 v0.8.0
[INFO] [stderr]   Downloaded quote v1.0.31
[INFO] [stderr]   Downloaded nom v7.1.3
[INFO] [stderr]   Downloaded syn v2.0.27
[INFO] [stderr]   Downloaded windows_x86_64_msvc v0.42.2
[INFO] [stderr]   Downloaded linux-raw-sys v0.4.3
[INFO] [stderr]   Downloaded windows-sys v0.45.0
[INFO] [stderr]   Downloaded windows_i686_msvc v0.42.2
[INFO] [stderr]   Downloaded windows_x86_64_gnu v0.42.2
[INFO] [stderr]   Downloaded windows_aarch64_msvc v0.42.2
[INFO] [stderr]   Downloaded windows_i686_gnu v0.42.2
[INFO] [stderr]   Downloaded windows v0.48.0
[INFO] [stderr]   Downloaded windows_x86_64_gnullvm v0.42.2
[INFO] [stderr]   Downloaded hidapi v2.4.1
[INFO] [stderr]   Downloaded chrono v0.4.26
[INFO] [stderr]   Downloaded hkdf v0.12.3
[INFO] [stderr]   Downloaded windows_aarch64_gnullvm v0.42.2
[INFO] [stderr]   Downloaded crypto-bigint v0.5.2
[INFO] [stderr]   Downloaded minimal-lexical v0.2.1
[INFO] [stderr]   Downloaded const-oid v0.9.4
[INFO] [stderr]   Downloaded der v0.7.7
[INFO] [stderr]   Downloaded tempfile v3.7.0
[INFO] [stderr]   Downloaded k256 v0.13.1
[INFO] [stderr]   Downloaded bumpalo v3.13.0
[INFO] [stderr]   Downloaded chacha20poly1305 v0.10.1
[INFO] [stderr]   Downloaded age-plugin v0.4.0
[INFO] [stderr]   Downloaded ecdsa v0.16.8
[INFO] [stderr]   Downloaded console v0.15.7
[INFO] [stderr]   Downloaded cipher v0.4.4
[INFO] [stderr]   Downloaded base16ct v0.2.0
[INFO] [stderr]   Downloaded signature v2.1.0
[INFO] [stderr]   Downloaded gumdrop v0.8.1
[INFO] [stderr]   Downloaded sec1 v0.7.3
[INFO] [stderr]   Downloaded fastrand v2.0.0
[INFO] [stderr]   Downloaded ff v0.13.0
[INFO] [stderr]   Downloaded universal-hash v0.5.1
[INFO] [stderr]   Downloaded secrecy v0.8.0
[INFO] [stderr]   Downloaded age-core v0.9.0
[INFO] [stderr]   Downloaded iana-time-zone v0.1.57
[INFO] [stderr]   Downloaded group v0.13.0
[INFO] [stderr]   Downloaded io_tee v0.1.1
[INFO] [stderr]   Downloaded gumdrop_derive v0.8.1
[INFO] [stderr]   Downloaded bech32 v0.9.1
[INFO] [stderr]   Downloaded rfc6979 v0.4.0
[INFO] [stderr]   Downloaded spki v0.7.2
[INFO] running `Command { std: "docker" "create" "-v" "/var/lib/crater-agent-workspace/builds/worker-7-tc1/target:/opt/rustwide/target:rw,Z" "-v" "/var/lib/crater-agent-workspace/builds/worker-7-tc1/source:/opt/rustwide/workdir:ro,Z" "-v" "/var/lib/crater-agent-workspace/cargo-home:/opt/rustwide/cargo-home:ro,Z" "-v" "/var/lib/crater-agent-workspace/rustup-home:/opt/rustwide/rustup-home:ro,Z" "-e" "SOURCE_DIR=/opt/rustwide/workdir" "-e" "CARGO_TARGET_DIR=/opt/rustwide/target" "-e" "CARGO_HOME=/opt/rustwide/cargo-home" "-e" "RUSTUP_HOME=/opt/rustwide/rustup-home" "-w" "/opt/rustwide/workdir" "-m" "1610612736" "--user" "0:0" "--network" "none" "ghcr.io/rust-lang/crates-build-env/linux@sha256:2788e3201cd34a07e3172128adcd8b3090168a8e3bcc40d7c032b9dda1df7d1c" "/opt/rustwide/cargo-home/bin/cargo" "+1.75.0" "metadata" "--no-deps" "--format-version=1", kill_on_drop: false }`
[INFO] [stdout] 771869a732661ef4051deec7d8edabcbbd0a6a7856d2667ae332c15a00c6e87c
[INFO] running `Command { std: "docker" "start" "-a" "771869a732661ef4051deec7d8edabcbbd0a6a7856d2667ae332c15a00c6e87c", kill_on_drop: false }`
[INFO] running `Command { std: "docker" "inspect" "771869a732661ef4051deec7d8edabcbbd0a6a7856d2667ae332c15a00c6e87c", kill_on_drop: false }`
[INFO] running `Command { std: "docker" "rm" "-f" "771869a732661ef4051deec7d8edabcbbd0a6a7856d2667ae332c15a00c6e87c", kill_on_drop: false }`
[INFO] [stdout] 771869a732661ef4051deec7d8edabcbbd0a6a7856d2667ae332c15a00c6e87c
[INFO] running `Command { std: "docker" "create" "-v" "/var/lib/crater-agent-workspace/builds/worker-7-tc1/target:/opt/rustwide/target:rw,Z" "-v" "/var/lib/crater-agent-workspace/builds/worker-7-tc1/source:/opt/rustwide/workdir:ro,Z" "-v" "/var/lib/crater-agent-workspace/cargo-home:/opt/rustwide/cargo-home:ro,Z" "-v" "/var/lib/crater-agent-workspace/rustup-home:/opt/rustwide/rustup-home:ro,Z" "-e" "SOURCE_DIR=/opt/rustwide/workdir" "-e" "CARGO_TARGET_DIR=/opt/rustwide/target" "-e" "CARGO_INCREMENTAL=0" "-e" "RUST_BACKTRACE=full" "-e" "RUSTFLAGS=--cap-lints=warn" "-e" "RUSTDOCFLAGS=--cap-lints=warn" "-e" "CARGO_HOME=/opt/rustwide/cargo-home" "-e" "RUSTUP_HOME=/opt/rustwide/rustup-home" "-w" "/opt/rustwide/workdir" "-m" "1610612736" "--user" "0:0" "--network" "none" "ghcr.io/rust-lang/crates-build-env/linux@sha256:2788e3201cd34a07e3172128adcd8b3090168a8e3bcc40d7c032b9dda1df7d1c" "/opt/rustwide/cargo-home/bin/cargo" "+1.75.0" "build" "--frozen" "--message-format=json", kill_on_drop: false }`
[INFO] [stdout] 4a792cfa87d6b3b222153511a83ebeb257da20281695d826bd05ff25a83b02fd
[INFO] running `Command { std: "docker" "start" "-a" "4a792cfa87d6b3b222153511a83ebeb257da20281695d826bd05ff25a83b02fd", kill_on_drop: false }`
[INFO] [stderr]    Compiling zeroize v1.6.0
[INFO] [stderr]    Compiling typenum v1.16.0
[INFO] [stderr]    Compiling generic-array v0.14.7
[INFO] [stderr]    Compiling libc v0.2.147
[INFO] [stderr]    Compiling subtle v2.5.0
[INFO] [stderr]    Compiling const-oid v0.9.4
[INFO] [stderr]    Compiling cpufeatures v0.2.9
[INFO] [stderr]    Compiling proc-macro2 v1.0.66
[INFO] [stderr]    Compiling rustix v0.38.4
[INFO] [stderr]    Compiling unicode-ident v1.0.11
[INFO] [stderr]    Compiling memchr v2.5.0
[INFO] [stderr]    Compiling base16ct v0.2.0
[INFO] [stderr]    Compiling num-traits v0.2.16
[INFO] [stderr]    Compiling linux-raw-sys v0.4.3
[INFO] [stderr]    Compiling bitflags v2.3.3
[INFO] [stderr]    Compiling syn v1.0.109
[INFO] [stderr]    Compiling minimal-lexical v0.2.1
[INFO] [stderr]    Compiling pkg-config v0.3.27
[INFO] [stderr]    Compiling fastrand v2.0.0
[INFO] [stderr]    Compiling der v0.7.7
[INFO] [stderr]    Compiling cc v1.0.79
[INFO] [stderr]    Compiling secrecy v0.8.0
[INFO] [stderr]    Compiling io_tee v0.1.1
[INFO] [stderr]    Compiling iana-time-zone v0.1.57
[INFO] [stderr]    Compiling cookie-factory v0.3.2
[INFO] [stderr]    Compiling bech32 v0.9.1
[INFO] [stderr]    Compiling once_cell v1.18.0
[INFO] [stderr]    Compiling base64 v0.21.2
[INFO] [stderr]    Compiling nom v7.1.3
[INFO] [stderr]    Compiling quote v1.0.31
[INFO] [stderr]    Compiling hidapi v2.4.1
[INFO] [stderr]    Compiling getrandom v0.2.10
[INFO] [stderr]    Compiling time v0.1.45
[INFO] [stderr]    Compiling console v0.15.7
[INFO] [stderr]    Compiling rand_core v0.6.4
[INFO] [stderr]    Compiling spki v0.7.2
[INFO] [stderr]    Compiling ff v0.13.0
[INFO] [stderr]    Compiling pkcs8 v0.10.2
[INFO] [stderr]    Compiling rand_chacha v0.3.1
[INFO] [stderr]    Compiling group v0.13.0
[INFO] [stderr]    Compiling chrono v0.4.26
[INFO] [stderr]    Compiling rand v0.8.5
[INFO] [stderr]    Compiling crypto-common v0.1.6
[INFO] [stderr]    Compiling block-buffer v0.10.4
[INFO] [stderr]    Compiling inout v0.1.3
[INFO] [stderr]    Compiling sec1 v0.7.3
[INFO] [stderr]    Compiling crypto-bigint v0.5.2
[INFO] [stderr]    Compiling universal-hash v0.5.1
[INFO] [stderr]    Compiling aead v0.5.2
[INFO] [stderr]    Compiling digest v0.10.7
[INFO] [stderr]    Compiling cipher v0.4.4
[INFO] [stderr]    Compiling tempfile v3.7.0
[INFO] [stderr]    Compiling poly1305 v0.8.0
[INFO] [stderr]    Compiling hmac v0.12.1
[INFO] [stderr]    Compiling sha2 v0.10.7
[INFO] [stderr]    Compiling signature v2.1.0
[INFO] [stderr]    Compiling chacha20 v0.9.1
[INFO] [stderr]    Compiling hkdf v0.12.3
[INFO] [stderr]    Compiling rfc6979 v0.4.0
[INFO] [stderr]    Compiling chacha20poly1305 v0.10.1
[INFO] [stderr]    Compiling age-core v0.9.0
[INFO] [stderr]    Compiling age-plugin v0.4.0
[INFO] [stderr]    Compiling elliptic-curve v0.13.5
[INFO] [stderr]    Compiling gumdrop_derive v0.8.1
[INFO] [stderr]    Compiling ecdsa v0.16.8
[INFO] [stderr]    Compiling k256 v0.13.1
[INFO] [stderr]    Compiling gumdrop v0.8.1
[INFO] [stderr]    Compiling age-plugin-ledger v0.1.2 (/opt/rustwide/workdir)
[INFO] [stderr]     Finished dev [unoptimized + debuginfo] target(s) in 5.29s
[INFO] running `Command { std: "docker" "inspect" "4a792cfa87d6b3b222153511a83ebeb257da20281695d826bd05ff25a83b02fd", kill_on_drop: false }`
[INFO] running `Command { std: "docker" "rm" "-f" "4a792cfa87d6b3b222153511a83ebeb257da20281695d826bd05ff25a83b02fd", kill_on_drop: false }`
[INFO] [stdout] 4a792cfa87d6b3b222153511a83ebeb257da20281695d826bd05ff25a83b02fd
[INFO] running `Command { std: "docker" "create" "-v" "/var/lib/crater-agent-workspace/builds/worker-7-tc1/target:/opt/rustwide/target:rw,Z" "-v" "/var/lib/crater-agent-workspace/builds/worker-7-tc1/source:/opt/rustwide/workdir:ro,Z" "-v" "/var/lib/crater-agent-workspace/cargo-home:/opt/rustwide/cargo-home:ro,Z" "-v" "/var/lib/crater-agent-workspace/rustup-home:/opt/rustwide/rustup-home:ro,Z" "-e" "SOURCE_DIR=/opt/rustwide/workdir" "-e" "CARGO_TARGET_DIR=/opt/rustwide/target" "-e" "CARGO_INCREMENTAL=0" "-e" "RUST_BACKTRACE=full" "-e" "RUSTFLAGS=--cap-lints=warn" "-e" "RUSTDOCFLAGS=--cap-lints=warn" "-e" "CARGO_HOME=/opt/rustwide/cargo-home" "-e" "RUSTUP_HOME=/opt/rustwide/rustup-home" "-w" "/opt/rustwide/workdir" "-m" "1610612736" "--user" "0:0" "--network" "none" "ghcr.io/rust-lang/crates-build-env/linux@sha256:2788e3201cd34a07e3172128adcd8b3090168a8e3bcc40d7c032b9dda1df7d1c" "/opt/rustwide/cargo-home/bin/cargo" "+1.75.0" "test" "--frozen" "--no-run" "--message-format=json", kill_on_drop: false }`
[INFO] [stdout] fedae656b23672afdc351ea0aa6f92f91c739b5094336791ab6b5ab3d1874175
[INFO] running `Command { std: "docker" "start" "-a" "fedae656b23672afdc351ea0aa6f92f91c739b5094336791ab6b5ab3d1874175", kill_on_drop: false }`
[INFO] [stderr]    Compiling which v4.4.0
[INFO] [stderr]    Compiling age-plugin-ledger v0.1.2 (/opt/rustwide/workdir)
[INFO] [stderr]     Finished test [unoptimized + debuginfo] target(s) in 0.88s
[INFO] running `Command { std: "docker" "inspect" "fedae656b23672afdc351ea0aa6f92f91c739b5094336791ab6b5ab3d1874175", kill_on_drop: false }`
[INFO] running `Command { std: "docker" "rm" "-f" "fedae656b23672afdc351ea0aa6f92f91c739b5094336791ab6b5ab3d1874175", kill_on_drop: false }`
[INFO] [stdout] fedae656b23672afdc351ea0aa6f92f91c739b5094336791ab6b5ab3d1874175
[INFO] running `Command { std: "docker" "create" "-v" "/var/lib/crater-agent-workspace/builds/worker-7-tc1/target:/opt/rustwide/target:rw,Z" "-v" "/var/lib/crater-agent-workspace/builds/worker-7-tc1/source:/opt/rustwide/workdir:ro,Z" "-v" "/var/lib/crater-agent-workspace/cargo-home:/opt/rustwide/cargo-home:ro,Z" "-v" "/var/lib/crater-agent-workspace/rustup-home:/opt/rustwide/rustup-home:ro,Z" "-e" "SOURCE_DIR=/opt/rustwide/workdir" "-e" "CARGO_TARGET_DIR=/opt/rustwide/target" "-e" "CARGO_INCREMENTAL=0" "-e" "RUST_BACKTRACE=full" "-e" "RUSTFLAGS=--cap-lints=warn" "-e" "RUSTDOCFLAGS=--cap-lints=warn" "-e" "CARGO_HOME=/opt/rustwide/cargo-home" "-e" "RUSTUP_HOME=/opt/rustwide/rustup-home" "-w" "/opt/rustwide/workdir" "-m" "1610612736" "--user" "0:0" "--network" "none" "ghcr.io/rust-lang/crates-build-env/linux@sha256:2788e3201cd34a07e3172128adcd8b3090168a8e3bcc40d7c032b9dda1df7d1c" "/opt/rustwide/cargo-home/bin/cargo" "+1.75.0" "test" "--frozen", kill_on_drop: false }`
[INFO] [stdout] 83599f07a5da4a05a94482dc8d4ceee30816181c44c9695a487d6461c5b49a44
[INFO] running `Command { std: "docker" "start" "-a" "83599f07a5da4a05a94482dc8d4ceee30816181c44c9695a487d6461c5b49a44", kill_on_drop: false }`
[INFO] [stderr]     Finished test [unoptimized + debuginfo] target(s) in 0.05s
[INFO] [stderr]      Running unittests src/main.rs (/opt/rustwide/target/debug/deps/age_plugin_ledger-2085c3e755d77232)
[INFO] [stdout] 
[INFO] [stdout] running 1 test
[INFO] [stdout] test key::tests::stub_round_trip ... ok
[INFO] [stdout] 
[INFO] [stdout] test result: ok. 1 passed; 0 failed; 0 ignored; 0 measured; 0 filtered out; finished in 0.00s
[INFO] [stdout] 
[INFO] [stderr]      Running tests/integration.rs (/opt/rustwide/target/debug/deps/integration-756e09419d8b28c9)
[INFO] [stdout] 
[INFO] [stdout] running 1 test
[INFO] [stdout] test plugin_encrypt ... FAILED
[INFO] [stdout] 
[INFO] [stdout] failures:
[INFO] [stdout] 
[INFO] [stdout] ---- plugin_encrypt stdout ----
[INFO] [stdout] thread 'plugin_encrypt' panicked at tests/integration.rs:28:57:
[INFO] [stdout] called `Result::unwrap()` on an `Err` value: CannotFindBinaryPath
[INFO] [stdout] stack backtrace:
[INFO] [stdout]    0:     0x562555e63e3c - std::backtrace_rs::backtrace::libunwind::trace::ha637c64ce894333a
[INFO] [stdout]                                at /rustc/82e1608dfa6e0b5569232559e3d385fea5a93112/library/std/src/../../backtrace/src/backtrace/libunwind.rs:104:5
[INFO] [stdout]    1:     0x562555e63e3c - std::backtrace_rs::backtrace::trace_unsynchronized::h47f62dea28e0c88d
[INFO] [stdout]                                at /rustc/82e1608dfa6e0b5569232559e3d385fea5a93112/library/std/src/../../backtrace/src/backtrace/mod.rs:66:5
[INFO] [stdout]    2:     0x562555e63e3c - std::sys_common::backtrace::_print_fmt::h9eef0abe20ede486
[INFO] [stdout]                                at /rustc/82e1608dfa6e0b5569232559e3d385fea5a93112/library/std/src/sys_common/backtrace.rs:67:5
[INFO] [stdout]    3:     0x562555e63e3c - <std::sys_common::backtrace::_print::DisplayBacktrace as core::fmt::Display>::fmt::hed7f999df88cc644
[INFO] [stdout]                                at /rustc/82e1608dfa6e0b5569232559e3d385fea5a93112/library/std/src/sys_common/backtrace.rs:44:22
[INFO] [stdout]    4:     0x562555e8dc30 - core::fmt::rt::Argument::fmt::h1539a9308b8d058d
[INFO] [stdout]                                at /rustc/82e1608dfa6e0b5569232559e3d385fea5a93112/library/core/src/fmt/rt.rs:142:9
[INFO] [stdout]    5:     0x562555e8dc30 - core::fmt::write::h3a39390d8560d9c9
[INFO] [stdout]                                at /rustc/82e1608dfa6e0b5569232559e3d385fea5a93112/library/core/src/fmt/mod.rs:1120:17
[INFO] [stdout]    6:     0x562555e6146f - std::io::Write::write_fmt::h040b369f3a0f9cbc
[INFO] [stdout]                                at /rustc/82e1608dfa6e0b5569232559e3d385fea5a93112/library/std/src/io/mod.rs:1762:15
[INFO] [stdout]    7:     0x562555e63c24 - std::sys_common::backtrace::_print::h894006fb5c6f3d45
[INFO] [stdout]                                at /rustc/82e1608dfa6e0b5569232559e3d385fea5a93112/library/std/src/sys_common/backtrace.rs:47:5
[INFO] [stdout]    8:     0x562555e63c24 - std::sys_common::backtrace::print::h23a2d212c6fff936
[INFO] [stdout]                                at /rustc/82e1608dfa6e0b5569232559e3d385fea5a93112/library/std/src/sys_common/backtrace.rs:34:9
[INFO] [stdout]    9:     0x562555e658e7 - std::panicking::default_hook::{{closure}}::h8a1d2ee00185001a
[INFO] [stdout]   10:     0x562555e655d3 - std::panicking::default_hook::h6038f2eba384e475
[INFO] [stdout]                                at /rustc/82e1608dfa6e0b5569232559e3d385fea5a93112/library/std/src/panicking.rs:289:9
[INFO] [stdout]   11:     0x562555e35ae7 - <alloc::boxed::Box<F,A> as core::ops::function::Fn<Args>>::call::h0ad024c9bdc6d768
[INFO] [stdout]                                at /rustc/82e1608dfa6e0b5569232559e3d385fea5a93112/library/alloc/src/boxed.rs:2021:9
[INFO] [stdout]   12:     0x562555e35ae7 - test::test_main::{{closure}}::h7500b54257359db6
[INFO] [stdout]                                at /rustc/82e1608dfa6e0b5569232559e3d385fea5a93112/library/test/src/lib.rs:138:21
[INFO] [stdout]   13:     0x562555e65ef8 - <alloc::boxed::Box<F,A> as core::ops::function::Fn<Args>>::call::h1f8f335eaa9cfaee
[INFO] [stdout]                                at /rustc/82e1608dfa6e0b5569232559e3d385fea5a93112/library/alloc/src/boxed.rs:2021:9
[INFO] [stdout]   14:     0x562555e65ef8 - std::panicking::rust_panic_with_hook::h2b5517d590cab22e
[INFO] [stdout]                                at /rustc/82e1608dfa6e0b5569232559e3d385fea5a93112/library/std/src/panicking.rs:783:13
[INFO] [stdout]   15:     0x562555e65c4e - std::panicking::begin_panic_handler::{{closure}}::h233112c06e0ef43e
[INFO] [stdout]                                at /rustc/82e1608dfa6e0b5569232559e3d385fea5a93112/library/std/src/panicking.rs:657:13
[INFO] [stdout]   16:     0x562555e64306 - std::sys_common::backtrace::__rust_end_short_backtrace::h6e893f24d7ebbff8
[INFO] [stdout]                                at /rustc/82e1608dfa6e0b5569232559e3d385fea5a93112/library/std/src/sys_common/backtrace.rs:170:18
[INFO] [stdout]   17:     0x562555e659b2 - rust_begin_unwind
[INFO] [stdout]                                at /rustc/82e1608dfa6e0b5569232559e3d385fea5a93112/library/std/src/panicking.rs:645:5
[INFO] [stdout]   18:     0x562555debd95 - core::panicking::panic_fmt::hbf0e066aabfa482c
[INFO] [stdout]                                at /rustc/82e1608dfa6e0b5569232559e3d385fea5a93112/library/core/src/panicking.rs:72:14
[INFO] [stdout]   19:     0x562555dec233 - core::result::unwrap_failed::hddb4fea594200c52
[INFO] [stdout]                                at /rustc/82e1608dfa6e0b5569232559e3d385fea5a93112/library/core/src/result.rs:1653:5
[INFO] [stdout]   20:     0x562555def06a - core::result::Result<T,E>::unwrap::hf796f6815768f04a
[INFO] [stdout]                                at /rustc/82e1608dfa6e0b5569232559e3d385fea5a93112/library/core/src/result.rs:1077:23
[INFO] [stdout]   21:     0x562555df2857 - integration::plugin_encrypt::h9dc6b144e31835c5
[INFO] [stdout]                                at /opt/rustwide/workdir/tests/integration.rs:28:36
[INFO] [stdout]   22:     0x562555df2797 - integration::plugin_encrypt::{{closure}}::hb196a1cc4b6781bb
[INFO] [stdout]                                at /opt/rustwide/workdir/tests/integration.rs:24:20
[INFO] [stdout]   23:     0x562555dedaa6 - core::ops::function::FnOnce::call_once::h3b68bde9dea91b32
[INFO] [stdout]                                at /rustc/82e1608dfa6e0b5569232559e3d385fea5a93112/library/core/src/ops/function.rs:250:5
[INFO] [stdout]   24:     0x562555e3b13f - core::ops::function::FnOnce::call_once::h2b5d431d5046312d
[INFO] [stdout]                                at /rustc/82e1608dfa6e0b5569232559e3d385fea5a93112/library/core/src/ops/function.rs:250:5
[INFO] [stdout]   25:     0x562555e3b13f - test::__rust_begin_short_backtrace::h7714669af176e207
[INFO] [stdout]                                at /rustc/82e1608dfa6e0b5569232559e3d385fea5a93112/library/test/src/lib.rs:628:18
[INFO] [stdout]   26:     0x562555e3a155 - test::run_test_in_process::{{closure}}::h85218797dcbcec12
[INFO] [stdout]                                at /rustc/82e1608dfa6e0b5569232559e3d385fea5a93112/library/test/src/lib.rs:651:60
[INFO] [stdout]   27:     0x562555e3a155 - <core::panic::unwind_safe::AssertUnwindSafe<F> as core::ops::function::FnOnce<()>>::call_once::h76c106ea31c14d7b
[INFO] [stdout]                                at /rustc/82e1608dfa6e0b5569232559e3d385fea5a93112/library/core/src/panic/unwind_safe.rs:272:9
[INFO] [stdout]   28:     0x562555e3a155 - std::panicking::try::do_call::h3bd5d0f6620ee946
[INFO] [stdout]                                at /rustc/82e1608dfa6e0b5569232559e3d385fea5a93112/library/std/src/panicking.rs:552:40
[INFO] [stdout]   29:     0x562555e3a155 - std::panicking::try::h232e535e4744fe31
[INFO] [stdout]                                at /rustc/82e1608dfa6e0b5569232559e3d385fea5a93112/library/std/src/panicking.rs:516:19
[INFO] [stdout]   30:     0x562555e3a155 - std::panic::catch_unwind::h3ce3bd6ca8dbac68
[INFO] [stdout]                                at /rustc/82e1608dfa6e0b5569232559e3d385fea5a93112/library/std/src/panic.rs:142:14
[INFO] [stdout]   31:     0x562555e3a155 - test::run_test_in_process::hc97b257c9621286a
[INFO] [stdout]                                at /rustc/82e1608dfa6e0b5569232559e3d385fea5a93112/library/test/src/lib.rs:651:27
[INFO] [stdout]   32:     0x562555e3a155 - test::run_test::{{closure}}::h2aa798823a438d38
[INFO] [stdout]                                at /rustc/82e1608dfa6e0b5569232559e3d385fea5a93112/library/test/src/lib.rs:574:43
[INFO] [stdout]   33:     0x562555e02416 - test::run_test::{{closure}}::h87d231c78fb59832
[INFO] [stdout]                                at /rustc/82e1608dfa6e0b5569232559e3d385fea5a93112/library/test/src/lib.rs:602:41
[INFO] [stdout]   34:     0x562555e02416 - std::sys_common::backtrace::__rust_begin_short_backtrace::he6df152596625789
[INFO] [stdout]                                at /rustc/82e1608dfa6e0b5569232559e3d385fea5a93112/library/std/src/sys_common/backtrace.rs:154:18
[INFO] [stdout]   35:     0x562555e074c7 - std::thread::Builder::spawn_unchecked_::{{closure}}::{{closure}}::ha94be15d1e0acf36
[INFO] [stdout]                                at /rustc/82e1608dfa6e0b5569232559e3d385fea5a93112/library/std/src/thread/mod.rs:529:17
[INFO] [stdout]   36:     0x562555e074c7 - <core::panic::unwind_safe::AssertUnwindSafe<F> as core::ops::function::FnOnce<()>>::call_once::h9dc6bd6372f16606
[INFO] [stdout]                                at /rustc/82e1608dfa6e0b5569232559e3d385fea5a93112/library/core/src/panic/unwind_safe.rs:272:9
[INFO] [stdout]   37:     0x562555e074c7 - std::panicking::try::do_call::h9057517f80303cd4
[INFO] [stdout]                                at /rustc/82e1608dfa6e0b5569232559e3d385fea5a93112/library/std/src/panicking.rs:552:40
[INFO] [stdout]   38:     0x562555e074c7 - std::panicking::try::he3a30b11ee45340c
[INFO] [stdout]                                at /rustc/82e1608dfa6e0b5569232559e3d385fea5a93112/library/std/src/panicking.rs:516:19
[INFO] [stdout]   39:     0x562555e074c7 - std::panic::catch_unwind::h410458cfd3528b8b
[INFO] [stdout]                                at /rustc/82e1608dfa6e0b5569232559e3d385fea5a93112/library/std/src/panic.rs:142:14
[INFO] [stdout]   40:     0x562555e074c7 - std::thread::Builder::spawn_unchecked_::{{closure}}::h72ac3bdb567b737b
[INFO] [stdout]                                at /rustc/82e1608dfa6e0b5569232559e3d385fea5a93112/library/std/src/thread/mod.rs:528:30
[INFO] [stdout]   41:     0x562555e074c7 - core::ops::function::FnOnce::call_once{{vtable.shim}}::h38f34da3654a8344
[INFO] [stdout]                                at /rustc/82e1608dfa6e0b5569232559e3d385fea5a93112/library/core/src/ops/function.rs:250:5
[INFO] [stdout]   42:     0x562555e6ac35 - <alloc::boxed::Box<F,A> as core::ops::function::FnOnce<Args>>::call_once::hc7eafaff61e32df9
[INFO] [stdout]                                at /rustc/82e1608dfa6e0b5569232559e3d385fea5a93112/library/alloc/src/boxed.rs:2007:9
[INFO] [stdout]   43:     0x562555e6ac35 - <alloc::boxed::Box<F,A> as core::ops::function::FnOnce<Args>>::call_once::h6ba4a5de48dd2304
[INFO] [stdout]                                at /rustc/82e1608dfa6e0b5569232559e3d385fea5a93112/library/alloc/src/boxed.rs:2007:9
[INFO] [stdout]   44:     0x562555e6ac35 - std::sys::unix::thread::Thread::new::thread_start::he469335aef763e45
[INFO] [stdout]                                at /rustc/82e1608dfa6e0b5569232559e3d385fea5a93112/library/std/src/sys/unix/thread.rs:108:17
[INFO] [stdout]   45:     0x7f6571cccac3 - <unknown>
[INFO] [stdout]   46:     0x7f6571d5dbf4 - __clone
[INFO] [stdout]   47:                0x0 - <unknown>
[INFO] [stdout] 
[INFO] [stdout] 
[INFO] [stdout] failures:
[INFO] [stdout]     plugin_encrypt
[INFO] [stdout] 
[INFO] [stdout] test result: FAILED. 0 passed; 1 failed; 0 ignored; 0 measured; 0 filtered out; finished in 0.01s
[INFO] [stdout] 
[INFO] [stderr] error: test failed, to rerun pass `--test integration`
[INFO] running `Command { std: "docker" "inspect" "83599f07a5da4a05a94482dc8d4ceee30816181c44c9695a487d6461c5b49a44", kill_on_drop: false }`
[INFO] running `Command { std: "docker" "rm" "-f" "83599f07a5da4a05a94482dc8d4ceee30816181c44c9695a487d6461c5b49a44", kill_on_drop: false }`
[INFO] [stdout] 83599f07a5da4a05a94482dc8d4ceee30816181c44c9695a487d6461c5b49a44
