[INFO] fetching crate ag-grid-derive 0.2.2...
[INFO] testing ag-grid-derive-0.2.2 against 1.75.0 for beta-1.76-1
[INFO] extracting crate ag-grid-derive 0.2.2 into /workspace/builds/worker-0-tc1/source
[INFO] validating manifest of crates.io crate ag-grid-derive 0.2.2 on toolchain 1.75.0
[INFO] running `Command { std: CARGO_HOME="/workspace/cargo-home" RUSTUP_HOME="/workspace/rustup-home" "/workspace/cargo-home/bin/cargo" "+1.75.0" "metadata" "--manifest-path" "Cargo.toml" "--no-deps", kill_on_drop: false }`
[INFO] started tweaking crates.io crate ag-grid-derive 0.2.2
[INFO] finished tweaking crates.io crate ag-grid-derive 0.2.2
[INFO] tweaked toml for crates.io crate ag-grid-derive 0.2.2 written to /workspace/builds/worker-0-tc1/source/Cargo.toml
[INFO] running `Command { std: CARGO_HOME="/workspace/cargo-home" RUSTUP_HOME="/workspace/rustup-home" "/workspace/cargo-home/bin/cargo" "+1.75.0" "generate-lockfile" "--manifest-path" "Cargo.toml", kill_on_drop: false }`
[INFO] [stderr]     Updating crates.io index
[INFO] running `Command { std: CARGO_HOME="/workspace/cargo-home" RUSTUP_HOME="/workspace/rustup-home" "/workspace/cargo-home/bin/cargo" "+1.75.0" "fetch" "--manifest-path" "Cargo.toml", kill_on_drop: false }`
[INFO] [stderr]  Downloading crates ...
[INFO] [stderr]   Downloaded toml_datetime v0.6.5
[INFO] [stderr]   Downloaded ag-grid-core v0.2.2
[INFO] running `Command { std: "docker" "create" "-v" "/var/lib/crater-agent-workspace/builds/worker-0-tc1/target:/opt/rustwide/target:rw,Z" "-v" "/var/lib/crater-agent-workspace/builds/worker-0-tc1/source:/opt/rustwide/workdir:ro,Z" "-v" "/var/lib/crater-agent-workspace/cargo-home:/opt/rustwide/cargo-home:ro,Z" "-v" "/var/lib/crater-agent-workspace/rustup-home:/opt/rustwide/rustup-home:ro,Z" "-e" "SOURCE_DIR=/opt/rustwide/workdir" "-e" "CARGO_TARGET_DIR=/opt/rustwide/target" "-e" "CARGO_HOME=/opt/rustwide/cargo-home" "-e" "RUSTUP_HOME=/opt/rustwide/rustup-home" "-w" "/opt/rustwide/workdir" "-m" "1610612736" "--user" "0:0" "--network" "none" "ghcr.io/rust-lang/crates-build-env/linux@sha256:2788e3201cd34a07e3172128adcd8b3090168a8e3bcc40d7c032b9dda1df7d1c" "/opt/rustwide/cargo-home/bin/cargo" "+1.75.0" "metadata" "--no-deps" "--format-version=1", kill_on_drop: false }`
[INFO] [stdout] 545c5fea952df15a47f028476c80e7dc38a7356dccc039e8f664c6a7199f96bb
[INFO] running `Command { std: "docker" "start" "-a" "545c5fea952df15a47f028476c80e7dc38a7356dccc039e8f664c6a7199f96bb", kill_on_drop: false }`
[INFO] running `Command { std: "docker" "inspect" "545c5fea952df15a47f028476c80e7dc38a7356dccc039e8f664c6a7199f96bb", kill_on_drop: false }`
[INFO] running `Command { std: "docker" "rm" "-f" "545c5fea952df15a47f028476c80e7dc38a7356dccc039e8f664c6a7199f96bb", kill_on_drop: false }`
[INFO] [stdout] 545c5fea952df15a47f028476c80e7dc38a7356dccc039e8f664c6a7199f96bb
[INFO] running `Command { std: "docker" "create" "-v" "/var/lib/crater-agent-workspace/builds/worker-0-tc1/target:/opt/rustwide/target:rw,Z" "-v" "/var/lib/crater-agent-workspace/builds/worker-0-tc1/source:/opt/rustwide/workdir:ro,Z" "-v" "/var/lib/crater-agent-workspace/cargo-home:/opt/rustwide/cargo-home:ro,Z" "-v" "/var/lib/crater-agent-workspace/rustup-home:/opt/rustwide/rustup-home:ro,Z" "-e" "SOURCE_DIR=/opt/rustwide/workdir" "-e" "CARGO_TARGET_DIR=/opt/rustwide/target" "-e" "CARGO_INCREMENTAL=0" "-e" "RUST_BACKTRACE=full" "-e" "RUSTFLAGS=--cap-lints=warn" "-e" "RUSTDOCFLAGS=--cap-lints=warn" "-e" "CARGO_HOME=/opt/rustwide/cargo-home" "-e" "RUSTUP_HOME=/opt/rustwide/rustup-home" "-w" "/opt/rustwide/workdir" "-m" "1610612736" "--user" "0:0" "--network" "none" "ghcr.io/rust-lang/crates-build-env/linux@sha256:2788e3201cd34a07e3172128adcd8b3090168a8e3bcc40d7c032b9dda1df7d1c" "/opt/rustwide/cargo-home/bin/cargo" "+1.75.0" "build" "--frozen" "--message-format=json", kill_on_drop: false }`
[INFO] [stdout] 056ef2007b3f134ae4ad8c5e5fa5c482da0cba7be76a333fe761dc0c1481c848
[INFO] running `Command { std: "docker" "start" "-a" "056ef2007b3f134ae4ad8c5e5fa5c482da0cba7be76a333fe761dc0c1481c848", kill_on_drop: false }`
[INFO] [stderr]    Compiling wasm-bindgen-shared v0.2.89
[INFO] [stderr]    Compiling once_cell v1.19.0
[INFO] [stderr]    Compiling log v0.4.20
[INFO] [stderr]    Compiling bumpalo v3.14.0
[INFO] [stderr]    Compiling syn v1.0.109
[INFO] [stderr]    Compiling wasm-bindgen v0.2.89
[INFO] [stderr]    Compiling cfg-if v1.0.0
[INFO] [stderr]    Compiling syn v2.0.48
[INFO] [stderr]    Compiling strsim v0.10.0
[INFO] [stderr]    Compiling ident_case v1.0.1
[INFO] [stderr]    Compiling fnv v1.0.7
[INFO] [stderr]    Compiling hashbrown v0.14.3
[INFO] [stderr]    Compiling equivalent v1.0.1
[INFO] [stderr]    Compiling toml_datetime v0.6.5
[INFO] [stderr]    Compiling winnow v0.5.32
[INFO] [stderr]    Compiling unicode-segmentation v1.10.1
[INFO] [stderr]    Compiling convert_case v0.6.0
[INFO] [stderr]    Compiling indexmap v2.1.0
[INFO] [stderr]    Compiling toml_edit v0.19.15
[INFO] [stderr]    Compiling wasm-bindgen-backend v0.2.89
[INFO] [stderr]    Compiling darling_core v0.14.4
[INFO] [stderr]    Compiling wasm-bindgen-macro-support v0.2.89
[INFO] [stderr]    Compiling proc-macro-crate v1.3.1
[INFO] [stderr]    Compiling wasm-bindgen-macro v0.2.89
[INFO] [stderr]    Compiling darling_macro v0.14.4
[INFO] [stderr]    Compiling darling v0.14.4
[INFO] [stderr]    Compiling js-sys v0.3.66
[INFO] [stderr]    Compiling web-sys v0.3.66
[INFO] [stderr]    Compiling ag-grid-core v0.2.2
[INFO] [stderr]    Compiling ag-grid-derive v0.2.2 (/opt/rustwide/workdir)
[INFO] [stderr]     Finished dev [unoptimized + debuginfo] target(s) in 9.62s
[INFO] running `Command { std: "docker" "inspect" "056ef2007b3f134ae4ad8c5e5fa5c482da0cba7be76a333fe761dc0c1481c848", kill_on_drop: false }`
[INFO] running `Command { std: "docker" "rm" "-f" "056ef2007b3f134ae4ad8c5e5fa5c482da0cba7be76a333fe761dc0c1481c848", kill_on_drop: false }`
[INFO] [stdout] 056ef2007b3f134ae4ad8c5e5fa5c482da0cba7be76a333fe761dc0c1481c848
[INFO] running `Command { std: "docker" "create" "-v" "/var/lib/crater-agent-workspace/builds/worker-0-tc1/target:/opt/rustwide/target:rw,Z" "-v" "/var/lib/crater-agent-workspace/builds/worker-0-tc1/source:/opt/rustwide/workdir:ro,Z" "-v" "/var/lib/crater-agent-workspace/cargo-home:/opt/rustwide/cargo-home:ro,Z" "-v" "/var/lib/crater-agent-workspace/rustup-home:/opt/rustwide/rustup-home:ro,Z" "-e" "SOURCE_DIR=/opt/rustwide/workdir" "-e" "CARGO_TARGET_DIR=/opt/rustwide/target" "-e" "CARGO_INCREMENTAL=0" "-e" "RUST_BACKTRACE=full" "-e" "RUSTFLAGS=--cap-lints=warn" "-e" "RUSTDOCFLAGS=--cap-lints=warn" "-e" "CARGO_HOME=/opt/rustwide/cargo-home" "-e" "RUSTUP_HOME=/opt/rustwide/rustup-home" "-w" "/opt/rustwide/workdir" "-m" "1610612736" "--user" "0:0" "--network" "none" "ghcr.io/rust-lang/crates-build-env/linux@sha256:2788e3201cd34a07e3172128adcd8b3090168a8e3bcc40d7c032b9dda1df7d1c" "/opt/rustwide/cargo-home/bin/cargo" "+1.75.0" "test" "--frozen" "--no-run" "--message-format=json", kill_on_drop: false }`
[INFO] [stdout] d0f9086afe6edb80e68fd8243fd1645fb9f0a0e3b64954838344f471462f27cf
[INFO] running `Command { std: "docker" "start" "-a" "d0f9086afe6edb80e68fd8243fd1645fb9f0a0e3b64954838344f471462f27cf", kill_on_drop: false }`
[INFO] [stderr]    Compiling ag-grid-derive v0.2.2 (/opt/rustwide/workdir)
[INFO] [stderr]     Finished test [unoptimized + debuginfo] target(s) in 0.73s
[INFO] running `Command { std: "docker" "inspect" "d0f9086afe6edb80e68fd8243fd1645fb9f0a0e3b64954838344f471462f27cf", kill_on_drop: false }`
[INFO] running `Command { std: "docker" "rm" "-f" "d0f9086afe6edb80e68fd8243fd1645fb9f0a0e3b64954838344f471462f27cf", kill_on_drop: false }`
[INFO] [stdout] d0f9086afe6edb80e68fd8243fd1645fb9f0a0e3b64954838344f471462f27cf
[INFO] running `Command { std: "docker" "create" "-v" "/var/lib/crater-agent-workspace/builds/worker-0-tc1/target:/opt/rustwide/target:rw,Z" "-v" "/var/lib/crater-agent-workspace/builds/worker-0-tc1/source:/opt/rustwide/workdir:ro,Z" "-v" "/var/lib/crater-agent-workspace/cargo-home:/opt/rustwide/cargo-home:ro,Z" "-v" "/var/lib/crater-agent-workspace/rustup-home:/opt/rustwide/rustup-home:ro,Z" "-e" "SOURCE_DIR=/opt/rustwide/workdir" "-e" "CARGO_TARGET_DIR=/opt/rustwide/target" "-e" "CARGO_INCREMENTAL=0" "-e" "RUST_BACKTRACE=full" "-e" "RUSTFLAGS=--cap-lints=warn" "-e" "RUSTDOCFLAGS=--cap-lints=warn" "-e" "CARGO_HOME=/opt/rustwide/cargo-home" "-e" "RUSTUP_HOME=/opt/rustwide/rustup-home" "-w" "/opt/rustwide/workdir" "-m" "1610612736" "--user" "0:0" "--network" "none" "ghcr.io/rust-lang/crates-build-env/linux@sha256:2788e3201cd34a07e3172128adcd8b3090168a8e3bcc40d7c032b9dda1df7d1c" "/opt/rustwide/cargo-home/bin/cargo" "+1.75.0" "test" "--frozen", kill_on_drop: false }`
[INFO] [stdout] b80eceaca5dba1d4f8b3daf50b1b8a395fcc77b97bc89706a13b2f8038e9ec7c
[INFO] running `Command { std: "docker" "start" "-a" "b80eceaca5dba1d4f8b3daf50b1b8a395fcc77b97bc89706a13b2f8038e9ec7c", kill_on_drop: false }`
[INFO] [stderr]     Finished test [unoptimized + debuginfo] target(s) in 0.02s
[INFO] [stderr]      Running unittests src/lib.rs (/opt/rustwide/target/debug/deps/ag_grid_derive-e0ad7ed44d735492)
[INFO] [stdout] 
[INFO] [stdout] running 0 tests
[INFO] [stdout] 
[INFO] [stdout] test result: ok. 0 passed; 0 failed; 0 ignored; 0 measured; 0 filtered out; finished in 0.00s
[INFO] [stdout] 
[INFO] [stderr]    Doc-tests ag-grid-derive
[INFO] [stdout] 
[INFO] [stdout] running 4 tests
[INFO] [stdout] test src/lib.rs - to_js_value (line 67) ... FAILED
[INFO] [stdout] test src/lib.rs - to_js_value (line 27) ... FAILED
[INFO] [stdout] test src/lib.rs - to_js_value (line 79) ... FAILED
[INFO] [stdout] test src/lib.rs - to_js_value (line 37) ... FAILED
[INFO] [stdout] 
[INFO] [stdout] failures:
[INFO] [stdout] 
[INFO] [stdout] ---- src/lib.rs - to_js_value (line 67) stdout ----
[INFO] [stdout] error: expected `;`, found keyword `enum`
[INFO] [stdout]  --> src/lib.rs:68:18
[INFO] [stdout]   |
[INFO] [stdout] 3 | derive(ToJsValue)
[INFO] [stdout]   |                  ^ help: add `;` here
[INFO] [stdout] 4 | enum MoonPhase {
[INFO] [stdout]   | ---- unexpected token
[INFO] [stdout] 
[INFO] [stdout] error: aborting due to previous error
[INFO] [stdout] 
[INFO] [stdout] Couldn't compile the test.
[INFO] [stdout] ---- src/lib.rs - to_js_value (line 27) stdout ----
[INFO] [stdout] error: cannot find derive macro `ToJsValue` in this scope
[INFO] [stdout]  --> src/lib.rs:28:10
[INFO] [stdout]   |
[INFO] [stdout] 3 | #[derive(ToJsValue)]
[INFO] [stdout]   |          ^^^^^^^^^
[INFO] [stdout]   |
[INFO] [stdout] help: consider importing this derive macro
[INFO] [stdout]   |
[INFO] [stdout] 2 + use ag_grid_derive::ToJsValue;
[INFO] [stdout]   |
[INFO] [stdout] 
[INFO] [stdout] error: aborting due to previous error
[INFO] [stdout] 
[INFO] [stdout] Couldn't compile the test.
[INFO] [stdout] ---- src/lib.rs - to_js_value (line 79) stdout ----
[INFO] [stdout] error: expected one of `!`, `.`, `::`, `;`, `?`, `{`, `}`, or an operator, found `=>`
[INFO] [stdout]  --> src/lib.rs:82:19
[INFO] [stdout]   |
[INFO] [stdout] 5 |         Self::New => JsValue::from_str("new"),
[INFO] [stdout]   |                   ^^ expected one of 8 possible tokens
[INFO] [stdout] 
[INFO] [stdout] error[E0405]: cannot find trait `ToJsValue` in this scope
[INFO] [stdout]  --> src/lib.rs:80:6
[INFO] [stdout]   |
[INFO] [stdout] 3 | impl ToJsValue for MoonPhase {
[INFO] [stdout]   |      ^^^^^^^^^ not found in this scope
[INFO] [stdout]   |
[INFO] [stdout] help: consider importing this trait
[INFO] [stdout]   |
[INFO] [stdout] 2 + use ag_grid_core::convert::ToJsValue;
[INFO] [stdout]   |
[INFO] [stdout] 
[INFO] [stdout] error[E0412]: cannot find type `MoonPhase` in this scope
[INFO] [stdout]  --> src/lib.rs:80:20
[INFO] [stdout]   |
[INFO] [stdout] 3 | impl ToJsValue for MoonPhase {
[INFO] [stdout]   |                    ^^^^^^^^^ not found in this scope
[INFO] [stdout] 
[INFO] [stdout] error[E0412]: cannot find type `JsValue` in this scope
[INFO] [stdout]  --> src/lib.rs:81:30
[INFO] [stdout]   |
[INFO] [stdout] 4 |     fn to_js_value(&self) -> JsValue{
[INFO] [stdout]   |                              ^^^^^^^ not found in this scope
[INFO] [stdout] 
[INFO] [stdout] error: aborting due to 4 previous errors
[INFO] [stdout] 
[INFO] [stdout] Some errors have detailed explanations: E0405, E0412.
[INFO] [stdout] For more information about an error, try `rustc --explain E0405`.
[INFO] [stdout] Couldn't compile the test.
[INFO] [stdout] ---- src/lib.rs - to_js_value (line 37) stdout ----
[INFO] [stdout] error[E0433]: failed to resolve: use of undeclared crate or module `js_sys`
[INFO] [stdout]  --> src/lib.rs:40:19
[INFO] [stdout]   |
[INFO] [stdout] 5 |         let obj = js_sys::Object::new();
[INFO] [stdout]   |                   ^^^^^^ use of undeclared crate or module `js_sys`
[INFO] [stdout] 
[INFO] [stdout] error[E0405]: cannot find trait `ToJsValue` in this scope
[INFO] [stdout]  --> src/lib.rs:38:6
[INFO] [stdout]   |
[INFO] [stdout] 3 | impl ToJsValue for Data {
[INFO] [stdout]   |      ^^^^^^^^^ not found in this scope
[INFO] [stdout]   |
[INFO] [stdout] help: consider importing this trait
[INFO] [stdout]   |
[INFO] [stdout] 2 + use ag_grid_core::convert::ToJsValue;
[INFO] [stdout]   |
[INFO] [stdout] 
[INFO] [stdout] error[E0412]: cannot find type `Data` in this scope
[INFO] [stdout]  --> src/lib.rs:38:20
[INFO] [stdout]   |
[INFO] [stdout] 3 | impl ToJsValue for Data {
[INFO] [stdout]   |                    ^^^^ not found in this scope
[INFO] [stdout]   |
[INFO] [stdout] help: consider importing one of these items
[INFO] [stdout]   |
[INFO] [stdout] 2 + use darling::ast::Data;
[INFO] [stdout]   |
[INFO] [stdout] 2 + use syn::Data;
[INFO] [stdout]   |
[INFO] [stdout] 
[INFO] [stdout] error[E0412]: cannot find type `JsValue` in this scope
[INFO] [stdout]  --> src/lib.rs:39:30
[INFO] [stdout]   |
[INFO] [stdout] 4 |     fn to_js_value(&self) -> JsValue {
[INFO] [stdout]   |                              ^^^^^^^ not found in this scope
[INFO] [stdout] 
[INFO] [stdout] error: aborting due to 4 previous errors
[INFO] [stdout] 
[INFO] [stdout] Some errors have detailed explanations: E0405, E0412, E0433.
[INFO] [stdout] For more information about an error, try `rustc --explain E0405`.
[INFO] [stdout] Couldn't compile the test.
[INFO] [stdout] 
[INFO] [stdout] failures:
[INFO] [stdout]     src/lib.rs - to_js_value (line 27)
[INFO] [stdout]     src/lib.rs - to_js_value (line 37)
[INFO] [stdout]     src/lib.rs - to_js_value (line 67)
[INFO] [stdout]     src/lib.rs - to_js_value (line 79)
[INFO] [stdout] 
[INFO] [stdout] test result: FAILED. 0 passed; 4 failed; 0 ignored; 0 measured; 0 filtered out; finished in 0.05s
[INFO] [stdout] 
[INFO] [stderr] error: doctest failed, to rerun pass `--doc`
[INFO] running `Command { std: "docker" "inspect" "b80eceaca5dba1d4f8b3daf50b1b8a395fcc77b97bc89706a13b2f8038e9ec7c", kill_on_drop: false }`
[INFO] running `Command { std: "docker" "rm" "-f" "b80eceaca5dba1d4f8b3daf50b1b8a395fcc77b97bc89706a13b2f8038e9ec7c", kill_on_drop: false }`
[INFO] [stdout] b80eceaca5dba1d4f8b3daf50b1b8a395fcc77b97bc89706a13b2f8038e9ec7c
