[INFO] fetching crate afe4404 0.2.4...
[INFO] testing afe4404-0.2.4 against 1.75.0 for beta-1.76-1
[INFO] extracting crate afe4404 0.2.4 into /workspace/builds/worker-2-tc1/source
[INFO] validating manifest of crates.io crate afe4404 0.2.4 on toolchain 1.75.0
[INFO] running `Command { std: CARGO_HOME="/workspace/cargo-home" RUSTUP_HOME="/workspace/rustup-home" "/workspace/cargo-home/bin/cargo" "+1.75.0" "metadata" "--manifest-path" "Cargo.toml" "--no-deps", kill_on_drop: false }`
[INFO] started tweaking crates.io crate afe4404 0.2.4
[INFO] finished tweaking crates.io crate afe4404 0.2.4
[INFO] tweaked toml for crates.io crate afe4404 0.2.4 written to /workspace/builds/worker-2-tc1/source/Cargo.toml
[INFO] running `Command { std: CARGO_HOME="/workspace/cargo-home" RUSTUP_HOME="/workspace/rustup-home" "/workspace/cargo-home/bin/cargo" "+1.75.0" "generate-lockfile" "--manifest-path" "Cargo.toml", kill_on_drop: false }`
[INFO] [stderr]     Updating crates.io index
[INFO] running `Command { std: CARGO_HOME="/workspace/cargo-home" RUSTUP_HOME="/workspace/rustup-home" "/workspace/cargo-home/bin/cargo" "+1.75.0" "fetch" "--manifest-path" "Cargo.toml", kill_on_drop: false }`
[INFO] [stderr]  Downloading crates ...
[INFO] [stderr]   Downloaded lock_api v0.4.11
[INFO] [stderr]   Downloaded codegen v0.2.0
[INFO] [stderr]   Downloaded modular-bitfield-impl v0.11.2
[INFO] [stderr]   Downloaded static_assertions v1.1.0
[INFO] [stderr]   Downloaded uom v0.33.0
[INFO] [stderr]   Downloaded thiserror-impl-no-std v2.0.2
[INFO] [stderr]   Downloaded scopeguard v1.2.0
[INFO] [stderr]   Downloaded modular-bitfield v0.11.2
[INFO] [stderr]   Downloaded thiserror-no-std v2.0.2
[INFO] running `Command { std: "docker" "create" "-v" "/var/lib/crater-agent-workspace/builds/worker-2-tc1/target:/opt/rustwide/target:rw,Z" "-v" "/var/lib/crater-agent-workspace/builds/worker-2-tc1/source:/opt/rustwide/workdir:ro,Z" "-v" "/var/lib/crater-agent-workspace/cargo-home:/opt/rustwide/cargo-home:ro,Z" "-v" "/var/lib/crater-agent-workspace/rustup-home:/opt/rustwide/rustup-home:ro,Z" "-e" "SOURCE_DIR=/opt/rustwide/workdir" "-e" "CARGO_TARGET_DIR=/opt/rustwide/target" "-e" "CARGO_HOME=/opt/rustwide/cargo-home" "-e" "RUSTUP_HOME=/opt/rustwide/rustup-home" "-w" "/opt/rustwide/workdir" "-m" "1610612736" "--user" "0:0" "--network" "none" "ghcr.io/rust-lang/crates-build-env/linux@sha256:2788e3201cd34a07e3172128adcd8b3090168a8e3bcc40d7c032b9dda1df7d1c" "/opt/rustwide/cargo-home/bin/cargo" "+1.75.0" "metadata" "--no-deps" "--format-version=1", kill_on_drop: false }`
[INFO] [stdout] a89c43feb2e697c0937ca7f1b7aee09eb1c94868e1aa0a3f01aaf48117599f0e
[INFO] running `Command { std: "docker" "start" "-a" "a89c43feb2e697c0937ca7f1b7aee09eb1c94868e1aa0a3f01aaf48117599f0e", kill_on_drop: false }`
[INFO] running `Command { std: "docker" "inspect" "a89c43feb2e697c0937ca7f1b7aee09eb1c94868e1aa0a3f01aaf48117599f0e", kill_on_drop: false }`
[INFO] running `Command { std: "docker" "rm" "-f" "a89c43feb2e697c0937ca7f1b7aee09eb1c94868e1aa0a3f01aaf48117599f0e", kill_on_drop: false }`
[INFO] [stdout] a89c43feb2e697c0937ca7f1b7aee09eb1c94868e1aa0a3f01aaf48117599f0e
[INFO] running `Command { std: "docker" "create" "-v" "/var/lib/crater-agent-workspace/builds/worker-2-tc1/target:/opt/rustwide/target:rw,Z" "-v" "/var/lib/crater-agent-workspace/builds/worker-2-tc1/source:/opt/rustwide/workdir:ro,Z" "-v" "/var/lib/crater-agent-workspace/cargo-home:/opt/rustwide/cargo-home:ro,Z" "-v" "/var/lib/crater-agent-workspace/rustup-home:/opt/rustwide/rustup-home:ro,Z" "-e" "SOURCE_DIR=/opt/rustwide/workdir" "-e" "CARGO_TARGET_DIR=/opt/rustwide/target" "-e" "CARGO_INCREMENTAL=0" "-e" "RUST_BACKTRACE=full" "-e" "RUSTFLAGS=--cap-lints=warn" "-e" "RUSTDOCFLAGS=--cap-lints=warn" "-e" "CARGO_HOME=/opt/rustwide/cargo-home" "-e" "RUSTUP_HOME=/opt/rustwide/rustup-home" "-w" "/opt/rustwide/workdir" "-m" "1610612736" "--user" "0:0" "--network" "none" "ghcr.io/rust-lang/crates-build-env/linux@sha256:2788e3201cd34a07e3172128adcd8b3090168a8e3bcc40d7c032b9dda1df7d1c" "/opt/rustwide/cargo-home/bin/cargo" "+1.75.0" "build" "--frozen" "--message-format=json", kill_on_drop: false }`
[INFO] [stdout] 670fa766a79f46270e4d0c99e5a8a0cf730ad24a4feddc78f4b16aa3c285b21d
[INFO] running `Command { std: "docker" "start" "-a" "670fa766a79f46270e4d0c99e5a8a0cf730ad24a4feddc78f4b16aa3c285b21d", kill_on_drop: false }`
[INFO] [stderr]    Compiling autocfg v1.1.0
[INFO] [stderr]    Compiling proc-macro2 v1.0.75
[INFO] [stderr]    Compiling unicode-ident v1.0.12
[INFO] [stderr]    Compiling syn v1.0.109
[INFO] [stderr]    Compiling hashbrown v0.12.3
[INFO] [stderr]    Compiling typenum v1.17.0
[INFO] [stderr]    Compiling scopeguard v1.2.0
[INFO] [stderr]    Compiling static_assertions v1.1.0
[INFO] [stderr]    Compiling embedded-hal v1.0.0-rc.3
[INFO] [stderr]    Compiling indexmap v1.9.3
[INFO] [stderr]    Compiling num-traits v0.2.17
[INFO] [stderr]    Compiling lock_api v0.4.11
[INFO] [stderr]    Compiling quote v1.0.35
[INFO] [stderr]    Compiling spin v0.9.8
[INFO] [stderr]    Compiling codegen v0.2.0
[INFO] [stderr]    Compiling afe4404 v0.2.4 (/opt/rustwide/workdir)
[INFO] [stderr]    Compiling uom v0.33.0
[INFO] [stderr]    Compiling modular-bitfield-impl v0.11.2
[INFO] [stderr]    Compiling thiserror-impl-no-std v2.0.2
[INFO] [stderr]    Compiling thiserror-no-std v2.0.2
[INFO] [stderr]    Compiling modular-bitfield v0.11.2
[INFO] [stderr]     Finished dev [unoptimized + debuginfo] target(s) in 11.86s
[INFO] running `Command { std: "docker" "inspect" "670fa766a79f46270e4d0c99e5a8a0cf730ad24a4feddc78f4b16aa3c285b21d", kill_on_drop: false }`
[INFO] running `Command { std: "docker" "rm" "-f" "670fa766a79f46270e4d0c99e5a8a0cf730ad24a4feddc78f4b16aa3c285b21d", kill_on_drop: false }`
[INFO] [stdout] 670fa766a79f46270e4d0c99e5a8a0cf730ad24a4feddc78f4b16aa3c285b21d
[INFO] running `Command { std: "docker" "create" "-v" "/var/lib/crater-agent-workspace/builds/worker-2-tc1/target:/opt/rustwide/target:rw,Z" "-v" "/var/lib/crater-agent-workspace/builds/worker-2-tc1/source:/opt/rustwide/workdir:ro,Z" "-v" "/var/lib/crater-agent-workspace/cargo-home:/opt/rustwide/cargo-home:ro,Z" "-v" "/var/lib/crater-agent-workspace/rustup-home:/opt/rustwide/rustup-home:ro,Z" "-e" "SOURCE_DIR=/opt/rustwide/workdir" "-e" "CARGO_TARGET_DIR=/opt/rustwide/target" "-e" "CARGO_INCREMENTAL=0" "-e" "RUST_BACKTRACE=full" "-e" "RUSTFLAGS=--cap-lints=warn" "-e" "RUSTDOCFLAGS=--cap-lints=warn" "-e" "CARGO_HOME=/opt/rustwide/cargo-home" "-e" "RUSTUP_HOME=/opt/rustwide/rustup-home" "-w" "/opt/rustwide/workdir" "-m" "1610612736" "--user" "0:0" "--network" "none" "ghcr.io/rust-lang/crates-build-env/linux@sha256:2788e3201cd34a07e3172128adcd8b3090168a8e3bcc40d7c032b9dda1df7d1c" "/opt/rustwide/cargo-home/bin/cargo" "+1.75.0" "test" "--frozen" "--no-run" "--message-format=json", kill_on_drop: false }`
[INFO] [stdout] feb07d50909dd1ed12f2e54598bcf84016f58244593029fef3b86442c58a6508
[INFO] running `Command { std: "docker" "start" "-a" "feb07d50909dd1ed12f2e54598bcf84016f58244593029fef3b86442c58a6508", kill_on_drop: false }`
[INFO] [stderr]    Compiling afe4404 v0.2.4 (/opt/rustwide/workdir)
[INFO] [stderr]     Finished test [unoptimized + debuginfo] target(s) in 1.38s
[INFO] running `Command { std: "docker" "inspect" "feb07d50909dd1ed12f2e54598bcf84016f58244593029fef3b86442c58a6508", kill_on_drop: false }`
[INFO] running `Command { std: "docker" "rm" "-f" "feb07d50909dd1ed12f2e54598bcf84016f58244593029fef3b86442c58a6508", kill_on_drop: false }`
[INFO] [stdout] feb07d50909dd1ed12f2e54598bcf84016f58244593029fef3b86442c58a6508
[INFO] running `Command { std: "docker" "create" "-v" "/var/lib/crater-agent-workspace/builds/worker-2-tc1/target:/opt/rustwide/target:rw,Z" "-v" "/var/lib/crater-agent-workspace/builds/worker-2-tc1/source:/opt/rustwide/workdir:ro,Z" "-v" "/var/lib/crater-agent-workspace/cargo-home:/opt/rustwide/cargo-home:ro,Z" "-v" "/var/lib/crater-agent-workspace/rustup-home:/opt/rustwide/rustup-home:ro,Z" "-e" "SOURCE_DIR=/opt/rustwide/workdir" "-e" "CARGO_TARGET_DIR=/opt/rustwide/target" "-e" "CARGO_INCREMENTAL=0" "-e" "RUST_BACKTRACE=full" "-e" "RUSTFLAGS=--cap-lints=warn" "-e" "RUSTDOCFLAGS=--cap-lints=warn" "-e" "CARGO_HOME=/opt/rustwide/cargo-home" "-e" "RUSTUP_HOME=/opt/rustwide/rustup-home" "-w" "/opt/rustwide/workdir" "-m" "1610612736" "--user" "0:0" "--network" "none" "ghcr.io/rust-lang/crates-build-env/linux@sha256:2788e3201cd34a07e3172128adcd8b3090168a8e3bcc40d7c032b9dda1df7d1c" "/opt/rustwide/cargo-home/bin/cargo" "+1.75.0" "test" "--frozen", kill_on_drop: false }`
[INFO] [stdout] 5d7401299425b938426db1201cf9ad607e24c13282a44b952a3fedf6f2bcc21c
[INFO] running `Command { std: "docker" "start" "-a" "5d7401299425b938426db1201cf9ad607e24c13282a44b952a3fedf6f2bcc21c", kill_on_drop: false }`
[INFO] [stderr]     Finished test [unoptimized + debuginfo] target(s) in 0.01s
[INFO] [stderr]      Running unittests src/lib.rs (/opt/rustwide/target/debug/deps/afe4404-198f254b2095cc82)
[INFO] [stdout] 
[INFO] [stdout] running 0 tests
[INFO] [stdout] 
[INFO] [stdout] test result: ok. 0 passed; 0 failed; 0 ignored; 0 measured; 0 filtered out; finished in 0.00s
[INFO] [stdout] 
[INFO] [stderr]    Doc-tests afe4404
[INFO] [stdout] 
[INFO] [stdout] running 5 tests
[INFO] [stdout] test src/lib.rs - (line 65) ... FAILED
[INFO] [stdout] test src/lib.rs - (line 57) ... FAILED
[INFO] [stdout] test src/lib.rs - (line 28) ... FAILED
[INFO] [stdout] test src/lib.rs - (line 34) ... FAILED
[INFO] [stdout] test src/lib.rs - (line 46) ... FAILED
[INFO] [stdout] 
[INFO] [stdout] failures:
[INFO] [stdout] 
[INFO] [stdout] ---- src/lib.rs - (line 65) stdout ----
[INFO] [stdout] error[E0425]: cannot find value `frontend` in this scope
[INFO] [stdout]  --> src/lib.rs:66:14
[INFO] [stdout]   |
[INFO] [stdout] 3 | let sample = frontend.read();
[INFO] [stdout]   |              ^^^^^^^^ not found in this scope
[INFO] [stdout] 
[INFO] [stdout] error: aborting due to previous error
[INFO] [stdout] 
[INFO] [stdout] For more information about this error, try `rustc --explain E0425`.
[INFO] [stdout] Couldn't compile the test.
[INFO] [stdout] ---- src/lib.rs - (line 57) stdout ----
[INFO] [stdout] error[E0425]: cannot find value `frontend` in this scope
[INFO] [stdout]  --> src/lib.rs:58:1
[INFO] [stdout]   |
[INFO] [stdout] 3 | frontend
[INFO] [stdout]   | ^^^^^^^^ not found in this scope
[INFO] [stdout] 
[INFO] [stdout] error[E0433]: failed to resolve: use of undeclared type `ClockConfiguration`
[INFO] [stdout]  --> src/lib.rs:59:23
[INFO] [stdout]   |
[INFO] [stdout] 4 |     .set_clock_source(ClockConfiguration::Internal)
[INFO] [stdout]   |                       ^^^^^^^^^^^^^^^^^^ use of undeclared type `ClockConfiguration`
[INFO] [stdout]   |
[INFO] [stdout] help: consider importing this enum
[INFO] [stdout]   |
[INFO] [stdout] 2 + use afe4404::clock::ClockConfiguration;
[INFO] [stdout]   |
[INFO] [stdout] 
[INFO] [stdout] error: aborting due to 2 previous errors
[INFO] [stdout] 
[INFO] [stdout] Some errors have detailed explanations: E0425, E0433.
[INFO] [stdout] For more information about an error, try `rustc --explain E0425`.
[INFO] [stdout] Couldn't compile the test.
[INFO] [stdout] ---- src/lib.rs - (line 28) stdout ----
[INFO] [stdout] error[E0433]: failed to resolve: use of undeclared type `AFE4404`
[INFO] [stdout]  --> src/lib.rs:29:20
[INFO] [stdout]   |
[INFO] [stdout] 3 | let mut frontend = AFE4404::with_three_leds(i2c, 0x58u8, Frequency::new::<megahertz>(4.0));
[INFO] [stdout]   |                    ^^^^^^^ use of undeclared type `AFE4404`
[INFO] [stdout]   |
[INFO] [stdout] help: consider importing this struct
[INFO] [stdout]   |
[INFO] [stdout] 2 + use afe4404::device::AFE4404;
[INFO] [stdout]   |
[INFO] [stdout] 
[INFO] [stdout] error[E0425]: cannot find value `i2c` in this scope
[INFO] [stdout]  --> src/lib.rs:29:45
[INFO] [stdout]   |
[INFO] [stdout] 3 | let mut frontend = AFE4404::with_three_leds(i2c, 0x58u8, Frequency::new::<megahertz>(4.0));
[INFO] [stdout]   |                                             ^^^ not found in this scope
[INFO] [stdout] 
[INFO] [stdout] error[E0433]: failed to resolve: use of undeclared type `Frequency`
[INFO] [stdout]  --> src/lib.rs:29:58
[INFO] [stdout]   |
[INFO] [stdout] 3 | let mut frontend = AFE4404::with_three_leds(i2c, 0x58u8, Frequency::new::<megahertz>(4.0));
[INFO] [stdout]   |                                                          ^^^^^^^^^ use of undeclared type `Frequency`
[INFO] [stdout]   |
[INFO] [stdout] help: consider importing one of these items
[INFO] [stdout]   |
[INFO] [stdout] 2 + use uom::si::f32::Frequency;
[INFO] [stdout]   |
[INFO] [stdout] 2 + use uom::si::f64::Frequency;
[INFO] [stdout]   |
[INFO] [stdout] 2 + use uom::si::frequency::Frequency;
[INFO] [stdout]   |
[INFO] [stdout] 2 + use uom::si::quantities::Frequency;
[INFO] [stdout]   |
[INFO] [stdout] 
[INFO] [stdout] error[E0412]: cannot find type `megahertz` in this scope
[INFO] [stdout]  --> src/lib.rs:29:75
[INFO] [stdout]   |
[INFO] [stdout] 3 | let mut frontend = AFE4404::with_three_leds(i2c, 0x58u8, Frequency::new::<megahertz>(4.0));
[INFO] [stdout]   |                                                                           ^^^^^^^^^ not found in this scope
[INFO] [stdout]   |
[INFO] [stdout] help: consider importing this struct
[INFO] [stdout]   |
[INFO] [stdout] 2 + use uom::si::frequency::megahertz;
[INFO] [stdout]   |
[INFO] [stdout] 
[INFO] [stdout] error: aborting due to 4 previous errors
[INFO] [stdout] 
[INFO] [stdout] Some errors have detailed explanations: E0412, E0425, E0433.
[INFO] [stdout] For more information about an error, try `rustc --explain E0412`.
[INFO] [stdout] Couldn't compile the test.
[INFO] [stdout] ---- src/lib.rs - (line 34) stdout ----
[INFO] [stdout] error[E0425]: cannot find value `frontend` in this scope
[INFO] [stdout]  --> src/lib.rs:35:1
[INFO] [stdout]   |
[INFO] [stdout] 3 | frontend
[INFO] [stdout]   | ^^^^^^^^ not found in this scope
[INFO] [stdout] 
[INFO] [stdout] error[E0433]: failed to resolve: use of undeclared type `LedCurrentConfiguration`
[INFO] [stdout]  --> src/lib.rs:36:24
[INFO] [stdout]   |
[INFO] [stdout] 4 |     .set_leds_current(&LedCurrentConfiguration::<ThreeLedsMode>::new(
[INFO] [stdout]   |                        ^^^^^^^^^^^^^^^^^^^^^^^ use of undeclared type `LedCurrentConfiguration`
[INFO] [stdout]   |
[INFO] [stdout] help: consider importing this struct
[INFO] [stdout]   |
[INFO] [stdout] 2 + use afe4404::led_current::LedCurrentConfiguration;
[INFO] [stdout]   |
[INFO] [stdout] 
[INFO] [stdout] error[E0412]: cannot find type `ThreeLedsMode` in this scope
[INFO] [stdout]  --> src/lib.rs:36:50
[INFO] [stdout]   |
[INFO] [stdout] 4 |     .set_leds_current(&LedCurrentConfiguration::<ThreeLedsMode>::new(
[INFO] [stdout]   |                                                  ^^^^^^^^^^^^^ not found in this scope
[INFO] [stdout]   |
[INFO] [stdout] help: consider importing this struct
[INFO] [stdout]   |
[INFO] [stdout] 2 + use afe4404::modes::ThreeLedsMode;
[INFO] [stdout]   |
[INFO] [stdout] 
[INFO] [stdout] error[E0433]: failed to resolve: use of undeclared type `ElectricCurrent`
[INFO] [stdout]  --> src/lib.rs:37:9
[INFO] [stdout]   |
[INFO] [stdout] 5 |         ElectricCurrent::new::<milliampere>(60.0),
[INFO] [stdout]   |         ^^^^^^^^^^^^^^^ use of undeclared type `ElectricCurrent`
[INFO] [stdout]   |
[INFO] [stdout] help: consider importing one of these items
[INFO] [stdout]   |
[INFO] [stdout] 2 + use uom::si::electric_current::ElectricCurrent;
[INFO] [stdout]   |
[INFO] [stdout] 2 + use uom::si::f32::ElectricCurrent;
[INFO] [stdout]   |
[INFO] [stdout] 2 + use uom::si::f64::ElectricCurrent;
[INFO] [stdout]   |
[INFO] [stdout] 2 + use uom::si::quantities::ElectricCurrent;
[INFO] [stdout]   |
[INFO] [stdout] 
[INFO] [stdout] error[E0412]: cannot find type `milliampere` in this scope
[INFO] [stdout]  --> src/lib.rs:37:32
[INFO] [stdout]   |
[INFO] [stdout] 5 |         ElectricCurrent::new::<milliampere>(60.0),
[INFO] [stdout]   |                                ^^^^^^^^^^^ not found in this scope
[INFO] [stdout]   |
[INFO] [stdout] help: consider importing this struct
[INFO] [stdout]   |
[INFO] [stdout] 2 + use uom::si::electric_current::milliampere;
[INFO] [stdout]   |
[INFO] [stdout] 
[INFO] [stdout] error[E0433]: failed to resolve: use of undeclared type `ElectricCurrent`
[INFO] [stdout]  --> src/lib.rs:38:9
[INFO] [stdout]   |
[INFO] [stdout] 6 |         ElectricCurrent::new::<milliampere>(10.0),
[INFO] [stdout]   |         ^^^^^^^^^^^^^^^ use of undeclared type `ElectricCurrent`
[INFO] [stdout]   |
[INFO] [stdout] help: consider importing one of these items
[INFO] [stdout]   |
[INFO] [stdout] 2 + use uom::si::electric_current::ElectricCurrent;
[INFO] [stdout]   |
[INFO] [stdout] 2 + use uom::si::f32::ElectricCurrent;
[INFO] [stdout]   |
[INFO] [stdout] 2 + use uom::si::f64::ElectricCurrent;
[INFO] [stdout]   |
[INFO] [stdout] 2 + use uom::si::quantities::ElectricCurrent;
[INFO] [stdout]   |
[INFO] [stdout] 
[INFO] [stdout] error[E0412]: cannot find type `milliampere` in this scope
[INFO] [stdout]  --> src/lib.rs:38:32
[INFO] [stdout]   |
[INFO] [stdout] 6 |         ElectricCurrent::new::<milliampere>(10.0),
[INFO] [stdout]   |                                ^^^^^^^^^^^ not found in this scope
[INFO] [stdout]   |
[INFO] [stdout] help: consider importing this struct
[INFO] [stdout]   |
[INFO] [stdout] 2 + use uom::si::electric_current::milliampere;
[INFO] [stdout]   |
[INFO] [stdout] 
[INFO] [stdout] error[E0433]: failed to resolve: use of undeclared type `ElectricCurrent`
[INFO] [stdout]  --> src/lib.rs:39:9
[INFO] [stdout]   |
[INFO] [stdout] 7 |         ElectricCurrent::new::<milliampere>(10.0),
[INFO] [stdout]   |         ^^^^^^^^^^^^^^^ use of undeclared type `ElectricCurrent`
[INFO] [stdout]   |
[INFO] [stdout] help: consider importing one of these items
[INFO] [stdout]   |
[INFO] [stdout] 2 + use uom::si::electric_current::ElectricCurrent;
[INFO] [stdout]   |
[INFO] [stdout] 2 + use uom::si::f32::ElectricCurrent;
[INFO] [stdout]   |
[INFO] [stdout] 2 + use uom::si::f64::ElectricCurrent;
[INFO] [stdout]   |
[INFO] [stdout] 2 + use uom::si::quantities::ElectricCurrent;
[INFO] [stdout]   |
[INFO] [stdout] 
[INFO] [stdout] error[E0412]: cannot find type `milliampere` in this scope
[INFO] [stdout]  --> src/lib.rs:39:32
[INFO] [stdout]   |
[INFO] [stdout] 7 |         ElectricCurrent::new::<milliampere>(10.0),
[INFO] [stdout]   |                                ^^^^^^^^^^^ not found in this scope
[INFO] [stdout]   |
[INFO] [stdout] help: consider importing this struct
[INFO] [stdout]   |
[INFO] [stdout] 2 + use uom::si::electric_current::milliampere;
[INFO] [stdout]   |
[INFO] [stdout] 
[INFO] [stdout] error: aborting due to 9 previous errors
[INFO] [stdout] 
[INFO] [stdout] Some errors have detailed explanations: E0412, E0425, E0433.
[INFO] [stdout] For more information about an error, try `rustc --explain E0412`.
[INFO] [stdout] Couldn't compile the test.
[INFO] [stdout] ---- src/lib.rs - (line 46) stdout ----
[INFO] [stdout] error[E0425]: cannot find value `frontend` in this scope
[INFO] [stdout]  --> src/lib.rs:47:1
[INFO] [stdout]   |
[INFO] [stdout] 3 | frontend
[INFO] [stdout]   | ^^^^^^^^ not found in this scope
[INFO] [stdout] 
[INFO] [stdout] error[E0433]: failed to resolve: use of undeclared type `ResistorConfiguration`
[INFO] [stdout]  --> src/lib.rs:48:25
[INFO] [stdout]   |
[INFO] [stdout] 4 |     .set_tia_resistors(&ResistorConfiguration::<ThreeLedsMode>::new(
[INFO] [stdout]   |                         ^^^^^^^^^^^^^^^^^^^^^ use of undeclared type `ResistorConfiguration`
[INFO] [stdout]   |
[INFO] [stdout] help: consider importing this struct
[INFO] [stdout]   |
[INFO] [stdout] 2 + use afe4404::tia::ResistorConfiguration;
[INFO] [stdout]   |
[INFO] [stdout] 
[INFO] [stdout] error[E0412]: cannot find type `ThreeLedsMode` in this scope
[INFO] [stdout]  --> src/lib.rs:48:49
[INFO] [stdout]   |
[INFO] [stdout] 4 |     .set_tia_resistors(&ResistorConfiguration::<ThreeLedsMode>::new(
[INFO] [stdout]   |                                                 ^^^^^^^^^^^^^ not found in this scope
[INFO] [stdout]   |
[INFO] [stdout] help: consider importing this struct
[INFO] [stdout]   |
[INFO] [stdout] 2 + use afe4404::modes::ThreeLedsMode;
[INFO] [stdout]   |
[INFO] [stdout] 
[INFO] [stdout] error[E0433]: failed to resolve: use of undeclared type `ElectricalResistance`
[INFO] [stdout]  --> src/lib.rs:49:9
[INFO] [stdout]   |
[INFO] [stdout] 5 |         ElectricalResistance::new::<kiloohm>(250.0),
[INFO] [stdout]   |         ^^^^^^^^^^^^^^^^^^^^ use of undeclared type `ElectricalResistance`
[INFO] [stdout]   |
[INFO] [stdout] help: consider importing one of these items
[INFO] [stdout]   |
[INFO] [stdout] 2 + use uom::si::electrical_resistance::ElectricalResistance;
[INFO] [stdout]   |
[INFO] [stdout] 2 + use uom::si::f32::ElectricalResistance;
[INFO] [stdout]   |
[INFO] [stdout] 2 + use uom::si::f64::ElectricalResistance;
[INFO] [stdout]   |
[INFO] [stdout] 2 + use uom::si::quantities::ElectricalResistance;
[INFO] [stdout]   |
[INFO] [stdout] 
[INFO] [stdout] error[E0412]: cannot find type `kiloohm` in this scope
[INFO] [stdout]  --> src/lib.rs:49:37
[INFO] [stdout]   |
[INFO] [stdout] 5 |         ElectricalResistance::new::<kiloohm>(250.0),
[INFO] [stdout]   |                                     ^^^^^^^ not found in this scope
[INFO] [stdout]   |
[INFO] [stdout] help: consider importing this struct
[INFO] [stdout]   |
[INFO] [stdout] 2 + use uom::si::electrical_resistance::kiloohm;
[INFO] [stdout]   |
[INFO] [stdout] 
[INFO] [stdout] error[E0433]: failed to resolve: use of undeclared type `ElectricalResistance`
[INFO] [stdout]  --> src/lib.rs:50:9
[INFO] [stdout]   |
[INFO] [stdout] 6 |         ElectricalResistance::new::<kiloohm>(100.0),
[INFO] [stdout]   |         ^^^^^^^^^^^^^^^^^^^^ use of undeclared type `ElectricalResistance`
[INFO] [stdout]   |
[INFO] [stdout] help: consider importing one of these items
[INFO] [stdout]   |
[INFO] [stdout] 2 + use uom::si::electrical_resistance::ElectricalResistance;
[INFO] [stdout]   |
[INFO] [stdout] 2 + use uom::si::f32::ElectricalResistance;
[INFO] [stdout]   |
[INFO] [stdout] 2 + use uom::si::f64::ElectricalResistance;
[INFO] [stdout]   |
[INFO] [stdout] 2 + use uom::si::quantities::ElectricalResistance;
[INFO] [stdout]   |
[INFO] [stdout] 
[INFO] [stdout] error[E0412]: cannot find type `kiloohm` in this scope
[INFO] [stdout]  --> src/lib.rs:50:37
[INFO] [stdout]   |
[INFO] [stdout] 6 |         ElectricalResistance::new::<kiloohm>(100.0),
[INFO] [stdout]   |                                     ^^^^^^^ not found in this scope
[INFO] [stdout]   |
[INFO] [stdout] help: consider importing this struct
[INFO] [stdout]   |
[INFO] [stdout] 2 + use uom::si::electrical_resistance::kiloohm;
[INFO] [stdout]   |
[INFO] [stdout] 
[INFO] [stdout] error: aborting due to 7 previous errors
[INFO] [stdout] 
[INFO] [stdout] Some errors have detailed explanations: E0412, E0425, E0433.
[INFO] [stdout] For more information about an error, try `rustc --explain E0412`.
[INFO] [stdout] Couldn't compile the test.
[INFO] [stdout] 
[INFO] [stdout] failures:
[INFO] [stdout]     src/lib.rs - (line 28)
[INFO] [stdout]     src/lib.rs - (line 34)
[INFO] [stdout]     src/lib.rs - (line 46)
[INFO] [stdout]     src/lib.rs - (line 57)
[INFO] [stdout]     src/lib.rs - (line 65)
[INFO] [stdout] 
[INFO] [stdout] test result: FAILED. 0 passed; 5 failed; 0 ignored; 0 measured; 0 filtered out; finished in 0.06s
[INFO] [stdout] 
[INFO] [stderr] error: doctest failed, to rerun pass `--doc`
[INFO] running `Command { std: "docker" "inspect" "5d7401299425b938426db1201cf9ad607e24c13282a44b952a3fedf6f2bcc21c", kill_on_drop: false }`
[INFO] running `Command { std: "docker" "rm" "-f" "5d7401299425b938426db1201cf9ad607e24c13282a44b952a3fedf6f2bcc21c", kill_on_drop: false }`
[INFO] [stdout] 5d7401299425b938426db1201cf9ad607e24c13282a44b952a3fedf6f2bcc21c
[INFO] testing afe4404-0.2.4 against beta-2023-12-22 for beta-1.76-1
[INFO] extracting crate afe4404 0.2.4 into /workspace/builds/worker-2-tc2/source
[INFO] validating manifest of crates.io crate afe4404 0.2.4 on toolchain beta-2023-12-22
[INFO] running `Command { std: CARGO_HOME="/workspace/cargo-home" RUSTUP_HOME="/workspace/rustup-home" "/workspace/cargo-home/bin/cargo" "+beta-2023-12-22" "metadata" "--manifest-path" "Cargo.toml" "--no-deps", kill_on_drop: false }`
[INFO] started tweaking crates.io crate afe4404 0.2.4
[INFO] finished tweaking crates.io crate afe4404 0.2.4
[INFO] tweaked toml for crates.io crate afe4404 0.2.4 written to /workspace/builds/worker-2-tc2/source/Cargo.toml
[INFO] running `Command { std: CARGO_HOME="/workspace/cargo-home" RUSTUP_HOME="/workspace/rustup-home" "/workspace/cargo-home/bin/cargo" "+beta-2023-12-22" "generate-lockfile" "--manifest-path" "Cargo.toml", kill_on_drop: false }`
[INFO] [stderr]     Updating crates.io index
[INFO] running `Command { std: CARGO_HOME="/workspace/cargo-home" RUSTUP_HOME="/workspace/rustup-home" "/workspace/cargo-home/bin/cargo" "+beta-2023-12-22" "fetch" "--manifest-path" "Cargo.toml", kill_on_drop: false }`
[INFO] running `Command { std: "docker" "create" "-v" "/var/lib/crater-agent-workspace/builds/worker-2-tc2/target:/opt/rustwide/target:rw,Z" "-v" "/var/lib/crater-agent-workspace/builds/worker-2-tc2/source:/opt/rustwide/workdir:ro,Z" "-v" "/var/lib/crater-agent-workspace/cargo-home:/opt/rustwide/cargo-home:ro,Z" "-v" "/var/lib/crater-agent-workspace/rustup-home:/opt/rustwide/rustup-home:ro,Z" "-e" "SOURCE_DIR=/opt/rustwide/workdir" "-e" "CARGO_TARGET_DIR=/opt/rustwide/target" "-e" "CARGO_HOME=/opt/rustwide/cargo-home" "-e" "RUSTUP_HOME=/opt/rustwide/rustup-home" "-w" "/opt/rustwide/workdir" "-m" "1610612736" "--user" "0:0" "--network" "none" "ghcr.io/rust-lang/crates-build-env/linux@sha256:2788e3201cd34a07e3172128adcd8b3090168a8e3bcc40d7c032b9dda1df7d1c" "/opt/rustwide/cargo-home/bin/cargo" "+beta-2023-12-22" "metadata" "--no-deps" "--format-version=1", kill_on_drop: false }`
[INFO] [stdout] 1dede28fc345811b89f8cccafd340222c89fe652afe4c7b6873abecfb535a39c
[INFO] running `Command { std: "docker" "start" "-a" "1dede28fc345811b89f8cccafd340222c89fe652afe4c7b6873abecfb535a39c", kill_on_drop: false }`
[INFO] running `Command { std: "docker" "inspect" "1dede28fc345811b89f8cccafd340222c89fe652afe4c7b6873abecfb535a39c", kill_on_drop: false }`
[INFO] running `Command { std: "docker" "rm" "-f" "1dede28fc345811b89f8cccafd340222c89fe652afe4c7b6873abecfb535a39c", kill_on_drop: false }`
[INFO] [stdout] 1dede28fc345811b89f8cccafd340222c89fe652afe4c7b6873abecfb535a39c
[INFO] running `Command { std: "docker" "create" "-v" "/var/lib/crater-agent-workspace/builds/worker-2-tc2/target:/opt/rustwide/target:rw,Z" "-v" "/var/lib/crater-agent-workspace/builds/worker-2-tc2/source:/opt/rustwide/workdir:ro,Z" "-v" "/var/lib/crater-agent-workspace/cargo-home:/opt/rustwide/cargo-home:ro,Z" "-v" "/var/lib/crater-agent-workspace/rustup-home:/opt/rustwide/rustup-home:ro,Z" "-e" "SOURCE_DIR=/opt/rustwide/workdir" "-e" "CARGO_TARGET_DIR=/opt/rustwide/target" "-e" "CARGO_INCREMENTAL=0" "-e" "RUST_BACKTRACE=full" "-e" "RUSTFLAGS=--cap-lints=warn" "-e" "RUSTDOCFLAGS=--cap-lints=warn" "-e" "CARGO_HOME=/opt/rustwide/cargo-home" "-e" "RUSTUP_HOME=/opt/rustwide/rustup-home" "-w" "/opt/rustwide/workdir" "-m" "1610612736" "--user" "0:0" "--network" "none" "ghcr.io/rust-lang/crates-build-env/linux@sha256:2788e3201cd34a07e3172128adcd8b3090168a8e3bcc40d7c032b9dda1df7d1c" "/opt/rustwide/cargo-home/bin/cargo" "+beta-2023-12-22" "build" "--frozen" "--message-format=json", kill_on_drop: false }`
[INFO] [stdout] d8bb946b89a7f9bee01959b6e1f39f9a8a0911293f7c643c0586ceb916536a4a
[INFO] running `Command { std: "docker" "start" "-a" "d8bb946b89a7f9bee01959b6e1f39f9a8a0911293f7c643c0586ceb916536a4a", kill_on_drop: false }`
[INFO] [stderr]    Compiling autocfg v1.1.0
[INFO] [stderr]    Compiling proc-macro2 v1.0.75
[INFO] [stderr]    Compiling unicode-ident v1.0.12
[INFO] [stderr]    Compiling syn v1.0.109
[INFO] [stderr]    Compiling hashbrown v0.12.3
[INFO] [stderr]    Compiling typenum v1.17.0
[INFO] [stderr]    Compiling scopeguard v1.2.0
[INFO] [stderr]    Compiling static_assertions v1.1.0
[INFO] [stderr]    Compiling embedded-hal v1.0.0-rc.3
[INFO] [stderr]    Compiling indexmap v1.9.3
[INFO] [stderr]    Compiling lock_api v0.4.11
[INFO] [stderr]    Compiling num-traits v0.2.17
[INFO] [stderr]    Compiling spin v0.9.8
[INFO] [stderr]    Compiling quote v1.0.35
[INFO] [stderr]    Compiling codegen v0.2.0
[INFO] [stderr]    Compiling afe4404 v0.2.4 (/opt/rustwide/workdir)
[INFO] [stderr]    Compiling uom v0.33.0
[INFO] [stderr]    Compiling modular-bitfield-impl v0.11.2
[INFO] [stderr]    Compiling thiserror-impl-no-std v2.0.2
[INFO] [stderr]    Compiling thiserror-no-std v2.0.2
[INFO] [stderr]    Compiling modular-bitfield v0.11.2
[INFO] [stderr]     Finished dev [unoptimized + debuginfo] target(s) in 11.48s
[INFO] running `Command { std: "docker" "inspect" "d8bb946b89a7f9bee01959b6e1f39f9a8a0911293f7c643c0586ceb916536a4a", kill_on_drop: false }`
[INFO] running `Command { std: "docker" "rm" "-f" "d8bb946b89a7f9bee01959b6e1f39f9a8a0911293f7c643c0586ceb916536a4a", kill_on_drop: false }`
[INFO] [stdout] d8bb946b89a7f9bee01959b6e1f39f9a8a0911293f7c643c0586ceb916536a4a
[INFO] running `Command { std: "docker" "create" "-v" "/var/lib/crater-agent-workspace/builds/worker-2-tc2/target:/opt/rustwide/target:rw,Z" "-v" "/var/lib/crater-agent-workspace/builds/worker-2-tc2/source:/opt/rustwide/workdir:ro,Z" "-v" "/var/lib/crater-agent-workspace/cargo-home:/opt/rustwide/cargo-home:ro,Z" "-v" "/var/lib/crater-agent-workspace/rustup-home:/opt/rustwide/rustup-home:ro,Z" "-e" "SOURCE_DIR=/opt/rustwide/workdir" "-e" "CARGO_TARGET_DIR=/opt/rustwide/target" "-e" "CARGO_INCREMENTAL=0" "-e" "RUST_BACKTRACE=full" "-e" "RUSTFLAGS=--cap-lints=warn" "-e" "RUSTDOCFLAGS=--cap-lints=warn" "-e" "CARGO_HOME=/opt/rustwide/cargo-home" "-e" "RUSTUP_HOME=/opt/rustwide/rustup-home" "-w" "/opt/rustwide/workdir" "-m" "1610612736" "--user" "0:0" "--network" "none" "ghcr.io/rust-lang/crates-build-env/linux@sha256:2788e3201cd34a07e3172128adcd8b3090168a8e3bcc40d7c032b9dda1df7d1c" "/opt/rustwide/cargo-home/bin/cargo" "+beta-2023-12-22" "test" "--frozen" "--no-run" "--message-format=json", kill_on_drop: false }`
[INFO] [stdout] 9baef5eb62f4f70a0e933df1c85f586fdd516c0dee0e208cd05e07260f95a378
[INFO] running `Command { std: "docker" "start" "-a" "9baef5eb62f4f70a0e933df1c85f586fdd516c0dee0e208cd05e07260f95a378", kill_on_drop: false }`
[INFO] [stderr]    Compiling afe4404 v0.2.4 (/opt/rustwide/workdir)
[INFO] [stderr]     Finished test [unoptimized + debuginfo] target(s) in 1.34s
[INFO] running `Command { std: "docker" "inspect" "9baef5eb62f4f70a0e933df1c85f586fdd516c0dee0e208cd05e07260f95a378", kill_on_drop: false }`
[INFO] running `Command { std: "docker" "rm" "-f" "9baef5eb62f4f70a0e933df1c85f586fdd516c0dee0e208cd05e07260f95a378", kill_on_drop: false }`
[INFO] [stdout] 9baef5eb62f4f70a0e933df1c85f586fdd516c0dee0e208cd05e07260f95a378
[INFO] running `Command { std: "docker" "create" "-v" "/var/lib/crater-agent-workspace/builds/worker-2-tc2/target:/opt/rustwide/target:rw,Z" "-v" "/var/lib/crater-agent-workspace/builds/worker-2-tc2/source:/opt/rustwide/workdir:ro,Z" "-v" "/var/lib/crater-agent-workspace/cargo-home:/opt/rustwide/cargo-home:ro,Z" "-v" "/var/lib/crater-agent-workspace/rustup-home:/opt/rustwide/rustup-home:ro,Z" "-e" "SOURCE_DIR=/opt/rustwide/workdir" "-e" "CARGO_TARGET_DIR=/opt/rustwide/target" "-e" "CARGO_INCREMENTAL=0" "-e" "RUST_BACKTRACE=full" "-e" "RUSTFLAGS=--cap-lints=warn" "-e" "RUSTDOCFLAGS=--cap-lints=warn" "-e" "CARGO_HOME=/opt/rustwide/cargo-home" "-e" "RUSTUP_HOME=/opt/rustwide/rustup-home" "-w" "/opt/rustwide/workdir" "-m" "1610612736" "--user" "0:0" "--network" "none" "ghcr.io/rust-lang/crates-build-env/linux@sha256:2788e3201cd34a07e3172128adcd8b3090168a8e3bcc40d7c032b9dda1df7d1c" "/opt/rustwide/cargo-home/bin/cargo" "+beta-2023-12-22" "test" "--frozen", kill_on_drop: false }`
[INFO] [stdout] 6b39efe8d6bf871dd6310cce7b99d0b3256c4f295c9eca165fa6215886608116
[INFO] running `Command { std: "docker" "start" "-a" "6b39efe8d6bf871dd6310cce7b99d0b3256c4f295c9eca165fa6215886608116", kill_on_drop: false }`
[INFO] [stderr]     Finished test [unoptimized + debuginfo] target(s) in 0.02s
[INFO] [stderr]      Running unittests src/lib.rs (/opt/rustwide/target/debug/deps/afe4404-22e8e7e2d817a3c3)
[INFO] [stdout] 
[INFO] [stdout] running 0 tests
[INFO] [stdout] 
[INFO] [stdout] test result: ok. 0 passed; 0 failed; 0 ignored; 0 measured; 0 filtered out; finished in 0.00s
[INFO] [stdout] 
[INFO] [stderr]    Doc-tests afe4404
[INFO] [stdout] 
[INFO] [stdout] running 5 tests
[INFO] [stdout] test src/lib.rs - (line 65) ... FAILED
[INFO] [stdout] test src/lib.rs - (line 28) ... FAILED
[INFO] [stdout] test src/lib.rs - (line 57) ... FAILED
[INFO] [stdout] test src/lib.rs - (line 34) ... FAILED
[INFO] [stdout] test src/lib.rs - (line 46) ... FAILED
[INFO] [stdout] 
[INFO] [stdout] failures:
[INFO] [stdout] 
[INFO] [stdout] ---- src/lib.rs - (line 65) stdout ----
[INFO] [stdout] error[E0425]: cannot find value `frontend` in this scope
[INFO] [stdout]  --> src/lib.rs:66:14
[INFO] [stdout]   |
[INFO] [stdout] 3 | let sample = frontend.read();
[INFO] [stdout]   |              ^^^^^^^^ not found in this scope
[INFO] [stdout] 
[INFO] [stdout] error: aborting due to 1 previous error
[INFO] [stdout] 
[INFO] [stdout] For more information about this error, try `rustc --explain E0425`.
[INFO] [stdout] Couldn't compile the test.
[INFO] [stdout] ---- src/lib.rs - (line 28) stdout ----
[INFO] [stdout] error[E0433]: failed to resolve: use of undeclared type `AFE4404`
[INFO] [stdout]  --> src/lib.rs:29:20
[INFO] [stdout]   |
[INFO] [stdout] 3 | let mut frontend = AFE4404::with_three_leds(i2c, 0x58u8, Frequency::new::<megahertz>(4.0));
[INFO] [stdout]   |                    ^^^^^^^ use of undeclared type `AFE4404`
[INFO] [stdout]   |
[INFO] [stdout] help: consider importing this struct
[INFO] [stdout]   |
[INFO] [stdout] 2 + use afe4404::device::AFE4404;
[INFO] [stdout]   |
[INFO] [stdout] 
[INFO] [stdout] error[E0425]: cannot find value `i2c` in this scope
[INFO] [stdout]  --> src/lib.rs:29:45
[INFO] [stdout]   |
[INFO] [stdout] 3 | let mut frontend = AFE4404::with_three_leds(i2c, 0x58u8, Frequency::new::<megahertz>(4.0));
[INFO] [stdout]   |                                             ^^^ not found in this scope
[INFO] [stdout] 
[INFO] [stdout] error[E0433]: failed to resolve: use of undeclared type `Frequency`
[INFO] [stdout]  --> src/lib.rs:29:58
[INFO] [stdout]   |
[INFO] [stdout] 3 | let mut frontend = AFE4404::with_three_leds(i2c, 0x58u8, Frequency::new::<megahertz>(4.0));
[INFO] [stdout]   |                                                          ^^^^^^^^^ use of undeclared type `Frequency`
[INFO] [stdout]   |
[INFO] [stdout] help: consider importing one of these items
[INFO] [stdout]   |
[INFO] [stdout] 2 + use uom::si::f32::Frequency;
[INFO] [stdout]   |
[INFO] [stdout] 2 + use uom::si::f64::Frequency;
[INFO] [stdout]   |
[INFO] [stdout] 2 + use uom::si::frequency::Frequency;
[INFO] [stdout]   |
[INFO] [stdout] 2 + use uom::si::quantities::Frequency;
[INFO] [stdout]   |
[INFO] [stdout] 
[INFO] [stdout] error[E0412]: cannot find type `megahertz` in this scope
[INFO] [stdout]  --> src/lib.rs:29:75
[INFO] [stdout]   |
[INFO] [stdout] 3 | let mut frontend = AFE4404::with_three_leds(i2c, 0x58u8, Frequency::new::<megahertz>(4.0));
[INFO] [stdout]   |                                                                           ^^^^^^^^^ not found in this scope
[INFO] [stdout]   |
[INFO] [stdout] help: consider importing this struct
[INFO] [stdout]   |
[INFO] [stdout] 2 + use uom::si::frequency::megahertz;
[INFO] [stdout]   |
[INFO] [stdout] 
[INFO] [stdout] error: aborting due to 4 previous errors
[INFO] [stdout] 
[INFO] [stdout] Some errors have detailed explanations: E0412, E0425, E0433.
[INFO] [stdout] For more information about an error, try `rustc --explain E0412`.
[INFO] [stdout] Couldn't compile the test.
[INFO] [stdout] ---- src/lib.rs - (line 57) stdout ----
[INFO] [stdout] error[E0425]: cannot find value `frontend` in this scope
[INFO] [stdout]  --> src/lib.rs:58:1
[INFO] [stdout]   |
[INFO] [stdout] 3 | frontend
[INFO] [stdout]   | ^^^^^^^^ not found in this scope
[INFO] [stdout] 
[INFO] [stdout] error[E0433]: failed to resolve: use of undeclared type `ClockConfiguration`
[INFO] [stdout]  --> src/lib.rs:59:23
[INFO] [stdout]   |
[INFO] [stdout] 4 |     .set_clock_source(ClockConfiguration::Internal)
[INFO] [stdout]   |                       ^^^^^^^^^^^^^^^^^^ use of undeclared type `ClockConfiguration`
[INFO] [stdout]   |
[INFO] [stdout] help: consider importing this enum
[INFO] [stdout]   |
[INFO] [stdout] 2 + use afe4404::clock::ClockConfiguration;
[INFO] [stdout]   |
[INFO] [stdout] 
[INFO] [stdout] error: aborting due to 2 previous errors
[INFO] [stdout] 
[INFO] [stdout] Some errors have detailed explanations: E0425, E0433.
[INFO] [stdout] For more information about an error, try `rustc --explain E0425`.
[INFO] [stdout] Couldn't compile the test.
[INFO] [stdout] ---- src/lib.rs - (line 34) stdout ----
[INFO] [stdout] error[E0425]: cannot find value `frontend` in this scope
[INFO] [stdout]  --> src/lib.rs:35:1
[INFO] [stdout]   |
[INFO] [stdout] 3 | frontend
[INFO] [stdout]   | ^^^^^^^^ not found in this scope
[INFO] [stdout] 
[INFO] [stdout] error[E0433]: failed to resolve: use of undeclared type `LedCurrentConfiguration`
[INFO] [stdout]  --> src/lib.rs:36:24
[INFO] [stdout]   |
[INFO] [stdout] 4 |     .set_leds_current(&LedCurrentConfiguration::<ThreeLedsMode>::new(
[INFO] [stdout]   |                        ^^^^^^^^^^^^^^^^^^^^^^^ use of undeclared type `LedCurrentConfiguration`
[INFO] [stdout]   |
[INFO] [stdout] help: consider importing this struct
[INFO] [stdout]   |
[INFO] [stdout] 2 + use afe4404::led_current::LedCurrentConfiguration;
[INFO] [stdout]   |
[INFO] [stdout] 
[INFO] [stdout] error[E0412]: cannot find type `ThreeLedsMode` in this scope
[INFO] [stdout]  --> src/lib.rs:36:50
[INFO] [stdout]   |
[INFO] [stdout] 4 |     .set_leds_current(&LedCurrentConfiguration::<ThreeLedsMode>::new(
[INFO] [stdout]   |                                                  ^^^^^^^^^^^^^ not found in this scope
[INFO] [stdout]   |
[INFO] [stdout] help: consider importing this struct
[INFO] [stdout]   |
[INFO] [stdout] 2 + use afe4404::modes::ThreeLedsMode;
[INFO] [stdout]   |
[INFO] [stdout] 
[INFO] [stdout] error[E0433]: failed to resolve: use of undeclared type `ElectricCurrent`
[INFO] [stdout]  --> src/lib.rs:37:9
[INFO] [stdout]   |
[INFO] [stdout] 5 |         ElectricCurrent::new::<milliampere>(60.0),
[INFO] [stdout]   |         ^^^^^^^^^^^^^^^ use of undeclared type `ElectricCurrent`
[INFO] [stdout]   |
[INFO] [stdout] help: consider importing one of these items
[INFO] [stdout]   |
[INFO] [stdout] 2 + use uom::si::electric_current::ElectricCurrent;
[INFO] [stdout]   |
[INFO] [stdout] 2 + use uom::si::f32::ElectricCurrent;
[INFO] [stdout]   |
[INFO] [stdout] 2 + use uom::si::f64::ElectricCurrent;
[INFO] [stdout]   |
[INFO] [stdout] 2 + use uom::si::quantities::ElectricCurrent;
[INFO] [stdout]   |
[INFO] [stdout] 
[INFO] [stdout] error[E0412]: cannot find type `milliampere` in this scope
[INFO] [stdout]  --> src/lib.rs:37:32
[INFO] [stdout]   |
[INFO] [stdout] 5 |         ElectricCurrent::new::<milliampere>(60.0),
[INFO] [stdout]   |                                ^^^^^^^^^^^ not found in this scope
[INFO] [stdout]   |
[INFO] [stdout] help: consider importing this struct
[INFO] [stdout]   |
[INFO] [stdout] 2 + use uom::si::electric_current::milliampere;
[INFO] [stdout]   |
[INFO] [stdout] 
[INFO] [stdout] error[E0433]: failed to resolve: use of undeclared type `ElectricCurrent`
[INFO] [stdout]  --> src/lib.rs:38:9
[INFO] [stdout]   |
[INFO] [stdout] 6 |         ElectricCurrent::new::<milliampere>(10.0),
[INFO] [stdout]   |         ^^^^^^^^^^^^^^^ use of undeclared type `ElectricCurrent`
[INFO] [stdout]   |
[INFO] [stdout] help: consider importing one of these items
[INFO] [stdout]   |
[INFO] [stdout] 2 + use uom::si::electric_current::ElectricCurrent;
[INFO] [stdout]   |
[INFO] [stdout] 2 + use uom::si::f32::ElectricCurrent;
[INFO] [stdout]   |
[INFO] [stdout] 2 + use uom::si::f64::ElectricCurrent;
[INFO] [stdout]   |
[INFO] [stdout] 2 + use uom::si::quantities::ElectricCurrent;
[INFO] [stdout]   |
[INFO] [stdout] 
[INFO] [stdout] error[E0412]: cannot find type `milliampere` in this scope
[INFO] [stdout]  --> src/lib.rs:38:32
[INFO] [stdout]   |
[INFO] [stdout] 6 |         ElectricCurrent::new::<milliampere>(10.0),
[INFO] [stdout]   |                                ^^^^^^^^^^^ not found in this scope
[INFO] [stdout]   |
[INFO] [stdout] help: consider importing this struct
[INFO] [stdout]   |
[INFO] [stdout] 2 + use uom::si::electric_current::milliampere;
[INFO] [stdout]   |
[INFO] [stdout] 
[INFO] [stdout] error[E0433]: failed to resolve: use of undeclared type `ElectricCurrent`
[INFO] [stdout]  --> src/lib.rs:39:9
[INFO] [stdout]   |
[INFO] [stdout] 7 |         ElectricCurrent::new::<milliampere>(10.0),
[INFO] [stdout]   |         ^^^^^^^^^^^^^^^ use of undeclared type `ElectricCurrent`
[INFO] [stdout]   |
[INFO] [stdout] help: consider importing one of these items
[INFO] [stdout]   |
[INFO] [stdout] 2 + use uom::si::electric_current::ElectricCurrent;
[INFO] [stdout]   |
[INFO] [stdout] 2 + use uom::si::f32::ElectricCurrent;
[INFO] [stdout]   |
[INFO] [stdout] 2 + use uom::si::f64::ElectricCurrent;
[INFO] [stdout]   |
[INFO] [stdout] 2 + use uom::si::quantities::ElectricCurrent;
[INFO] [stdout]   |
[INFO] [stdout] 
[INFO] [stdout] error[E0412]: cannot find type `milliampere` in this scope
[INFO] [stdout]  --> src/lib.rs:39:32
[INFO] [stdout]   |
[INFO] [stdout] 7 |         ElectricCurrent::new::<milliampere>(10.0),
[INFO] [stdout]   |                                ^^^^^^^^^^^ not found in this scope
[INFO] [stdout]   |
[INFO] [stdout] help: consider importing this struct
[INFO] [stdout]   |
[INFO] [stdout] 2 + use uom::si::electric_current::milliampere;
[INFO] [stdout]   |
[INFO] [stdout] 
[INFO] [stdout] error: aborting due to 9 previous errors
[INFO] [stdout] 
[INFO] [stdout] Some errors have detailed explanations: E0412, E0425, E0433.
[INFO] [stdout] For more information about an error, try `rustc --explain E0412`.
[INFO] [stdout] Couldn't compile the test.
[INFO] [stdout] ---- src/lib.rs - (line 46) stdout ----
[INFO] [stdout] error[E0425]: cannot find value `frontend` in this scope
[INFO] [stdout]  --> src/lib.rs:47:1
[INFO] [stdout]   |
[INFO] [stdout] 3 | frontend
[INFO] [stdout]   | ^^^^^^^^ not found in this scope
[INFO] [stdout] 
[INFO] [stdout] error[E0433]: failed to resolve: use of undeclared type `ResistorConfiguration`
[INFO] [stdout]  --> src/lib.rs:48:25
[INFO] [stdout]   |
[INFO] [stdout] 4 |     .set_tia_resistors(&ResistorConfiguration::<ThreeLedsMode>::new(
[INFO] [stdout]   |                         ^^^^^^^^^^^^^^^^^^^^^ use of undeclared type `ResistorConfiguration`
[INFO] [stdout]   |
[INFO] [stdout] help: consider importing this struct
[INFO] [stdout]   |
[INFO] [stdout] 2 + use afe4404::tia::ResistorConfiguration;
[INFO] [stdout]   |
[INFO] [stdout] 
[INFO] [stdout] error[E0412]: cannot find type `ThreeLedsMode` in this scope
[INFO] [stdout]  --> src/lib.rs:48:49
[INFO] [stdout]   |
[INFO] [stdout] 4 |     .set_tia_resistors(&ResistorConfiguration::<ThreeLedsMode>::new(
[INFO] [stdout]   |                                                 ^^^^^^^^^^^^^ not found in this scope
[INFO] [stdout]   |
[INFO] [stdout] help: consider importing this struct
[INFO] [stdout]   |
[INFO] [stdout] 2 + use afe4404::modes::ThreeLedsMode;
[INFO] [stdout]   |
[INFO] [stdout] 
[INFO] [stdout] error[E0433]: failed to resolve: use of undeclared type `ElectricalResistance`
[INFO] [stdout]  --> src/lib.rs:49:9
[INFO] [stdout]   |
[INFO] [stdout] 5 |         ElectricalResistance::new::<kiloohm>(250.0),
[INFO] [stdout]   |         ^^^^^^^^^^^^^^^^^^^^ use of undeclared type `ElectricalResistance`
[INFO] [stdout]   |
[INFO] [stdout] help: consider importing one of these items
[INFO] [stdout]   |
[INFO] [stdout] 2 + use uom::si::electrical_resistance::ElectricalResistance;
[INFO] [stdout]   |
[INFO] [stdout] 2 + use uom::si::f32::ElectricalResistance;
[INFO] [stdout]   |
[INFO] [stdout] 2 + use uom::si::f64::ElectricalResistance;
[INFO] [stdout]   |
[INFO] [stdout] 2 + use uom::si::quantities::ElectricalResistance;
[INFO] [stdout]   |
[INFO] [stdout] 
[INFO] [stdout] error[E0412]: cannot find type `kiloohm` in this scope
[INFO] [stdout]  --> src/lib.rs:49:37
[INFO] [stdout]   |
[INFO] [stdout] 5 |         ElectricalResistance::new::<kiloohm>(250.0),
[INFO] [stdout]   |                                     ^^^^^^^ not found in this scope
[INFO] [stdout]   |
[INFO] [stdout] help: consider importing this struct
[INFO] [stdout]   |
[INFO] [stdout] 2 + use uom::si::electrical_resistance::kiloohm;
[INFO] [stdout]   |
[INFO] [stdout] 
[INFO] [stdout] error[E0433]: failed to resolve: use of undeclared type `ElectricalResistance`
[INFO] [stdout]  --> src/lib.rs:50:9
[INFO] [stdout]   |
[INFO] [stdout] 6 |         ElectricalResistance::new::<kiloohm>(100.0),
[INFO] [stdout]   |         ^^^^^^^^^^^^^^^^^^^^ use of undeclared type `ElectricalResistance`
[INFO] [stdout]   |
[INFO] [stdout] help: consider importing one of these items
[INFO] [stdout]   |
[INFO] [stdout] 2 + use uom::si::electrical_resistance::ElectricalResistance;
[INFO] [stdout]   |
[INFO] [stdout] 2 + use uom::si::f32::ElectricalResistance;
[INFO] [stdout]   |
[INFO] [stdout] 2 + use uom::si::f64::ElectricalResistance;
[INFO] [stdout]   |
[INFO] [stdout] 2 + use uom::si::quantities::ElectricalResistance;
[INFO] [stdout]   |
[INFO] [stdout] 
[INFO] [stdout] error[E0412]: cannot find type `kiloohm` in this scope
[INFO] [stdout]  --> src/lib.rs:50:37
[INFO] [stdout]   |
[INFO] [stdout] 6 |         ElectricalResistance::new::<kiloohm>(100.0),
[INFO] [stdout]   |                                     ^^^^^^^ not found in this scope
[INFO] [stdout]   |
[INFO] [stdout] help: consider importing this struct
[INFO] [stdout]   |
[INFO] [stdout] 2 + use uom::si::electrical_resistance::kiloohm;
[INFO] [stdout]   |
[INFO] [stdout] 
[INFO] [stdout] error: aborting due to 7 previous errors
[INFO] [stdout] 
[INFO] [stdout] Some errors have detailed explanations: E0412, E0425, E0433.
[INFO] [stdout] For more information about an error, try `rustc --explain E0412`.
[INFO] [stdout] Couldn't compile the test.
[INFO] [stdout] 
[INFO] [stdout] failures:
[INFO] [stdout]     src/lib.rs - (line 28)
[INFO] [stdout]     src/lib.rs - (line 34)
[INFO] [stdout]     src/lib.rs - (line 46)
[INFO] [stdout]     src/lib.rs - (line 57)
[INFO] [stdout]     src/lib.rs - (line 65)
[INFO] [stdout] 
[INFO] [stdout] test result: FAILED. 0 passed; 5 failed; 0 ignored; 0 measured; 0 filtered out; finished in 0.05s
[INFO] [stdout] 
[INFO] [stderr] error: doctest failed, to rerun pass `--doc`
[INFO] running `Command { std: "docker" "inspect" "6b39efe8d6bf871dd6310cce7b99d0b3256c4f295c9eca165fa6215886608116", kill_on_drop: false }`
[INFO] running `Command { std: "docker" "rm" "-f" "6b39efe8d6bf871dd6310cce7b99d0b3256c4f295c9eca165fa6215886608116", kill_on_drop: false }`
[INFO] [stdout] 6b39efe8d6bf871dd6310cce7b99d0b3256c4f295c9eca165fa6215886608116
