[INFO] fetching crate aeronet 0.3.0...
[INFO] testing aeronet-0.3.0 against 1.75.0 for beta-1.76-1
[INFO] extracting crate aeronet 0.3.0 into /workspace/builds/worker-7-tc1/source
[INFO] validating manifest of crates.io crate aeronet 0.3.0 on toolchain 1.75.0
[INFO] running `Command { std: CARGO_HOME="/workspace/cargo-home" RUSTUP_HOME="/workspace/rustup-home" "/workspace/cargo-home/bin/cargo" "+1.75.0" "metadata" "--manifest-path" "Cargo.toml" "--no-deps", kill_on_drop: false }`
[INFO] started tweaking crates.io crate aeronet 0.3.0
[INFO] finished tweaking crates.io crate aeronet 0.3.0
[INFO] tweaked toml for crates.io crate aeronet 0.3.0 written to /workspace/builds/worker-7-tc1/source/Cargo.toml
[INFO] running `Command { std: CARGO_HOME="/workspace/cargo-home" RUSTUP_HOME="/workspace/rustup-home" "/workspace/cargo-home/bin/cargo" "+1.75.0" "generate-lockfile" "--manifest-path" "Cargo.toml", kill_on_drop: false }`
[INFO] [stderr]     Updating crates.io index
[INFO] running `Command { std: CARGO_HOME="/workspace/cargo-home" RUSTUP_HOME="/workspace/rustup-home" "/workspace/cargo-home/bin/cargo" "+1.75.0" "fetch" "--manifest-path" "Cargo.toml", kill_on_drop: false }`
[INFO] [stderr]  Downloading crates ...
[INFO] [stderr]   Downloaded bevy_math v0.12.1
[INFO] [stderr]   Downloaded parking v2.2.0
[INFO] [stderr]   Downloaded bevy_input v0.12.1
[INFO] [stderr]   Downloaded smol_str v0.2.0
[INFO] [stderr]   Downloaded fastrand v1.9.0
[INFO] [stderr]   Downloaded bevy_window v0.12.1
[INFO] [stderr]   Downloaded waker-fn v1.1.1
[INFO] [stderr]   Downloaded thread_local v1.1.7
[INFO] [stderr]   Downloaded tracing-log v0.2.0
[INFO] [stderr]   Downloaded ntapi v0.4.1
[INFO] [stderr]   Downloaded android_log-sys v0.3.1
[INFO] [stderr]   Downloaded bevy_utils_proc_macros v0.12.1
[INFO] [stderr]   Downloaded concurrent-queue v2.4.0
[INFO] [stderr]   Downloaded bevy_derive v0.12.1
[INFO] [stderr]   Downloaded downcast-rs v1.2.0
[INFO] [stderr]   Downloaded event-listener-strategy v0.4.0
[INFO] [stderr]   Downloaded bevy_time v0.12.1
[INFO] [stderr]   Downloaded bevy_transform v0.12.1
[INFO] [stderr]   Downloaded toml_edit v0.20.7
[INFO] [stderr]   Downloaded regex-syntax v0.6.29
[INFO] [stderr]   Downloaded tracing-subscriber v0.3.18
[INFO] [stderr]   Downloaded bevy_ecs v0.12.1
[INFO] [stderr]   Downloaded glam v0.24.2
[INFO] [stderr]   Downloaded sysinfo v0.29.11
[INFO] [stderr]   Downloaded bevy v0.12.1
[INFO] [stderr]   Downloaded sharded-slab v0.1.7
[INFO] [stderr]   Downloaded bevy_reflect v0.12.1
[INFO] [stderr]   Downloaded overload v0.1.1
[INFO] [stderr]   Downloaded futures-lite v2.1.0
[INFO] [stderr]   Downloaded bevy_utils v0.12.1
[INFO] [stderr]   Downloaded async-task v4.7.0
[INFO] [stderr]   Downloaded nu-ansi-term v0.46.0
[INFO] [stderr]   Downloaded bevy_ecs_macros v0.12.1
[INFO] [stderr]   Downloaded bevy_app v0.12.1
[INFO] [stderr]   Downloaded valuable v0.1.0
[INFO] [stderr]   Downloaded accesskit v0.12.2
[INFO] [stderr]   Downloaded async-lock v3.2.0
[INFO] [stderr]   Downloaded event-listener v4.0.2
[INFO] [stderr]   Downloaded async-executor v1.8.0
[INFO] [stderr]   Downloaded bevy_reflect_derive v0.12.1
[INFO] [stderr]   Downloaded erased-serde v0.3.31
[INFO] [stderr]   Downloaded futures-lite v1.13.0
[INFO] [stderr]   Downloaded bevy_internal v0.12.1
[INFO] [stderr]   Downloaded bevy_core v0.12.1
[INFO] [stderr]   Downloaded bevy_log v0.12.1
[INFO] [stderr]   Downloaded bevy_tasks v0.12.1
[INFO] [stderr]   Downloaded bevy_macro_utils v0.12.1
[INFO] [stderr]   Downloaded nonmax v0.5.5
[INFO] [stderr]   Downloaded tracing-wasm v0.2.1
[INFO] [stderr]   Downloaded tracing-log v0.1.4
[INFO] [stderr]   Downloaded bevy_hierarchy v0.12.1
[INFO] [stderr]   Downloaded bevy_ptr v0.12.1
[INFO] [stderr]   Downloaded bevy_diagnostic v0.12.1
[INFO] [stderr]   Downloaded async-channel v1.9.0
[INFO] [stderr]   Downloaded bevy_a11y v0.12.1
[INFO] [stderr]   Downloaded matchers v0.1.0
[INFO] running `Command { std: "docker" "create" "-v" "/var/lib/crater-agent-workspace/builds/worker-7-tc1/target:/opt/rustwide/target:rw,Z" "-v" "/var/lib/crater-agent-workspace/builds/worker-7-tc1/source:/opt/rustwide/workdir:ro,Z" "-v" "/var/lib/crater-agent-workspace/cargo-home:/opt/rustwide/cargo-home:ro,Z" "-v" "/var/lib/crater-agent-workspace/rustup-home:/opt/rustwide/rustup-home:ro,Z" "-e" "SOURCE_DIR=/opt/rustwide/workdir" "-e" "CARGO_TARGET_DIR=/opt/rustwide/target" "-e" "CARGO_HOME=/opt/rustwide/cargo-home" "-e" "RUSTUP_HOME=/opt/rustwide/rustup-home" "-w" "/opt/rustwide/workdir" "-m" "1610612736" "--user" "0:0" "--network" "none" "ghcr.io/rust-lang/crates-build-env/linux@sha256:2788e3201cd34a07e3172128adcd8b3090168a8e3bcc40d7c032b9dda1df7d1c" "/opt/rustwide/cargo-home/bin/cargo" "+1.75.0" "metadata" "--no-deps" "--format-version=1", kill_on_drop: false }`
[INFO] [stdout] 5117d868177b0810e63fcea41250c758cbc5f4d3846f1c8ddfc3fcd08b8be285
[INFO] running `Command { std: "docker" "start" "-a" "5117d868177b0810e63fcea41250c758cbc5f4d3846f1c8ddfc3fcd08b8be285", kill_on_drop: false }`
[INFO] running `Command { std: "docker" "inspect" "5117d868177b0810e63fcea41250c758cbc5f4d3846f1c8ddfc3fcd08b8be285", kill_on_drop: false }`
[INFO] running `Command { std: "docker" "rm" "-f" "5117d868177b0810e63fcea41250c758cbc5f4d3846f1c8ddfc3fcd08b8be285", kill_on_drop: false }`
[INFO] [stdout] 5117d868177b0810e63fcea41250c758cbc5f4d3846f1c8ddfc3fcd08b8be285
[INFO] running `Command { std: "docker" "create" "-v" "/var/lib/crater-agent-workspace/builds/worker-7-tc1/target:/opt/rustwide/target:rw,Z" "-v" "/var/lib/crater-agent-workspace/builds/worker-7-tc1/source:/opt/rustwide/workdir:ro,Z" "-v" "/var/lib/crater-agent-workspace/cargo-home:/opt/rustwide/cargo-home:ro,Z" "-v" "/var/lib/crater-agent-workspace/rustup-home:/opt/rustwide/rustup-home:ro,Z" "-e" "SOURCE_DIR=/opt/rustwide/workdir" "-e" "CARGO_TARGET_DIR=/opt/rustwide/target" "-e" "CARGO_INCREMENTAL=0" "-e" "RUST_BACKTRACE=full" "-e" "RUSTFLAGS=--cap-lints=warn" "-e" "RUSTDOCFLAGS=--cap-lints=warn" "-e" "CARGO_HOME=/opt/rustwide/cargo-home" "-e" "RUSTUP_HOME=/opt/rustwide/rustup-home" "-w" "/opt/rustwide/workdir" "-m" "1610612736" "--user" "0:0" "--network" "none" "ghcr.io/rust-lang/crates-build-env/linux@sha256:2788e3201cd34a07e3172128adcd8b3090168a8e3bcc40d7c032b9dda1df7d1c" "/opt/rustwide/cargo-home/bin/cargo" "+1.75.0" "build" "--frozen" "--message-format=json", kill_on_drop: false }`
[INFO] [stdout] 31431da49632972515337926f8e76514bc1061d83ad13698c6e98cfbb160ee0d
[INFO] running `Command { std: "docker" "start" "-a" "31431da49632972515337926f8e76514bc1061d83ad13698c6e98cfbb160ee0d", kill_on_drop: false }`
[INFO] [stderr]    Compiling syn v1.0.109
[INFO] [stderr]    Compiling anyhow v1.0.79
[INFO] [stderr]    Compiling thiserror v1.0.56
[INFO] [stderr]    Compiling thiserror-impl v1.0.56
[INFO] [stderr]    Compiling derivative v2.2.0
[INFO] [stderr]    Compiling aeronet v0.3.0 (/opt/rustwide/workdir)
[INFO] [stderr]     Finished dev [unoptimized + debuginfo] target(s) in 2.71s
[INFO] running `Command { std: "docker" "inspect" "31431da49632972515337926f8e76514bc1061d83ad13698c6e98cfbb160ee0d", kill_on_drop: false }`
[INFO] running `Command { std: "docker" "rm" "-f" "31431da49632972515337926f8e76514bc1061d83ad13698c6e98cfbb160ee0d", kill_on_drop: false }`
[INFO] [stdout] 31431da49632972515337926f8e76514bc1061d83ad13698c6e98cfbb160ee0d
[INFO] running `Command { std: "docker" "create" "-v" "/var/lib/crater-agent-workspace/builds/worker-7-tc1/target:/opt/rustwide/target:rw,Z" "-v" "/var/lib/crater-agent-workspace/builds/worker-7-tc1/source:/opt/rustwide/workdir:ro,Z" "-v" "/var/lib/crater-agent-workspace/cargo-home:/opt/rustwide/cargo-home:ro,Z" "-v" "/var/lib/crater-agent-workspace/rustup-home:/opt/rustwide/rustup-home:ro,Z" "-e" "SOURCE_DIR=/opt/rustwide/workdir" "-e" "CARGO_TARGET_DIR=/opt/rustwide/target" "-e" "CARGO_INCREMENTAL=0" "-e" "RUST_BACKTRACE=full" "-e" "RUSTFLAGS=--cap-lints=warn" "-e" "RUSTDOCFLAGS=--cap-lints=warn" "-e" "CARGO_HOME=/opt/rustwide/cargo-home" "-e" "RUSTUP_HOME=/opt/rustwide/rustup-home" "-w" "/opt/rustwide/workdir" "-m" "1610612736" "--user" "0:0" "--network" "none" "ghcr.io/rust-lang/crates-build-env/linux@sha256:2788e3201cd34a07e3172128adcd8b3090168a8e3bcc40d7c032b9dda1df7d1c" "/opt/rustwide/cargo-home/bin/cargo" "+1.75.0" "test" "--frozen" "--no-run" "--message-format=json", kill_on_drop: false }`
[INFO] [stdout] 7f9fafcd72b1af54d524120abc384b907b46cf12af6d6790f570935f76744395
[INFO] running `Command { std: "docker" "start" "-a" "7f9fafcd72b1af54d524120abc384b907b46cf12af6d6790f570935f76744395", kill_on_drop: false }`
[INFO] [stderr]    Compiling aeronet v0.3.0 (/opt/rustwide/workdir)
[INFO] [stderr]     Finished test [unoptimized + debuginfo] target(s) in 0.23s
[INFO] running `Command { std: "docker" "inspect" "7f9fafcd72b1af54d524120abc384b907b46cf12af6d6790f570935f76744395", kill_on_drop: false }`
[INFO] running `Command { std: "docker" "rm" "-f" "7f9fafcd72b1af54d524120abc384b907b46cf12af6d6790f570935f76744395", kill_on_drop: false }`
[INFO] [stdout] 7f9fafcd72b1af54d524120abc384b907b46cf12af6d6790f570935f76744395
[INFO] running `Command { std: "docker" "create" "-v" "/var/lib/crater-agent-workspace/builds/worker-7-tc1/target:/opt/rustwide/target:rw,Z" "-v" "/var/lib/crater-agent-workspace/builds/worker-7-tc1/source:/opt/rustwide/workdir:ro,Z" "-v" "/var/lib/crater-agent-workspace/cargo-home:/opt/rustwide/cargo-home:ro,Z" "-v" "/var/lib/crater-agent-workspace/rustup-home:/opt/rustwide/rustup-home:ro,Z" "-e" "SOURCE_DIR=/opt/rustwide/workdir" "-e" "CARGO_TARGET_DIR=/opt/rustwide/target" "-e" "CARGO_INCREMENTAL=0" "-e" "RUST_BACKTRACE=full" "-e" "RUSTFLAGS=--cap-lints=warn" "-e" "RUSTDOCFLAGS=--cap-lints=warn" "-e" "CARGO_HOME=/opt/rustwide/cargo-home" "-e" "RUSTUP_HOME=/opt/rustwide/rustup-home" "-w" "/opt/rustwide/workdir" "-m" "1610612736" "--user" "0:0" "--network" "none" "ghcr.io/rust-lang/crates-build-env/linux@sha256:2788e3201cd34a07e3172128adcd8b3090168a8e3bcc40d7c032b9dda1df7d1c" "/opt/rustwide/cargo-home/bin/cargo" "+1.75.0" "test" "--frozen", kill_on_drop: false }`
[INFO] [stdout] 1d578e37c69e436600ff0790da9723b5505b313fc9c23bc574773c49fe8c8084
[INFO] running `Command { std: "docker" "start" "-a" "1d578e37c69e436600ff0790da9723b5505b313fc9c23bc574773c49fe8c8084", kill_on_drop: false }`
[INFO] [stderr]     Finished test [unoptimized + debuginfo] target(s) in 0.03s
[INFO] [stderr]      Running unittests src/lib.rs (/opt/rustwide/target/debug/deps/aeronet-8ff48db904c9ddeb)
[INFO] [stdout] 
[INFO] [stdout] running 0 tests
[INFO] [stdout] 
[INFO] [stdout] test result: ok. 0 passed; 0 failed; 0 ignored; 0 measured; 0 filtered out; finished in 0.00s
[INFO] [stdout] 
[INFO] [stderr]    Doc-tests aeronet
[INFO] [stdout] 
[INFO] [stdout] running 3 tests
[INFO] [stdout] test src/lib.rs - (line 53) ... ignored
[INFO] [stdout] test src/lib.rs - (line 68) ... ignored
[INFO] [stdout] test src/lib.rs - (line 30) ... FAILED
[INFO] [stdout] 
[INFO] [stdout] failures:
[INFO] [stdout] 
[INFO] [stdout] ---- src/lib.rs - (line 30) stdout ----
[INFO] [stdout] error[E0433]: failed to resolve: use of undeclared crate or module `serde`
[INFO] [stdout]   --> src/lib.rs:38:24
[INFO] [stdout]    |
[INFO] [stdout] 11 | #[derive(Debug, Clone, serde::Serialize, serde::Deserialize)]
[INFO] [stdout]    |                        ^^^^^ use of undeclared crate or module `serde`
[INFO] [stdout] 
[INFO] [stdout] error[E0433]: failed to resolve: use of undeclared crate or module `serde`
[INFO] [stdout]   --> src/lib.rs:38:42
[INFO] [stdout]    |
[INFO] [stdout] 11 | #[derive(Debug, Clone, serde::Serialize, serde::Deserialize)]
[INFO] [stdout]    |                                          ^^^^^ use of undeclared crate or module `serde`
[INFO] [stdout] 
[INFO] [stdout] error[E0433]: failed to resolve: use of undeclared crate or module `serde`
[INFO] [stdout]  --> src/lib.rs:32:24
[INFO] [stdout]   |
[INFO] [stdout] 5 | #[derive(Debug, Clone, serde::Serialize, serde::Deserialize)]
[INFO] [stdout]   |                        ^^^^^ use of undeclared crate or module `serde`
[INFO] [stdout] 
[INFO] [stdout] error[E0433]: failed to resolve: use of undeclared crate or module `serde`
[INFO] [stdout]  --> src/lib.rs:32:42
[INFO] [stdout]   |
[INFO] [stdout] 5 | #[derive(Debug, Clone, serde::Serialize, serde::Deserialize)]
[INFO] [stdout]   |                                          ^^^^^ use of undeclared crate or module `serde`
[INFO] [stdout] 
[INFO] [stdout] error: aborting due to 4 previous errors
[INFO] [stdout] 
[INFO] [stdout] For more information about this error, try `rustc --explain E0433`.
[INFO] [stdout] Couldn't compile the test.
[INFO] [stdout] 
[INFO] [stdout] failures:
[INFO] [stdout]     src/lib.rs - (line 30)
[INFO] [stdout] 
[INFO] [stdout] test result: FAILED. 0 passed; 1 failed; 2 ignored; 0 measured; 0 filtered out; finished in 0.03s
[INFO] [stdout] 
[INFO] [stderr] error: doctest failed, to rerun pass `--doc`
[INFO] running `Command { std: "docker" "inspect" "1d578e37c69e436600ff0790da9723b5505b313fc9c23bc574773c49fe8c8084", kill_on_drop: false }`
[INFO] running `Command { std: "docker" "rm" "-f" "1d578e37c69e436600ff0790da9723b5505b313fc9c23bc574773c49fe8c8084", kill_on_drop: false }`
[INFO] [stdout] 1d578e37c69e436600ff0790da9723b5505b313fc9c23bc574773c49fe8c8084
[INFO] testing aeronet-0.3.0 against beta-2023-12-22 for beta-1.76-1
[INFO] extracting crate aeronet 0.3.0 into /workspace/builds/worker-7-tc2/source
[INFO] validating manifest of crates.io crate aeronet 0.3.0 on toolchain beta-2023-12-22
[INFO] running `Command { std: CARGO_HOME="/workspace/cargo-home" RUSTUP_HOME="/workspace/rustup-home" "/workspace/cargo-home/bin/cargo" "+beta-2023-12-22" "metadata" "--manifest-path" "Cargo.toml" "--no-deps", kill_on_drop: false }`
[INFO] started tweaking crates.io crate aeronet 0.3.0
[INFO] finished tweaking crates.io crate aeronet 0.3.0
[INFO] tweaked toml for crates.io crate aeronet 0.3.0 written to /workspace/builds/worker-7-tc2/source/Cargo.toml
[INFO] running `Command { std: CARGO_HOME="/workspace/cargo-home" RUSTUP_HOME="/workspace/rustup-home" "/workspace/cargo-home/bin/cargo" "+beta-2023-12-22" "generate-lockfile" "--manifest-path" "Cargo.toml", kill_on_drop: false }`
[INFO] [stderr]     Updating crates.io index
[INFO] running `Command { std: CARGO_HOME="/workspace/cargo-home" RUSTUP_HOME="/workspace/rustup-home" "/workspace/cargo-home/bin/cargo" "+beta-2023-12-22" "fetch" "--manifest-path" "Cargo.toml", kill_on_drop: false }`
[INFO] running `Command { std: "docker" "create" "-v" "/var/lib/crater-agent-workspace/builds/worker-7-tc2/target:/opt/rustwide/target:rw,Z" "-v" "/var/lib/crater-agent-workspace/builds/worker-7-tc2/source:/opt/rustwide/workdir:ro,Z" "-v" "/var/lib/crater-agent-workspace/cargo-home:/opt/rustwide/cargo-home:ro,Z" "-v" "/var/lib/crater-agent-workspace/rustup-home:/opt/rustwide/rustup-home:ro,Z" "-e" "SOURCE_DIR=/opt/rustwide/workdir" "-e" "CARGO_TARGET_DIR=/opt/rustwide/target" "-e" "CARGO_HOME=/opt/rustwide/cargo-home" "-e" "RUSTUP_HOME=/opt/rustwide/rustup-home" "-w" "/opt/rustwide/workdir" "-m" "1610612736" "--user" "0:0" "--network" "none" "ghcr.io/rust-lang/crates-build-env/linux@sha256:2788e3201cd34a07e3172128adcd8b3090168a8e3bcc40d7c032b9dda1df7d1c" "/opt/rustwide/cargo-home/bin/cargo" "+beta-2023-12-22" "metadata" "--no-deps" "--format-version=1", kill_on_drop: false }`
[INFO] [stdout] fc0c3a6fc458cfa9f0386ae24370dcd67727e29ca5736dd111c5a24285063a9b
[INFO] running `Command { std: "docker" "start" "-a" "fc0c3a6fc458cfa9f0386ae24370dcd67727e29ca5736dd111c5a24285063a9b", kill_on_drop: false }`
[INFO] running `Command { std: "docker" "inspect" "fc0c3a6fc458cfa9f0386ae24370dcd67727e29ca5736dd111c5a24285063a9b", kill_on_drop: false }`
[INFO] running `Command { std: "docker" "rm" "-f" "fc0c3a6fc458cfa9f0386ae24370dcd67727e29ca5736dd111c5a24285063a9b", kill_on_drop: false }`
[INFO] [stdout] fc0c3a6fc458cfa9f0386ae24370dcd67727e29ca5736dd111c5a24285063a9b
[INFO] running `Command { std: "docker" "create" "-v" "/var/lib/crater-agent-workspace/builds/worker-7-tc2/target:/opt/rustwide/target:rw,Z" "-v" "/var/lib/crater-agent-workspace/builds/worker-7-tc2/source:/opt/rustwide/workdir:ro,Z" "-v" "/var/lib/crater-agent-workspace/cargo-home:/opt/rustwide/cargo-home:ro,Z" "-v" "/var/lib/crater-agent-workspace/rustup-home:/opt/rustwide/rustup-home:ro,Z" "-e" "SOURCE_DIR=/opt/rustwide/workdir" "-e" "CARGO_TARGET_DIR=/opt/rustwide/target" "-e" "CARGO_INCREMENTAL=0" "-e" "RUST_BACKTRACE=full" "-e" "RUSTFLAGS=--cap-lints=warn" "-e" "RUSTDOCFLAGS=--cap-lints=warn" "-e" "CARGO_HOME=/opt/rustwide/cargo-home" "-e" "RUSTUP_HOME=/opt/rustwide/rustup-home" "-w" "/opt/rustwide/workdir" "-m" "1610612736" "--user" "0:0" "--network" "none" "ghcr.io/rust-lang/crates-build-env/linux@sha256:2788e3201cd34a07e3172128adcd8b3090168a8e3bcc40d7c032b9dda1df7d1c" "/opt/rustwide/cargo-home/bin/cargo" "+beta-2023-12-22" "build" "--frozen" "--message-format=json", kill_on_drop: false }`
[INFO] [stdout] cb78911cf3f57692038d8b48328110fb9ef4107b5298e6702d83515b568feaf6
[INFO] running `Command { std: "docker" "start" "-a" "cb78911cf3f57692038d8b48328110fb9ef4107b5298e6702d83515b568feaf6", kill_on_drop: false }`
[INFO] [stderr]    Compiling syn v1.0.109
[INFO] [stderr]    Compiling thiserror v1.0.56
[INFO] [stderr]    Compiling anyhow v1.0.79
[INFO] [stderr]    Compiling thiserror-impl v1.0.56
[INFO] [stderr]    Compiling derivative v2.2.0
[INFO] [stderr]    Compiling aeronet v0.3.0 (/opt/rustwide/workdir)
[INFO] [stderr]     Finished dev [unoptimized + debuginfo] target(s) in 2.75s
[INFO] running `Command { std: "docker" "inspect" "cb78911cf3f57692038d8b48328110fb9ef4107b5298e6702d83515b568feaf6", kill_on_drop: false }`
[INFO] running `Command { std: "docker" "rm" "-f" "cb78911cf3f57692038d8b48328110fb9ef4107b5298e6702d83515b568feaf6", kill_on_drop: false }`
[INFO] [stdout] cb78911cf3f57692038d8b48328110fb9ef4107b5298e6702d83515b568feaf6
[INFO] running `Command { std: "docker" "create" "-v" "/var/lib/crater-agent-workspace/builds/worker-7-tc2/target:/opt/rustwide/target:rw,Z" "-v" "/var/lib/crater-agent-workspace/builds/worker-7-tc2/source:/opt/rustwide/workdir:ro,Z" "-v" "/var/lib/crater-agent-workspace/cargo-home:/opt/rustwide/cargo-home:ro,Z" "-v" "/var/lib/crater-agent-workspace/rustup-home:/opt/rustwide/rustup-home:ro,Z" "-e" "SOURCE_DIR=/opt/rustwide/workdir" "-e" "CARGO_TARGET_DIR=/opt/rustwide/target" "-e" "CARGO_INCREMENTAL=0" "-e" "RUST_BACKTRACE=full" "-e" "RUSTFLAGS=--cap-lints=warn" "-e" "RUSTDOCFLAGS=--cap-lints=warn" "-e" "CARGO_HOME=/opt/rustwide/cargo-home" "-e" "RUSTUP_HOME=/opt/rustwide/rustup-home" "-w" "/opt/rustwide/workdir" "-m" "1610612736" "--user" "0:0" "--network" "none" "ghcr.io/rust-lang/crates-build-env/linux@sha256:2788e3201cd34a07e3172128adcd8b3090168a8e3bcc40d7c032b9dda1df7d1c" "/opt/rustwide/cargo-home/bin/cargo" "+beta-2023-12-22" "test" "--frozen" "--no-run" "--message-format=json", kill_on_drop: false }`
[INFO] [stdout] 34af06797fb4ef32d98634c679b62a2b4e7bd3475b23c3186c7b3f4b64a40d4c
[INFO] running `Command { std: "docker" "start" "-a" "34af06797fb4ef32d98634c679b62a2b4e7bd3475b23c3186c7b3f4b64a40d4c", kill_on_drop: false }`
[INFO] [stderr]    Compiling aeronet v0.3.0 (/opt/rustwide/workdir)
[INFO] [stderr]     Finished test [unoptimized + debuginfo] target(s) in 0.23s
[INFO] running `Command { std: "docker" "inspect" "34af06797fb4ef32d98634c679b62a2b4e7bd3475b23c3186c7b3f4b64a40d4c", kill_on_drop: false }`
[INFO] running `Command { std: "docker" "rm" "-f" "34af06797fb4ef32d98634c679b62a2b4e7bd3475b23c3186c7b3f4b64a40d4c", kill_on_drop: false }`
[INFO] [stdout] 34af06797fb4ef32d98634c679b62a2b4e7bd3475b23c3186c7b3f4b64a40d4c
[INFO] running `Command { std: "docker" "create" "-v" "/var/lib/crater-agent-workspace/builds/worker-7-tc2/target:/opt/rustwide/target:rw,Z" "-v" "/var/lib/crater-agent-workspace/builds/worker-7-tc2/source:/opt/rustwide/workdir:ro,Z" "-v" "/var/lib/crater-agent-workspace/cargo-home:/opt/rustwide/cargo-home:ro,Z" "-v" "/var/lib/crater-agent-workspace/rustup-home:/opt/rustwide/rustup-home:ro,Z" "-e" "SOURCE_DIR=/opt/rustwide/workdir" "-e" "CARGO_TARGET_DIR=/opt/rustwide/target" "-e" "CARGO_INCREMENTAL=0" "-e" "RUST_BACKTRACE=full" "-e" "RUSTFLAGS=--cap-lints=warn" "-e" "RUSTDOCFLAGS=--cap-lints=warn" "-e" "CARGO_HOME=/opt/rustwide/cargo-home" "-e" "RUSTUP_HOME=/opt/rustwide/rustup-home" "-w" "/opt/rustwide/workdir" "-m" "1610612736" "--user" "0:0" "--network" "none" "ghcr.io/rust-lang/crates-build-env/linux@sha256:2788e3201cd34a07e3172128adcd8b3090168a8e3bcc40d7c032b9dda1df7d1c" "/opt/rustwide/cargo-home/bin/cargo" "+beta-2023-12-22" "test" "--frozen", kill_on_drop: false }`
[INFO] [stdout] 3862bfa484631fa68c3b971a72155a4c2cf46ba64c627cc7551e019d2734cded
[INFO] running `Command { std: "docker" "start" "-a" "3862bfa484631fa68c3b971a72155a4c2cf46ba64c627cc7551e019d2734cded", kill_on_drop: false }`
[INFO] [stderr]     Finished test [unoptimized + debuginfo] target(s) in 0.03s
[INFO] [stderr]      Running unittests src/lib.rs (/opt/rustwide/target/debug/deps/aeronet-daeea76963686802)
[INFO] [stdout] 
[INFO] [stdout] running 0 tests
[INFO] [stdout] 
[INFO] [stdout] test result: ok. 0 passed; 0 failed; 0 ignored; 0 measured; 0 filtered out; finished in 0.00s
[INFO] [stdout] 
[INFO] [stderr]    Doc-tests aeronet
[INFO] [stdout] 
[INFO] [stdout] running 3 tests
[INFO] [stdout] test src/lib.rs - (line 53) ... ignored
[INFO] [stdout] test src/lib.rs - (line 68) ... ignored
[INFO] [stdout] test src/lib.rs - (line 30) ... FAILED
[INFO] [stdout] 
[INFO] [stdout] failures:
[INFO] [stdout] 
[INFO] [stdout] ---- src/lib.rs - (line 30) stdout ----
[INFO] [stdout] error[E0433]: failed to resolve: use of undeclared crate or module `serde`
[INFO] [stdout]   --> src/lib.rs:38:24
[INFO] [stdout]    |
[INFO] [stdout] 11 | #[derive(Debug, Clone, serde::Serialize, serde::Deserialize)]
[INFO] [stdout]    |                        ^^^^^ use of undeclared crate or module `serde`
[INFO] [stdout] 
[INFO] [stdout] error[E0433]: failed to resolve: use of undeclared crate or module `serde`
[INFO] [stdout]   --> src/lib.rs:38:42
[INFO] [stdout]    |
[INFO] [stdout] 11 | #[derive(Debug, Clone, serde::Serialize, serde::Deserialize)]
[INFO] [stdout]    |                                          ^^^^^ use of undeclared crate or module `serde`
[INFO] [stdout] 
[INFO] [stdout] error[E0433]: failed to resolve: use of undeclared crate or module `serde`
[INFO] [stdout]  --> src/lib.rs:32:24
[INFO] [stdout]   |
[INFO] [stdout] 5 | #[derive(Debug, Clone, serde::Serialize, serde::Deserialize)]
[INFO] [stdout]   |                        ^^^^^ use of undeclared crate or module `serde`
[INFO] [stdout] 
[INFO] [stdout] error[E0433]: failed to resolve: use of undeclared crate or module `serde`
[INFO] [stdout]  --> src/lib.rs:32:42
[INFO] [stdout]   |
[INFO] [stdout] 5 | #[derive(Debug, Clone, serde::Serialize, serde::Deserialize)]
[INFO] [stdout]   |                                          ^^^^^ use of undeclared crate or module `serde`
[INFO] [stdout] 
[INFO] [stdout] error: aborting due to 4 previous errors
[INFO] [stdout] 
[INFO] [stdout] For more information about this error, try `rustc --explain E0433`.
[INFO] [stdout] Couldn't compile the test.
[INFO] [stdout] 
[INFO] [stdout] failures:
[INFO] [stdout]     src/lib.rs - (line 30)
[INFO] [stdout] 
[INFO] [stdout] test result: FAILED. 0 passed; 1 failed; 2 ignored; 0 measured; 0 filtered out; finished in 0.04s
[INFO] [stdout] 
[INFO] [stderr] error: doctest failed, to rerun pass `--doc`
[INFO] running `Command { std: "docker" "inspect" "3862bfa484631fa68c3b971a72155a4c2cf46ba64c627cc7551e019d2734cded", kill_on_drop: false }`
[INFO] running `Command { std: "docker" "rm" "-f" "3862bfa484631fa68c3b971a72155a4c2cf46ba64c627cc7551e019d2734cded", kill_on_drop: false }`
[INFO] [stdout] 3862bfa484631fa68c3b971a72155a4c2cf46ba64c627cc7551e019d2734cded
