[INFO] fetching crate adana 0.15.4...
[INFO] testing adana-0.15.4 against 1.75.0 for beta-1.76-1
[INFO] extracting crate adana 0.15.4 into /workspace/builds/worker-1-tc1/source
[INFO] validating manifest of crates.io crate adana 0.15.4 on toolchain 1.75.0
[INFO] running `Command { std: CARGO_HOME="/workspace/cargo-home" RUSTUP_HOME="/workspace/rustup-home" "/workspace/cargo-home/bin/cargo" "+1.75.0" "metadata" "--manifest-path" "Cargo.toml" "--no-deps", kill_on_drop: false }`
[INFO] removed /workspace/builds/worker-1-tc1/source/.cargo/config
[INFO] removed /workspace/builds/worker-1-tc1/source/rust-toolchain.toml
[INFO] started tweaking crates.io crate adana 0.15.4
[INFO] finished tweaking crates.io crate adana 0.15.4
[INFO] tweaked toml for crates.io crate adana 0.15.4 written to /workspace/builds/worker-1-tc1/source/Cargo.toml
[INFO] crate crates.io crate adana 0.15.4 already has a lockfile, it will not be regenerated
[INFO] running `Command { std: CARGO_HOME="/workspace/cargo-home" RUSTUP_HOME="/workspace/rustup-home" "/workspace/cargo-home/bin/cargo" "+1.75.0" "fetch" "--manifest-path" "Cargo.toml", kill_on_drop: false }`
[INFO] [stderr]     Updating crates.io index
[INFO] [stderr]  Downloading crates ...
[INFO] [stderr]   Downloaded endian-type v0.1.2
[INFO] [stderr]   Downloaded rustyline-derive v0.9.0
[INFO] [stderr]   Downloaded clipboard-win v4.5.0
[INFO] [stderr]   Downloaded strum_macros v0.25.3
[INFO] [stderr]   Downloaded nu-ansi-term v0.49.0
[INFO] [stderr]   Downloaded winapi-wsapoll v0.1.1
[INFO] [stderr]   Downloaded smallvec v1.11.1
[INFO] [stderr]   Downloaded libredox v0.0.1
[INFO] [stderr]   Downloaded serial_test_derive v2.0.0
[INFO] [stderr]   Downloaded strum v0.25.0
[INFO] [stderr]   Downloaded home v0.5.5
[INFO] [stderr]   Downloaded serial_test v2.0.0
[INFO] [stderr]   Downloaded objc_id v0.1.1
[INFO] [stderr]   Downloaded utf8parse v0.2.1
[INFO] [stderr]   Downloaded bincode v1.3.3
[INFO] [stderr]   Downloaded serde v1.0.192
[INFO] [stderr]   Downloaded anyhow v1.0.75
[INFO] [stderr]   Downloaded rustyline v12.0.0
[INFO] [stderr]   Downloaded x11rb-protocol v0.10.0
[INFO] [stderr]   Downloaded linux-raw-sys v0.4.11
[INFO] [stderr]   Downloaded tiff v0.9.0
[INFO] [stderr]   Downloaded x11rb v0.10.1
[INFO] [stderr]   Downloaded nix v0.26.4
[INFO] [stderr]   Downloaded jpeg-decoder v0.3.0
[INFO] [stderr]   Downloaded futures-util v0.3.29
[INFO] [stderr]   Downloaded rustix v0.38.21
[INFO] [stderr]   Downloaded radix_trie v0.2.1
[INFO] [stderr]   Downloaded arboard v3.2.1
[INFO] [stderr]   Downloaded futures-channel v0.3.29
[INFO] [stderr]   Downloaded futures-sink v0.3.29
[INFO] [stderr]   Downloaded futures v0.3.29
[INFO] [stderr]   Downloaded error-code v2.3.1
[INFO] [stderr]   Downloaded weezl v0.1.7
[INFO] [stderr]   Downloaded memoffset v0.6.5
[INFO] [stderr]   Downloaded redox_users v0.4.4
[INFO] [stderr]   Downloaded env_logger v0.10.0
[INFO] [stderr]   Downloaded fd-lock v3.0.13
[INFO] [stderr]   Downloaded errno v0.3.6
[INFO] [stderr]   Downloaded futures-executor v0.3.29
[INFO] [stderr]   Downloaded objc-foundation v0.1.1
[INFO] [stderr]   Downloaded heck v0.4.1
[INFO] [stderr]   Downloaded futures-task v0.3.29
[INFO] [stderr]   Downloaded dirs-sys v0.4.1
[INFO] [stderr]   Downloaded dirs v5.0.1
[INFO] [stderr]   Downloaded slab_tree v0.3.2
[INFO] [stderr]   Downloaded ctrlc v3.4.1
[INFO] [stderr]   Downloaded nibble_vec v0.1.0
[INFO] [stderr]   Downloaded dashmap v5.5.3
[INFO] [stderr]   Downloaded option-ext v0.2.0
[INFO] [stderr]   Downloaded serde_derive v1.0.192
[INFO] [stderr]   Downloaded snowflake v1.3.0
[INFO] [stderr]   Downloaded rustversion v1.0.14
[INFO] [stderr]   Downloaded adana-script-core v0.15.1
[INFO] [stderr]   Downloaded gethostname v0.2.3
[INFO] [stderr]   Downloaded str-buf v1.0.6
[INFO] running `Command { std: "docker" "create" "-v" "/var/lib/crater-agent-workspace/builds/worker-1-tc1/target:/opt/rustwide/target:rw,Z" "-v" "/var/lib/crater-agent-workspace/builds/worker-1-tc1/source:/opt/rustwide/workdir:ro,Z" "-v" "/var/lib/crater-agent-workspace/cargo-home:/opt/rustwide/cargo-home:ro,Z" "-v" "/var/lib/crater-agent-workspace/rustup-home:/opt/rustwide/rustup-home:ro,Z" "-e" "SOURCE_DIR=/opt/rustwide/workdir" "-e" "CARGO_TARGET_DIR=/opt/rustwide/target" "-e" "CARGO_HOME=/opt/rustwide/cargo-home" "-e" "RUSTUP_HOME=/opt/rustwide/rustup-home" "-w" "/opt/rustwide/workdir" "-m" "1610612736" "--user" "0:0" "--network" "none" "ghcr.io/rust-lang/crates-build-env/linux@sha256:2788e3201cd34a07e3172128adcd8b3090168a8e3bcc40d7c032b9dda1df7d1c" "/opt/rustwide/cargo-home/bin/cargo" "+1.75.0" "metadata" "--no-deps" "--format-version=1", kill_on_drop: false }`
[INFO] [stdout] 1f3fe38912c3afc43bffce80ec5e65c3db7d776b709b914de7a5ae1483446397
[INFO] running `Command { std: "docker" "start" "-a" "1f3fe38912c3afc43bffce80ec5e65c3db7d776b709b914de7a5ae1483446397", kill_on_drop: false }`
[INFO] running `Command { std: "docker" "inspect" "1f3fe38912c3afc43bffce80ec5e65c3db7d776b709b914de7a5ae1483446397", kill_on_drop: false }`
[INFO] running `Command { std: "docker" "rm" "-f" "1f3fe38912c3afc43bffce80ec5e65c3db7d776b709b914de7a5ae1483446397", kill_on_drop: false }`
[INFO] [stdout] 1f3fe38912c3afc43bffce80ec5e65c3db7d776b709b914de7a5ae1483446397
[INFO] running `Command { std: "docker" "create" "-v" "/var/lib/crater-agent-workspace/builds/worker-1-tc1/target:/opt/rustwide/target:rw,Z" "-v" "/var/lib/crater-agent-workspace/builds/worker-1-tc1/source:/opt/rustwide/workdir:ro,Z" "-v" "/var/lib/crater-agent-workspace/cargo-home:/opt/rustwide/cargo-home:ro,Z" "-v" "/var/lib/crater-agent-workspace/rustup-home:/opt/rustwide/rustup-home:ro,Z" "-e" "SOURCE_DIR=/opt/rustwide/workdir" "-e" "CARGO_TARGET_DIR=/opt/rustwide/target" "-e" "CARGO_INCREMENTAL=0" "-e" "RUST_BACKTRACE=full" "-e" "RUSTFLAGS=--cap-lints=warn" "-e" "RUSTDOCFLAGS=--cap-lints=warn" "-e" "CARGO_HOME=/opt/rustwide/cargo-home" "-e" "RUSTUP_HOME=/opt/rustwide/rustup-home" "-w" "/opt/rustwide/workdir" "-m" "1610612736" "--user" "0:0" "--network" "none" "ghcr.io/rust-lang/crates-build-env/linux@sha256:2788e3201cd34a07e3172128adcd8b3090168a8e3bcc40d7c032b9dda1df7d1c" "/opt/rustwide/cargo-home/bin/cargo" "+1.75.0" "build" "--frozen" "--message-format=json", kill_on_drop: false }`
[INFO] [stdout] b7a94b4a5ef818d7ab0ce024eaec196f5d4980f3e93ffe290c0383dc95a03447
[INFO] running `Command { std: "docker" "start" "-a" "b7a94b4a5ef818d7ab0ce024eaec196f5d4980f3e93ffe290c0383dc95a03447", kill_on_drop: false }`
[INFO] [stderr]    Compiling autocfg v1.1.0
[INFO] [stderr]    Compiling cfg-if v1.0.0
[INFO] [stderr]    Compiling libc v0.2.150
[INFO] [stderr]    Compiling proc-macro2 v1.0.69
[INFO] [stderr]    Compiling unicode-ident v1.0.12
[INFO] [stderr]    Compiling bitflags v1.3.2
[INFO] [stderr]    Compiling simd-adler32 v0.3.7
[INFO] [stderr]    Compiling smallvec v1.11.1
[INFO] [stderr]    Compiling crc32fast v1.3.2
[INFO] [stderr]    Compiling adler v1.0.2
[INFO] [stderr]    Compiling bitflags v2.4.1
[INFO] [stderr]    Compiling rustversion v1.0.14
[INFO] [stderr]    Compiling serde v1.0.192
[INFO] [stderr]    Compiling parking_lot_core v0.9.9
[INFO] [stderr]    Compiling rustix v0.38.21
[INFO] [stderr]    Compiling anyhow v1.0.75
[INFO] [stderr]    Compiling scopeguard v1.2.0
[INFO] [stderr]    Compiling thiserror v1.0.50
[INFO] [stderr]    Compiling heck v0.4.1
[INFO] [stderr]    Compiling linux-raw-sys v0.4.11
[INFO] [stderr]    Compiling log v0.4.20
[INFO] [stderr]    Compiling miniz_oxide v0.7.1
[INFO] [stderr]    Compiling fdeflate v0.3.1
[INFO] [stderr]    Compiling nibble_vec v0.1.0
[INFO] [stderr]    Compiling color_quant v1.1.0
[INFO] [stderr]    Compiling endian-type v0.1.2
[INFO] [stderr]    Compiling regex-syntax v0.8.2
[INFO] [stderr]    Compiling serde_json v1.0.108
[INFO] [stderr]    Compiling byteorder v1.5.0
[INFO] [stderr]    Compiling num-traits v0.2.17
[INFO] [stderr]    Compiling memoffset v0.6.5
[INFO] [stderr]    Compiling num-integer v0.1.45
[INFO] [stderr]    Compiling num-rational v0.4.1
[INFO] [stderr]    Compiling lock_api v0.4.11
[INFO] [stderr]    Compiling bytemuck v1.14.0
[INFO] [stderr]    Compiling memchr v2.6.4
[INFO] [stderr]    Compiling option-ext v0.2.0
[INFO] [stderr]    Compiling radix_trie v0.2.1
[INFO] [stderr]    Compiling libloading v0.8.1
[INFO] [stderr]    Compiling flate2 v1.0.28
[INFO] [stderr]    Compiling home v0.5.5
[INFO] [stderr]    Compiling minimal-lexical v0.2.1
[INFO] [stderr]    Compiling quote v1.0.33
[INFO] [stderr]    Compiling itoa v1.0.9
[INFO] [stderr]    Compiling snowflake v1.3.0
[INFO] [stderr]    Compiling unicode-segmentation v1.10.1
[INFO] [stderr]    Compiling ryu v1.0.15
[INFO] [stderr]    Compiling syn v2.0.39
[INFO] [stderr]    Compiling unicode-width v0.1.11
[INFO] [stderr]    Compiling utf8parse v0.2.1
[INFO] [stderr]    Compiling slab_tree v0.3.2
[INFO] [stderr]    Compiling env_logger v0.10.0
[INFO] [stderr]    Compiling nom v7.1.3
[INFO] [stderr]    Compiling png v0.17.10
[INFO] [stderr]    Compiling nu-ansi-term v0.49.0
[INFO] [stderr]    Compiling regex-automata v0.4.3
[INFO] [stderr]    Compiling nix v0.24.3
[INFO] [stderr]    Compiling gethostname v0.2.3
[INFO] [stderr]    Compiling nix v0.26.4
[INFO] [stderr]    Compiling nix v0.27.1
[INFO] [stderr]    Compiling dirs-sys v0.4.1
[INFO] [stderr]    Compiling parking_lot v0.12.1
[INFO] [stderr]    Compiling dirs v5.0.1
[INFO] [stderr]    Compiling fd-lock v3.0.13
[INFO] [stderr]    Compiling image v0.24.7
[INFO] [stderr]    Compiling rustyline v12.0.0
[INFO] [stderr]    Compiling ctrlc v3.4.1
[INFO] [stderr]    Compiling regex v1.10.2
[INFO] [stderr]    Compiling serde_derive v1.0.192
[INFO] [stderr]    Compiling strum_macros v0.25.3
[INFO] [stderr]    Compiling thiserror-impl v1.0.50
[INFO] [stderr]    Compiling rustyline-derive v0.9.0
[INFO] [stderr]    Compiling strum v0.25.0
[INFO] [stderr]    Compiling x11rb-protocol v0.10.0
[INFO] [stderr]    Compiling adana-script-core v0.15.1
[INFO] [stderr]    Compiling bincode v1.3.3
[INFO] [stderr]    Compiling x11rb v0.10.1
[INFO] [stderr]    Compiling arboard v3.2.1
[INFO] [stderr]    Compiling adana v0.15.4 (/opt/rustwide/workdir)
[INFO] [stdout] warning: unused imports: `alpha1`, `alphanumeric1`, `consumed`, `eof`, `fail`, `line_ending`, `map_res`, `none_of`, `recognize`
[INFO] [stdout]   --> src/prelude.rs:8:9
[INFO] [stdout]    |
[INFO] [stdout] 8  |         alpha1, alphanumeric1, i128 as I128, i8 as I8, line_ending,
[INFO] [stdout]    |         ^^^^^^  ^^^^^^^^^^^^^                          ^^^^^^^^^^^
[INFO] [stdout] 9  |         multispace0, multispace1, none_of, one_of, space1, u8 as U8,
[INFO] [stdout]    |                                   ^^^^^^^
[INFO] [stdout] ...
[INFO] [stdout] 12 |         all_consuming, consumed, cut, eof, fail, map, map_parser, map_res, opt,
[INFO] [stdout]    |                        ^^^^^^^^       ^^^  ^^^^                   ^^^^^^^
[INFO] [stdout] 13 |         peek, recognize, rest, verify,
[INFO] [stdout]    |               ^^^^^^^^^
[INFO] [stdout]    |
[INFO] [stdout]    = note: `#[warn(unused_imports)]` on by default
[INFO] [stdout] 
[INFO] [stdout] 
[INFO] [stdout] warning: unused import: `std::io::stdout`
[INFO] [stdout]   --> src/prelude.rs:26:9
[INFO] [stdout]    |
[INFO] [stdout] 26 | pub use std::io::stdout;
[INFO] [stdout]    |         ^^^^^^^^^^^^^^^
[INFO] [stdout] 
[INFO] [stdout] 
[INFO] [stdout] warning: unused import: `std::time::Duration`
[INFO] [stdout]   --> src/prelude.rs:28:9
[INFO] [stdout]    |
[INFO] [stdout] 28 | pub use std::time::Duration;
[INFO] [stdout]    |         ^^^^^^^^^^^^^^^^^^^
[INFO] [stdout] 
[INFO] [stdout] 
[INFO] [stdout] warning: unused imports: `AtomicBool`, `Ordering`, `panic::AssertUnwindSafe`, `process::ExitCode`
[INFO] [stdout]   --> src/prelude.rs:40:5
[INFO] [stdout]    |
[INFO] [stdout] 40 |     panic::AssertUnwindSafe,
[INFO] [stdout]    |     ^^^^^^^^^^^^^^^^^^^^^^^
[INFO] [stdout] 41 |     path::PathBuf,
[INFO] [stdout] 42 |     process::ExitCode,
[INFO] [stdout]    |     ^^^^^^^^^^^^^^^^^
[INFO] [stdout] 43 |     sync::atomic::{AtomicBool, Ordering},
[INFO] [stdout]    |                    ^^^^^^^^^^  ^^^^^^^^
[INFO] [stdout] 
[INFO] [stdout] 
[INFO] [stdout] warning: 4 warnings emitted
[INFO] [stdout] 
[INFO] [stdout] 
[INFO] [stderr]     Finished dev [unoptimized + debuginfo] target(s) in 14.05s
[INFO] running `Command { std: "docker" "inspect" "b7a94b4a5ef818d7ab0ce024eaec196f5d4980f3e93ffe290c0383dc95a03447", kill_on_drop: false }`
[INFO] running `Command { std: "docker" "rm" "-f" "b7a94b4a5ef818d7ab0ce024eaec196f5d4980f3e93ffe290c0383dc95a03447", kill_on_drop: false }`
[INFO] [stdout] b7a94b4a5ef818d7ab0ce024eaec196f5d4980f3e93ffe290c0383dc95a03447
[INFO] running `Command { std: "docker" "create" "-v" "/var/lib/crater-agent-workspace/builds/worker-1-tc1/target:/opt/rustwide/target:rw,Z" "-v" "/var/lib/crater-agent-workspace/builds/worker-1-tc1/source:/opt/rustwide/workdir:ro,Z" "-v" "/var/lib/crater-agent-workspace/cargo-home:/opt/rustwide/cargo-home:ro,Z" "-v" "/var/lib/crater-agent-workspace/rustup-home:/opt/rustwide/rustup-home:ro,Z" "-e" "SOURCE_DIR=/opt/rustwide/workdir" "-e" "CARGO_TARGET_DIR=/opt/rustwide/target" "-e" "CARGO_INCREMENTAL=0" "-e" "RUST_BACKTRACE=full" "-e" "RUSTFLAGS=--cap-lints=warn" "-e" "RUSTDOCFLAGS=--cap-lints=warn" "-e" "CARGO_HOME=/opt/rustwide/cargo-home" "-e" "RUSTUP_HOME=/opt/rustwide/rustup-home" "-w" "/opt/rustwide/workdir" "-m" "1610612736" "--user" "0:0" "--network" "none" "ghcr.io/rust-lang/crates-build-env/linux@sha256:2788e3201cd34a07e3172128adcd8b3090168a8e3bcc40d7c032b9dda1df7d1c" "/opt/rustwide/cargo-home/bin/cargo" "+1.75.0" "test" "--frozen" "--no-run" "--message-format=json", kill_on_drop: false }`
[INFO] [stdout] 2760c5733ce2affdc3f9fe6db5df0a5e4cc99f3611068b1ebbc2aece5f4c1489
[INFO] running `Command { std: "docker" "start" "-a" "2760c5733ce2affdc3f9fe6db5df0a5e4cc99f3611068b1ebbc2aece5f4c1489", kill_on_drop: false }`
[INFO] [stderr]    Compiling futures-core v0.3.29
[INFO] [stderr]    Compiling slab v0.4.9
[INFO] [stderr]    Compiling futures-task v0.3.29
[INFO] [stderr]    Compiling futures-channel v0.3.29
[INFO] [stderr]    Compiling futures-sink v0.3.29
[INFO] [stderr]    Compiling futures-util v0.3.29
[INFO] [stderr]    Compiling syn v2.0.39
[INFO] [stderr]    Compiling pin-project-lite v0.2.13
[INFO] [stderr]    Compiling pin-utils v0.1.0
[INFO] [stderr]    Compiling futures-io v0.3.29
[INFO] [stderr]    Compiling once_cell v1.18.0
[INFO] [stderr]    Compiling hashbrown v0.14.2
[INFO] [stderr]    Compiling lazy_static v1.4.0
[INFO] [stderr]    Compiling dashmap v5.5.3
[INFO] [stderr]    Compiling futures-executor v0.3.29
[INFO] [stderr]    Compiling futures v0.3.29
[INFO] [stderr]    Compiling serde_derive v1.0.192
[INFO] [stderr]    Compiling thiserror-impl v1.0.50
[INFO] [stderr]    Compiling strum_macros v0.25.3
[INFO] [stderr]    Compiling serial_test_derive v2.0.0
[INFO] [stderr]    Compiling rustyline-derive v0.9.0
[INFO] [stderr]    Compiling serial_test v2.0.0
[INFO] [stderr]    Compiling thiserror v1.0.50
[INFO] [stderr]    Compiling arboard v3.2.1
[INFO] [stderr]    Compiling strum v0.25.0
[INFO] [stderr]    Compiling serde v1.0.192
[INFO] [stderr]    Compiling adana-script-core v0.15.1
[INFO] [stderr]    Compiling serde_json v1.0.108
[INFO] [stderr]    Compiling bincode v1.3.3
[INFO] [stderr]    Compiling adana v0.15.4 (/opt/rustwide/workdir)
[INFO] [stdout] warning: unused imports: `alpha1`, `alphanumeric1`, `consumed`, `eof`, `fail`, `line_ending`, `map_res`, `none_of`, `recognize`
[INFO] [stdout]   --> src/prelude.rs:8:9
[INFO] [stdout]    |
[INFO] [stdout] 8  |         alpha1, alphanumeric1, i128 as I128, i8 as I8, line_ending,
[INFO] [stdout]    |         ^^^^^^  ^^^^^^^^^^^^^                          ^^^^^^^^^^^
[INFO] [stdout] 9  |         multispace0, multispace1, none_of, one_of, space1, u8 as U8,
[INFO] [stdout]    |                                   ^^^^^^^
[INFO] [stdout] ...
[INFO] [stdout] 12 |         all_consuming, consumed, cut, eof, fail, map, map_parser, map_res, opt,
[INFO] [stdout]    |                        ^^^^^^^^       ^^^  ^^^^                   ^^^^^^^
[INFO] [stdout] 13 |         peek, recognize, rest, verify,
[INFO] [stdout]    |               ^^^^^^^^^
[INFO] [stdout]    |
[INFO] [stdout]    = note: `#[warn(unused_imports)]` on by default
[INFO] [stdout] 
[INFO] [stdout] 
[INFO] [stdout] warning: unused import: `std::io::stdout`
[INFO] [stdout]   --> src/prelude.rs:26:9
[INFO] [stdout]    |
[INFO] [stdout] 26 | pub use std::io::stdout;
[INFO] [stdout]    |         ^^^^^^^^^^^^^^^
[INFO] [stdout] 
[INFO] [stdout] 
[INFO] [stdout] warning: unused import: `std::time::Duration`
[INFO] [stdout]   --> src/prelude.rs:28:9
[INFO] [stdout]    |
[INFO] [stdout] 28 | pub use std::time::Duration;
[INFO] [stdout]    |         ^^^^^^^^^^^^^^^^^^^
[INFO] [stdout] 
[INFO] [stdout] 
[INFO] [stdout] warning: unused imports: `AtomicBool`, `Ordering`, `panic::AssertUnwindSafe`, `process::ExitCode`
[INFO] [stdout]   --> src/prelude.rs:40:5
[INFO] [stdout]    |
[INFO] [stdout] 40 |     panic::AssertUnwindSafe,
[INFO] [stdout]    |     ^^^^^^^^^^^^^^^^^^^^^^^
[INFO] [stdout] 41 |     path::PathBuf,
[INFO] [stdout] 42 |     process::ExitCode,
[INFO] [stdout]    |     ^^^^^^^^^^^^^^^^^
[INFO] [stdout] 43 |     sync::atomic::{AtomicBool, Ordering},
[INFO] [stdout]    |                    ^^^^^^^^^^  ^^^^^^^^
[INFO] [stdout] 
[INFO] [stdout] 
[INFO] [stdout] warning: 4 warnings emitted
[INFO] [stdout] 
[INFO] [stdout] 
[INFO] [stderr]     Finished test [unoptimized + debuginfo] target(s) in 11.97s
[INFO] running `Command { std: "docker" "inspect" "2760c5733ce2affdc3f9fe6db5df0a5e4cc99f3611068b1ebbc2aece5f4c1489", kill_on_drop: false }`
[INFO] running `Command { std: "docker" "rm" "-f" "2760c5733ce2affdc3f9fe6db5df0a5e4cc99f3611068b1ebbc2aece5f4c1489", kill_on_drop: false }`
[INFO] [stdout] 2760c5733ce2affdc3f9fe6db5df0a5e4cc99f3611068b1ebbc2aece5f4c1489
[INFO] running `Command { std: "docker" "create" "-v" "/var/lib/crater-agent-workspace/builds/worker-1-tc1/target:/opt/rustwide/target:rw,Z" "-v" "/var/lib/crater-agent-workspace/builds/worker-1-tc1/source:/opt/rustwide/workdir:ro,Z" "-v" "/var/lib/crater-agent-workspace/cargo-home:/opt/rustwide/cargo-home:ro,Z" "-v" "/var/lib/crater-agent-workspace/rustup-home:/opt/rustwide/rustup-home:ro,Z" "-e" "SOURCE_DIR=/opt/rustwide/workdir" "-e" "CARGO_TARGET_DIR=/opt/rustwide/target" "-e" "CARGO_INCREMENTAL=0" "-e" "RUST_BACKTRACE=full" "-e" "RUSTFLAGS=--cap-lints=warn" "-e" "RUSTDOCFLAGS=--cap-lints=warn" "-e" "CARGO_HOME=/opt/rustwide/cargo-home" "-e" "RUSTUP_HOME=/opt/rustwide/rustup-home" "-w" "/opt/rustwide/workdir" "-m" "1610612736" "--user" "0:0" "--network" "none" "ghcr.io/rust-lang/crates-build-env/linux@sha256:2788e3201cd34a07e3172128adcd8b3090168a8e3bcc40d7c032b9dda1df7d1c" "/opt/rustwide/cargo-home/bin/cargo" "+1.75.0" "test" "--frozen", kill_on_drop: false }`
[INFO] [stdout] d4e73dea5b03a73c593e0a5c5b1dbdc035b44ec8bff8c6e2487d6397fcfbbdd9
[INFO] running `Command { std: "docker" "start" "-a" "d4e73dea5b03a73c593e0a5c5b1dbdc035b44ec8bff8c6e2487d6397fcfbbdd9", kill_on_drop: false }`
[INFO] [stderr] warning: unused imports: `alpha1`, `alphanumeric1`, `consumed`, `eof`, `fail`, `line_ending`, `map_res`, `none_of`, `recognize`
[INFO] [stderr]   --> src/prelude.rs:8:9
[INFO] [stderr]    |
[INFO] [stderr] 8  |         alpha1, alphanumeric1, i128 as I128, i8 as I8, line_ending,
[INFO] [stderr]    |         ^^^^^^  ^^^^^^^^^^^^^                          ^^^^^^^^^^^
[INFO] [stderr] 9  |         multispace0, multispace1, none_of, one_of, space1, u8 as U8,
[INFO] [stderr]    |                                   ^^^^^^^
[INFO] [stderr] ...
[INFO] [stderr] 12 |         all_consuming, consumed, cut, eof, fail, map, map_parser, map_res, opt,
[INFO] [stderr]    |                        ^^^^^^^^       ^^^  ^^^^                   ^^^^^^^
[INFO] [stderr] 13 |         peek, recognize, rest, verify,
[INFO] [stderr]    |               ^^^^^^^^^
[INFO] [stderr]    |
[INFO] [stderr]    = note: `#[warn(unused_imports)]` on by default
[INFO] [stderr] 
[INFO] [stderr] warning: unused import: `std::io::stdout`
[INFO] [stderr]   --> src/prelude.rs:26:9
[INFO] [stderr]    |
[INFO] [stderr] 26 | pub use std::io::stdout;
[INFO] [stderr]    |         ^^^^^^^^^^^^^^^
[INFO] [stderr] 
[INFO] [stderr] warning: unused import: `std::time::Duration`
[INFO] [stderr]   --> src/prelude.rs:28:9
[INFO] [stderr]    |
[INFO] [stderr] 28 | pub use std::time::Duration;
[INFO] [stderr]    |         ^^^^^^^^^^^^^^^^^^^
[INFO] [stderr] 
[INFO] [stderr] warning: unused imports: `AtomicBool`, `Ordering`, `panic::AssertUnwindSafe`, `process::ExitCode`
[INFO] [stderr]   --> src/prelude.rs:40:5
[INFO] [stderr]    |
[INFO] [stderr] 40 |     panic::AssertUnwindSafe,
[INFO] [stderr]    |     ^^^^^^^^^^^^^^^^^^^^^^^
[INFO] [stderr] 41 |     path::PathBuf,
[INFO] [stderr] 42 |     process::ExitCode,
[INFO] [stderr]    |     ^^^^^^^^^^^^^^^^^
[INFO] [stderr] 43 |     sync::atomic::{AtomicBool, Ordering},
[INFO] [stderr]    |                    ^^^^^^^^^^  ^^^^^^^^
[INFO] [stderr] 
[INFO] [stderr] warning: `adana` (bin "adana" test) generated 4 warnings (run `cargo fix --bin "adana" --tests` to apply 4 suggestions)
[INFO] [stderr]     Finished test [unoptimized + debuginfo] target(s) in 0.09s
[INFO] [stderr]      Running unittests src/main.rs (/opt/rustwide/target/debug/deps/adana-15d26145371b6180)
[INFO] [stdout] 
[INFO] [stdout] running 164 tests
[INFO] [stdout] test adana_script::tests::bitwise::bitwise_not ... ok
[INFO] [stdout] test adana_script::tests::bitwise::test_complex_math_wise ... ok
[INFO] [stdout] test adana_script::tests::bitwise::test_left_shift ... ok
[INFO] [stdout] test adana_script::tests::bitwise::bitwise_xor_test ... ok
[INFO] [stdout] test adana_script::tests::bitwise::bitwise_or_test ... ok
[INFO] [stdout] test adana_script::tests::bitwise::bitwise_and ... ok
[INFO] [stdout] test adana_script::tests::bitwise::test_right_shift ... ok
[INFO] [stdout] test adana_script::tests::builtin::test_builtin_to_double ... ok
[INFO] [stdout] test adana_script::tests::builtin::test_to_hex ... ok
[INFO] [stdout] test adana_script::tests::builtin::test_eval ... ok
[INFO] [stdout] test adana_script::tests::builtin::test_to_binary ... ok
[INFO] [stdout] test adana_script::tests::builtin::test_builtin_to_bool ... ok
[INFO] [stdout] test adana_script::tests::builtin::test_builtin_to_int ... ok
[INFO] [stdout] test adana_script::tests::foreach::simple_foreach ... ok
[INFO] [stdout] test adana_script::tests::foreach::simple_foreach_string_not_assigned ... ok
[INFO] [stdout] test adana_script::tests::foreach::simple_foreach_with_idx1 ... ok
[INFO] [stdout] test adana_script::tests::foreach::simple_foreach_with_idx_from_fn ... ok
[INFO] [stdout] test adana_script::tests::foreach::simple_foreach_not_assigned ... ok
[INFO] [stdout] test adana_script::tests::foreach::simple_foreach_with_idx_with_paren ... ok
[INFO] [stdout] test adana_script::tests::foreach::simple_foreach_with_idx_from_struct ... ok
[INFO] [stdout] test adana_script::tests::foreach::simple_foreach_with_idx_from_struct_with_paren ... ok
[INFO] [stdout] test adana_script::tests::foreach::simple_foreach_return ... ok
[INFO] [stdout] test adana_script::tests::foreach::simple_foreach_string ... ok
[INFO] [stdout] test adana_script::tests::foreach::simple_foreach_break ... ok
[INFO] [stdout] test adana_script::tests::foreach::simple_foreach_with_paren ... ok
[INFO] [stdout] test adana_script::tests::foreach::simple_foreach_two_depth1 ... ok
[INFO] [stdout] test adana_script::tests::foreach::test_handle_error ... ok
[INFO] [stdout] test adana_script::tests::builtin::test_type_of ... ok
[INFO] [stdout] test adana_script::tests::funct::test_inline_fn ... ok
[INFO] [stdout] test adana_script::tests::funct::test_anon_func_call ... ok
[INFO] [stdout] test adana_script::tests::foreach::test_foreach_struct ... ok
[INFO] [stdout] test adana_script::tests::misc::bug_javascript_meme ... ok
[INFO] [stdout] test adana_script::tests::examples::test_example2 ... ok
[INFO] [stdout] test adana_script::tests::misc::recur_early_return ... ok
[INFO] [stdout] test adana_script::tests::misc::test_bug_pow_sugar ... ok
[INFO] [stdout] test adana_script::tests::misc::test_compute_assign_with_ctx ... ok
[INFO] [stdout] test adana_script::tests::examples::test_example1 ... ok
[INFO] [stdout] test adana_script::tests::misc::test_compute_with_ctx ... ok
[INFO] [stdout] test adana_script::tests::misc::test_consts ... ok
[INFO] [stdout] test adana_script::tests::misc::test_compute ... ok
[INFO] [stdout] test adana_script::tests::funct::test_fn_param ... ok
[INFO] [stdout] test adana_script::tests::misc::test_fn_abs ... ok
[INFO] [stdout] test adana_script::tests::dynload::build_from_adana_dynamic_lib_test ... FAILED
[INFO] [stdout] test adana_script::tests::misc::test_expr_invalid - should panic ... ok
[INFO] [stdout] test adana_script::tests::misc::test_expr_invalid_drc - should panic ... ok
[INFO] [stdout] test adana_script::tests::dynload::callback_dynamic_lib_test ... FAILED
[INFO] [stdout] test adana_script::tests::misc::test_fn_cos ... ok
[INFO] [stdout] test adana_script::tests::misc::test_fn_ln ... ok
[INFO] [stdout] test adana_script::tests::misc::test_fn_sin ... ok
[INFO] [stdout] test adana_script::tests::misc::test_fn_sqrt ... ok
[INFO] [stdout] test adana_script::tests::dynload::complex_callback_dynamic_lib_test ... FAILED
[INFO] [stdout] test adana_script::tests::misc::test_op_invalid - should panic ... ok
[INFO] [stdout] test adana_script::tests::misc::test_negate ... ok
[INFO] [stdout] test adana_script::tests::dynload::load_dynamic_lib_test ... FAILED
[INFO] [stdout] test adana_script::tests::misc::test_simple_bool ... ok
[INFO] [stdout] test adana_script::tests::misc::test_modulo ... ok
[INFO] [stdout] test adana_script::tests::misc::test_pow ... ok
[INFO] [stdout] test adana_script::tests::dynload::require_direct_call_test ... FAILED
[INFO] [stdout] test adana_script::tests::misc::test_op_pow_sugar ... ok
[INFO] [stdout] test adana_script::tests::misc::test_implicit_multiply ... ok
[INFO] [stdout] test adana_script::tests::misc::test_variable ... ok
[INFO] [stdout] test adana_script::tests::misc::test_str ... ok
[INFO] [stdout] test adana_script::tests::range::simple_range ... ok
[INFO] [stdout] test adana_script::tests::misc::test_variable_expr_2 ... ok
[INFO] [stdout] test adana_script::tests::misc::test_variable_expr ... ok
[INFO] [stdout] test adana_script::tests::misc::test_simple_logical_and_or ... ok
[INFO] [stdout] test adana_script::tests::range::simple_range_in_function ... ok
[INFO] [stdout] test adana_script::tests::range::simple_range_in_array ... ok
[INFO] [stdout] test adana_script::tests::range::simple_foreach_range ... ok
[INFO] [stdout] test adana_script::tests::range::simple_foreach_range_both_end ... ok
[INFO] [stdout] test adana_script::tests::misc::test_extra ... ok
[INFO] [stdout] test adana_script::tests::strings::test_string_block2 ... ok
[INFO] [stdout] test adana_script::tests::range::simple_range_struct ... ok
[INFO] [stdout] test adana_script::tests::strings::test_string_escape ... ok
[INFO] [stdout] test adana_script::tests::misc::test_simple_condition ... ok
[INFO] [stdout] test adana_script::tests::misc::test_fn_log ... ok
[INFO] [stdout] test adana_script::tests::strings::test_string_block_with_parameters ... ok
[INFO] [stdout] test adana_script::tests::misc::test_fn_tan ... ok
[INFO] [stdout] test adana_script::tests::funct::test_array_access_fn_call ... ok
[INFO] [stdout] test adana_script::tests::struc::test_struct_access_key ... ok
[INFO] [stdout] test adana_script::tests::strings::test_string_block_with_parameters_struct ... ok
[INFO] [stdout] test adana_script::tests::struc::test_struct_access_key2 ... ok
[INFO] [stdout] test adana_script::tests::struc::test_struct_empty ... ok
[INFO] [stdout] test adana_script::tests::struc::test_struct_access_key5 ... ok
[INFO] [stdout] test adana_script::tests::strings::test_string_block_complete ... ok
[INFO] [stdout] test adana_script::tests::struc::test_struct_access_key4 ... ok
[INFO] [stdout] test adana_script::tests::strings::parse_multi_values ... ok
[INFO] [stdout] test adana_script::tests::struc::test_struct_access_key3 ... ok
[INFO] [stdout] test adana_script::tests::strings::parse_f_strings_fn ... ok
[INFO] [stdout] test adana_script::tests::funct::test_basic_map ... ok
[INFO] [stdout] test adana_script::tests::funct::test_drop ... ok
[INFO] [stdout] test adana_script::tests::test_chaining::complex_struct_array ... ok
[INFO] [stdout] test adana_script::tests::test_chaining::complex_struct_array_struct ... ok
[INFO] [stdout] test adana_script::tests::test_chaining::complex_struct_struct_struct ... ok
[INFO] [stdout] test adana_script::tests::test_chaining::complex_struct_struct_struct_fn ... ok
[INFO] [stdout] test adana_script::tests::test_chaining::complex_struct_struct_struct_fn2 ... ok
[INFO] [stdout] test adana_script::tests::test_chaining::simple_array_two_depth ... ok
[INFO] [stdout] test adana_script::tests::test_drop::test_drop_arr_access ... ok
[INFO] [stdout] test adana_script::tests::test_drop::test_drop_string ... ok
[INFO] [stdout] test adana_script::tests::test_drop::test_drop_struct_access ... ok
[INFO] [stdout] test adana_script::tests::test_drop::test_drop_struct_access_alt ... ok
[INFO] [stdout] test adana_script::tests::test_parser::test_array_fn_access ... ok
[INFO] [stdout] test adana_script::tests::test_parser::test_bug_fn_hello_a ... ok
[INFO] [stdout] test adana_script::tests::test_parser::test_comments_end_arr ... ok
[INFO] [stdout] test adana_script::tests::test_parser::test_inline_fn1 ... ok
[INFO] [stdout] test adana_script::tests::test_parser::test_paren_bug_2023 ... ok
[INFO] [stdout] test adana_script::tests::test_parser::test_parse_break ... ok
[INFO] [stdout] test adana_script::tests::test_parser::test_parse_fn ... ok
[INFO] [stdout] test adana_script::tests::test_parser::test_parse_multiline ... ok
[INFO] [stdout] test adana_script::tests::test_parser::test_parse_string_escaped ... ok
[INFO] [stdout] test adana_script::tests::test_parser::test_parser_array_directly_access ... ok
[INFO] [stdout] test adana_script::tests::test_parser::test_struct1 ... ok
[INFO] [stdout] test adana_script::tests::test_parser::test_struct2 ... ok
[INFO] [stdout] test adana_script::tests::test_parser::test_struct_access_1 ... ok
[INFO] [stdout] test adana_script::tests::test_parser::test_struct_array ... ok
[INFO] [stdout] test adana_script::tests::test_parser::test_struct_array2 ... ok
[INFO] [stdout] test adana_script::tests::test_reference::test_forin_range_ref1 ... ok
[INFO] [stdout] test adana_script::tests::test_reference::test_forin_range_ref2 ... ok
[INFO] [stdout] test adana_script::tests::test_reference::test_simple ... ok
[INFO] [stdout] test adana_script::tests::test_reference::test_simple_array_ref ... ok
[INFO] [stdout] test adana_script::tests::test_reference::test_simple_modify ... ok
[INFO] [stdout] test adana_script::tests::test_reference::test_simple_struct_ref ... ok
[INFO] [stdout] test adana_script::tests::test_scope_ctx::test_if_else_scope_complex ... ok
[INFO] [stdout] test adana_script::tests::test_scope_ctx::test_if_else_scope_simple ... ok
[INFO] [stdout] test adana_script::tests::test_scope_ctx::test_if_scope_complex ... ok
[INFO] [stdout] test adana_script::tests::test_scope_ctx::test_if_scope_simple ... ok
[INFO] [stdout] test adana_script::tests::test_scope_ctx::test_while_scope_complex ... ok
[INFO] [stdout] test adana_script::tests::test_scope_ctx::test_while_scope_simple ... ok
[INFO] [stdout] test adana_script::tests::funct::test_if_else_file ... ok
[INFO] [stdout] test adana_script::tests::funct::test_override_map ... ok
[INFO] [stdout] test adana_script::tests::funct::test_recursive ... ok
[INFO] [stdout] test adana_script::tests::struc::test_simple_struc ... ok
[INFO] [stdout] test adana_script::tests::struc::test_simple_struc_with_more_stuff_in_it ... ok
[INFO] [stdout] test adana_script::tests::struc::test_struct_access ... ok
[INFO] [stdout] test adana_script::tests::struc::test_struct_complex_ish ... ok
[INFO] [stdout] test adana_script::tests::struc::test_struct_eq ... ok
[INFO] [stdout] test adana_script::tests::unused::test_simple_unused_array ... ok
[INFO] [stdout] test adana_script::tests::unused::test_simple_unused_fn_call_range ... ok
[INFO] [stdout] test adana_script::tests::struc::test_struct_variable_assign ... ok
[INFO] [stdout] test adana_script::tests::unused::test_simple_unused_fn_multiple_parameters2 ... ok
[INFO] [stdout] test adana_script::tests::unused::test_simple_unused_fn_multiple_parameters ... ok
[INFO] [stdout] test adana_script::tests::unused::test_simple_unused_fn_parameter ... ok
[INFO] [stdout] test adana_script::tests::unused::test_simple_unused_foreach ... ok
[INFO] [stdout] test adana_script::tests::unused::test_simple_unused_range ... ok
[INFO] [stdout] test adana_script::tests::unused::test_simple_unused_foreach_index ... ok
[INFO] [stdout] test adana_script::tests::unused::test_simple_unused_struct ... ok
[INFO] [stdout] 'hello world'
[INFO] [stdout] test cache_command::os_command::test::test_exec_command ... ok
[INFO] [stdout] test db::file_lock::test::test_lock ... ok
[INFO] [stdout] test db::in_memory::test::test_inner_db ... ok
[INFO] [stdout] test adana_script::tests::test_array::test_array_access_expr ... ok
[INFO] [stdout] test adana_script::tests::test_array::test_array_expr_access ... ok
[INFO] [stdout] test adana_script::tests::test_array::test_array_expr_access_not_assigned ... ok
[INFO] [stdout] test adana_script::tests::test_array::test_file_array ... ok
[INFO] [stdout] test adana_script::tests::test_array::test_simple_array ... ok
[INFO] [stdout] test adana_script::tests::test_array::test_string_array ... ok
[INFO] [stdout] test db::database::test::test_file_db_lock ... ok
[INFO] [stdout] test adana_script::tests::tests_file::test_fizz_buzz ... ok
[INFO] [stdout] test adana_script::tests::tests_file::test_if_else_file1 ... ok
[INFO] [stdout] test adana_script::tests::tests_file::test_if_statement ... ok
[INFO] [stdout] test adana_script::tests::tests_file::test_includes ... ok
[INFO] [stdout] test adana_script::tests::tests_file::test_multiline_file ... ok
[INFO] [stdout] test adana_script::tests::tests_file::test_nested_file ... ok
[INFO] [stdout] test adana_script::tests::tests_file::test_simple_file ... ok
[INFO] [stdout] test adana_script::tests::tests_file::test_while_statement ... ok
[INFO] [stdout] 
[INFO] [stdout] failures:
[INFO] [stdout] 
[INFO] [stdout] ---- adana_script::tests::dynload::build_from_adana_dynamic_lib_test stdout ----
[INFO] [stdout] [src/adana_script/compute.rs:1055] rest = ""
[INFO] [stdout] [src/adana_script/compute.rs:1056] &instructions = [
[INFO] [stdout]     VariableExpr {
[INFO] [stdout]         name: Variable(
[INFO] [stdout]             "lib",
[INFO] [stdout]         ),
[INFO] [stdout]         expr: BuiltInFunction {
[INFO] [stdout]             fn_type: Require,
[INFO] [stdout]             expr: BlockParen(
[INFO] [stdout]                 [
[INFO] [stdout]                     String(
[INFO] [stdout]                         "example_lib_src",
[INFO] [stdout]                     ),
[INFO] [stdout]                 ],
[INFO] [stdout]             ),
[INFO] [stdout]         },
[INFO] [stdout]     },
[INFO] [stdout]     VariableExpr {
[INFO] [stdout]         name: Variable(
[INFO] [stdout]             "callback",
[INFO] [stdout]         ),
[INFO] [stdout]         expr: Function {
[INFO] [stdout]             parameters: BlockParen(
[INFO] [stdout]                 [
[INFO] [stdout]                     Variable(
[INFO] [stdout]                         "input",
[INFO] [stdout]                     ),
[INFO] [stdout]                 ],
[INFO] [stdout]             ),
[INFO] [stdout]             exprs: [
[INFO] [stdout]                 BlockParen(
[INFO] [stdout]                     [
[INFO] [stdout]                         FunctionCall {
[INFO] [stdout]                             parameters: BlockParen(
[INFO] [stdout]                                 [
[INFO] [stdout]                                     Variable(
[INFO] [stdout]                                         "input",
[INFO] [stdout]                                     ),
[INFO] [stdout]                                     String(
[INFO] [stdout]                                         "Nordine!",
[INFO] [stdout]                                     ),
[INFO] [stdout]                                     String(
[INFO] [stdout]                                         "ca",
[INFO] [stdout]                                     ),
[INFO] [stdout]                                     String(
[INFO] [stdout]                                         "va?",
[INFO] [stdout]                                     ),
[INFO] [stdout]                                 ],
[INFO] [stdout]                             ),
[INFO] [stdout]                             function: StructAccess {
[INFO] [stdout]                                 struc: Variable(
[INFO] [stdout]                                     "lib",
[INFO] [stdout]                                 ),
[INFO] [stdout]                                 key: "hello",
[INFO] [stdout]                             },
[INFO] [stdout]                         },
[INFO] [stdout]                     ],
[INFO] [stdout]                 ),
[INFO] [stdout]             ],
[INFO] [stdout]         },
[INFO] [stdout]     },
[INFO] [stdout]     VariableExpr {
[INFO] [stdout]         name: Variable(
[INFO] [stdout]             "text",
[INFO] [stdout]         ),
[INFO] [stdout]         expr: FunctionCall {
[INFO] [stdout]             parameters: BlockParen(
[INFO] [stdout]                 [
[INFO] [stdout]                     Variable(
[INFO] [stdout]                         "callback",
[INFO] [stdout]                     ),
[INFO] [stdout]                 ],
[INFO] [stdout]             ),
[INFO] [stdout]             function: StructAccess {
[INFO] [stdout]                 struc: Variable(
[INFO] [stdout]                     "lib",
[INFO] [stdout]                 ),
[INFO] [stdout]                 key: "callback",
[INFO] [stdout]             },
[INFO] [stdout]         },
[INFO] [stdout]     },
[INFO] [stdout] ]
[INFO] [stdout] [src/adana_script/ast.rs:78] &operations = [
[INFO] [stdout]     String(
[INFO] [stdout]         "example_lib_src",
[INFO] [stdout]     ),
[INFO] [stdout] ]
[INFO] [stdout] ===================DEBUG TREE==================
[INFO] [stdout] VariableAssign(Some("lib"))
[INFO] [stdout] └── BuiltInFunction(Require)
[INFO] [stdout]     └── Primitive(String("example_lib_src"))
[INFO] [stdout] ===================DEBUG TREE==================
[INFO] [stdout] [src/adana_script/require_dynamic_lib.rs:26] &curr_path = "/opt/rustwide/workdir"
[INFO] [stdout] [src/adana_script/require_dynamic_lib.rs:58] &temp_path = "example_lib_src"
[INFO] [stdout] thread 'adana_script::tests::dynload::build_from_adana_dynamic_lib_test' panicked at src/adana_script/tests/dynload.rs:75:59:
[INFO] [stdout] called `Result::unwrap()` on an `Err` value: parent or shared lib doesn't exist
[INFO] [stdout] stack backtrace:
[INFO] [stdout]    0:     0x55b29435485c - std::backtrace_rs::backtrace::libunwind::trace::ha637c64ce894333a
[INFO] [stdout]                                at /rustc/82e1608dfa6e0b5569232559e3d385fea5a93112/library/std/src/../../backtrace/src/backtrace/libunwind.rs:104:5
[INFO] [stdout]    1:     0x55b29435485c - std::backtrace_rs::backtrace::trace_unsynchronized::h47f62dea28e0c88d
[INFO] [stdout]                                at /rustc/82e1608dfa6e0b5569232559e3d385fea5a93112/library/std/src/../../backtrace/src/backtrace/mod.rs:66:5
[INFO] [stdout]    2:     0x55b29435485c - std::sys_common::backtrace::_print_fmt::h9eef0abe20ede486
[INFO] [stdout]                                at /rustc/82e1608dfa6e0b5569232559e3d385fea5a93112/library/std/src/sys_common/backtrace.rs:67:5
[INFO] [stdout]    3:     0x55b29435485c - <std::sys_common::backtrace::_print::DisplayBacktrace as core::fmt::Display>::fmt::hed7f999df88cc644
[INFO] [stdout]                                at /rustc/82e1608dfa6e0b5569232559e3d385fea5a93112/library/std/src/sys_common/backtrace.rs:44:22
[INFO] [stdout]    4:     0x55b2943818d0 - core::fmt::rt::Argument::fmt::h1539a9308b8d058d
[INFO] [stdout]                                at /rustc/82e1608dfa6e0b5569232559e3d385fea5a93112/library/core/src/fmt/rt.rs:142:9
[INFO] [stdout]    5:     0x55b2943818d0 - core::fmt::write::h3a39390d8560d9c9
[INFO] [stdout]                                at /rustc/82e1608dfa6e0b5569232559e3d385fea5a93112/library/core/src/fmt/mod.rs:1120:17
[INFO] [stdout]    6:     0x55b294351c0f - std::io::Write::write_fmt::h040b369f3a0f9cbc
[INFO] [stdout]                                at /rustc/82e1608dfa6e0b5569232559e3d385fea5a93112/library/std/src/io/mod.rs:1762:15
[INFO] [stdout]    7:     0x55b294354644 - std::sys_common::backtrace::_print::h894006fb5c6f3d45
[INFO] [stdout]                                at /rustc/82e1608dfa6e0b5569232559e3d385fea5a93112/library/std/src/sys_common/backtrace.rs:47:5
[INFO] [stdout]    8:     0x55b294354644 - std::sys_common::backtrace::print::h23a2d212c6fff936
[INFO] [stdout]                                at /rustc/82e1608dfa6e0b5569232559e3d385fea5a93112/library/std/src/sys_common/backtrace.rs:34:9
[INFO] [stdout]    9:     0x55b294356307 - std::panicking::default_hook::{{closure}}::h8a1d2ee00185001a
[INFO] [stdout]   10:     0x55b294355ff3 - std::panicking::default_hook::h6038f2eba384e475
[INFO] [stdout]                                at /rustc/82e1608dfa6e0b5569232559e3d385fea5a93112/library/std/src/panicking.rs:289:9
[INFO] [stdout]   11:     0x55b29427fbb7 - <alloc::boxed::Box<F,A> as core::ops::function::Fn<Args>>::call::h0ad024c9bdc6d768
[INFO] [stdout]                                at /rustc/82e1608dfa6e0b5569232559e3d385fea5a93112/library/alloc/src/boxed.rs:2021:9
[INFO] [stdout]   12:     0x55b29427fbb7 - test::test_main::{{closure}}::h7500b54257359db6
[INFO] [stdout]                                at /rustc/82e1608dfa6e0b5569232559e3d385fea5a93112/library/test/src/lib.rs:138:21
[INFO] [stdout]   13:     0x55b294356918 - <alloc::boxed::Box<F,A> as core::ops::function::Fn<Args>>::call::h1f8f335eaa9cfaee
[INFO] [stdout]                                at /rustc/82e1608dfa6e0b5569232559e3d385fea5a93112/library/alloc/src/boxed.rs:2021:9
[INFO] [stdout]   14:     0x55b294356918 - std::panicking::rust_panic_with_hook::h2b5517d590cab22e
[INFO] [stdout]                                at /rustc/82e1608dfa6e0b5569232559e3d385fea5a93112/library/std/src/panicking.rs:783:13
[INFO] [stdout]   15:     0x55b29435666e - std::panicking::begin_panic_handler::{{closure}}::h233112c06e0ef43e
[INFO] [stdout]                                at /rustc/82e1608dfa6e0b5569232559e3d385fea5a93112/library/std/src/panicking.rs:657:13
[INFO] [stdout]   16:     0x55b294354d26 - std::sys_common::backtrace::__rust_end_short_backtrace::h6e893f24d7ebbff8
[INFO] [stdout]                                at /rustc/82e1608dfa6e0b5569232559e3d385fea5a93112/library/std/src/sys_common/backtrace.rs:170:18
[INFO] [stdout]   17:     0x55b2943563d2 - rust_begin_unwind
[INFO] [stdout]                                at /rustc/82e1608dfa6e0b5569232559e3d385fea5a93112/library/std/src/panicking.rs:645:5
[INFO] [stdout]   18:     0x55b29401a1c5 - core::panicking::panic_fmt::hbf0e066aabfa482c
[INFO] [stdout]                                at /rustc/82e1608dfa6e0b5569232559e3d385fea5a93112/library/core/src/panicking.rs:72:14
[INFO] [stdout]   19:     0x55b29401a753 - core::result::unwrap_failed::hddb4fea594200c52
[INFO] [stdout]                                at /rustc/82e1608dfa6e0b5569232559e3d385fea5a93112/library/core/src/result.rs:1653:5
[INFO] [stdout]   20:     0x55b29414fb4c - core::result::Result<T,E>::unwrap::h05738ee1c08f8105
[INFO] [stdout]                                at /rustc/82e1608dfa6e0b5569232559e3d385fea5a93112/library/core/src/result.rs:1077:23
[INFO] [stdout]   21:     0x55b2940ebd91 - adana::adana_script::tests::dynload::build_from_adana_dynamic_lib_test::{{closure}}::h3e612d12c53da109
[INFO] [stdout]                                at /opt/rustwide/workdir/src/adana_script/tests/dynload.rs:75:15
[INFO] [stdout]   22:     0x55b294142f1e - core::ops::function::FnOnce::call_once::h67bfbbbf51981d67
[INFO] [stdout]                                at /rustc/82e1608dfa6e0b5569232559e3d385fea5a93112/library/core/src/ops/function.rs:250:5
[INFO] [stdout]   23:     0x55b29429c8cf - serial_test::serial_code_lock::local_serial_core::h60c5af0bd45b55fb
[INFO] [stdout]                                at /opt/rustwide/cargo-home/registry/src/index.crates.io-6f17d22bba15001f/serial_test-2.0.0/src/serial_code_lock.rs:25:5
[INFO] [stdout]   24:     0x55b2940ebcc9 - adana::adana_script::tests::dynload::build_from_adana_dynamic_lib_test::h5f75f5c7742d9db9
[INFO] [stdout]                                at /opt/rustwide/workdir/src/adana_script/tests/dynload.rs:67:1
[INFO] [stdout]   25:     0x55b2940ebc97 - adana::adana_script::tests::dynload::build_from_adana_dynamic_lib_test::{{closure}}::h33ecabf304eabbde
[INFO] [stdout]                                at /opt/rustwide/workdir/src/adana_script/tests/dynload.rs:68:39
[INFO] [stdout]   26:     0x55b2941448f6 - core::ops::function::FnOnce::call_once::he8c84819045ea400
[INFO] [stdout]                                at /rustc/82e1608dfa6e0b5569232559e3d385fea5a93112/library/core/src/ops/function.rs:250:5
[INFO] [stdout]   27:     0x55b29428520f - core::ops::function::FnOnce::call_once::h2b5d431d5046312d
[INFO] [stdout]                                at /rustc/82e1608dfa6e0b5569232559e3d385fea5a93112/library/core/src/ops/function.rs:250:5
[INFO] [stdout]   28:     0x55b29428520f - test::__rust_begin_short_backtrace::h7714669af176e207
[INFO] [stdout]                                at /rustc/82e1608dfa6e0b5569232559e3d385fea5a93112/library/test/src/lib.rs:628:18
[INFO] [stdout]   29:     0x55b294284225 - test::run_test_in_process::{{closure}}::h85218797dcbcec12
[INFO] [stdout]                                at /rustc/82e1608dfa6e0b5569232559e3d385fea5a93112/library/test/src/lib.rs:651:60
[INFO] [stdout]   30:     0x55b294284225 - <core::panic::unwind_safe::AssertUnwindSafe<F> as core::ops::function::FnOnce<()>>::call_once::h76c106ea31c14d7b
[INFO] [stdout]                                at /rustc/82e1608dfa6e0b5569232559e3d385fea5a93112/library/core/src/panic/unwind_safe.rs:272:9
[INFO] [stdout]   31:     0x55b294284225 - std::panicking::try::do_call::h3bd5d0f6620ee946
[INFO] [stdout]                                at /rustc/82e1608dfa6e0b5569232559e3d385fea5a93112/library/std/src/panicking.rs:552:40
[INFO] [stdout]   32:     0x55b294284225 - std::panicking::try::h232e535e4744fe31
[INFO] [stdout]                                at /rustc/82e1608dfa6e0b5569232559e3d385fea5a93112/library/std/src/panicking.rs:516:19
[INFO] [stdout]   33:     0x55b294284225 - std::panic::catch_unwind::h3ce3bd6ca8dbac68
[INFO] [stdout]                                at /rustc/82e1608dfa6e0b5569232559e3d385fea5a93112/library/std/src/panic.rs:142:14
[INFO] [stdout]   34:     0x55b294284225 - test::run_test_in_process::hc97b257c9621286a
[INFO] [stdout]                                at /rustc/82e1608dfa6e0b5569232559e3d385fea5a93112/library/test/src/lib.rs:651:27
[INFO] [stdout]   35:     0x55b294284225 - test::run_test::{{closure}}::h2aa798823a438d38
[INFO] [stdout]                                at /rustc/82e1608dfa6e0b5569232559e3d385fea5a93112/library/test/src/lib.rs:574:43
[INFO] [stdout]   36:     0x55b29424c4e6 - test::run_test::{{closure}}::h87d231c78fb59832
[INFO] [stdout]                                at /rustc/82e1608dfa6e0b5569232559e3d385fea5a93112/library/test/src/lib.rs:602:41
[INFO] [stdout]   37:     0x55b29424c4e6 - std::sys_common::backtrace::__rust_begin_short_backtrace::he6df152596625789
[INFO] [stdout]                                at /rustc/82e1608dfa6e0b5569232559e3d385fea5a93112/library/std/src/sys_common/backtrace.rs:154:18
[INFO] [stdout]   38:     0x55b294251597 - std::thread::Builder::spawn_unchecked_::{{closure}}::{{closure}}::ha94be15d1e0acf36
[INFO] [stdout]                                at /rustc/82e1608dfa6e0b5569232559e3d385fea5a93112/library/std/src/thread/mod.rs:529:17
[INFO] [stdout]   39:     0x55b294251597 - <core::panic::unwind_safe::AssertUnwindSafe<F> as core::ops::function::FnOnce<()>>::call_once::h9dc6bd6372f16606
[INFO] [stdout]                                at /rustc/82e1608dfa6e0b5569232559e3d385fea5a93112/library/core/src/panic/unwind_safe.rs:272:9
[INFO] [stdout]   40:     0x55b294251597 - std::panicking::try::do_call::h9057517f80303cd4
[INFO] [stdout]                                at /rustc/82e1608dfa6e0b5569232559e3d385fea5a93112/library/std/src/panicking.rs:552:40
[INFO] [stdout]   41:     0x55b294251597 - std::panicking::try::he3a30b11ee45340c
[INFO] [stdout]                                at /rustc/82e1608dfa6e0b5569232559e3d385fea5a93112/library/std/src/panicking.rs:516:19
[INFO] [stdout]   42:     0x55b294251597 - std::panic::catch_unwind::h410458cfd3528b8b
[INFO] [stdout]                                at /rustc/82e1608dfa6e0b5569232559e3d385fea5a93112/library/std/src/panic.rs:142:14
[INFO] [stdout]   43:     0x55b294251597 - std::thread::Builder::spawn_unchecked_::{{closure}}::h72ac3bdb567b737b
[INFO] [stdout]                                at /rustc/82e1608dfa6e0b5569232559e3d385fea5a93112/library/std/src/thread/mod.rs:528:30
[INFO] [stdout]   44:     0x55b294251597 - core::ops::function::FnOnce::call_once{{vtable.shim}}::h38f34da3654a8344
[INFO] [stdout]                                at /rustc/82e1608dfa6e0b5569232559e3d385fea5a93112/library/core/src/ops/function.rs:250:5
[INFO] [stdout]   45:     0x55b29435c4d5 - <alloc::boxed::Box<F,A> as core::ops::function::FnOnce<Args>>::call_once::hc7eafaff61e32df9
[INFO] [stdout]                                at /rustc/82e1608dfa6e0b5569232559e3d385fea5a93112/library/alloc/src/boxed.rs:2007:9
[INFO] [stdout]   46:     0x55b29435c4d5 - <alloc::boxed::Box<F,A> as core::ops::function::FnOnce<Args>>::call_once::h6ba4a5de48dd2304
[INFO] [stdout]                                at /rustc/82e1608dfa6e0b5569232559e3d385fea5a93112/library/alloc/src/boxed.rs:2007:9
[INFO] [stdout]   47:     0x55b29435c4d5 - std::sys::unix::thread::Thread::new::thread_start::he469335aef763e45
[INFO] [stdout]                                at /rustc/82e1608dfa6e0b5569232559e3d385fea5a93112/library/std/src/sys/unix/thread.rs:108:17
[INFO] [stdout]   48:     0x7f31c3345ac3 - <unknown>
[INFO] [stdout]   49:     0x7f31c33d6bf4 - __clone
[INFO] [stdout]   50:                0x0 - <unknown>
[INFO] [stdout] 
[INFO] [stdout] ---- adana_script::tests::dynload::callback_dynamic_lib_test stdout ----
[INFO] [stdout] [src/adana_script/compute.rs:1055] rest = ""
[INFO] [stdout] [src/adana_script/compute.rs:1056] &instructions = [
[INFO] [stdout]     VariableExpr {
[INFO] [stdout]         name: Variable(
[INFO] [stdout]             "lib",
[INFO] [stdout]         ),
[INFO] [stdout]         expr: BuiltInFunction {
[INFO] [stdout]             fn_type: Require,
[INFO] [stdout]             expr: BlockParen(
[INFO] [stdout]                 [
[INFO] [stdout]                     String(
[INFO] [stdout]                         "libplugin_example.so",
[INFO] [stdout]                     ),
[INFO] [stdout]                 ],
[INFO] [stdout]             ),
[INFO] [stdout]         },
[INFO] [stdout]     },
[INFO] [stdout]     VariableExpr {
[INFO] [stdout]         name: Variable(
[INFO] [stdout]             "callback",
[INFO] [stdout]         ),
[INFO] [stdout]         expr: Function {
[INFO] [stdout]             parameters: BlockParen(
[INFO] [stdout]                 [
[INFO] [stdout]                     Variable(
[INFO] [stdout]                         "input",
[INFO] [stdout]                     ),
[INFO] [stdout]                 ],
[INFO] [stdout]             ),
[INFO] [stdout]             exprs: [
[INFO] [stdout]                 BlockParen(
[INFO] [stdout]                     [
[INFO] [stdout]                         Variable(
[INFO] [stdout]                             "input",
[INFO] [stdout]                         ),
[INFO] [stdout]                         Operation(
[INFO] [stdout]                             Add,
[INFO] [stdout]                         ),
[INFO] [stdout]                         String(
[INFO] [stdout]                             " Nordine! ca va?",
[INFO] [stdout]                         ),
[INFO] [stdout]                     ],
[INFO] [stdout]                 ),
[INFO] [stdout]             ],
[INFO] [stdout]         },
[INFO] [stdout]     },
[INFO] [stdout]     VariableExpr {
[INFO] [stdout]         name: Variable(
[INFO] [stdout]             "text",
[INFO] [stdout]         ),
[INFO] [stdout]         expr: FunctionCall {
[INFO] [stdout]             parameters: BlockParen(
[INFO] [stdout]                 [
[INFO] [stdout]                     Variable(
[INFO] [stdout]                         "callback",
[INFO] [stdout]                     ),
[INFO] [stdout]                 ],
[INFO] [stdout]             ),
[INFO] [stdout]             function: StructAccess {
[INFO] [stdout]                 struc: Variable(
[INFO] [stdout]                     "lib",
[INFO] [stdout]                 ),
[INFO] [stdout]                 key: "callback",
[INFO] [stdout]             },
[INFO] [stdout]         },
[INFO] [stdout]     },
[INFO] [stdout] ]
[INFO] [stdout] [src/adana_script/ast.rs:78] &operations = [
[INFO] [stdout]     String(
[INFO] [stdout]         "libplugin_example.so",
[INFO] [stdout]     ),
[INFO] [stdout] ]
[INFO] [stdout] ===================DEBUG TREE==================
[INFO] [stdout] VariableAssign(Some("lib"))
[INFO] [stdout] └── BuiltInFunction(Require)
[INFO] [stdout]     └── Primitive(String("libplugin_example.so"))
[INFO] [stdout] ===================DEBUG TREE==================
[INFO] [stdout] [src/adana_script/require_dynamic_lib.rs:26] &curr_path = "/opt/rustwide/workdir"
[INFO] [stdout] [src/adana_script/require_dynamic_lib.rs:58] &temp_path = "libplugin_example.so"
[INFO] [stdout] thread 'adana_script::tests::dynload::callback_dynamic_lib_test' panicked at src/adana_script/tests/dynload.rs:35:59:
[INFO] [stdout] called `Result::unwrap()` on an `Err` value: parent or shared lib doesn't exist
[INFO] [stdout] stack backtrace:
[INFO] [stdout]    0:     0x55b29435485c - std::backtrace_rs::backtrace::libunwind::trace::ha637c64ce894333a
[INFO] [stdout]                                at /rustc/82e1608dfa6e0b5569232559e3d385fea5a93112/library/std/src/../../backtrace/src/backtrace/libunwind.rs:104:5
[INFO] [stdout]    1:     0x55b29435485c - std::backtrace_rs::backtrace::trace_unsynchronized::h47f62dea28e0c88d
[INFO] [stdout]                                at /rustc/82e1608dfa6e0b5569232559e3d385fea5a93112/library/std/src/../../backtrace/src/backtrace/mod.rs:66:5
[INFO] [stdout]    2:     0x55b29435485c - std::sys_common::backtrace::_print_fmt::h9eef0abe20ede486
[INFO] [stdout]                                at /rustc/82e1608dfa6e0b5569232559e3d385fea5a93112/library/std/src/sys_common/backtrace.rs:67:5
[INFO] [stdout]    3:     0x55b29435485c - <std::sys_common::backtrace::_print::DisplayBacktrace as core::fmt::Display>::fmt::hed7f999df88cc644
[INFO] [stdout]                                at /rustc/82e1608dfa6e0b5569232559e3d385fea5a93112/library/std/src/sys_common/backtrace.rs:44:22
[INFO] [stdout]    4:     0x55b2943818d0 - core::fmt::rt::Argument::fmt::h1539a9308b8d058d
[INFO] [stdout]                                at /rustc/82e1608dfa6e0b5569232559e3d385fea5a93112/library/core/src/fmt/rt.rs:142:9
[INFO] [stdout]    5:     0x55b2943818d0 - core::fmt::write::h3a39390d8560d9c9
[INFO] [stdout]                                at /rustc/82e1608dfa6e0b5569232559e3d385fea5a93112/library/core/src/fmt/mod.rs:1120:17
[INFO] [stdout]    6:     0x55b294351c0f - std::io::Write::write_fmt::h040b369f3a0f9cbc
[INFO] [stdout]                                at /rustc/82e1608dfa6e0b5569232559e3d385fea5a93112/library/std/src/io/mod.rs:1762:15
[INFO] [stdout]    7:     0x55b294354644 - std::sys_common::backtrace::_print::h894006fb5c6f3d45
[INFO] [stdout]                                at /rustc/82e1608dfa6e0b5569232559e3d385fea5a93112/library/std/src/sys_common/backtrace.rs:47:5
[INFO] [stdout]    8:     0x55b294354644 - std::sys_common::backtrace::print::h23a2d212c6fff936
[INFO] [stdout]                                at /rustc/82e1608dfa6e0b5569232559e3d385fea5a93112/library/std/src/sys_common/backtrace.rs:34:9
[INFO] [stdout]    9:     0x55b294356307 - std::panicking::default_hook::{{closure}}::h8a1d2ee00185001a
[INFO] [stdout]   10:     0x55b294355ff3 - std::panicking::default_hook::h6038f2eba384e475
[INFO] [stdout]                                at /rustc/82e1608dfa6e0b5569232559e3d385fea5a93112/library/std/src/panicking.rs:289:9
[INFO] [stdout]   11:     0x55b29427fbb7 - <alloc::boxed::Box<F,A> as core::ops::function::Fn<Args>>::call::h0ad024c9bdc6d768
[INFO] [stdout]                                at /rustc/82e1608dfa6e0b5569232559e3d385fea5a93112/library/alloc/src/boxed.rs:2021:9
[INFO] [stdout]   12:     0x55b29427fbb7 - test::test_main::{{closure}}::h7500b54257359db6
[INFO] [stdout]                                at /rustc/82e1608dfa6e0b5569232559e3d385fea5a93112/library/test/src/lib.rs:138:21
[INFO] [stdout]   13:     0x55b294356918 - <alloc::boxed::Box<F,A> as core::ops::function::Fn<Args>>::call::h1f8f335eaa9cfaee
[INFO] [stdout]                                at /rustc/82e1608dfa6e0b5569232559e3d385fea5a93112/library/alloc/src/boxed.rs:2021:9
[INFO] [stdout]   14:     0x55b294356918 - std::panicking::rust_panic_with_hook::h2b5517d590cab22e
[INFO] [stdout]                                at /rustc/82e1608dfa6e0b5569232559e3d385fea5a93112/library/std/src/panicking.rs:783:13
[INFO] [stdout]   15:     0x55b29435666e - std::panicking::begin_panic_handler::{{closure}}::h233112c06e0ef43e
[INFO] [stdout]                                at /rustc/82e1608dfa6e0b5569232559e3d385fea5a93112/library/std/src/panicking.rs:657:13
[INFO] [stdout]   16:     0x55b294354d26 - std::sys_common::backtrace::__rust_end_short_backtrace::h6e893f24d7ebbff8
[INFO] [stdout]                                at /rustc/82e1608dfa6e0b5569232559e3d385fea5a93112/library/std/src/sys_common/backtrace.rs:170:18
[INFO] [stdout]   17:     0x55b2943563d2 - rust_begin_unwind
[INFO] [stdout]                                at /rustc/82e1608dfa6e0b5569232559e3d385fea5a93112/library/std/src/panicking.rs:645:5
[INFO] [stdout]   18:     0x55b29401a1c5 - core::panicking::panic_fmt::hbf0e066aabfa482c
[INFO] [stdout]                                at /rustc/82e1608dfa6e0b5569232559e3d385fea5a93112/library/core/src/panicking.rs:72:14
[INFO] [stdout]   19:     0x55b29401a753 - core::result::unwrap_failed::hddb4fea594200c52
[INFO] [stdout]                                at /rustc/82e1608dfa6e0b5569232559e3d385fea5a93112/library/core/src/result.rs:1653:5
[INFO] [stdout]   20:     0x55b29414fb4c - core::result::Result<T,E>::unwrap::h05738ee1c08f8105
[INFO] [stdout]                                at /rustc/82e1608dfa6e0b5569232559e3d385fea5a93112/library/core/src/result.rs:1077:23
[INFO] [stdout]   21:     0x55b2940eb011 - adana::adana_script::tests::dynload::callback_dynamic_lib_test::{{closure}}::h15c9ce6e0a9f9968
[INFO] [stdout]                                at /opt/rustwide/workdir/src/adana_script/tests/dynload.rs:35:15
[INFO] [stdout]   22:     0x55b29414217e - core::ops::function::FnOnce::call_once::h28530a8d586c91b8
[INFO] [stdout]                                at /rustc/82e1608dfa6e0b5569232559e3d385fea5a93112/library/core/src/ops/function.rs:250:5
[INFO] [stdout]   23:     0x55b29429c8cf - serial_test::serial_code_lock::local_serial_core::h60c5af0bd45b55fb
[INFO] [stdout]                                at /opt/rustwide/cargo-home/registry/src/index.crates.io-6f17d22bba15001f/serial_test-2.0.0/src/serial_code_lock.rs:25:5
[INFO] [stdout]   24:     0x55b2940eaf49 - adana::adana_script::tests::dynload::callback_dynamic_lib_test::h071cc414611695cf
[INFO] [stdout]                                at /opt/rustwide/workdir/src/adana_script/tests/dynload.rs:27:1
[INFO] [stdout]   25:     0x55b2940eaf17 - adana::adana_script::tests::dynload::callback_dynamic_lib_test::{{closure}}::hb010db64e2d12ac1
[INFO] [stdout]                                at /opt/rustwide/workdir/src/adana_script/tests/dynload.rs:28:31
[INFO] [stdout]   26:     0x55b294144336 - core::ops::function::FnOnce::call_once::hcc5f4f356ad35cf3
[INFO] [stdout]                                at /rustc/82e1608dfa6e0b5569232559e3d385fea5a93112/library/core/src/ops/function.rs:250:5
[INFO] [stdout]   27:     0x55b29428520f - core::ops::function::FnOnce::call_once::h2b5d431d5046312d
[INFO] [stdout]                                at /rustc/82e1608dfa6e0b5569232559e3d385fea5a93112/library/core/src/ops/function.rs:250:5
[INFO] [stdout]   28:     0x55b29428520f - test::__rust_begin_short_backtrace::h7714669af176e207
[INFO] [stdout]                                at /rustc/82e1608dfa6e0b5569232559e3d385fea5a93112/library/test/src/lib.rs:628:18
[INFO] [stdout]   29:     0x55b294284225 - test::run_test_in_process::{{closure}}::h85218797dcbcec12
[INFO] [stdout]                                at /rustc/82e1608dfa6e0b5569232559e3d385fea5a93112/library/test/src/lib.rs:651:60
[INFO] [stdout]   30:     0x55b294284225 - <core::panic::unwind_safe::AssertUnwindSafe<F> as core::ops::function::FnOnce<()>>::call_once::h76c106ea31c14d7b
[INFO] [stdout]                                at /rustc/82e1608dfa6e0b5569232559e3d385fea5a93112/library/core/src/panic/unwind_safe.rs:272:9
[INFO] [stdout]   31:     0x55b294284225 - std::panicking::try::do_call::h3bd5d0f6620ee946
[INFO] [stdout]                                at /rustc/82e1608dfa6e0b5569232559e3d385fea5a93112/library/std/src/panicking.rs:552:40
[INFO] [stdout]   32:     0x55b294284225 - std::panicking::try::h232e535e4744fe31
[INFO] [stdout]                                at /rustc/82e1608dfa6e0b5569232559e3d385fea5a93112/library/std/src/panicking.rs:516:19
[INFO] [stdout]   33:     0x55b294284225 - std::panic::catch_unwind::h3ce3bd6ca8dbac68
[INFO] [stdout]                                at /rustc/82e1608dfa6e0b5569232559e3d385fea5a93112/library/std/src/panic.rs:142:14
[INFO] [stdout]   34:     0x55b294284225 - test::run_test_in_process::hc97b257c9621286a
[INFO] [stdout]                                at /rustc/82e1608dfa6e0b5569232559e3d385fea5a93112/library/test/src/lib.rs:651:27
[INFO] [stdout]   35:     0x55b294284225 - test::run_test::{{closure}}::h2aa798823a438d38
[INFO] [stdout]                                at /rustc/82e1608dfa6e0b5569232559e3d385fea5a93112/library/test/src/lib.rs:574:43
[INFO] [stdout]   36:     0x55b29424c4e6 - test::run_test::{{closure}}::h87d231c78fb59832
[INFO] [stdout]                                at /rustc/82e1608dfa6e0b5569232559e3d385fea5a93112/library/test/src/lib.rs:602:41
[INFO] [stdout]   37:     0x55b29424c4e6 - std::sys_common::backtrace::__rust_begin_short_backtrace::he6df152596625789
[INFO] [stdout]                                at /rustc/82e1608dfa6e0b5569232559e3d385fea5a93112/library/std/src/sys_common/backtrace.rs:154:18
[INFO] [stdout]   38:     0x55b294251597 - std::thread::Builder::spawn_unchecked_::{{closure}}::{{closure}}::ha94be15d1e0acf36
[INFO] [stdout]                                at /rustc/82e1608dfa6e0b5569232559e3d385fea5a93112/library/std/src/thread/mod.rs:529:17
[INFO] [stdout]   39:     0x55b294251597 - <core::panic::unwind_safe::AssertUnwindSafe<F> as core::ops::function::FnOnce<()>>::call_once::h9dc6bd6372f16606
[INFO] [stdout]                                at /rustc/82e1608dfa6e0b5569232559e3d385fea5a93112/library/core/src/panic/unwind_safe.rs:272:9
[INFO] [stdout]   40:     0x55b294251597 - std::panicking::try::do_call::h9057517f80303cd4
[INFO] [stdout]                                at /rustc/82e1608dfa6e0b5569232559e3d385fea5a93112/library/std/src/panicking.rs:552:40
[INFO] [stdout]   41:     0x55b294251597 - std::panicking::try::he3a30b11ee45340c
[INFO] [stdout]                                at /rustc/82e1608dfa6e0b5569232559e3d385fea5a93112/library/std/src/panicking.rs:516:19
[INFO] [stdout]   42:     0x55b294251597 - std::panic::catch_unwind::h410458cfd3528b8b
[INFO] [stdout]                                at /rustc/82e1608dfa6e0b5569232559e3d385fea5a93112/library/std/src/panic.rs:142:14
[INFO] [stdout]   43:     0x55b294251597 - std::thread::Builder::spawn_unchecked_::{{closure}}::h72ac3bdb567b737b
[INFO] [stdout]                                at /rustc/82e1608dfa6e0b5569232559e3d385fea5a93112/library/std/src/thread/mod.rs:528:30
[INFO] [stdout]   44:     0x55b294251597 - core::ops::function::FnOnce::call_once{{vtable.shim}}::h38f34da3654a8344
[INFO] [stdout]                                at /rustc/82e1608dfa6e0b5569232559e3d385fea5a93112/library/core/src/ops/function.rs:250:5
[INFO] [stdout]   45:     0x55b29435c4d5 - <alloc::boxed::Box<F,A> as core::ops::function::FnOnce<Args>>::call_once::hc7eafaff61e32df9
[INFO] [stdout]                                at /rustc/82e1608dfa6e0b5569232559e3d385fea5a93112/library/alloc/src/boxed.rs:2007:9
[INFO] [stdout]   46:     0x55b29435c4d5 - <alloc::boxed::Box<F,A> as core::ops::function::FnOnce<Args>>::call_once::h6ba4a5de48dd2304
[INFO] [stdout]                                at /rustc/82e1608dfa6e0b5569232559e3d385fea5a93112/library/alloc/src/boxed.rs:2007:9
[INFO] [stdout]   47:     0x55b29435c4d5 - std::sys::unix::thread::Thread::new::thread_start::he469335aef763e45
[INFO] [stdout]                                at /rustc/82e1608dfa6e0b5569232559e3d385fea5a93112/library/std/src/sys/unix/thread.rs:108:17
[INFO] [stdout]   48:     0x7f31c3345ac3 - <unknown>
[INFO] [stdout]   49:     0x7f31c33d6bf4 - __clone
[INFO] [stdout]   50:                0x0 - <unknown>
[INFO] [stdout] 
[INFO] [stdout] ---- adana_script::tests::dynload::complex_callback_dynamic_lib_test stdout ----
[INFO] [stdout] [src/adana_script/compute.rs:1055] rest = ""
[INFO] [stdout] [src/adana_script/compute.rs:1056] &instructions = [
[INFO] [stdout]     VariableExpr {
[INFO] [stdout]         name: Variable(
[INFO] [stdout]             "lib",
[INFO] [stdout]         ),
[INFO] [stdout]         expr: BuiltInFunction {
[INFO] [stdout]             fn_type: Require,
[INFO] [stdout]             expr: BlockParen(
[INFO] [stdout]                 [
[INFO] [stdout]                     String(
[INFO] [stdout]                         "libplugin_example.so",
[INFO] [stdout]                     ),
[INFO] [stdout]                 ],
[INFO] [stdout]             ),
[INFO] [stdout]         },
[INFO] [stdout]     },
[INFO] [stdout]     VariableExpr {
[INFO] [stdout]         name: Variable(
[INFO] [stdout]             "callback",
[INFO] [stdout]         ),
[INFO] [stdout]         expr: Function {
[INFO] [stdout]             parameters: BlockParen(
[INFO] [stdout]                 [
[INFO] [stdout]                     Variable(
[INFO] [stdout]                         "input",
[INFO] [stdout]                     ),
[INFO] [stdout]                 ],
[INFO] [stdout]             ),
[INFO] [stdout]             exprs: [
[INFO] [stdout]                 BlockParen(
[INFO] [stdout]                     [
[INFO] [stdout]                         FunctionCall {
[INFO] [stdout]                             parameters: BlockParen(
[INFO] [stdout]                                 [
[INFO] [stdout]                                     Variable(
[INFO] [stdout]                                         "input",
[INFO] [stdout]                                     ),
[INFO] [stdout]                                     String(
[INFO] [stdout]                                         "Nordine!",
[INFO] [stdout]                                     ),
[INFO] [stdout]                                     String(
[INFO] [stdout]                                         "ca",
[INFO] [stdout]                                     ),
[INFO] [stdout]                                     String(
[INFO] [stdout]                                         "va?",
[INFO] [stdout]                                     ),
[INFO] [stdout]                                 ],
[INFO] [stdout]                             ),
[INFO] [stdout]                             function: StructAccess {
[INFO] [stdout]                                 struc: Variable(
[INFO] [stdout]                                     "lib",
[INFO] [stdout]                                 ),
[INFO] [stdout]                                 key: "hello",
[INFO] [stdout]                             },
[INFO] [stdout]                         },
[INFO] [stdout]                     ],
[INFO] [stdout]                 ),
[INFO] [stdout]             ],
[INFO] [stdout]         },
[INFO] [stdout]     },
[INFO] [stdout]     VariableExpr {
[INFO] [stdout]         name: Variable(
[INFO] [stdout]             "text",
[INFO] [stdout]         ),
[INFO] [stdout]         expr: FunctionCall {
[INFO] [stdout]             parameters: BlockParen(
[INFO] [stdout]                 [
[INFO] [stdout]                     Variable(
[INFO] [stdout]                         "callback",
[INFO] [stdout]                     ),
[INFO] [stdout]                 ],
[INFO] [stdout]             ),
[INFO] [stdout]             function: StructAccess {
[INFO] [stdout]                 struc: Variable(
[INFO] [stdout]                     "lib",
[INFO] [stdout]                 ),
[INFO] [stdout]                 key: "callback",
[INFO] [stdout]             },
[INFO] [stdout]         },
[INFO] [stdout]     },
[INFO] [stdout] ]
[INFO] [stdout] [src/adana_script/ast.rs:78] &operations = [
[INFO] [stdout]     String(
[INFO] [stdout]         "libplugin_example.so",
[INFO] [stdout]     ),
[INFO] [stdout] ]
[INFO] [stdout] ===================DEBUG TREE==================
[INFO] [stdout] VariableAssign(Some("lib"))
[INFO] [stdout] └── BuiltInFunction(Require)
[INFO] [stdout]     └── Primitive(String("libplugin_example.so"))
[INFO] [stdout] ===================DEBUG TREE==================
[INFO] [stdout] [src/adana_script/require_dynamic_lib.rs:26] &curr_path = "/opt/rustwide/workdir"
[INFO] [stdout] [src/adana_script/require_dynamic_lib.rs:58] &temp_path = "libplugin_example.so"
[INFO] [stdout] thread 'adana_script::tests::dynload::complex_callback_dynamic_lib_test' panicked at src/adana_script/tests/dynload.rs:55:59:
[INFO] [stdout] called `Result::unwrap()` on an `Err` value: parent or shared lib doesn't exist
[INFO] [stdout] stack backtrace:
[INFO] [stdout]    0:     0x55b29435485c - std::backtrace_rs::backtrace::libunwind::trace::ha637c64ce894333a
[INFO] [stdout]                                at /rustc/82e1608dfa6e0b5569232559e3d385fea5a93112/library/std/src/../../backtrace/src/backtrace/libunwind.rs:104:5
[INFO] [stdout]    1:     0x55b29435485c - std::backtrace_rs::backtrace::trace_unsynchronized::h47f62dea28e0c88d
[INFO] [stdout]                                at /rustc/82e1608dfa6e0b5569232559e3d385fea5a93112/library/std/src/../../backtrace/src/backtrace/mod.rs:66:5
[INFO] [stdout]    2:     0x55b29435485c - std::sys_common::backtrace::_print_fmt::h9eef0abe20ede486
[INFO] [stdout]                                at /rustc/82e1608dfa6e0b5569232559e3d385fea5a93112/library/std/src/sys_common/backtrace.rs:67:5
[INFO] [stdout]    3:     0x55b29435485c - <std::sys_common::backtrace::_print::DisplayBacktrace as core::fmt::Display>::fmt::hed7f999df88cc644
[INFO] [stdout]                                at /rustc/82e1608dfa6e0b5569232559e3d385fea5a93112/library/std/src/sys_common/backtrace.rs:44:22
[INFO] [stdout]    4:     0x55b2943818d0 - core::fmt::rt::Argument::fmt::h1539a9308b8d058d
[INFO] [stdout]                                at /rustc/82e1608dfa6e0b5569232559e3d385fea5a93112/library/core/src/fmt/rt.rs:142:9
[INFO] [stdout]    5:     0x55b2943818d0 - core::fmt::write::h3a39390d8560d9c9
[INFO] [stdout]                                at /rustc/82e1608dfa6e0b5569232559e3d385fea5a93112/library/core/src/fmt/mod.rs:1120:17
[INFO] [stdout]    6:     0x55b294351c0f - std::io::Write::write_fmt::h040b369f3a0f9cbc
[INFO] [stdout]                                at /rustc/82e1608dfa6e0b5569232559e3d385fea5a93112/library/std/src/io/mod.rs:1762:15
[INFO] [stdout]    7:     0x55b294354644 - std::sys_common::backtrace::_print::h894006fb5c6f3d45
[INFO] [stdout]                                at /rustc/82e1608dfa6e0b5569232559e3d385fea5a93112/library/std/src/sys_common/backtrace.rs:47:5
[INFO] [stdout]    8:     0x55b294354644 - std::sys_common::backtrace::print::h23a2d212c6fff936
[INFO] [stdout]                                at /rustc/82e1608dfa6e0b5569232559e3d385fea5a93112/library/std/src/sys_common/backtrace.rs:34:9
[INFO] [stdout]    9:     0x55b294356307 - std::panicking::default_hook::{{closure}}::h8a1d2ee00185001a
[INFO] [stdout]   10:     0x55b294355ff3 - std::panicking::default_hook::h6038f2eba384e475
[INFO] [stdout]                                at /rustc/82e1608dfa6e0b5569232559e3d385fea5a93112/library/std/src/panicking.rs:289:9
[INFO] [stdout]   11:     0x55b29427fbb7 - <alloc::boxed::Box<F,A> as core::ops::function::Fn<Args>>::call::h0ad024c9bdc6d768
[INFO] [stdout]                                at /rustc/82e1608dfa6e0b5569232559e3d385fea5a93112/library/alloc/src/boxed.rs:2021:9
[INFO] [stdout]   12:     0x55b29427fbb7 - test::test_main::{{closure}}::h7500b54257359db6
[INFO] [stdout]                                at /rustc/82e1608dfa6e0b5569232559e3d385fea5a93112/library/test/src/lib.rs:138:21
[INFO] [stdout]   13:     0x55b294356918 - <alloc::boxed::Box<F,A> as core::ops::function::Fn<Args>>::call::h1f8f335eaa9cfaee
[INFO] [stdout]                                at /rustc/82e1608dfa6e0b5569232559e3d385fea5a93112/library/alloc/src/boxed.rs:2021:9
[INFO] [stdout]   14:     0x55b294356918 - std::panicking::rust_panic_with_hook::h2b5517d590cab22e
[INFO] [stdout]                                at /rustc/82e1608dfa6e0b5569232559e3d385fea5a93112/library/std/src/panicking.rs:783:13
[INFO] [stdout]   15:     0x55b29435666e - std::panicking::begin_panic_handler::{{closure}}::h233112c06e0ef43e
[INFO] [stdout]                                at /rustc/82e1608dfa6e0b5569232559e3d385fea5a93112/library/std/src/panicking.rs:657:13
[INFO] [stdout]   16:     0x55b294354d26 - std::sys_common::backtrace::__rust_end_short_backtrace::h6e893f24d7ebbff8
[INFO] [stdout]                                at /rustc/82e1608dfa6e0b5569232559e3d385fea5a93112/library/std/src/sys_common/backtrace.rs:170:18
[INFO] [stdout]   17:     0x55b2943563d2 - rust_begin_unwind
[INFO] [stdout]                                at /rustc/82e1608dfa6e0b5569232559e3d385fea5a93112/library/std/src/panicking.rs:645:5
[INFO] [stdout]   18:     0x55b29401a1c5 - core::panicking::panic_fmt::hbf0e066aabfa482c
[INFO] [stdout]                                at /rustc/82e1608dfa6e0b5569232559e3d385fea5a93112/library/core/src/panicking.rs:72:14
[INFO] [stdout]   19:     0x55b29401a753 - core::result::unwrap_failed::hddb4fea594200c52
[INFO] [stdout]                                at /rustc/82e1608dfa6e0b5569232559e3d385fea5a93112/library/core/src/result.rs:1653:5
[INFO] [stdout]   20:     0x55b29414fb4c - core::result::Result<T,E>::unwrap::h05738ee1c08f8105
[INFO] [stdout]                                at /rustc/82e1608dfa6e0b5569232559e3d385fea5a93112/library/core/src/result.rs:1077:23
[INFO] [stdout]   21:     0x55b2940eb6d1 - adana::adana_script::tests::dynload::complex_callback_dynamic_lib_test::{{closure}}::hf9f505abd9035779
[INFO] [stdout]                                at /opt/rustwide/workdir/src/adana_script/tests/dynload.rs:55:15
[INFO] [stdout]   22:     0x55b2941429ae - core::ops::function::FnOnce::call_once::h504f9ad462d96b26
[INFO] [stdout]                                at /rustc/82e1608dfa6e0b5569232559e3d385fea5a93112/library/core/src/ops/function.rs:250:5
[INFO] [stdout]   23:     0x55b29429c8cf - serial_test::serial_code_lock::local_serial_core::h60c5af0bd45b55fb
[INFO] [stdout]                                at /opt/rustwide/cargo-home/registry/src/index.crates.io-6f17d22bba15001f/serial_test-2.0.0/src/serial_code_lock.rs:25:5
[INFO] [stdout]   24:     0x55b2940eb609 - adana::adana_script::tests::dynload::complex_callback_dynamic_lib_test::h785760675b3d0cd2
[INFO] [stdout]                                at /opt/rustwide/workdir/src/adana_script/tests/dynload.rs:47:1
[INFO] [stdout]   25:     0x55b2940eb5d7 - adana::adana_script::tests::dynload::complex_callback_dynamic_lib_test::{{closure}}::ha28afe77b3e6fee5
[INFO] [stdout]                                at /opt/rustwide/workdir/src/adana_script/tests/dynload.rs:48:39
[INFO] [stdout]   26:     0x55b294143f46 - core::ops::function::FnOnce::call_once::hb5c481611c9fcb18
[INFO] [stdout]                                at /rustc/82e1608dfa6e0b5569232559e3d385fea5a93112/library/core/src/ops/function.rs:250:5
[INFO] [stdout]   27:     0x55b29428520f - core::ops::function::FnOnce::call_once::h2b5d431d5046312d
[INFO] [stdout]                                at /rustc/82e1608dfa6e0b5569232559e3d385fea5a93112/library/core/src/ops/function.rs:250:5
[INFO] [stdout]   28:     0x55b29428520f - test::__rust_begin_short_backtrace::h7714669af176e207
[INFO] [stdout]                                at /rustc/82e1608dfa6e0b5569232559e3d385fea5a93112/library/test/src/lib.rs:628:18
[INFO] [stdout]   29:     0x55b294284225 - test::run_test_in_process::{{closure}}::h85218797dcbcec12
[INFO] [stdout]                                at /rustc/82e1608dfa6e0b5569232559e3d385fea5a93112/library/test/src/lib.rs:651:60
[INFO] [stdout]   30:     0x55b294284225 - <core::panic::unwind_safe::AssertUnwindSafe<F> as core::ops::function::FnOnce<()>>::call_once::h76c106ea31c14d7b
[INFO] [stdout]                                at /rustc/82e1608dfa6e0b5569232559e3d385fea5a93112/library/core/src/panic/unwind_safe.rs:272:9
[INFO] [stdout]   31:     0x55b294284225 - std::panicking::try::do_call::h3bd5d0f6620ee946
[INFO] [stdout]                                at /rustc/82e1608dfa6e0b5569232559e3d385fea5a93112/library/std/src/panicking.rs:552:40
[INFO] [stdout]   32:     0x55b294284225 - std::panicking::try::h232e535e4744fe31
[INFO] [stdout]                                at /rustc/82e1608dfa6e0b5569232559e3d385fea5a93112/library/std/src/panicking.rs:516:19
[INFO] [stdout]   33:     0x55b294284225 - std::panic::catch_unwind::h3ce3bd6ca8dbac68
[INFO] [stdout]                                at /rustc/82e1608dfa6e0b5569232559e3d385fea5a93112/library/std/src/panic.rs:142:14
[INFO] [stdout]   34:     0x55b294284225 - test::run_test_in_process::hc97b257c9621286a
[INFO] [stdout]                                at /rustc/82e1608dfa6e0b5569232559e3d385fea5a93112/library/test/src/lib.rs:651:27
[INFO] [stdout]   35:     0x55b294284225 - test::run_test::{{closure}}::h2aa798823a438d38
[INFO] [stdout]                                at /rustc/82e1608dfa6e0b5569232559e3d385fea5a93112/library/test/src/lib.rs:574:43
[INFO] [stdout]   36:     0x55b29424c4e6 - test::run_test::{{closure}}::h87d231c78fb59832
[INFO] [stdout]                                at /rustc/82e1608dfa6e0b5569232559e3d385fea5a93112/library/test/src/lib.rs:602:41
[INFO] [stdout]   37:     0x55b29424c4e6 - std::sys_common::backtrace::__rust_begin_short_backtrace::he6df152596625789
[INFO] [stdout]                                at /rustc/82e1608dfa6e0b5569232559e3d385fea5a93112/library/std/src/sys_common/backtrace.rs:154:18
[INFO] [stdout]   38:     0x55b294251597 - std::thread::Builder::spawn_unchecked_::{{closure}}::{{closure}}::ha94be15d1e0acf36
[INFO] [stdout]                                at /rustc/82e1608dfa6e0b5569232559e3d385fea5a93112/library/std/src/thread/mod.rs:529:17
[INFO] [stdout]   39:     0x55b294251597 - <core::panic::unwind_safe::AssertUnwindSafe<F> as core::ops::function::FnOnce<()>>::call_once::h9dc6bd6372f16606
[INFO] [stdout]                                at /rustc/82e1608dfa6e0b5569232559e3d385fea5a93112/library/core/src/panic/unwind_safe.rs:272:9
[INFO] [stdout]   40:     0x55b294251597 - std::panicking::try::do_call::h9057517f80303cd4
[INFO] [stdout]                                at /rustc/82e1608dfa6e0b5569232559e3d385fea5a93112/library/std/src/panicking.rs:552:40
[INFO] [stdout]   41:     0x55b294251597 - std::panicking::try::he3a30b11ee45340c
[INFO] [stdout]                                at /rustc/82e1608dfa6e0b5569232559e3d385fea5a93112/library/std/src/panicking.rs:516:19
[INFO] [stdout]   42:     0x55b294251597 - std::panic::catch_unwind::h410458cfd3528b8b
[INFO] [stdout]                                at /rustc/82e1608dfa6e0b5569232559e3d385fea5a93112/library/std/src/panic.rs:142:14
[INFO] [stdout]   43:     0x55b294251597 - std::thread::Builder::spawn_unchecked_::{{closure}}::h72ac3bdb567b737b
[INFO] [stdout]                                at /rustc/82e1608dfa6e0b5569232559e3d385fea5a93112/library/std/src/thread/mod.rs:528:30
[INFO] [stdout]   44:     0x55b294251597 - core::ops::function::FnOnce::call_once{{vtable.shim}}::h38f34da3654a8344
[INFO] [stdout]                                at /rustc/82e1608dfa6e0b5569232559e3d385fea5a93112/library/core/src/ops/function.rs:250:5
[INFO] [stdout]   45:     0x55b29435c4d5 - <alloc::boxed::Box<F,A> as core::ops::function::FnOnce<Args>>::call_once::hc7eafaff61e32df9
[INFO] [stdout]                                at /rustc/82e1608dfa6e0b5569232559e3d385fea5a93112/library/alloc/src/boxed.rs:2007:9
[INFO] [stdout]   46:     0x55b29435c4d5 - <alloc::boxed::Box<F,A> as core::ops::function::FnOnce<Args>>::call_once::h6ba4a5de48dd2304
[INFO] [stdout]                                at /rustc/82e1608dfa6e0b5569232559e3d385fea5a93112/library/alloc/src/boxed.rs:2007:9
[INFO] [stdout]   47:     0x55b29435c4d5 - std::sys::unix::thread::Thread::new::thread_start::he469335aef763e45
[INFO] [stdout]                                at /rustc/82e1608dfa6e0b5569232559e3d385fea5a93112/library/std/src/sys/unix/thread.rs:108:17
[INFO] [stdout]   48:     0x7f31c3345ac3 - <unknown>
[INFO] [stdout]   49:     0x7f31c33d6bf4 - __clone
[INFO] [stdout]   50:                0x0 - <unknown>
[INFO] [stdout] 
[INFO] [stdout] ---- adana_script::tests::dynload::load_dynamic_lib_test stdout ----
[INFO] [stdout] [src/adana_script/compute.rs:1055] rest = ""
[INFO] [stdout] [src/adana_script/compute.rs:1056] &instructions = [
[INFO] [stdout]     VariableExpr {
[INFO] [stdout]         name: Variable(
[INFO] [stdout]             "lib",
[INFO] [stdout]         ),
[INFO] [stdout]         expr: BuiltInFunction {
[INFO] [stdout]             fn_type: Require,
[INFO] [stdout]             expr: BlockParen(
[INFO] [stdout]                 [
[INFO] [stdout]                     String(
[INFO] [stdout]                         "libplugin_example.so",
[INFO] [stdout]                     ),
[INFO] [stdout]                 ],
[INFO] [stdout]             ),
[INFO] [stdout]         },
[INFO] [stdout]     },
[INFO] [stdout]     VariableExpr {
[INFO] [stdout]         name: Variable(
[INFO] [stdout]             "text",
[INFO] [stdout]         ),
[INFO] [stdout]         expr: FunctionCall {
[INFO] [stdout]             parameters: BlockParen(
[INFO] [stdout]                 [
[INFO] [stdout]                     String(
[INFO] [stdout]                         "Nordine",
[INFO] [stdout]                     ),
[INFO] [stdout]                     String(
[INFO] [stdout]                         "la",
[INFO] [stdout]                     ),
[INFO] [stdout]                     String(
[INFO] [stdout]                         "forme?",
[INFO] [stdout]                     ),
[INFO] [stdout]                 ],
[INFO] [stdout]             ),
[INFO] [stdout]             function: StructAccess {
[INFO] [stdout]                 struc: Variable(
[INFO] [stdout]                     "lib",
[INFO] [stdout]                 ),
[INFO] [stdout]                 key: "hello",
[INFO] [stdout]             },
[INFO] [stdout]         },
[INFO] [stdout]     },
[INFO] [stdout] ]
[INFO] [stdout] [src/adana_script/ast.rs:78] &operations = [
[INFO] [stdout]     String(
[INFO] [stdout]         "libplugin_example.so",
[INFO] [stdout]     ),
[INFO] [stdout] ]
[INFO] [stdout] ===================DEBUG TREE==================
[INFO] [stdout] VariableAssign(Some("lib"))
[INFO] [stdout] └── BuiltInFunction(Require)
[INFO] [stdout]     └── Primitive(String("libplugin_example.so"))
[INFO] [stdout] ===================DEBUG TREE==================
[INFO] [stdout] [src/adana_script/require_dynamic_lib.rs:26] &curr_path = "/opt/rustwide/workdir"
[INFO] [stdout] [src/adana_script/require_dynamic_lib.rs:58] &temp_path = "libplugin_example.so"
[INFO] [stdout] thread 'adana_script::tests::dynload::load_dynamic_lib_test' panicked at src/adana_script/tests/dynload.rs:16:59:
[INFO] [stdout] called `Result::unwrap()` on an `Err` value: parent or shared lib doesn't exist
[INFO] [stdout] stack backtrace:
[INFO] [stdout]    0:     0x55b29435485c - std::backtrace_rs::backtrace::libunwind::trace::ha637c64ce894333a
[INFO] [stdout]                                at /rustc/82e1608dfa6e0b5569232559e3d385fea5a93112/library/std/src/../../backtrace/src/backtrace/libunwind.rs:104:5
[INFO] [stdout]    1:     0x55b29435485c - std::backtrace_rs::backtrace::trace_unsynchronized::h47f62dea28e0c88d
[INFO] [stdout]                                at /rustc/82e1608dfa6e0b5569232559e3d385fea5a93112/library/std/src/../../backtrace/src/backtrace/mod.rs:66:5
[INFO] [stdout]    2:     0x55b29435485c - std::sys_common::backtrace::_print_fmt::h9eef0abe20ede486
[INFO] [stdout]                                at /rustc/82e1608dfa6e0b5569232559e3d385fea5a93112/library/std/src/sys_common/backtrace.rs:67:5
[INFO] [stdout]    3:     0x55b29435485c - <std::sys_common::backtrace::_print::DisplayBacktrace as core::fmt::Display>::fmt::hed7f999df88cc644
[INFO] [stdout]                                at /rustc/82e1608dfa6e0b5569232559e3d385fea5a93112/library/std/src/sys_common/backtrace.rs:44:22
[INFO] [stdout]    4:     0x55b2943818d0 - core::fmt::rt::Argument::fmt::h1539a9308b8d058d
[INFO] [stdout]                                at /rustc/82e1608dfa6e0b5569232559e3d385fea5a93112/library/core/src/fmt/rt.rs:142:9
[INFO] [stdout]    5:     0x55b2943818d0 - core::fmt::write::h3a39390d8560d9c9
[INFO] [stdout]                                at /rustc/82e1608dfa6e0b5569232559e3d385fea5a93112/library/core/src/fmt/mod.rs:1120:17
[INFO] [stdout]    6:     0x55b294351c0f - std::io::Write::write_fmt::h040b369f3a0f9cbc
[INFO] [stdout]                                at /rustc/82e1608dfa6e0b5569232559e3d385fea5a93112/library/std/src/io/mod.rs:1762:15
[INFO] [stdout]    7:     0x55b294354644 - std::sys_common::backtrace::_print::h894006fb5c6f3d45
[INFO] [stdout]                                at /rustc/82e1608dfa6e0b5569232559e3d385fea5a93112/library/std/src/sys_common/backtrace.rs:47:5
[INFO] [stdout]    8:     0x55b294354644 - std::sys_common::backtrace::print::h23a2d212c6fff936
[INFO] [stdout]                                at /rustc/82e1608dfa6e0b5569232559e3d385fea5a93112/library/std/src/sys_common/backtrace.rs:34:9
[INFO] [stdout]    9:     0x55b294356307 - std::panicking::default_hook::{{closure}}::h8a1d2ee00185001a
[INFO] [stdout]   10:     0x55b294355ff3 - std::panicking::default_hook::h6038f2eba384e475
[INFO] [stdout]                                at /rustc/82e1608dfa6e0b5569232559e3d385fea5a93112/library/std/src/panicking.rs:289:9
[INFO] [stdout]   11:     0x55b29427fbb7 - <alloc::boxed::Box<F,A> as core::ops::function::Fn<Args>>::call::h0ad024c9bdc6d768
[INFO] [stdout]                                at /rustc/82e1608dfa6e0b5569232559e3d385fea5a93112/library/alloc/src/boxed.rs:2021:9
[INFO] [stdout]   12:     0x55b29427fbb7 - test::test_main::{{closure}}::h7500b54257359db6
[INFO] [stdout]                                at /rustc/82e1608dfa6e0b5569232559e3d385fea5a93112/library/test/src/lib.rs:138:21
[INFO] [stdout]   13:     0x55b294356918 - <alloc::boxed::Box<F,A> as core::ops::function::Fn<Args>>::call::h1f8f335eaa9cfaee
[INFO] [stdout]                                at /rustc/82e1608dfa6e0b5569232559e3d385fea5a93112/library/alloc/src/boxed.rs:2021:9
[INFO] [stdout]   14:     0x55b294356918 - std::panicking::rust_panic_with_hook::h2b5517d590cab22e
[INFO] [stdout]                                at /rustc/82e1608dfa6e0b5569232559e3d385fea5a93112/library/std/src/panicking.rs:783:13
[INFO] [stdout]   15:     0x55b29435666e - std::panicking::begin_panic_handler::{{closure}}::h233112c06e0ef43e
[INFO] [stdout]                                at /rustc/82e1608dfa6e0b5569232559e3d385fea5a93112/library/std/src/panicking.rs:657:13
[INFO] [stdout]   16:     0x55b294354d26 - std::sys_common::backtrace::__rust_end_short_backtrace::h6e893f24d7ebbff8
[INFO] [stdout]                                at /rustc/82e1608dfa6e0b5569232559e3d385fea5a93112/library/std/src/sys_common/backtrace.rs:170:18
[INFO] [stdout]   17:     0x55b2943563d2 - rust_begin_unwind
[INFO] [stdout]                                at /rustc/82e1608dfa6e0b5569232559e3d385fea5a93112/library/std/src/panicking.rs:645:5
[INFO] [stdout]   18:     0x55b29401a1c5 - core::panicking::panic_fmt::hbf0e066aabfa482c
[INFO] [stdout]                                at /rustc/82e1608dfa6e0b5569232559e3d385fea5a93112/library/core/src/panicking.rs:72:14
[INFO] [stdout]   19:     0x55b29401a753 - core::result::unwrap_failed::hddb4fea594200c52
[INFO] [stdout]                                at /rustc/82e1608dfa6e0b5569232559e3d385fea5a93112/library/core/src/result.rs:1653:5
[INFO] [stdout]   20:     0x55b29414fb4c - core::result::Result<T,E>::unwrap::h05738ee1c08f8105
[INFO] [stdout]                                at /rustc/82e1608dfa6e0b5569232559e3d385fea5a93112/library/core/src/result.rs:1077:23
[INFO] [stdout]   21:     0x55b2940ea951 - adana::adana_script::tests::dynload::load_dynamic_lib_test::{{closure}}::h6eaebf39b3e9fb41
[INFO] [stdout]                                at /opt/rustwide/workdir/src/adana_script/tests/dynload.rs:16:15
[INFO] [stdout]   22:     0x55b294141e9e - core::ops::function::FnOnce::call_once::h18ab64685c23b36e
[INFO] [stdout]                                at /rustc/82e1608dfa6e0b5569232559e3d385fea5a93112/library/core/src/ops/function.rs:250:5
[INFO] [stdout]   23:     0x55b29429c8cf - serial_test::serial_code_lock::local_serial_core::h60c5af0bd45b55fb
[INFO] [stdout]                                at /opt/rustwide/cargo-home/registry/src/index.crates.io-6f17d22bba15001f/serial_test-2.0.0/src/serial_code_lock.rs:25:5
[INFO] [stdout]   24:     0x55b2940ea889 - adana::adana_script::tests::dynload::load_dynamic_lib_test::h0cd193776310f918
[INFO] [stdout]                                at /opt/rustwide/workdir/src/adana_script/tests/dynload.rs:9:1
[INFO] [stdout]   25:     0x55b2940ea857 - adana::adana_script::tests::dynload::load_dynamic_lib_test::{{closure}}::h7c56399979fa935c
[INFO] [stdout]                                at /opt/rustwide/workdir/src/adana_script/tests/dynload.rs:10:27
[INFO] [stdout]   26:     0x55b294143276 - core::ops::function::FnOnce::call_once::h7c3ed05ae91220d9
[INFO] [stdout]                                at /rustc/82e1608dfa6e0b5569232559e3d385fea5a93112/library/core/src/ops/function.rs:250:5
[INFO] [stdout]   27:     0x55b29428520f - core::ops::function::FnOnce::call_once::h2b5d431d5046312d
[INFO] [stdout]                                at /rustc/82e1608dfa6e0b5569232559e3d385fea5a93112/library/core/src/ops/function.rs:250:5
[INFO] [stdout]   28:     0x55b29428520f - test::__rust_begin_short_backtrace::h7714669af176e207
[INFO] [stdout]                                at /rustc/82e1608dfa6e0b5569232559e3d385fea5a93112/library/test/src/lib.rs:628:18
[INFO] [stdout]   29:     0x55b294284225 - test::run_test_in_process::{{closure}}::h85218797dcbcec12
[INFO] [stdout]                                at /rustc/82e1608dfa6e0b5569232559e3d385fea5a93112/library/test/src/lib.rs:651:60
[INFO] [stdout]   30:     0x55b294284225 - <core::panic::unwind_safe::AssertUnwindSafe<F> as core::ops::function::FnOnce<()>>::call_once::h76c106ea31c14d7b
[INFO] [stdout]                                at /rustc/82e1608dfa6e0b5569232559e3d385fea5a93112/library/core/src/panic/unwind_safe.rs:272:9
[INFO] [stdout]   31:     0x55b294284225 - std::panicking::try::do_call::h3bd5d0f6620ee946
[INFO] [stdout]                                at /rustc/82e1608dfa6e0b5569232559e3d385fea5a93112/library/std/src/panicking.rs:552:40
[INFO] [stdout]   32:     0x55b294284225 - std::panicking::try::h232e535e4744fe31
[INFO] [stdout]                                at /rustc/82e1608dfa6e0b5569232559e3d385fea5a93112/library/std/src/panicking.rs:516:19
[INFO] [stdout]   33:     0x55b294284225 - std::panic::catch_unwind::h3ce3bd6ca8dbac68
[INFO] [stdout]                                at /rustc/82e1608dfa6e0b5569232559e3d385fea5a93112/library/std/src/panic.rs:142:14
[INFO] [stdout]   34:     0x55b294284225 - test::run_test_in_process::hc97b257c9621286a
[INFO] [stdout]                                at /rustc/82e1608dfa6e0b5569232559e3d385fea5a93112/library/test/src/lib.rs:651:27
[INFO] [stdout]   35:     0x55b294284225 - test::run_test::{{closure}}::h2aa798823a438d38
[INFO] [stdout]                                at /rustc/82e1608dfa6e0b5569232559e3d385fea5a93112/library/test/src/lib.rs:574:43
[INFO] [stdout]   36:     0x55b29424c4e6 - test::run_test::{{closure}}::h87d231c78fb59832
[INFO] [stdout]                                at /rustc/82e1608dfa6e0b5569232559e3d385fea5a93112/library/test/src/lib.rs:602:41
[INFO] [stdout]   37:     0x55b29424c4e6 - std::sys_common::backtrace::__rust_begin_short_backtrace::he6df152596625789
[INFO] [stdout]                                at /rustc/82e1608dfa6e0b5569232559e3d385fea5a93112/library/std/src/sys_common/backtrace.rs:154:18
[INFO] [stdout]   38:     0x55b294251597 - std::thread::Builder::spawn_unchecked_::{{closure}}::{{closure}}::ha94be15d1e0acf36
[INFO] [stdout]                                at /rustc/82e1608dfa6e0b5569232559e3d385fea5a93112/library/std/src/thread/mod.rs:529:17
[INFO] [stdout]   39:     0x55b294251597 - <core::panic::unwind_safe::AssertUnwindSafe<F> as core::ops::function::FnOnce<()>>::call_once::h9dc6bd6372f16606
[INFO] [stdout]                                at /rustc/82e1608dfa6e0b5569232559e3d385fea5a93112/library/core/src/panic/unwind_safe.rs:272:9
[INFO] [stdout]   40:     0x55b294251597 - std::panicking::try::do_call::h9057517f80303cd4
[INFO] [stdout]                                at /rustc/82e1608dfa6e0b5569232559e3d385fea5a93112/library/std/src/panicking.rs:552:40
[INFO] [stdout]   41:     0x55b294251597 - std::panicking::try::he3a30b11ee45340c
[INFO] [stdout]                                at /rustc/82e1608dfa6e0b5569232559e3d385fea5a93112/library/std/src/panicking.rs:516:19
[INFO] [stdout]   42:     0x55b294251597 - std::panic::catch_unwind::h410458cfd3528b8b
[INFO] [stdout]                                at /rustc/82e1608dfa6e0b5569232559e3d385fea5a93112/library/std/src/panic.rs:142:14
[INFO] [stdout]   43:     0x55b294251597 - std::thread::Builder::spawn_unchecked_::{{closure}}::h72ac3bdb567b737b
[INFO] [stdout]                                at /rustc/82e1608dfa6e0b5569232559e3d385fea5a93112/library/std/src/thread/mod.rs:528:30
[INFO] [stdout]   44:     0x55b294251597 - core::ops::function::FnOnce::call_once{{vtable.shim}}::h38f34da3654a8344
[INFO] [stdout]                                at /rustc/82e1608dfa6e0b5569232559e3d385fea5a93112/library/core/src/ops/function.rs:250:5
[INFO] [stdout]   45:     0x55b29435c4d5 - <alloc::boxed::Box<F,A> as core::ops::function::FnOnce<Args>>::call_once::hc7eafaff61e32df9
[INFO] [stdout]                                at /rustc/82e1608dfa6e0b5569232559e3d385fea5a93112/library/alloc/src/boxed.rs:2007:9
[INFO] [stdout]   46:     0x55b29435c4d5 - <alloc::boxed::Box<F,A> as core::ops::function::FnOnce<Args>>::call_once::h6ba4a5de48dd2304
[INFO] [stdout]                                at /rustc/82e1608dfa6e0b5569232559e3d385fea5a93112/library/alloc/src/boxed.rs:2007:9
[INFO] [stdout]   47:     0x55b29435c4d5 - std::sys::unix::thread::Thread::new::thread_start::he469335aef763e45
[INFO] [stdout]                                at /rustc/82e1608dfa6e0b5569232559e3d385fea5a93112/library/std/src/sys/unix/thread.rs:108:17
[INFO] [stdout]   48:     0x7f31c3345ac3 - <unknown>
[INFO] [stdout]   49:     0x7f31c33d6bf4 - __clone
[INFO] [stdout]   50:                0x0 - <unknown>
[INFO] [stdout] 
[INFO] [stdout] ---- adana_script::tests::dynload::require_direct_call_test stdout ----
[INFO] [stdout] [src/adana_script/compute.rs:1055] rest = ""
[INFO] [stdout] [src/adana_script/compute.rs:1056] &instructions = [
[INFO] [stdout]     VariableExpr {
[INFO] [stdout]         name: Variable(
[INFO] [stdout]             "text",
[INFO] [stdout]         ),
[INFO] [stdout]         expr: FunctionCall {
[INFO] [stdout]             parameters: BlockParen(
[INFO] [stdout]                 [
[INFO] [stdout]                     String(
[INFO] [stdout]                         "Nordine",
[INFO] [stdout]                     ),
[INFO] [stdout]                     String(
[INFO] [stdout]                         "la",
[INFO] [stdout]                     ),
[INFO] [stdout]                     String(
[INFO] [stdout]                         "forme?",
[INFO] [stdout]                     ),
[INFO] [stdout]                 ],
[INFO] [stdout]             ),
[INFO] [stdout]             function: StructAccess {
[INFO] [stdout]                 struc: BuiltInFunction {
[INFO] [stdout]                     fn_type: Require,
[INFO] [stdout]                     expr: BlockParen(
[INFO] [stdout]                         [
[INFO] [stdout]                             String(
[INFO] [stdout]                                 "example_lib_src",
[INFO] [stdout]                             ),
[INFO] [stdout]                         ],
[INFO] [stdout]                     ),
[INFO] [stdout]                 },
[INFO] [stdout]                 key: "hello",
[INFO] [stdout]             },
[INFO] [stdout]         },
[INFO] [stdout]     },
[INFO] [stdout] ]
[INFO] [stdout] ===================DEBUG TREE==================
[INFO] [stdout] VariableAssign(Some("text"))
[INFO] [stdout] └── FunctionCall(FunctionCall { parameters: BlockParen([String("Nordine"), String("la"), String("forme?")]), function: StructAccess { struc: BuiltInFunction { fn_type: Require, expr: BlockParen([String("example_lib_src")]) }, key: "hello" } })
[INFO] [stdout] ===================DEBUG TREE==================
[INFO] [stdout] ===================DEBUG TREE==================
[INFO] [stdout] StructAccess { struc: BuiltInFunction { fn_type: Require, expr: BlockParen([String("example_lib_src")]) }, key: String("hello") }
[INFO] [stdout] ===================DEBUG TREE==================
[INFO] [stdout] [src/adana_script/ast.rs:78] &operations = [
[INFO] [stdout]     String(
[INFO] [stdout]         "example_lib_src",
[INFO] [stdout]     ),
[INFO] [stdout] ]
[INFO] [stdout] ===================DEBUG TREE==================
[INFO] [stdout] BuiltInFunction(Require)
[INFO] [stdout] └── Primitive(String("example_lib_src"))
[INFO] [stdout] ===================DEBUG TREE==================
[INFO] [stdout] [src/adana_script/require_dynamic_lib.rs:26] &curr_path = "/opt/rustwide/workdir"
[INFO] [stdout] [src/adana_script/require_dynamic_lib.rs:58] &temp_path = "example_lib_src"
[INFO] [stdout] thread 'adana_script::tests::dynload::require_direct_call_test' panicked at src/adana_script/tests/dynload.rs:93:51:
[INFO] [stdout] called `Result::unwrap()` on an `Err` value: parent or shared lib doesn't exist
[INFO] [stdout] stack backtrace:
[INFO] [stdout]    0:     0x55b29435485c - std::backtrace_rs::backtrace::libunwind::trace::ha637c64ce894333a
[INFO] [stdout]                                at /rustc/82e1608dfa6e0b5569232559e3d385fea5a93112/library/std/src/../../backtrace/src/backtrace/libunwind.rs:104:5
[INFO] [stdout]    1:     0x55b29435485c - std::backtrace_rs::backtrace::trace_unsynchronized::h47f62dea28e0c88d
[INFO] [stdout]                                at /rustc/82e1608dfa6e0b5569232559e3d385fea5a93112/library/std/src/../../backtrace/src/backtrace/mod.rs:66:5
[INFO] [stdout]    2:     0x55b29435485c - std::sys_common::backtrace::_print_fmt::h9eef0abe20ede486
[INFO] [stdout]                                at /rustc/82e1608dfa6e0b5569232559e3d385fea5a93112/library/std/src/sys_common/backtrace.rs:67:5
[INFO] [stdout]    3:     0x55b29435485c - <std::sys_common::backtrace::_print::DisplayBacktrace as core::fmt::Display>::fmt::hed7f999df88cc644
[INFO] [stdout]                                at /rustc/82e1608dfa6e0b5569232559e3d385fea5a93112/library/std/src/sys_common/backtrace.rs:44:22
[INFO] [stdout]    4:     0x55b2943818d0 - core::fmt::rt::Argument::fmt::h1539a9308b8d058d
[INFO] [stdout]                                at /rustc/82e1608dfa6e0b5569232559e3d385fea5a93112/library/core/src/fmt/rt.rs:142:9
[INFO] [stdout]    5:     0x55b2943818d0 - core::fmt::write::h3a39390d8560d9c9
[INFO] [stdout]                                at /rustc/82e1608dfa6e0b5569232559e3d385fea5a93112/library/core/src/fmt/mod.rs:1120:17
[INFO] [stdout]    6:     0x55b294351c0f - std::io::Write::write_fmt::h040b369f3a0f9cbc
[INFO] [stdout]                                at /rustc/82e1608dfa6e0b5569232559e3d385fea5a93112/library/std/src/io/mod.rs:1762:15
[INFO] [stdout]    7:     0x55b294354644 - std::sys_common::backtrace::_print::h894006fb5c6f3d45
[INFO] [stdout]                                at /rustc/82e1608dfa6e0b5569232559e3d385fea5a93112/library/std/src/sys_common/backtrace.rs:47:5
[INFO] [stdout]    8:     0x55b294354644 - std::sys_common::backtrace::print::h23a2d212c6fff936
[INFO] [stdout]                                at /rustc/82e1608dfa6e0b5569232559e3d385fea5a93112/library/std/src/sys_common/backtrace.rs:34:9
[INFO] [stdout]    9:     0x55b294356307 - std::panicking::default_hook::{{closure}}::h8a1d2ee00185001a
[INFO] [stdout]   10:     0x55b294355ff3 - std::panicking::default_hook::h6038f2eba384e475
[INFO] [stdout]                                at /rustc/82e1608dfa6e0b5569232559e3d385fea5a93112/library/std/src/panicking.rs:289:9
[INFO] [stdout]   11:     0x55b29427fbb7 - <alloc::boxed::Box<F,A> as core::ops::function::Fn<Args>>::call::h0ad024c9bdc6d768
[INFO] [stdout]                                at /rustc/82e1608dfa6e0b5569232559e3d385fea5a93112/library/alloc/src/boxed.rs:2021:9
[INFO] [stdout]   12:     0x55b29427fbb7 - test::test_main::{{closure}}::h7500b54257359db6
[INFO] [stdout]                                at /rustc/82e1608dfa6e0b5569232559e3d385fea5a93112/library/test/src/lib.rs:138:21
[INFO] [stdout]   13:     0x55b294356918 - <alloc::boxed::Box<F,A> as core::ops::function::Fn<Args>>::call::h1f8f335eaa9cfaee
[INFO] [stdout]                                at /rustc/82e1608dfa6e0b5569232559e3d385fea5a93112/library/alloc/src/boxed.rs:2021:9
[INFO] [stdout]   14:     0x55b294356918 - std::panicking::rust_panic_with_hook::h2b5517d590cab22e
[INFO] [stdout]                                at /rustc/82e1608dfa6e0b5569232559e3d385fea5a93112/library/std/src/panicking.rs:783:13
[INFO] [stdout]   15:     0x55b29435666e - std::panicking::begin_panic_handler::{{closure}}::h233112c06e0ef43e
[INFO] [stdout]                                at /rustc/82e1608dfa6e0b5569232559e3d385fea5a93112/library/std/src/panicking.rs:657:13
[INFO] [stdout]   16:     0x55b294354d26 - std::sys_common::backtrace::__rust_end_short_backtrace::h6e893f24d7ebbff8
[INFO] [stdout]                                at /rustc/82e1608dfa6e0b5569232559e3d385fea5a93112/library/std/src/sys_common/backtrace.rs:170:18
[INFO] [stdout]   17:     0x55b2943563d2 - rust_begin_unwind
[INFO] [stdout]                                at /rustc/82e1608dfa6e0b5569232559e3d385fea5a93112/library/std/src/panicking.rs:645:5
[INFO] [stdout]   18:     0x55b29401a1c5 - core::panicking::panic_fmt::hbf0e066aabfa482c
[INFO] [stdout]                                at /rustc/82e1608dfa6e0b5569232559e3d385fea5a93112/library/core/src/panicking.rs:72:14
[INFO] [stdout]   19:     0x55b29401a753 - core::result::unwrap_failed::hddb4fea594200c52
[INFO] [stdout]                                at /rustc/82e1608dfa6e0b5569232559e3d385fea5a93112/library/core/src/result.rs:1653:5
[INFO] [stdout]   20:     0x55b29414fb4c - core::result::Result<T,E>::unwrap::h05738ee1c08f8105
[INFO] [stdout]                                at /rustc/82e1608dfa6e0b5569232559e3d385fea5a93112/library/core/src/result.rs:1077:23
[INFO] [stdout]   21:     0x55b2940ec451 - adana::adana_script::tests::dynload::require_direct_call_test::{{closure}}::h0e2d87e7882f449b
[INFO] [stdout]                                at /opt/rustwide/workdir/src/adana_script/tests/dynload.rs:93:15
[INFO] [stdout]   22:     0x55b294142e2e - core::ops::function::FnOnce::call_once::h63eab5ba3c55b068
[INFO] [stdout]                                at /rustc/82e1608dfa6e0b5569232559e3d385fea5a93112/library/core/src/ops/function.rs:250:5
[INFO] [stdout]   23:     0x55b29429c8cf - serial_test::serial_code_lock::local_serial_core::h60c5af0bd45b55fb
[INFO] [stdout]                                at /opt/rustwide/cargo-home/registry/src/index.crates.io-6f17d22bba15001f/serial_test-2.0.0/src/serial_code_lock.rs:25:5
[INFO] [stdout]   24:     0x55b2940ec389 - adana::adana_script::tests::dynload::require_direct_call_test::hfb8796413636e821
[INFO] [stdout]                                at /opt/rustwide/workdir/src/adana_script/tests/dynload.rs:86:1
[INFO] [stdout]   25:     0x55b2940ec357 - adana::adana_script::tests::dynload::require_direct_call_test::{{closure}}::hcfff149d0e99a72c
[INFO] [stdout]                                at /opt/rustwide/workdir/src/adana_script/tests/dynload.rs:87:30
[INFO] [stdout]   26:     0x55b294141f46 - core::ops::function::FnOnce::call_once::h19c3f21efec11455
[INFO] [stdout]                                at /rustc/82e1608dfa6e0b5569232559e3d385fea5a93112/library/core/src/ops/function.rs:250:5
[INFO] [stdout]   27:     0x55b29428520f - core::ops::function::FnOnce::call_once::h2b5d431d5046312d
[INFO] [stdout]                                at /rustc/82e1608dfa6e0b5569232559e3d385fea5a93112/library/core/src/ops/function.rs:250:5
[INFO] [stdout]   28:     0x55b29428520f - test::__rust_begin_short_backtrace::h7714669af176e207
[INFO] [stdout]                                at /rustc/82e1608dfa6e0b5569232559e3d385fea5a93112/library/test/src/lib.rs:628:18
[INFO] [stdout]   29:     0x55b294284225 - test::run_test_in_process::{{closure}}::h85218797dcbcec12
[INFO] [stdout]                                at /rustc/82e1608dfa6e0b5569232559e3d385fea5a93112/library/test/src/lib.rs:651:60
[INFO] [stdout]   30:     0x55b294284225 - <core::panic::unwind_safe::AssertUnwindSafe<F> as core::ops::function::FnOnce<()>>::call_once::h76c106ea31c14d7b
[INFO] [stdout]                                at /rustc/82e1608dfa6e0b5569232559e3d385fea5a93112/library/core/src/panic/unwind_safe.rs:272:9
[INFO] [stdout]   31:     0x55b294284225 - std::panicking::try::do_call::h3bd5d0f6620ee946
[INFO] [stdout]                                at /rustc/82e1608dfa6e0b5569232559e3d385fea5a93112/library/std/src/panicking.rs:552:40
[INFO] [stdout]   32:     0x55b294284225 - std::panicking::try::h232e535e4744fe31
[INFO] [stdout]                                at /rustc/82e1608dfa6e0b5569232559e3d385fea5a93112/library/std/src/panicking.rs:516:19
[INFO] [stdout]   33:     0x55b294284225 - std::panic::catch_unwind::h3ce3bd6ca8dbac68
[INFO] [stdout]                                at /rustc/82e1608dfa6e0b5569232559e3d385fea5a93112/library/std/src/panic.rs:142:14
[INFO] [stdout]   34:     0x55b294284225 - test::run_test_in_process::hc97b257c9621286a
[INFO] [stdout]                                at /rustc/82e1608dfa6e0b5569232559e3d385fea5a93112/library/test/src/lib.rs:651:27
[INFO] [stdout]   35:     0x55b294284225 - test::run_test::{{closure}}::h2aa798823a438d38
[INFO] [stdout]                                at /rustc/82e1608dfa6e0b5569232559e3d385fea5a93112/library/test/src/lib.rs:574:43
[INFO] [stdout]   36:     0x55b29424c4e6 - test::run_test::{{closure}}::h87d231c78fb59832
[INFO] [stdout]                                at /rustc/82e1608dfa6e0b5569232559e3d385fea5a93112/library/test/src/lib.rs:602:41
[INFO] [stdout]   37:     0x55b29424c4e6 - std::sys_common::backtrace::__rust_begin_short_backtrace::he6df152596625789
[INFO] [stdout]                                at /rustc/82e1608dfa6e0b5569232559e3d385fea5a93112/library/std/src/sys_common/backtrace.rs:154:18
[INFO] [stdout]   38:     0x55b294251597 - std::thread::Builder::spawn_unchecked_::{{closure}}::{{closure}}::ha94be15d1e0acf36
[INFO] [stdout]                                at /rustc/82e1608dfa6e0b5569232559e3d385fea5a93112/library/std/src/thread/mod.rs:529:17
[INFO] [stdout]   39:     0x55b294251597 - <core::panic::unwind_safe::AssertUnwindSafe<F> as core::ops::function::FnOnce<()>>::call_once::h9dc6bd6372f16606
[INFO] [stdout]                                at /rustc/82e1608dfa6e0b5569232559e3d385fea5a93112/library/core/src/panic/unwind_safe.rs:272:9
[INFO] [stdout]   40:     0x55b294251597 - std::panicking::try::do_call::h9057517f80303cd4
[INFO] [stdout]                                at /rustc/82e1608dfa6e0b5569232559e3d385fea5a93112/library/std/src/panicking.rs:552:40
[INFO] [stdout]   41:     0x55b294251597 - std::panicking::try::he3a30b11ee45340c
[INFO] [stdout]                                at /rustc/82e1608dfa6e0b5569232559e3d385fea5a93112/library/std/src/panicking.rs:516:19
[INFO] [stdout]   42:     0x55b294251597 - std::panic::catch_unwind::h410458cfd3528b8b
[INFO] [stdout]                                at /rustc/82e1608dfa6e0b5569232559e3d385fea5a93112/library/std/src/panic.rs:142:14
[INFO] [stdout]   43:     0x55b294251597 - std::thread::Builder::spawn_unchecked_::{{closure}}::h72ac3bdb567b737b
[INFO] [stdout]                                at /rustc/82e1608dfa6e0b5569232559e3d385fea5a93112/library/std/src/thread/mod.rs:528:30
[INFO] [stdout]   44:     0x55b294251597 - core::ops::function::FnOnce::call_once{{vtable.shim}}::h38f34da3654a8344
[INFO] [stdout]                                at /rustc/82e1608dfa6e0b5569232559e3d385fea5a93112/library/core/src/ops/function.rs:250:5
[INFO] [stdout]   45:     0x55b29435c4d5 - <alloc::boxed::Box<F,A> as core::ops::function::FnOnce<Args>>::call_once::hc7eafaff61e32df9
[INFO] [stdout]                                at /rustc/82e1608dfa6e0b5569232559e3d385fea5a93112/library/alloc/src/boxed.rs:2007:9
[INFO] [stdout]   46:     0x55b29435c4d5 - <alloc::boxed::Box<F,A> as core::ops::function::FnOnce<Args>>::call_once::h6ba4a5de48dd2304
[INFO] [stdout]                                at /rustc/82e1608dfa6e0b5569232559e3d385fea5a93112/library/alloc/src/boxed.rs:2007:9
[INFO] [stdout]   47:     0x55b29435c4d5 - std::sys::unix::thread::Thread::new::thread_start::he469335aef763e45
[INFO] [stdout]                                at /rustc/82e1608dfa6e0b5569232559e3d385fea5a93112/library/std/src/sys/unix/thread.rs:108:17
[INFO] [stdout]   48:     0x7f31c3345ac3 - <unknown>
[INFO] [stdout]   49:     0x7f31c33d6bf4 - __clone
[INFO] [stdout]   50:                0x0 - <unknown>
[INFO] [stdout] 
[INFO] [stdout] 
[INFO] [stdout] failures:
[INFO] [stdout]     adana_script::tests::dynload::build_from_adana_dynamic_lib_test
[INFO] [stdout]     adana_script::tests::dynload::callback_dynamic_lib_test
[INFO] [stdout]     adana_script::tests::dynload::complex_callback_dynamic_lib_test
[INFO] [stdout]     adana_script::tests::dynload::load_dynamic_lib_test
[INFO] [stdout]     adana_script::tests::dynload::require_direct_call_test
[INFO] [stdout] 
[INFO] [stdout] test result: FAILED. 159 passed; 5 failed; 0 ignored; 0 measured; 0 filtered out; finished in 0.77s
[INFO] [stdout] 
[INFO] [stderr] error: test failed, to rerun pass `--bin adana`
[INFO] running `Command { std: "docker" "inspect" "d4e73dea5b03a73c593e0a5c5b1dbdc035b44ec8bff8c6e2487d6397fcfbbdd9", kill_on_drop: false }`
[INFO] running `Command { std: "docker" "rm" "-f" "d4e73dea5b03a73c593e0a5c5b1dbdc035b44ec8bff8c6e2487d6397fcfbbdd9", kill_on_drop: false }`
[INFO] [stdout] d4e73dea5b03a73c593e0a5c5b1dbdc035b44ec8bff8c6e2487d6397fcfbbdd9
[INFO] testing adana-0.15.4 against beta-2023-12-22 for beta-1.76-1
[INFO] extracting crate adana 0.15.4 into /workspace/builds/worker-1-tc2/source
[INFO] validating manifest of crates.io crate adana 0.15.4 on toolchain beta-2023-12-22
[INFO] running `Command { std: CARGO_HOME="/workspace/cargo-home" RUSTUP_HOME="/workspace/rustup-home" "/workspace/cargo-home/bin/cargo" "+beta-2023-12-22" "metadata" "--manifest-path" "Cargo.toml" "--no-deps", kill_on_drop: false }`
[INFO] removed /workspace/builds/worker-1-tc2/source/.cargo/config
[INFO] removed /workspace/builds/worker-1-tc2/source/rust-toolchain.toml
[INFO] started tweaking crates.io crate adana 0.15.4
[INFO] finished tweaking crates.io crate adana 0.15.4
[INFO] tweaked toml for crates.io crate adana 0.15.4 written to /workspace/builds/worker-1-tc2/source/Cargo.toml
[INFO] crate crates.io crate adana 0.15.4 already has a lockfile, it will not be regenerated
[INFO] running `Command { std: CARGO_HOME="/workspace/cargo-home" RUSTUP_HOME="/workspace/rustup-home" "/workspace/cargo-home/bin/cargo" "+beta-2023-12-22" "fetch" "--manifest-path" "Cargo.toml", kill_on_drop: false }`
[INFO] running `Command { std: "docker" "create" "-v" "/var/lib/crater-agent-workspace/builds/worker-1-tc2/target:/opt/rustwide/target:rw,Z" "-v" "/var/lib/crater-agent-workspace/builds/worker-1-tc2/source:/opt/rustwide/workdir:ro,Z" "-v" "/var/lib/crater-agent-workspace/cargo-home:/opt/rustwide/cargo-home:ro,Z" "-v" "/var/lib/crater-agent-workspace/rustup-home:/opt/rustwide/rustup-home:ro,Z" "-e" "SOURCE_DIR=/opt/rustwide/workdir" "-e" "CARGO_TARGET_DIR=/opt/rustwide/target" "-e" "CARGO_HOME=/opt/rustwide/cargo-home" "-e" "RUSTUP_HOME=/opt/rustwide/rustup-home" "-w" "/opt/rustwide/workdir" "-m" "1610612736" "--user" "0:0" "--network" "none" "ghcr.io/rust-lang/crates-build-env/linux@sha256:2788e3201cd34a07e3172128adcd8b3090168a8e3bcc40d7c032b9dda1df7d1c" "/opt/rustwide/cargo-home/bin/cargo" "+beta-2023-12-22" "metadata" "--no-deps" "--format-version=1", kill_on_drop: false }`
[INFO] [stdout] 5f85b1f4e6974b801a4b5a63996fc2ad38379341be8bfb7a041fe6dda4994492
[INFO] running `Command { std: "docker" "start" "-a" "5f85b1f4e6974b801a4b5a63996fc2ad38379341be8bfb7a041fe6dda4994492", kill_on_drop: false }`
[INFO] running `Command { std: "docker" "inspect" "5f85b1f4e6974b801a4b5a63996fc2ad38379341be8bfb7a041fe6dda4994492", kill_on_drop: false }`
[INFO] running `Command { std: "docker" "rm" "-f" "5f85b1f4e6974b801a4b5a63996fc2ad38379341be8bfb7a041fe6dda4994492", kill_on_drop: false }`
[INFO] [stdout] 5f85b1f4e6974b801a4b5a63996fc2ad38379341be8bfb7a041fe6dda4994492
[INFO] running `Command { std: "docker" "create" "-v" "/var/lib/crater-agent-workspace/builds/worker-1-tc2/target:/opt/rustwide/target:rw,Z" "-v" "/var/lib/crater-agent-workspace/builds/worker-1-tc2/source:/opt/rustwide/workdir:ro,Z" "-v" "/var/lib/crater-agent-workspace/cargo-home:/opt/rustwide/cargo-home:ro,Z" "-v" "/var/lib/crater-agent-workspace/rustup-home:/opt/rustwide/rustup-home:ro,Z" "-e" "SOURCE_DIR=/opt/rustwide/workdir" "-e" "CARGO_TARGET_DIR=/opt/rustwide/target" "-e" "CARGO_INCREMENTAL=0" "-e" "RUST_BACKTRACE=full" "-e" "RUSTFLAGS=--cap-lints=warn" "-e" "RUSTDOCFLAGS=--cap-lints=warn" "-e" "CARGO_HOME=/opt/rustwide/cargo-home" "-e" "RUSTUP_HOME=/opt/rustwide/rustup-home" "-w" "/opt/rustwide/workdir" "-m" "1610612736" "--user" "0:0" "--network" "none" "ghcr.io/rust-lang/crates-build-env/linux@sha256:2788e3201cd34a07e3172128adcd8b3090168a8e3bcc40d7c032b9dda1df7d1c" "/opt/rustwide/cargo-home/bin/cargo" "+beta-2023-12-22" "build" "--frozen" "--message-format=json", kill_on_drop: false }`
[INFO] [stdout] f50a8035e9cf9105d95539fe5f6a000d9b848c99f6607105fb30e1a0acb2ae5b
[INFO] running `Command { std: "docker" "start" "-a" "f50a8035e9cf9105d95539fe5f6a000d9b848c99f6607105fb30e1a0acb2ae5b", kill_on_drop: false }`
[INFO] [stderr]    Compiling autocfg v1.1.0
[INFO] [stderr]    Compiling cfg-if v1.0.0
[INFO] [stderr]    Compiling libc v0.2.150
[INFO] [stderr]    Compiling proc-macro2 v1.0.69
[INFO] [stderr]    Compiling unicode-ident v1.0.12
[INFO] [stderr]    Compiling bitflags v1.3.2
[INFO] [stderr]    Compiling simd-adler32 v0.3.7
[INFO] [stderr]    Compiling smallvec v1.11.1
[INFO] [stderr]    Compiling crc32fast v1.3.2
[INFO] [stderr]    Compiling serde v1.0.192
[INFO] [stderr]    Compiling rustversion v1.0.14
[INFO] [stderr]    Compiling adler v1.0.2
[INFO] [stderr]    Compiling bitflags v2.4.1
[INFO] [stderr]    Compiling rustix v0.38.21
[INFO] [stderr]    Compiling parking_lot_core v0.9.9
[INFO] [stderr]    Compiling anyhow v1.0.75
[INFO] [stderr]    Compiling thiserror v1.0.50
[INFO] [stderr]    Compiling log v0.4.20
[INFO] [stderr]    Compiling scopeguard v1.2.0
[INFO] [stderr]    Compiling linux-raw-sys v0.4.11
[INFO] [stderr]    Compiling miniz_oxide v0.7.1
[INFO] [stderr]    Compiling fdeflate v0.3.1
[INFO] [stderr]    Compiling heck v0.4.1
[INFO] [stderr]    Compiling nibble_vec v0.1.0
[INFO] [stderr]    Compiling byteorder v1.5.0
[INFO] [stderr]    Compiling bytemuck v1.14.0
[INFO] [stderr]    Compiling endian-type v0.1.2
[INFO] [stderr]    Compiling option-ext v0.2.0
[INFO] [stderr]    Compiling memoffset v0.6.5
[INFO] [stderr]    Compiling num-traits v0.2.17
[INFO] [stderr]    Compiling num-integer v0.1.45
[INFO] [stderr]    Compiling lock_api v0.4.11
[INFO] [stderr]    Compiling num-rational v0.4.1
[INFO] [stderr]    Compiling serde_json v1.0.108
[INFO] [stderr]    Compiling regex-syntax v0.8.2
[INFO] [stderr]    Compiling memchr v2.6.4
[INFO] [stderr]    Compiling color_quant v1.1.0
[INFO] [stderr]    Compiling flate2 v1.0.28
[INFO] [stderr]    Compiling radix_trie v0.2.1
[INFO] [stderr]    Compiling libloading v0.8.1
[INFO] [stderr]    Compiling unicode-segmentation v1.10.1
[INFO] [stderr]    Compiling utf8parse v0.2.1
[INFO] [stderr]    Compiling quote v1.0.33
[INFO] [stderr]    Compiling unicode-width v0.1.11
[INFO] [stderr]    Compiling itoa v1.0.9
[INFO] [stderr]    Compiling minimal-lexical v0.2.1
[INFO] [stderr]    Compiling ryu v1.0.15
[INFO] [stderr]    Compiling home v0.5.5
[INFO] [stderr]    Compiling syn v2.0.39
[INFO] [stderr]    Compiling png v0.17.10
[INFO] [stderr]    Compiling snowflake v1.3.0
[INFO] [stderr]    Compiling env_logger v0.10.0
[INFO] [stderr]    Compiling nu-ansi-term v0.49.0
[INFO] [stderr]    Compiling nom v7.1.3
[INFO] [stderr]    Compiling slab_tree v0.3.2
[INFO] [stderr]    Compiling regex-automata v0.4.3
[INFO] [stderr]    Compiling nix v0.24.3
[INFO] [stderr]    Compiling gethostname v0.2.3
[INFO] [stderr]    Compiling nix v0.27.1
[INFO] [stderr]    Compiling dirs-sys v0.4.1
[INFO] [stderr]    Compiling nix v0.26.4
[INFO] [stderr]    Compiling dirs v5.0.1
[INFO] [stderr]    Compiling parking_lot v0.12.1
[INFO] [stderr]    Compiling fd-lock v3.0.13
[INFO] [stderr]    Compiling image v0.24.7
[INFO] [stderr]    Compiling ctrlc v3.4.1
[INFO] [stderr]    Compiling rustyline v12.0.0
[INFO] [stderr]    Compiling regex v1.10.2
[INFO] [stderr]    Compiling serde_derive v1.0.192
[INFO] [stderr]    Compiling strum_macros v0.25.3
[INFO] [stderr]    Compiling thiserror-impl v1.0.50
[INFO] [stderr]    Compiling rustyline-derive v0.9.0
[INFO] [stderr]    Compiling strum v0.25.0
[INFO] [stderr]    Compiling x11rb-protocol v0.10.0
[INFO] [stderr]    Compiling adana-script-core v0.15.1
[INFO] [stderr]    Compiling bincode v1.3.3
[INFO] [stderr]    Compiling x11rb v0.10.1
[INFO] [stderr]    Compiling arboard v3.2.1
[INFO] [stderr]    Compiling adana v0.15.4 (/opt/rustwide/workdir)
[INFO] [stdout] warning: unused imports: `alpha1`, `alphanumeric1`, `consumed`, `eof`, `fail`, `line_ending`, `map_res`, `none_of`, `recognize`
[INFO] [stdout]   --> src/prelude.rs:8:9
[INFO] [stdout]    |
[INFO] [stdout] 8  |         alpha1, alphanumeric1, i128 as I128, i8 as I8, line_ending,
[INFO] [stdout]    |         ^^^^^^  ^^^^^^^^^^^^^                          ^^^^^^^^^^^
[INFO] [stdout] 9  |         multispace0, multispace1, none_of, one_of, space1, u8 as U8,
[INFO] [stdout]    |                                   ^^^^^^^
[INFO] [stdout] ...
[INFO] [stdout] 12 |         all_consuming, consumed, cut, eof, fail, map, map_parser, map_res, opt,
[INFO] [stdout]    |                        ^^^^^^^^       ^^^  ^^^^                   ^^^^^^^
[INFO] [stdout] 13 |         peek, recognize, rest, verify,
[INFO] [stdout]    |               ^^^^^^^^^
[INFO] [stdout]    |
[INFO] [stdout]    = note: `#[warn(unused_imports)]` on by default
[INFO] [stdout] 
[INFO] [stdout] 
[INFO] [stdout] warning: unused import: `std::io::stdout`
[INFO] [stdout]   --> src/prelude.rs:26:9
[INFO] [stdout]    |
[INFO] [stdout] 26 | pub use std::io::stdout;
[INFO] [stdout]    |         ^^^^^^^^^^^^^^^
[INFO] [stdout] 
[INFO] [stdout] 
[INFO] [stdout] warning: unused import: `std::time::Duration`
[INFO] [stdout]   --> src/prelude.rs:28:9
[INFO] [stdout]    |
[INFO] [stdout] 28 | pub use std::time::Duration;
[INFO] [stdout]    |         ^^^^^^^^^^^^^^^^^^^
[INFO] [stdout] 
[INFO] [stdout] 
[INFO] [stdout] warning: unused imports: `AtomicBool`, `Ordering`, `panic::AssertUnwindSafe`, `process::ExitCode`
[INFO] [stdout]   --> src/prelude.rs:40:5
[INFO] [stdout]    |
[INFO] [stdout] 40 |     panic::AssertUnwindSafe,
[INFO] [stdout]    |     ^^^^^^^^^^^^^^^^^^^^^^^
[INFO] [stdout] 41 |     path::PathBuf,
[INFO] [stdout] 42 |     process::ExitCode,
[INFO] [stdout]    |     ^^^^^^^^^^^^^^^^^
[INFO] [stdout] 43 |     sync::atomic::{AtomicBool, Ordering},
[INFO] [stdout]    |                    ^^^^^^^^^^  ^^^^^^^^
[INFO] [stdout] 
[INFO] [stdout] 
[INFO] [stdout] warning: 4 warnings emitted
[INFO] [stdout] 
[INFO] [stdout] 
[INFO] [stderr]     Finished dev [unoptimized + debuginfo] target(s) in 14.02s
[INFO] running `Command { std: "docker" "inspect" "f50a8035e9cf9105d95539fe5f6a000d9b848c99f6607105fb30e1a0acb2ae5b", kill_on_drop: false }`
[INFO] running `Command { std: "docker" "rm" "-f" "f50a8035e9cf9105d95539fe5f6a000d9b848c99f6607105fb30e1a0acb2ae5b", kill_on_drop: false }`
[INFO] [stdout] f50a8035e9cf9105d95539fe5f6a000d9b848c99f6607105fb30e1a0acb2ae5b
[INFO] running `Command { std: "docker" "create" "-v" "/var/lib/crater-agent-workspace/builds/worker-1-tc2/target:/opt/rustwide/target:rw,Z" "-v" "/var/lib/crater-agent-workspace/builds/worker-1-tc2/source:/opt/rustwide/workdir:ro,Z" "-v" "/var/lib/crater-agent-workspace/cargo-home:/opt/rustwide/cargo-home:ro,Z" "-v" "/var/lib/crater-agent-workspace/rustup-home:/opt/rustwide/rustup-home:ro,Z" "-e" "SOURCE_DIR=/opt/rustwide/workdir" "-e" "CARGO_TARGET_DIR=/opt/rustwide/target" "-e" "CARGO_INCREMENTAL=0" "-e" "RUST_BACKTRACE=full" "-e" "RUSTFLAGS=--cap-lints=warn" "-e" "RUSTDOCFLAGS=--cap-lints=warn" "-e" "CARGO_HOME=/opt/rustwide/cargo-home" "-e" "RUSTUP_HOME=/opt/rustwide/rustup-home" "-w" "/opt/rustwide/workdir" "-m" "1610612736" "--user" "0:0" "--network" "none" "ghcr.io/rust-lang/crates-build-env/linux@sha256:2788e3201cd34a07e3172128adcd8b3090168a8e3bcc40d7c032b9dda1df7d1c" "/opt/rustwide/cargo-home/bin/cargo" "+beta-2023-12-22" "test" "--frozen" "--no-run" "--message-format=json", kill_on_drop: false }`
[INFO] [stdout] bcfb27c278f76adc98ad5105ed25cd92468b8a7ec2a382eeb73ebd065d76fc99
[INFO] running `Command { std: "docker" "start" "-a" "bcfb27c278f76adc98ad5105ed25cd92468b8a7ec2a382eeb73ebd065d76fc99", kill_on_drop: false }`
[INFO] [stderr]    Compiling futures-core v0.3.29
[INFO] [stderr]    Compiling slab v0.4.9
[INFO] [stderr]    Compiling futures-channel v0.3.29
[INFO] [stderr]    Compiling futures-task v0.3.29
[INFO] [stderr]    Compiling futures-util v0.3.29
[INFO] [stderr]    Compiling futures-sink v0.3.29
[INFO] [stderr]    Compiling pin-project-lite v0.2.13
[INFO] [stderr]    Compiling futures-io v0.3.29
[INFO] [stderr]    Compiling pin-utils v0.1.0
[INFO] [stderr]    Compiling syn v2.0.39
[INFO] [stderr]    Compiling hashbrown v0.14.2
[INFO] [stderr]    Compiling once_cell v1.18.0
[INFO] [stderr]    Compiling lazy_static v1.4.0
[INFO] [stderr]    Compiling dashmap v5.5.3
[INFO] [stderr]    Compiling futures-executor v0.3.29
[INFO] [stderr]    Compiling futures v0.3.29
[INFO] [stderr]    Compiling serde_derive v1.0.192
[INFO] [stderr]    Compiling thiserror-impl v1.0.50
[INFO] [stderr]    Compiling strum_macros v0.25.3
[INFO] [stderr]    Compiling serial_test_derive v2.0.0
[INFO] [stderr]    Compiling rustyline-derive v0.9.0
[INFO] [stderr]    Compiling serial_test v2.0.0
[INFO] [stderr]    Compiling thiserror v1.0.50
[INFO] [stderr]    Compiling arboard v3.2.1
[INFO] [stderr]    Compiling strum v0.25.0
[INFO] [stderr]    Compiling serde v1.0.192
[INFO] [stderr]    Compiling bincode v1.3.3
[INFO] [stderr]    Compiling adana-script-core v0.15.1
[INFO] [stderr]    Compiling serde_json v1.0.108
[INFO] [stderr]    Compiling adana v0.15.4 (/opt/rustwide/workdir)
[INFO] [stdout] warning: unused imports: `alpha1`, `alphanumeric1`, `consumed`, `eof`, `fail`, `line_ending`, `map_res`, `none_of`, `recognize`
[INFO] [stdout]   --> src/prelude.rs:8:9
[INFO] [stdout]    |
[INFO] [stdout] 8  |         alpha1, alphanumeric1, i128 as I128, i8 as I8, line_ending,
[INFO] [stdout]    |         ^^^^^^  ^^^^^^^^^^^^^                          ^^^^^^^^^^^
[INFO] [stdout] 9  |         multispace0, multispace1, none_of, one_of, space1, u8 as U8,
[INFO] [stdout]    |                                   ^^^^^^^
[INFO] [stdout] ...
[INFO] [stdout] 12 |         all_consuming, consumed, cut, eof, fail, map, map_parser, map_res, opt,
[INFO] [stdout]    |                        ^^^^^^^^       ^^^  ^^^^                   ^^^^^^^
[INFO] [stdout] 13 |         peek, recognize, rest, verify,
[INFO] [stdout]    |               ^^^^^^^^^
[INFO] [stdout]    |
[INFO] [stdout]    = note: `#[warn(unused_imports)]` on by default
[INFO] [stdout] 
[INFO] [stdout] 
[INFO] [stdout] warning: unused import: `std::io::stdout`
[INFO] [stdout]   --> src/prelude.rs:26:9
[INFO] [stdout]    |
[INFO] [stdout] 26 | pub use std::io::stdout;
[INFO] [stdout]    |         ^^^^^^^^^^^^^^^
[INFO] [stdout] 
[INFO] [stdout] 
[INFO] [stdout] warning: unused import: `std::time::Duration`
[INFO] [stdout]   --> src/prelude.rs:28:9
[INFO] [stdout]    |
[INFO] [stdout] 28 | pub use std::time::Duration;
[INFO] [stdout]    |         ^^^^^^^^^^^^^^^^^^^
[INFO] [stdout] 
[INFO] [stdout] 
[INFO] [stdout] warning: unused imports: `AtomicBool`, `Ordering`, `panic::AssertUnwindSafe`, `process::ExitCode`
[INFO] [stdout]   --> src/prelude.rs:40:5
[INFO] [stdout]    |
[INFO] [stdout] 40 |     panic::AssertUnwindSafe,
[INFO] [stdout]    |     ^^^^^^^^^^^^^^^^^^^^^^^
[INFO] [stdout] 41 |     path::PathBuf,
[INFO] [stdout] 42 |     process::ExitCode,
[INFO] [stdout]    |     ^^^^^^^^^^^^^^^^^
[INFO] [stdout] 43 |     sync::atomic::{AtomicBool, Ordering},
[INFO] [stdout]    |                    ^^^^^^^^^^  ^^^^^^^^
[INFO] [stdout] 
[INFO] [stdout] 
[INFO] [stdout] warning: 4 warnings emitted
[INFO] [stdout] 
[INFO] [stdout] 
[INFO] [stderr]     Finished test [unoptimized + debuginfo] target(s) in 12.04s
[INFO] running `Command { std: "docker" "inspect" "bcfb27c278f76adc98ad5105ed25cd92468b8a7ec2a382eeb73ebd065d76fc99", kill_on_drop: false }`
[INFO] running `Command { std: "docker" "rm" "-f" "bcfb27c278f76adc98ad5105ed25cd92468b8a7ec2a382eeb73ebd065d76fc99", kill_on_drop: false }`
[INFO] [stdout] bcfb27c278f76adc98ad5105ed25cd92468b8a7ec2a382eeb73ebd065d76fc99
[INFO] running `Command { std: "docker" "create" "-v" "/var/lib/crater-agent-workspace/builds/worker-1-tc2/target:/opt/rustwide/target:rw,Z" "-v" "/var/lib/crater-agent-workspace/builds/worker-1-tc2/source:/opt/rustwide/workdir:ro,Z" "-v" "/var/lib/crater-agent-workspace/cargo-home:/opt/rustwide/cargo-home:ro,Z" "-v" "/var/lib/crater-agent-workspace/rustup-home:/opt/rustwide/rustup-home:ro,Z" "-e" "SOURCE_DIR=/opt/rustwide/workdir" "-e" "CARGO_TARGET_DIR=/opt/rustwide/target" "-e" "CARGO_INCREMENTAL=0" "-e" "RUST_BACKTRACE=full" "-e" "RUSTFLAGS=--cap-lints=warn" "-e" "RUSTDOCFLAGS=--cap-lints=warn" "-e" "CARGO_HOME=/opt/rustwide/cargo-home" "-e" "RUSTUP_HOME=/opt/rustwide/rustup-home" "-w" "/opt/rustwide/workdir" "-m" "1610612736" "--user" "0:0" "--network" "none" "ghcr.io/rust-lang/crates-build-env/linux@sha256:2788e3201cd34a07e3172128adcd8b3090168a8e3bcc40d7c032b9dda1df7d1c" "/opt/rustwide/cargo-home/bin/cargo" "+beta-2023-12-22" "test" "--frozen", kill_on_drop: false }`
[INFO] [stdout] 54e4ba3519da440035aff2cf0fe68f055627624e44eef261a46bc84ec0b621ac
[INFO] running `Command { std: "docker" "start" "-a" "54e4ba3519da440035aff2cf0fe68f055627624e44eef261a46bc84ec0b621ac", kill_on_drop: false }`
[INFO] [stderr] warning: unused imports: `alpha1`, `alphanumeric1`, `consumed`, `eof`, `fail`, `line_ending`, `map_res`, `none_of`, `recognize`
[INFO] [stderr]   --> src/prelude.rs:8:9
[INFO] [stderr]    |
[INFO] [stderr] 8  |         alpha1, alphanumeric1, i128 as I128, i8 as I8, line_ending,
[INFO] [stderr]    |         ^^^^^^  ^^^^^^^^^^^^^                          ^^^^^^^^^^^
[INFO] [stderr] 9  |         multispace0, multispace1, none_of, one_of, space1, u8 as U8,
[INFO] [stderr]    |                                   ^^^^^^^
[INFO] [stderr] ...
[INFO] [stderr] 12 |         all_consuming, consumed, cut, eof, fail, map, map_parser, map_res, opt,
[INFO] [stderr]    |                        ^^^^^^^^       ^^^  ^^^^                   ^^^^^^^
[INFO] [stderr] 13 |         peek, recognize, rest, verify,
[INFO] [stderr]    |               ^^^^^^^^^
[INFO] [stderr]    |
[INFO] [stderr]    = note: `#[warn(unused_imports)]` on by default
[INFO] [stderr] 
[INFO] [stderr] warning: unused import: `std::io::stdout`
[INFO] [stderr]   --> src/prelude.rs:26:9
[INFO] [stderr]    |
[INFO] [stderr] 26 | pub use std::io::stdout;
[INFO] [stderr]    |         ^^^^^^^^^^^^^^^
[INFO] [stderr] 
[INFO] [stderr] warning: unused import: `std::time::Duration`
[INFO] [stderr]   --> src/prelude.rs:28:9
[INFO] [stderr]    |
[INFO] [stderr] 28 | pub use std::time::Duration;
[INFO] [stderr]    |         ^^^^^^^^^^^^^^^^^^^
[INFO] [stderr] 
[INFO] [stderr] warning: unused imports: `AtomicBool`, `Ordering`, `panic::AssertUnwindSafe`, `process::ExitCode`
[INFO] [stderr]   --> src/prelude.rs:40:5
[INFO] [stderr]    |
[INFO] [stderr] 40 |     panic::AssertUnwindSafe,
[INFO] [stderr]    |     ^^^^^^^^^^^^^^^^^^^^^^^
[INFO] [stderr] 41 |     path::PathBuf,
[INFO] [stderr] 42 |     process::ExitCode,
[INFO] [stderr]    |     ^^^^^^^^^^^^^^^^^
[INFO] [stderr] 43 |     sync::atomic::{AtomicBool, Ordering},
[INFO] [stderr]    |                    ^^^^^^^^^^  ^^^^^^^^
[INFO] [stderr] 
[INFO] [stderr] warning: `adana` (bin "adana" test) generated 4 warnings (run `cargo fix --bin "adana" --tests` to apply 4 suggestions)
[INFO] [stderr]     Finished test [unoptimized + debuginfo] target(s) in 0.07s
[INFO] [stderr]      Running unittests src/main.rs (/opt/rustwide/target/debug/deps/adana-aeef5368ff923db0)
[INFO] [stdout] 
[INFO] [stdout] running 164 tests
[INFO] [stdout] test adana_script::tests::bitwise::bitwise_not ... ok
[INFO] [stdout] test adana_script::tests::bitwise::bitwise_and ... ok
[INFO] [stdout] test adana_script::tests::bitwise::test_left_shift ... ok
[INFO] [stdout] test adana_script::tests::bitwise::bitwise_or_test ... ok
[INFO] [stdout] test adana_script::tests::bitwise::test_complex_math_wise ... ok
[INFO] [stdout] test adana_script::tests::bitwise::bitwise_xor_test ... ok
[INFO] [stdout] test adana_script::tests::bitwise::test_right_shift ... ok
[INFO] [stdout] test adana_script::tests::builtin::test_builtin_to_double ... ok
[INFO] [stdout] test adana_script::tests::builtin::test_eval ... ok
[INFO] [stdout] test adana_script::tests::builtin::test_to_binary ... ok
[INFO] [stdout] test adana_script::tests::foreach::simple_foreach ... ok
[INFO] [stdout] test adana_script::tests::builtin::test_to_hex ... ok
[INFO] [stdout] test adana_script::tests::builtin::test_builtin_to_bool ... ok
[INFO] [stdout] test adana_script::tests::builtin::test_builtin_to_int ... ok
[INFO] [stdout] test adana_script::tests::foreach::simple_foreach_string_not_assigned ... ok
[INFO] [stdout] test adana_script::tests::foreach::simple_foreach_with_idx1 ... ok
[INFO] [stdout] test adana_script::tests::foreach::simple_foreach_with_idx_from_fn ... ok
[INFO] [stdout] test adana_script::tests::foreach::simple_foreach_not_assigned ... ok
[INFO] [stdout] test adana_script::tests::foreach::simple_foreach_with_idx_from_struct ... ok
[INFO] [stdout] test adana_script::tests::foreach::simple_foreach_break ... ok
[INFO] [stdout] test adana_script::tests::foreach::simple_foreach_string ... ok
[INFO] [stdout] test adana_script::tests::foreach::simple_foreach_with_idx_with_paren ... ok
[INFO] [stdout] test adana_script::tests::foreach::simple_foreach_with_idx_from_struct_with_paren ... ok
[INFO] [stdout] test adana_script::tests::foreach::simple_foreach_return ... ok
[INFO] [stdout] test adana_script::tests::foreach::simple_foreach_with_paren ... ok
[INFO] [stdout] test adana_script::tests::foreach::test_handle_error ... ok
[INFO] [stdout] test adana_script::tests::foreach::simple_foreach_two_depth1 ... ok
[INFO] [stdout] test adana_script::tests::builtin::test_type_of ... ok
[INFO] [stdout] test adana_script::tests::funct::test_inline_fn ... ok
[INFO] [stdout] test adana_script::tests::examples::test_example2 ... ok
[INFO] [stdout] test adana_script::tests::misc::bug_javascript_meme ... ok
[INFO] [stdout] test adana_script::tests::funct::test_anon_func_call ... ok
[INFO] [stdout] test adana_script::tests::foreach::test_foreach_struct ... ok
[INFO] [stdout] test adana_script::tests::misc::recur_early_return ... ok
[INFO] [stdout] test adana_script::tests::misc::test_compute_assign_with_ctx ... ok
[INFO] [stdout] test adana_script::tests::misc::test_bug_pow_sugar ... ok
[INFO] [stdout] test adana_script::tests::misc::test_compute_with_ctx ... ok
[INFO] [stdout] test adana_script::tests::misc::test_consts ... ok
[INFO] [stdout] test adana_script::tests::examples::test_example1 ... ok
[INFO] [stdout] test adana_script::tests::misc::test_compute ... ok
[INFO] [stdout] test adana_script::tests::funct::test_fn_param ... ok
[INFO] [stdout] test adana_script::tests::misc::test_fn_abs ... ok
[INFO] [stdout] test adana_script::tests::misc::test_fn_cos ... ok
[INFO] [stdout] test adana_script::tests::dynload::build_from_adana_dynamic_lib_test ... FAILED
[INFO] [stdout] test adana_script::tests::misc::test_expr_invalid - should panic ... ok
[INFO] [stdout] test adana_script::tests::misc::test_expr_invalid_drc - should panic ... ok
[INFO] [stdout] test adana_script::tests::misc::test_fn_ln ... ok
[INFO] [stdout] test adana_script::tests::dynload::callback_dynamic_lib_test ... FAILED
[INFO] [stdout] test adana_script::tests::dynload::complex_callback_dynamic_lib_test ... FAILED
[INFO] [stdout] test adana_script::tests::misc::test_fn_sqrt ... ok
[INFO] [stdout] test adana_script::tests::misc::test_modulo ... ok
[INFO] [stdout] test adana_script::tests::misc::test_implicit_multiply ... ok
[INFO] [stdout] test adana_script::tests::misc::test_op_invalid - should panic ... ok
[INFO] [stdout] test adana_script::tests::dynload::require_direct_call_test ... FAILED
[INFO] [stdout] test adana_script::tests::misc::test_negate ... ok
[INFO] [stdout] test adana_script::tests::misc::test_simple_bool ... ok
[INFO] [stdout] test adana_script::tests::misc::test_pow ... ok
[INFO] [stdout] test adana_script::tests::dynload::load_dynamic_lib_test ... FAILED
[INFO] [stdout] test adana_script::tests::misc::test_variable ... ok
[INFO] [stdout] test adana_script::tests::misc::test_str ... ok
[INFO] [stdout] test adana_script::tests::misc::test_fn_sin ... ok
[INFO] [stdout] test adana_script::tests::misc::test_op_pow_sugar ... ok
[INFO] [stdout] test adana_script::tests::misc::test_variable_expr ... ok
[INFO] [stdout] test adana_script::tests::misc::test_variable_expr_2 ... ok
[INFO] [stdout] test adana_script::tests::range::simple_range ... ok
[INFO] [stdout] test adana_script::tests::misc::test_simple_logical_and_or ... ok
[INFO] [stdout] test adana_script::tests::range::simple_range_in_function ... ok
[INFO] [stdout] test adana_script::tests::range::simple_range_in_array ... ok
[INFO] [stdout] test adana_script::tests::range::simple_foreach_range ... ok
[INFO] [stdout] test adana_script::tests::range::simple_foreach_range_both_end ... ok
[INFO] [stdout] test adana_script::tests::range::simple_range_struct ... ok
[INFO] [stdout] test adana_script::tests::strings::test_string_block2 ... ok
[INFO] [stdout] test adana_script::tests::strings::test_string_escape ... ok
[INFO] [stdout] test adana_script::tests::strings::test_string_block_with_parameters ... ok
[INFO] [stdout] test adana_script::tests::misc::test_simple_condition ... ok
[INFO] [stdout] test adana_script::tests::misc::test_fn_log ... ok
[INFO] [stdout] test adana_script::tests::misc::test_fn_tan ... ok
[INFO] [stdout] test adana_script::tests::misc::test_extra ... ok
[INFO] [stdout] test adana_script::tests::struc::test_struct_access_key ... ok
[INFO] [stdout] test adana_script::tests::strings::test_string_block_with_parameters_struct ... ok
[INFO] [stdout] test adana_script::tests::struc::test_struct_access_key2 ... ok
[INFO] [stdout] test adana_script::tests::struc::test_struct_access_key5 ... ok
[INFO] [stdout] test adana_script::tests::struc::test_struct_empty ... ok
[INFO] [stdout] test adana_script::tests::struc::test_struct_access_key4 ... ok
[INFO] [stdout] test adana_script::tests::strings::parse_multi_values ... ok
[INFO] [stdout] test adana_script::tests::struc::test_struct_access_key3 ... ok
[INFO] [stdout] test adana_script::tests::strings::test_string_block_complete ... ok
[INFO] [stdout] test adana_script::tests::strings::parse_f_strings_fn ... ok
[INFO] [stdout] test adana_script::tests::funct::test_basic_map ... ok
[INFO] [stdout] test adana_script::tests::funct::test_array_access_fn_call ... ok
[INFO] [stdout] test adana_script::tests::funct::test_drop ... ok
[INFO] [stdout] test adana_script::tests::test_chaining::complex_struct_array ... ok
[INFO] [stdout] test adana_script::tests::test_chaining::complex_struct_array_struct ... ok
[INFO] [stdout] test adana_script::tests::test_chaining::complex_struct_struct_struct ... ok
[INFO] [stdout] test adana_script::tests::test_chaining::complex_struct_struct_struct_fn ... ok
[INFO] [stdout] test adana_script::tests::test_chaining::complex_struct_struct_struct_fn2 ... ok
[INFO] [stdout] test adana_script::tests::test_chaining::simple_array_two_depth ... ok
[INFO] [stdout] test adana_script::tests::test_drop::test_drop_arr_access ... ok
[INFO] [stdout] test adana_script::tests::test_drop::test_drop_string ... ok
[INFO] [stdout] test adana_script::tests::test_drop::test_drop_struct_access ... ok
[INFO] [stdout] test adana_script::tests::test_drop::test_drop_struct_access_alt ... ok
[INFO] [stdout] test adana_script::tests::test_parser::test_array_fn_access ... ok
[INFO] [stdout] test adana_script::tests::test_parser::test_bug_fn_hello_a ... ok
[INFO] [stdout] test adana_script::tests::test_parser::test_comments_end_arr ... ok
[INFO] [stdout] test adana_script::tests::test_parser::test_inline_fn1 ... ok
[INFO] [stdout] test adana_script::tests::test_parser::test_paren_bug_2023 ... ok
[INFO] [stdout] test adana_script::tests::test_parser::test_parse_break ... ok
[INFO] [stdout] test adana_script::tests::test_parser::test_parse_fn ... ok
[INFO] [stdout] test adana_script::tests::test_parser::test_parse_multiline ... ok
[INFO] [stdout] test adana_script::tests::test_parser::test_parse_string_escaped ... ok
[INFO] [stdout] test adana_script::tests::test_parser::test_parser_array_directly_access ... ok
[INFO] [stdout] test adana_script::tests::test_parser::test_struct1 ... ok
[INFO] [stdout] test adana_script::tests::test_parser::test_struct2 ... ok
[INFO] [stdout] test adana_script::tests::test_parser::test_struct_access_1 ... ok
[INFO] [stdout] test adana_script::tests::test_parser::test_struct_array ... ok
[INFO] [stdout] test adana_script::tests::test_parser::test_struct_array2 ... ok
[INFO] [stdout] test adana_script::tests::test_reference::test_forin_range_ref1 ... ok
[INFO] [stdout] test adana_script::tests::test_reference::test_forin_range_ref2 ... ok
[INFO] [stdout] test adana_script::tests::test_reference::test_simple ... ok
[INFO] [stdout] test adana_script::tests::test_reference::test_simple_array_ref ... ok
[INFO] [stdout] test adana_script::tests::test_reference::test_simple_modify ... ok
[INFO] [stdout] test adana_script::tests::test_reference::test_simple_struct_ref ... ok
[INFO] [stdout] test adana_script::tests::test_scope_ctx::test_if_else_scope_complex ... ok
[INFO] [stdout] test adana_script::tests::test_scope_ctx::test_if_else_scope_simple ... ok
[INFO] [stdout] test adana_script::tests::test_scope_ctx::test_if_scope_complex ... ok
[INFO] [stdout] test adana_script::tests::test_scope_ctx::test_if_scope_simple ... ok
[INFO] [stdout] test adana_script::tests::funct::test_if_else_file ... ok
[INFO] [stdout] test adana_script::tests::test_scope_ctx::test_while_scope_complex ... ok
[INFO] [stdout] test adana_script::tests::test_scope_ctx::test_while_scope_simple ... ok
[INFO] [stdout] test adana_script::tests::funct::test_override_map ... ok
[INFO] [stdout] test adana_script::tests::funct::test_recursive ... ok
[INFO] [stdout] test adana_script::tests::struc::test_simple_struc ... ok
[INFO] [stdout] test adana_script::tests::struc::test_simple_struc_with_more_stuff_in_it ... ok
[INFO] [stdout] test adana_script::tests::struc::test_struct_access ... ok
[INFO] [stdout] test adana_script::tests::struc::test_struct_complex_ish ... ok
[INFO] [stdout] test adana_script::tests::struc::test_struct_eq ... ok
[INFO] [stdout] test adana_script::tests::unused::test_simple_unused_array ... ok
[INFO] [stdout] test adana_script::tests::struc::test_struct_variable_assign ... ok
[INFO] [stdout] test adana_script::tests::unused::test_simple_unused_fn_call_range ... ok
[INFO] [stdout] test adana_script::tests::unused::test_simple_unused_fn_multiple_parameters ... ok
[INFO] [stdout] test adana_script::tests::unused::test_simple_unused_fn_multiple_parameters2 ... ok
[INFO] [stdout] test adana_script::tests::unused::test_simple_unused_fn_parameter ... ok
[INFO] [stdout] test adana_script::tests::unused::test_simple_unused_foreach ... ok
[INFO] [stdout] test adana_script::tests::unused::test_simple_unused_range ... ok
[INFO] [stdout] test adana_script::tests::unused::test_simple_unused_foreach_index ... ok
[INFO] [stdout] test adana_script::tests::unused::test_simple_unused_struct ... ok
[INFO] [stdout] 'hello world'
[INFO] [stdout] test cache_command::os_command::test::test_exec_command ... ok
[INFO] [stdout] test db::file_lock::test::test_lock ... ok
[INFO] [stdout] test db::in_memory::test::test_inner_db ... ok
[INFO] [stdout] test adana_script::tests::test_array::test_array_access_expr ... ok
[INFO] [stdout] test adana_script::tests::test_array::test_array_expr_access ... ok
[INFO] [stdout] test adana_script::tests::test_array::test_array_expr_access_not_assigned ... ok
[INFO] [stdout] test adana_script::tests::test_array::test_file_array ... ok
[INFO] [stdout] test adana_script::tests::test_array::test_simple_array ... ok
[INFO] [stdout] test adana_script::tests::test_array::test_string_array ... ok
[INFO] [stdout] test db::database::test::test_file_db_lock ... ok
[INFO] [stdout] test adana_script::tests::tests_file::test_fizz_buzz ... ok
[INFO] [stdout] test adana_script::tests::tests_file::test_if_else_file1 ... ok
[INFO] [stdout] test adana_script::tests::tests_file::test_if_statement ... ok
[INFO] [stdout] test adana_script::tests::tests_file::test_includes ... ok
[INFO] [stdout] test adana_script::tests::tests_file::test_multiline_file ... ok
[INFO] [stdout] test adana_script::tests::tests_file::test_nested_file ... ok
[INFO] [stdout] test adana_script::tests::tests_file::test_simple_file ... ok
[INFO] [stdout] test adana_script::tests::tests_file::test_while_statement ... ok
[INFO] [stdout] 
[INFO] [stdout] failures:
[INFO] [stdout] 
[INFO] [stdout] ---- adana_script::tests::dynload::build_from_adana_dynamic_lib_test stdout ----
[INFO] [stdout] [src/adana_script/compute.rs:1055:9] rest = ""
[INFO] [stdout] [src/adana_script/compute.rs:1056:9] &instructions = [
[INFO] [stdout]     VariableExpr {
[INFO] [stdout]         name: Variable(
[INFO] [stdout]             "lib",
[INFO] [stdout]         ),
[INFO] [stdout]         expr: BuiltInFunction {
[INFO] [stdout]             fn_type: Require,
[INFO] [stdout]             expr: BlockParen(
[INFO] [stdout]                 [
[INFO] [stdout]                     String(
[INFO] [stdout]                         "example_lib_src",
[INFO] [stdout]                     ),
[INFO] [stdout]                 ],
[INFO] [stdout]             ),
[INFO] [stdout]         },
[INFO] [stdout]     },
[INFO] [stdout]     VariableExpr {
[INFO] [stdout]         name: Variable(
[INFO] [stdout]             "callback",
[INFO] [stdout]         ),
[INFO] [stdout]         expr: Function {
[INFO] [stdout]             parameters: BlockParen(
[INFO] [stdout]                 [
[INFO] [stdout]                     Variable(
[INFO] [stdout]                         "input",
[INFO] [stdout]                     ),
[INFO] [stdout]                 ],
[INFO] [stdout]             ),
[INFO] [stdout]             exprs: [
[INFO] [stdout]                 BlockParen(
[INFO] [stdout]                     [
[INFO] [stdout]                         FunctionCall {
[INFO] [stdout]                             parameters: BlockParen(
[INFO] [stdout]                                 [
[INFO] [stdout]                                     Variable(
[INFO] [stdout]                                         "input",
[INFO] [stdout]                                     ),
[INFO] [stdout]                                     String(
[INFO] [stdout]                                         "Nordine!",
[INFO] [stdout]                                     ),
[INFO] [stdout]                                     String(
[INFO] [stdout]                                         "ca",
[INFO] [stdout]                                     ),
[INFO] [stdout]                                     String(
[INFO] [stdout]                                         "va?",
[INFO] [stdout]                                     ),
[INFO] [stdout]                                 ],
[INFO] [stdout]                             ),
[INFO] [stdout]                             function: StructAccess {
[INFO] [stdout]                                 struc: Variable(
[INFO] [stdout]                                     "lib",
[INFO] [stdout]                                 ),
[INFO] [stdout]                                 key: "hello",
[INFO] [stdout]                             },
[INFO] [stdout]                         },
[INFO] [stdout]                     ],
[INFO] [stdout]                 ),
[INFO] [stdout]             ],
[INFO] [stdout]         },
[INFO] [stdout]     },
[INFO] [stdout]     VariableExpr {
[INFO] [stdout]         name: Variable(
[INFO] [stdout]             "text",
[INFO] [stdout]         ),
[INFO] [stdout]         expr: FunctionCall {
[INFO] [stdout]             parameters: BlockParen(
[INFO] [stdout]                 [
[INFO] [stdout]                     Variable(
[INFO] [stdout]                         "callback",
[INFO] [stdout]                     ),
[INFO] [stdout]                 ],
[INFO] [stdout]             ),
[INFO] [stdout]             function: StructAccess {
[INFO] [stdout]                 struc: Variable(
[INFO] [stdout]                     "lib",
[INFO] [stdout]                 ),
[INFO] [stdout]                 key: "callback",
[INFO] [stdout]             },
[INFO] [stdout]         },
[INFO] [stdout]     },
[INFO] [stdout] ]
[INFO] [stdout] [src/adana_script/ast.rs:78:17] &operations = [
[INFO] [stdout]     String(
[INFO] [stdout]         "example_lib_src",
[INFO] [stdout]     ),
[INFO] [stdout] ]
[INFO] [stdout] ===================DEBUG TREE==================
[INFO] [stdout] VariableAssign(Some("lib"))
[INFO] [stdout] └── BuiltInFunction(Require)
[INFO] [stdout]     └── Primitive(String("example_lib_src"))
[INFO] [stdout] ===================DEBUG TREE==================
[INFO] [stdout] [src/adana_script/require_dynamic_lib.rs:26:9] &curr_path = "/opt/rustwide/workdir"
[INFO] [stdout] [src/adana_script/require_dynamic_lib.rs:58:17] &temp_path = "example_lib_src"
[INFO] [stdout] thread 'adana_script::tests::dynload::build_from_adana_dynamic_lib_test' panicked at src/adana_script/tests/dynload.rs:75:59:
[INFO] [stdout] called `Result::unwrap()` on an `Err` value: parent or shared lib doesn't exist
[INFO] [stdout] stack backtrace:
[INFO] [stdout]    0:     0x55a6607a3c16 - std::backtrace_rs::backtrace::libunwind::trace::h261606ad26a499c1
[INFO] [stdout]                                at /rustc/0e09125c6c3c2fd70d7de961bcf0e51575235fad/library/std/src/../../backtrace/src/backtrace/libunwind.rs:104:5
[INFO] [stdout]    1:     0x55a6607a3c16 - std::backtrace_rs::backtrace::trace_unsynchronized::hd183f0625477fb28
[INFO] [stdout]                                at /rustc/0e09125c6c3c2fd70d7de961bcf0e51575235fad/library/std/src/../../backtrace/src/backtrace/mod.rs:66:5
[INFO] [stdout]    2:     0x55a6607a3c16 - std::sys_common::backtrace::_print_fmt::hd7f8fef21b4eda67
[INFO] [stdout]                                at /rustc/0e09125c6c3c2fd70d7de961bcf0e51575235fad/library/std/src/sys_common/backtrace.rs:68:5
[INFO] [stdout]    3:     0x55a6607a3c16 - <std::sys_common::backtrace::_print::DisplayBacktrace as core::fmt::Display>::fmt::h623d9b51f2f453f1
[INFO] [stdout]                                at /rustc/0e09125c6c3c2fd70d7de961bcf0e51575235fad/library/std/src/sys_common/backtrace.rs:44:22
[INFO] [stdout]    4:     0x55a6607cff80 - core::fmt::rt::Argument::fmt::h9f417ac76a86f368
[INFO] [stdout]                                at /rustc/0e09125c6c3c2fd70d7de961bcf0e51575235fad/library/core/src/fmt/rt.rs:142:9
[INFO] [stdout]    5:     0x55a6607cff80 - core::fmt::write::hc9b6faf4ac2aeff7
[INFO] [stdout]                                at /rustc/0e09125c6c3c2fd70d7de961bcf0e51575235fad/library/core/src/fmt/mod.rs:1120:17
[INFO] [stdout]    6:     0x55a6607a10ff - std::io::Write::write_fmt::he04625a3a989fec3
[INFO] [stdout]                                at /rustc/0e09125c6c3c2fd70d7de961bcf0e51575235fad/library/std/src/io/mod.rs:1810:15
[INFO] [stdout]    7:     0x55a6607a39f4 - std::sys_common::backtrace::_print::hd5d66399c7df88a2
[INFO] [stdout]                                at /rustc/0e09125c6c3c2fd70d7de961bcf0e51575235fad/library/std/src/sys_common/backtrace.rs:47:5
[INFO] [stdout]    8:     0x55a6607a39f4 - std::sys_common::backtrace::print::he81ed2da642d37e5
[INFO] [stdout]                                at /rustc/0e09125c6c3c2fd70d7de961bcf0e51575235fad/library/std/src/sys_common/backtrace.rs:34:9
[INFO] [stdout]    9:     0x55a6607a5767 - std::panicking::default_hook::{{closure}}::h85773f4fa117163d
[INFO] [stdout]   10:     0x55a6607a544d - std::panicking::default_hook::h6a1694a91d09b278
[INFO] [stdout]                                at /rustc/0e09125c6c3c2fd70d7de961bcf0e51575235fad/library/std/src/panicking.rs:289:9
[INFO] [stdout]   11:     0x55a6606cd9b7 - <alloc::boxed::Box<F,A> as core::ops::function::Fn<Args>>::call::h616ac37fa3cd6c8f
[INFO] [stdout]                                at /rustc/0e09125c6c3c2fd70d7de961bcf0e51575235fad/library/alloc/src/boxed.rs:2029:9
[INFO] [stdout]   12:     0x55a6606cd9b7 - test::test_main::{{closure}}::h00d84697cefdcbb6
[INFO] [stdout]                                at /rustc/0e09125c6c3c2fd70d7de961bcf0e51575235fad/library/test/src/lib.rs:138:21
[INFO] [stdout]   13:     0x55a6607a5d86 - <alloc::boxed::Box<F,A> as core::ops::function::Fn<Args>>::call::hcb3fe3b9bb537ba8
[INFO] [stdout]                                at /rustc/0e09125c6c3c2fd70d7de961bcf0e51575235fad/library/alloc/src/boxed.rs:2029:9
[INFO] [stdout]   14:     0x55a6607a5d86 - std::panicking::rust_panic_with_hook::h0a7ad96e90f7145b
[INFO] [stdout]                                at /rustc/0e09125c6c3c2fd70d7de961bcf0e51575235fad/library/std/src/panicking.rs:783:13
[INFO] [stdout]   15:     0x55a6607a5ad2 - std::panicking::begin_panic_handler::{{closure}}::h7919090525c6485e
[INFO] [stdout]                                at /rustc/0e09125c6c3c2fd70d7de961bcf0e51575235fad/library/std/src/panicking.rs:657:13
[INFO] [stdout]   16:     0x55a6607a4116 - std::sys_common::backtrace::__rust_end_short_backtrace::hf3289479464f7dfe
[INFO] [stdout]                                at /rustc/0e09125c6c3c2fd70d7de961bcf0e51575235fad/library/std/src/sys_common/backtrace.rs:171:18
[INFO] [stdout]   17:     0x55a6607a5830 - rust_begin_unwind
[INFO] [stdout]                                at /rustc/0e09125c6c3c2fd70d7de961bcf0e51575235fad/library/std/src/panicking.rs:645:5
[INFO] [stdout]   18:     0x55a66046a1f5 - core::panicking::panic_fmt::hcc9f77c5c132af55
[INFO] [stdout]                                at /rustc/0e09125c6c3c2fd70d7de961bcf0e51575235fad/library/core/src/panicking.rs:72:14
[INFO] [stdout]   19:     0x55a66046a793 - core::result::unwrap_failed::hbe14f498be1452f9
[INFO] [stdout]                                at /rustc/0e09125c6c3c2fd70d7de961bcf0e51575235fad/library/core/src/result.rs:1649:5
[INFO] [stdout]   20:     0x55a66056f64c - core::result::Result<T,E>::unwrap::h41e3b9bbfe49f582
[INFO] [stdout]                                at /rustc/0e09125c6c3c2fd70d7de961bcf0e51575235fad/library/core/src/result.rs:1073:23
[INFO] [stdout]   21:     0x55a6605c65f1 - adana::adana_script::tests::dynload::build_from_adana_dynamic_lib_test::{{closure}}::h3af2e4309e61fbe3
[INFO] [stdout]                                at /opt/rustwide/workdir/src/adana_script/tests/dynload.rs:75:15
[INFO] [stdout]   22:     0x55a6605638de - core::ops::function::FnOnce::call_once::hbe318b8229b9b9e1
[INFO] [stdout]                                at /rustc/0e09125c6c3c2fd70d7de961bcf0e51575235fad/library/core/src/ops/function.rs:250:5
[INFO] [stdout]   23:     0x55a6606f4b1f - serial_test::serial_code_lock::local_serial_core::h1e92d114c99a7e6a
[INFO] [stdout]                                at /opt/rustwide/cargo-home/registry/src/index.crates.io-6f17d22bba15001f/serial_test-2.0.0/src/serial_code_lock.rs:25:5
[INFO] [stdout]   24:     0x55a6605c6529 - adana::adana_script::tests::dynload::build_from_adana_dynamic_lib_test::h113b456a5be45b83
[INFO] [stdout]                                at /opt/rustwide/workdir/src/adana_script/tests/dynload.rs:67:1
[INFO] [stdout]   25:     0x55a6605c64f7 - adana::adana_script::tests::dynload::build_from_adana_dynamic_lib_test::{{closure}}::hc8f16112d5536290
[INFO] [stdout]                                at /opt/rustwide/workdir/src/adana_script/tests/dynload.rs:68:39
[INFO] [stdout]   26:     0x55a660561736 - core::ops::function::FnOnce::call_once::h179d9c65522daf8a
[INFO] [stdout]                                at /rustc/0e09125c6c3c2fd70d7de961bcf0e51575235fad/library/core/src/ops/function.rs:250:5
[INFO] [stdout]   27:     0x55a6606d328f - core::ops::function::FnOnce::call_once::hd64d26f405258157
[INFO] [stdout]                                at /rustc/0e09125c6c3c2fd70d7de961bcf0e51575235fad/library/core/src/ops/function.rs:250:5
[INFO] [stdout]   28:     0x55a6606d328f - test::__rust_begin_short_backtrace::he21b0b7a6d731bf9
[INFO] [stdout]                                at /rustc/0e09125c6c3c2fd70d7de961bcf0e51575235fad/library/test/src/lib.rs:627:18
[INFO] [stdout]   29:     0x55a6606d2011 - test::run_test_in_process::{{closure}}::hf5c73986d7bdfde2
[INFO] [stdout]                                at /rustc/0e09125c6c3c2fd70d7de961bcf0e51575235fad/library/test/src/lib.rs:650:60
[INFO] [stdout]   30:     0x55a6606d2011 - <core::panic::unwind_safe::AssertUnwindSafe<F> as core::ops::function::FnOnce<()>>::call_once::h330011ad032aadc0
[INFO] [stdout]                                at /rustc/0e09125c6c3c2fd70d7de961bcf0e51575235fad/library/core/src/panic/unwind_safe.rs:272:9
[INFO] [stdout]   31:     0x55a6606d2011 - std::panicking::try::do_call::he61b0a958b795a41
[INFO] [stdout]                                at /rustc/0e09125c6c3c2fd70d7de961bcf0e51575235fad/library/std/src/panicking.rs:552:40
[INFO] [stdout]   32:     0x55a6606d2011 - std::panicking::try::h7309da130f906eb7
[INFO] [stdout]                                at /rustc/0e09125c6c3c2fd70d7de961bcf0e51575235fad/library/std/src/panicking.rs:516:19
[INFO] [stdout]   33:     0x55a6606d2011 - std::panic::catch_unwind::hc5c3a06fdaf0a92a
[INFO] [stdout]                                at /rustc/0e09125c6c3c2fd70d7de961bcf0e51575235fad/library/std/src/panic.rs:142:14
[INFO] [stdout]   34:     0x55a6606d2011 - test::run_test_in_process::h7e7b7c71c3324e0f
[INFO] [stdout]                                at /rustc/0e09125c6c3c2fd70d7de961bcf0e51575235fad/library/test/src/lib.rs:650:27
[INFO] [stdout]   35:     0x55a6606d2011 - test::run_test::{{closure}}::h1f509f28f5cf20b1
[INFO] [stdout]                                at /rustc/0e09125c6c3c2fd70d7de961bcf0e51575235fad/library/test/src/lib.rs:573:43
[INFO] [stdout]   36:     0x55a660699346 - test::run_test::{{closure}}::h1754218abf443f6d
[INFO] [stdout]                                at /rustc/0e09125c6c3c2fd70d7de961bcf0e51575235fad/library/test/src/lib.rs:601:41
[INFO] [stdout]   37:     0x55a660699346 - std::sys_common::backtrace::__rust_begin_short_backtrace::h2ee174b9d5954948
[INFO] [stdout]                                at /rustc/0e09125c6c3c2fd70d7de961bcf0e51575235fad/library/std/src/sys_common/backtrace.rs:155:18
[INFO] [stdout]   38:     0x55a66069e3a7 - std::thread::Builder::spawn_unchecked_::{{closure}}::{{closure}}::hf60bee9c1a17ef09
[INFO] [stdout]                                at /rustc/0e09125c6c3c2fd70d7de961bcf0e51575235fad/library/std/src/thread/mod.rs:529:17
[INFO] [stdout]   39:     0x55a66069e3a7 - <core::panic::unwind_safe::AssertUnwindSafe<F> as core::ops::function::FnOnce<()>>::call_once::h33d0dddec5216160
[INFO] [stdout]                                at /rustc/0e09125c6c3c2fd70d7de961bcf0e51575235fad/library/core/src/panic/unwind_safe.rs:272:9
[INFO] [stdout]   40:     0x55a66069e3a7 - std::panicking::try::do_call::h144b3048b546f835
[INFO] [stdout]                                at /rustc/0e09125c6c3c2fd70d7de961bcf0e51575235fad/library/std/src/panicking.rs:552:40
[INFO] [stdout]   41:     0x55a66069e3a7 - std::panicking::try::h978244d04646189f
[INFO] [stdout]                                at /rustc/0e09125c6c3c2fd70d7de961bcf0e51575235fad/library/std/src/panicking.rs:516:19
[INFO] [stdout]   42:     0x55a66069e3a7 - std::panic::catch_unwind::hdf436369d188fe86
[INFO] [stdout]                                at /rustc/0e09125c6c3c2fd70d7de961bcf0e51575235fad/library/std/src/panic.rs:142:14
[INFO] [stdout]   43:     0x55a66069e3a7 - std::thread::Builder::spawn_unchecked_::{{closure}}::h87329cbdd33c79ec
[INFO] [stdout]                                at /rustc/0e09125c6c3c2fd70d7de961bcf0e51575235fad/library/std/src/thread/mod.rs:528:30
[INFO] [stdout]   44:     0x55a66069e3a7 - core::ops::function::FnOnce::call_once{{vtable.shim}}::h401abbe67897d450
[INFO] [stdout]                                at /rustc/0e09125c6c3c2fd70d7de961bcf0e51575235fad/library/core/src/ops/function.rs:250:5
[INFO] [stdout]   45:     0x55a6607ab975 - <alloc::boxed::Box<F,A> as core::ops::function::FnOnce<Args>>::call_once::h5d7c8f150ab9c84c
[INFO] [stdout]                                at /rustc/0e09125c6c3c2fd70d7de961bcf0e51575235fad/library/alloc/src/boxed.rs:2015:9
[INFO] [stdout]   46:     0x55a6607ab975 - <alloc::boxed::Box<F,A> as core::ops::function::FnOnce<Args>>::call_once::h570d5b005c242c15
[INFO] [stdout]                                at /rustc/0e09125c6c3c2fd70d7de961bcf0e51575235fad/library/alloc/src/boxed.rs:2015:9
[INFO] [stdout]   47:     0x55a6607ab975 - std::sys::unix::thread::Thread::new::thread_start::h36b0a20c0b2361ad
[INFO] [stdout]                                at /rustc/0e09125c6c3c2fd70d7de961bcf0e51575235fad/library/std/src/sys/unix/thread.rs:108:17
[INFO] [stdout]   48:     0x7f2e925a4ac3 - <unknown>
[INFO] [stdout]   49:     0x7f2e92635bf4 - __clone
[INFO] [stdout]   50:                0x0 - <unknown>
[INFO] [stdout] 
[INFO] [stdout] ---- adana_script::tests::dynload::callback_dynamic_lib_test stdout ----
[INFO] [stdout] [src/adana_script/compute.rs:1055:9] rest = ""
[INFO] [stdout] [src/adana_script/compute.rs:1056:9] &instructions = [
[INFO] [stdout]     VariableExpr {
[INFO] [stdout]         name: Variable(
[INFO] [stdout]             "lib",
[INFO] [stdout]         ),
[INFO] [stdout]         expr: BuiltInFunction {
[INFO] [stdout]             fn_type: Require,
[INFO] [stdout]             expr: BlockParen(
[INFO] [stdout]                 [
[INFO] [stdout]                     String(
[INFO] [stdout]                         "libplugin_example.so",
[INFO] [stdout]                     ),
[INFO] [stdout]                 ],
[INFO] [stdout]             ),
[INFO] [stdout]         },
[INFO] [stdout]     },
[INFO] [stdout]     VariableExpr {
[INFO] [stdout]         name: Variable(
[INFO] [stdout]             "callback",
[INFO] [stdout]         ),
[INFO] [stdout]         expr: Function {
[INFO] [stdout]             parameters: BlockParen(
[INFO] [stdout]                 [
[INFO] [stdout]                     Variable(
[INFO] [stdout]                         "input",
[INFO] [stdout]                     ),
[INFO] [stdout]                 ],
[INFO] [stdout]             ),
[INFO] [stdout]             exprs: [
[INFO] [stdout]                 BlockParen(
[INFO] [stdout]                     [
[INFO] [stdout]                         Variable(
[INFO] [stdout]                             "input",
[INFO] [stdout]                         ),
[INFO] [stdout]                         Operation(
[INFO] [stdout]                             Add,
[INFO] [stdout]                         ),
[INFO] [stdout]                         String(
[INFO] [stdout]                             " Nordine! ca va?",
[INFO] [stdout]                         ),
[INFO] [stdout]                     ],
[INFO] [stdout]                 ),
[INFO] [stdout]             ],
[INFO] [stdout]         },
[INFO] [stdout]     },
[INFO] [stdout]     VariableExpr {
[INFO] [stdout]         name: Variable(
[INFO] [stdout]             "text",
[INFO] [stdout]         ),
[INFO] [stdout]         expr: FunctionCall {
[INFO] [stdout]             parameters: BlockParen(
[INFO] [stdout]                 [
[INFO] [stdout]                     Variable(
[INFO] [stdout]                         "callback",
[INFO] [stdout]                     ),
[INFO] [stdout]                 ],
[INFO] [stdout]             ),
[INFO] [stdout]             function: StructAccess {
[INFO] [stdout]                 struc: Variable(
[INFO] [stdout]                     "lib",
[INFO] [stdout]                 ),
[INFO] [stdout]                 key: "callback",
[INFO] [stdout]             },
[INFO] [stdout]         },
[INFO] [stdout]     },
[INFO] [stdout] ]
[INFO] [stdout] [src/adana_script/ast.rs:78:17] &operations = [
[INFO] [stdout]     String(
[INFO] [stdout]         "libplugin_example.so",
[INFO] [stdout]     ),
[INFO] [stdout] ]
[INFO] [stdout] ===================DEBUG TREE==================
[INFO] [stdout] VariableAssign(Some("lib"))
[INFO] [stdout] └── BuiltInFunction(Require)
[INFO] [stdout]     └── Primitive(String("libplugin_example.so"))
[INFO] [stdout] ===================DEBUG TREE==================
[INFO] [stdout] [src/adana_script/require_dynamic_lib.rs:26:9] &curr_path = "/opt/rustwide/workdir"
[INFO] [stdout] [src/adana_script/require_dynamic_lib.rs:58:17] &temp_path = "libplugin_example.so"
[INFO] [stdout] thread 'adana_script::tests::dynload::callback_dynamic_lib_test' panicked at src/adana_script/tests/dynload.rs:35:59:
[INFO] [stdout] called `Result::unwrap()` on an `Err` value: parent or shared lib doesn't exist
[INFO] [stdout] stack backtrace:
[INFO] [stdout]    0:     0x55a6607a3c16 - std::backtrace_rs::backtrace::libunwind::trace::h261606ad26a499c1
[INFO] [stdout]                                at /rustc/0e09125c6c3c2fd70d7de961bcf0e51575235fad/library/std/src/../../backtrace/src/backtrace/libunwind.rs:104:5
[INFO] [stdout]    1:     0x55a6607a3c16 - std::backtrace_rs::backtrace::trace_unsynchronized::hd183f0625477fb28
[INFO] [stdout]                                at /rustc/0e09125c6c3c2fd70d7de961bcf0e51575235fad/library/std/src/../../backtrace/src/backtrace/mod.rs:66:5
[INFO] [stdout]    2:     0x55a6607a3c16 - std::sys_common::backtrace::_print_fmt::hd7f8fef21b4eda67
[INFO] [stdout]                                at /rustc/0e09125c6c3c2fd70d7de961bcf0e51575235fad/library/std/src/sys_common/backtrace.rs:68:5
[INFO] [stdout]    3:     0x55a6607a3c16 - <std::sys_common::backtrace::_print::DisplayBacktrace as core::fmt::Display>::fmt::h623d9b51f2f453f1
[INFO] [stdout]                                at /rustc/0e09125c6c3c2fd70d7de961bcf0e51575235fad/library/std/src/sys_common/backtrace.rs:44:22
[INFO] [stdout]    4:     0x55a6607cff80 - core::fmt::rt::Argument::fmt::h9f417ac76a86f368
[INFO] [stdout]                                at /rustc/0e09125c6c3c2fd70d7de961bcf0e51575235fad/library/core/src/fmt/rt.rs:142:9
[INFO] [stdout]    5:     0x55a6607cff80 - core::fmt::write::hc9b6faf4ac2aeff7
[INFO] [stdout]                                at /rustc/0e09125c6c3c2fd70d7de961bcf0e51575235fad/library/core/src/fmt/mod.rs:1120:17
[INFO] [stdout]    6:     0x55a6607a10ff - std::io::Write::write_fmt::he04625a3a989fec3
[INFO] [stdout]                                at /rustc/0e09125c6c3c2fd70d7de961bcf0e51575235fad/library/std/src/io/mod.rs:1810:15
[INFO] [stdout]    7:     0x55a6607a39f4 - std::sys_common::backtrace::_print::hd5d66399c7df88a2
[INFO] [stdout]                                at /rustc/0e09125c6c3c2fd70d7de961bcf0e51575235fad/library/std/src/sys_common/backtrace.rs:47:5
[INFO] [stdout]    8:     0x55a6607a39f4 - std::sys_common::backtrace::print::he81ed2da642d37e5
[INFO] [stdout]                                at /rustc/0e09125c6c3c2fd70d7de961bcf0e51575235fad/library/std/src/sys_common/backtrace.rs:34:9
[INFO] [stdout]    9:     0x55a6607a5767 - std::panicking::default_hook::{{closure}}::h85773f4fa117163d
[INFO] [stdout]   10:     0x55a6607a544d - std::panicking::default_hook::h6a1694a91d09b278
[INFO] [stdout]                                at /rustc/0e09125c6c3c2fd70d7de961bcf0e51575235fad/library/std/src/panicking.rs:289:9
[INFO] [stdout]   11:     0x55a6606cd9b7 - <alloc::boxed::Box<F,A> as core::ops::function::Fn<Args>>::call::h616ac37fa3cd6c8f
[INFO] [stdout]                                at /rustc/0e09125c6c3c2fd70d7de961bcf0e51575235fad/library/alloc/src/boxed.rs:2029:9
[INFO] [stdout]   12:     0x55a6606cd9b7 - test::test_main::{{closure}}::h00d84697cefdcbb6
[INFO] [stdout]                                at /rustc/0e09125c6c3c2fd70d7de961bcf0e51575235fad/library/test/src/lib.rs:138:21
[INFO] [stdout]   13:     0x55a6607a5d86 - <alloc::boxed::Box<F,A> as core::ops::function::Fn<Args>>::call::hcb3fe3b9bb537ba8
[INFO] [stdout]                                at /rustc/0e09125c6c3c2fd70d7de961bcf0e51575235fad/library/alloc/src/boxed.rs:2029:9
[INFO] [stdout]   14:     0x55a6607a5d86 - std::panicking::rust_panic_with_hook::h0a7ad96e90f7145b
[INFO] [stdout]                                at /rustc/0e09125c6c3c2fd70d7de961bcf0e51575235fad/library/std/src/panicking.rs:783:13
[INFO] [stdout]   15:     0x55a6607a5ad2 - std::panicking::begin_panic_handler::{{closure}}::h7919090525c6485e
[INFO] [stdout]                                at /rustc/0e09125c6c3c2fd70d7de961bcf0e51575235fad/library/std/src/panicking.rs:657:13
[INFO] [stdout]   16:     0x55a6607a4116 - std::sys_common::backtrace::__rust_end_short_backtrace::hf3289479464f7dfe
[INFO] [stdout]                                at /rustc/0e09125c6c3c2fd70d7de961bcf0e51575235fad/library/std/src/sys_common/backtrace.rs:171:18
[INFO] [stdout]   17:     0x55a6607a5830 - rust_begin_unwind
[INFO] [stdout]                                at /rustc/0e09125c6c3c2fd70d7de961bcf0e51575235fad/library/std/src/panicking.rs:645:5
[INFO] [stdout]   18:     0x55a66046a1f5 - core::panicking::panic_fmt::hcc9f77c5c132af55
[INFO] [stdout]                                at /rustc/0e09125c6c3c2fd70d7de961bcf0e51575235fad/library/core/src/panicking.rs:72:14
[INFO] [stdout]   19:     0x55a66046a793 - core::result::unwrap_failed::hbe14f498be1452f9
[INFO] [stdout]                                at /rustc/0e09125c6c3c2fd70d7de961bcf0e51575235fad/library/core/src/result.rs:1649:5
[INFO] [stdout]   20:     0x55a66056f64c - core::result::Result<T,E>::unwrap::h41e3b9bbfe49f582
[INFO] [stdout]                                at /rustc/0e09125c6c3c2fd70d7de961bcf0e51575235fad/library/core/src/result.rs:1073:23
[INFO] [stdout]   21:     0x55a6605c5871 - adana::adana_script::tests::dynload::callback_dynamic_lib_test::{{closure}}::hc77cb8ea1f446fdb
[INFO] [stdout]                                at /opt/rustwide/workdir/src/adana_script/tests/dynload.rs:35:15
[INFO] [stdout]   22:     0x55a6605630ee - core::ops::function::FnOnce::call_once::h9d0fc52e6ce6c62d
[INFO] [stdout]                                at /rustc/0e09125c6c3c2fd70d7de961bcf0e51575235fad/library/core/src/ops/function.rs:250:5
[INFO] [stdout]   23:     0x55a6606f4b1f - serial_test::serial_code_lock::local_serial_core::h1e92d114c99a7e6a
[INFO] [stdout]                                at /opt/rustwide/cargo-home/registry/src/index.crates.io-6f17d22bba15001f/serial_test-2.0.0/src/serial_code_lock.rs:25:5
[INFO] [stdout]   24:     0x55a6605c57a9 - adana::adana_script::tests::dynload::callback_dynamic_lib_test::h0ec8cd26bdaaa359
[INFO] [stdout]                                at /opt/rustwide/workdir/src/adana_script/tests/dynload.rs:27:1
[INFO] [stdout]   25:     0x55a6605c5777 - adana::adana_script::tests::dynload::callback_dynamic_lib_test::{{closure}}::h33daad2053a6786d
[INFO] [stdout]                                at /opt/rustwide/workdir/src/adana_script/tests/dynload.rs:28:31
[INFO] [stdout]   26:     0x55a6605616c6 - core::ops::function::FnOnce::call_once::h1415a8a7e0c007a9
[INFO] [stdout]                                at /rustc/0e09125c6c3c2fd70d7de961bcf0e51575235fad/library/core/src/ops/function.rs:250:5
[INFO] [stdout]   27:     0x55a6606d328f - core::ops::function::FnOnce::call_once::hd64d26f405258157
[INFO] [stdout]                                at /rustc/0e09125c6c3c2fd70d7de961bcf0e51575235fad/library/core/src/ops/function.rs:250:5
[INFO] [stdout]   28:     0x55a6606d328f - test::__rust_begin_short_backtrace::he21b0b7a6d731bf9
[INFO] [stdout]                                at /rustc/0e09125c6c3c2fd70d7de961bcf0e51575235fad/library/test/src/lib.rs:627:18
[INFO] [stdout]   29:     0x55a6606d2011 - test::run_test_in_process::{{closure}}::hf5c73986d7bdfde2
[INFO] [stdout]                                at /rustc/0e09125c6c3c2fd70d7de961bcf0e51575235fad/library/test/src/lib.rs:650:60
[INFO] [stdout]   30:     0x55a6606d2011 - <core::panic::unwind_safe::AssertUnwindSafe<F> as core::ops::function::FnOnce<()>>::call_once::h330011ad032aadc0
[INFO] [stdout]                                at /rustc/0e09125c6c3c2fd70d7de961bcf0e51575235fad/library/core/src/panic/unwind_safe.rs:272:9
[INFO] [stdout]   31:     0x55a6606d2011 - std::panicking::try::do_call::he61b0a958b795a41
[INFO] [stdout]                                at /rustc/0e09125c6c3c2fd70d7de961bcf0e51575235fad/library/std/src/panicking.rs:552:40
[INFO] [stdout]   32:     0x55a6606d2011 - std::panicking::try::h7309da130f906eb7
[INFO] [stdout]                                at /rustc/0e09125c6c3c2fd70d7de961bcf0e51575235fad/library/std/src/panicking.rs:516:19
[INFO] [stdout]   33:     0x55a6606d2011 - std::panic::catch_unwind::hc5c3a06fdaf0a92a
[INFO] [stdout]                                at /rustc/0e09125c6c3c2fd70d7de961bcf0e51575235fad/library/std/src/panic.rs:142:14
[INFO] [stdout]   34:     0x55a6606d2011 - test::run_test_in_process::h7e7b7c71c3324e0f
[INFO] [stdout]                                at /rustc/0e09125c6c3c2fd70d7de961bcf0e51575235fad/library/test/src/lib.rs:650:27
[INFO] [stdout]   35:     0x55a6606d2011 - test::run_test::{{closure}}::h1f509f28f5cf20b1
[INFO] [stdout]                                at /rustc/0e09125c6c3c2fd70d7de961bcf0e51575235fad/library/test/src/lib.rs:573:43
[INFO] [stdout]   36:     0x55a660699346 - test::run_test::{{closure}}::h1754218abf443f6d
[INFO] [stdout]                                at /rustc/0e09125c6c3c2fd70d7de961bcf0e51575235fad/library/test/src/lib.rs:601:41
[INFO] [stdout]   37:     0x55a660699346 - std::sys_common::backtrace::__rust_begin_short_backtrace::h2ee174b9d5954948
[INFO] [stdout]                                at /rustc/0e09125c6c3c2fd70d7de961bcf0e51575235fad/library/std/src/sys_common/backtrace.rs:155:18
[INFO] [stdout]   38:     0x55a66069e3a7 - std::thread::Builder::spawn_unchecked_::{{closure}}::{{closure}}::hf60bee9c1a17ef09
[INFO] [stdout]                                at /rustc/0e09125c6c3c2fd70d7de961bcf0e51575235fad/library/std/src/thread/mod.rs:529:17
[INFO] [stdout]   39:     0x55a66069e3a7 - <core::panic::unwind_safe::AssertUnwindSafe<F> as core::ops::function::FnOnce<()>>::call_once::h33d0dddec5216160
[INFO] [stdout]                                at /rustc/0e09125c6c3c2fd70d7de961bcf0e51575235fad/library/core/src/panic/unwind_safe.rs:272:9
[INFO] [stdout]   40:     0x55a66069e3a7 - std::panicking::try::do_call::h144b3048b546f835
[INFO] [stdout]                                at /rustc/0e09125c6c3c2fd70d7de961bcf0e51575235fad/library/std/src/panicking.rs:552:40
[INFO] [stdout]   41:     0x55a66069e3a7 - std::panicking::try::h978244d04646189f
[INFO] [stdout]                                at /rustc/0e09125c6c3c2fd70d7de961bcf0e51575235fad/library/std/src/panicking.rs:516:19
[INFO] [stdout]   42:     0x55a66069e3a7 - std::panic::catch_unwind::hdf436369d188fe86
[INFO] [stdout]                                at /rustc/0e09125c6c3c2fd70d7de961bcf0e51575235fad/library/std/src/panic.rs:142:14
[INFO] [stdout]   43:     0x55a66069e3a7 - std::thread::Builder::spawn_unchecked_::{{closure}}::h87329cbdd33c79ec
[INFO] [stdout]                                at /rustc/0e09125c6c3c2fd70d7de961bcf0e51575235fad/library/std/src/thread/mod.rs:528:30
[INFO] [stdout]   44:     0x55a66069e3a7 - core::ops::function::FnOnce::call_once{{vtable.shim}}::h401abbe67897d450
[INFO] [stdout]                                at /rustc/0e09125c6c3c2fd70d7de961bcf0e51575235fad/library/core/src/ops/function.rs:250:5
[INFO] [stdout]   45:     0x55a6607ab975 - <alloc::boxed::Box<F,A> as core::ops::function::FnOnce<Args>>::call_once::h5d7c8f150ab9c84c
[INFO] [stdout]                                at /rustc/0e09125c6c3c2fd70d7de961bcf0e51575235fad/library/alloc/src/boxed.rs:2015:9
[INFO] [stdout]   46:     0x55a6607ab975 - <alloc::boxed::Box<F,A> as core::ops::function::FnOnce<Args>>::call_once::h570d5b005c242c15
[INFO] [stdout]                                at /rustc/0e09125c6c3c2fd70d7de961bcf0e51575235fad/library/alloc/src/boxed.rs:2015:9
[INFO] [stdout]   47:     0x55a6607ab975 - std::sys::unix::thread::Thread::new::thread_start::h36b0a20c0b2361ad
[INFO] [stdout]                                at /rustc/0e09125c6c3c2fd70d7de961bcf0e51575235fad/library/std/src/sys/unix/thread.rs:108:17
[INFO] [stdout]   48:     0x7f2e925a4ac3 - <unknown>
[INFO] [stdout]   49:     0x7f2e92635bf4 - __clone
[INFO] [stdout]   50:                0x0 - <unknown>
[INFO] [stdout] 
[INFO] [stdout] ---- adana_script::tests::dynload::complex_callback_dynamic_lib_test stdout ----
[INFO] [stdout] [src/adana_script/compute.rs:1055:9] rest = ""
[INFO] [stdout] [src/adana_script/compute.rs:1056:9] &instructions = [
[INFO] [stdout]     VariableExpr {
[INFO] [stdout]         name: Variable(
[INFO] [stdout]             "lib",
[INFO] [stdout]         ),
[INFO] [stdout]         expr: BuiltInFunction {
[INFO] [stdout]             fn_type: Require,
[INFO] [stdout]             expr: BlockParen(
[INFO] [stdout]                 [
[INFO] [stdout]                     String(
[INFO] [stdout]                         "libplugin_example.so",
[INFO] [stdout]                     ),
[INFO] [stdout]                 ],
[INFO] [stdout]             ),
[INFO] [stdout]         },
[INFO] [stdout]     },
[INFO] [stdout]     VariableExpr {
[INFO] [stdout]         name: Variable(
[INFO] [stdout]             "callback",
[INFO] [stdout]         ),
[INFO] [stdout]         expr: Function {
[INFO] [stdout]             parameters: BlockParen(
[INFO] [stdout]                 [
[INFO] [stdout]                     Variable(
[INFO] [stdout]                         "input",
[INFO] [stdout]                     ),
[INFO] [stdout]                 ],
[INFO] [stdout]             ),
[INFO] [stdout]             exprs: [
[INFO] [stdout]                 BlockParen(
[INFO] [stdout]                     [
[INFO] [stdout]                         FunctionCall {
[INFO] [stdout]                             parameters: BlockParen(
[INFO] [stdout]                                 [
[INFO] [stdout]                                     Variable(
[INFO] [stdout]                                         "input",
[INFO] [stdout]                                     ),
[INFO] [stdout]                                     String(
[INFO] [stdout]                                         "Nordine!",
[INFO] [stdout]                                     ),
[INFO] [stdout]                                     String(
[INFO] [stdout]                                         "ca",
[INFO] [stdout]                                     ),
[INFO] [stdout]                                     String(
[INFO] [stdout]                                         "va?",
[INFO] [stdout]                                     ),
[INFO] [stdout]                                 ],
[INFO] [stdout]                             ),
[INFO] [stdout]                             function: StructAccess {
[INFO] [stdout]                                 struc: Variable(
[INFO] [stdout]                                     "lib",
[INFO] [stdout]                                 ),
[INFO] [stdout]                                 key: "hello",
[INFO] [stdout]                             },
[INFO] [stdout]                         },
[INFO] [stdout]                     ],
[INFO] [stdout]                 ),
[INFO] [stdout]             ],
[INFO] [stdout]         },
[INFO] [stdout]     },
[INFO] [stdout]     VariableExpr {
[INFO] [stdout]         name: Variable(
[INFO] [stdout]             "text",
[INFO] [stdout]         ),
[INFO] [stdout]         expr: FunctionCall {
[INFO] [stdout]             parameters: BlockParen(
[INFO] [stdout]                 [
[INFO] [stdout]                     Variable(
[INFO] [stdout]                         "callback",
[INFO] [stdout]                     ),
[INFO] [stdout]                 ],
[INFO] [stdout]             ),
[INFO] [stdout]             function: StructAccess {
[INFO] [stdout]                 struc: Variable(
[INFO] [stdout]                     "lib",
[INFO] [stdout]                 ),
[INFO] [stdout]                 key: "callback",
[INFO] [stdout]             },
[INFO] [stdout]         },
[INFO] [stdout]     },
[INFO] [stdout] ]
[INFO] [stdout] [src/adana_script/ast.rs:78:17] &operations = [
[INFO] [stdout]     String(
[INFO] [stdout]         "libplugin_example.so",
[INFO] [stdout]     ),
[INFO] [stdout] ]
[INFO] [stdout] ===================DEBUG TREE==================
[INFO] [stdout] VariableAssign(Some("lib"))
[INFO] [stdout] └── BuiltInFunction(Require)
[INFO] [stdout]     └── Primitive(String("libplugin_example.so"))
[INFO] [stdout] ===================DEBUG TREE==================
[INFO] [stdout] [src/adana_script/require_dynamic_lib.rs:26:9] &curr_path = "/opt/rustwide/workdir"
[INFO] [stdout] [src/adana_script/require_dynamic_lib.rs:58:17] &temp_path = "libplugin_example.so"
[INFO] [stdout] thread 'adana_script::tests::dynload::complex_callback_dynamic_lib_test' panicked at src/adana_script/tests/dynload.rs:55:59:
[INFO] [stdout] called `Result::unwrap()` on an `Err` value: parent or shared lib doesn't exist
[INFO] [stdout] stack backtrace:
[INFO] [stdout]    0:     0x55a6607a3c16 - std::backtrace_rs::backtrace::libunwind::trace::h261606ad26a499c1
[INFO] [stdout]                                at /rustc/0e09125c6c3c2fd70d7de961bcf0e51575235fad/library/std/src/../../backtrace/src/backtrace/libunwind.rs:104:5
[INFO] [stdout]    1:     0x55a6607a3c16 - std::backtrace_rs::backtrace::trace_unsynchronized::hd183f0625477fb28
[INFO] [stdout]                                at /rustc/0e09125c6c3c2fd70d7de961bcf0e51575235fad/library/std/src/../../backtrace/src/backtrace/mod.rs:66:5
[INFO] [stdout]    2:     0x55a6607a3c16 - std::sys_common::backtrace::_print_fmt::hd7f8fef21b4eda67
[INFO] [stdout]                                at /rustc/0e09125c6c3c2fd70d7de961bcf0e51575235fad/library/std/src/sys_common/backtrace.rs:68:5
[INFO] [stdout]    3:     0x55a6607a3c16 - <std::sys_common::backtrace::_print::DisplayBacktrace as core::fmt::Display>::fmt::h623d9b51f2f453f1
[INFO] [stdout]                                at /rustc/0e09125c6c3c2fd70d7de961bcf0e51575235fad/library/std/src/sys_common/backtrace.rs:44:22
[INFO] [stdout]    4:     0x55a6607cff80 - core::fmt::rt::Argument::fmt::h9f417ac76a86f368
[INFO] [stdout]                                at /rustc/0e09125c6c3c2fd70d7de961bcf0e51575235fad/library/core/src/fmt/rt.rs:142:9
[INFO] [stdout]    5:     0x55a6607cff80 - core::fmt::write::hc9b6faf4ac2aeff7
[INFO] [stdout]                                at /rustc/0e09125c6c3c2fd70d7de961bcf0e51575235fad/library/core/src/fmt/mod.rs:1120:17
[INFO] [stdout]    6:     0x55a6607a10ff - std::io::Write::write_fmt::he04625a3a989fec3
[INFO] [stdout]                                at /rustc/0e09125c6c3c2fd70d7de961bcf0e51575235fad/library/std/src/io/mod.rs:1810:15
[INFO] [stdout]    7:     0x55a6607a39f4 - std::sys_common::backtrace::_print::hd5d66399c7df88a2
[INFO] [stdout]                                at /rustc/0e09125c6c3c2fd70d7de961bcf0e51575235fad/library/std/src/sys_common/backtrace.rs:47:5
[INFO] [stdout]    8:     0x55a6607a39f4 - std::sys_common::backtrace::print::he81ed2da642d37e5
[INFO] [stdout]                                at /rustc/0e09125c6c3c2fd70d7de961bcf0e51575235fad/library/std/src/sys_common/backtrace.rs:34:9
[INFO] [stdout]    9:     0x55a6607a5767 - std::panicking::default_hook::{{closure}}::h85773f4fa117163d
[INFO] [stdout]   10:     0x55a6607a544d - std::panicking::default_hook::h6a1694a91d09b278
[INFO] [stdout]                                at /rustc/0e09125c6c3c2fd70d7de961bcf0e51575235fad/library/std/src/panicking.rs:289:9
[INFO] [stdout]   11:     0x55a6606cd9b7 - <alloc::boxed::Box<F,A> as core::ops::function::Fn<Args>>::call::h616ac37fa3cd6c8f
[INFO] [stdout]                                at /rustc/0e09125c6c3c2fd70d7de961bcf0e51575235fad/library/alloc/src/boxed.rs:2029:9
[INFO] [stdout]   12:     0x55a6606cd9b7 - test::test_main::{{closure}}::h00d84697cefdcbb6
[INFO] [stdout]                                at /rustc/0e09125c6c3c2fd70d7de961bcf0e51575235fad/library/test/src/lib.rs:138:21
[INFO] [stdout]   13:     0x55a6607a5d86 - <alloc::boxed::Box<F,A> as core::ops::function::Fn<Args>>::call::hcb3fe3b9bb537ba8
[INFO] [stdout]                                at /rustc/0e09125c6c3c2fd70d7de961bcf0e51575235fad/library/alloc/src/boxed.rs:2029:9
[INFO] [stdout]   14:     0x55a6607a5d86 - std::panicking::rust_panic_with_hook::h0a7ad96e90f7145b
[INFO] [stdout]                                at /rustc/0e09125c6c3c2fd70d7de961bcf0e51575235fad/library/std/src/panicking.rs:783:13
[INFO] [stdout]   15:     0x55a6607a5ad2 - std::panicking::begin_panic_handler::{{closure}}::h7919090525c6485e
[INFO] [stdout]                                at /rustc/0e09125c6c3c2fd70d7de961bcf0e51575235fad/library/std/src/panicking.rs:657:13
[INFO] [stdout]   16:     0x55a6607a4116 - std::sys_common::backtrace::__rust_end_short_backtrace::hf3289479464f7dfe
[INFO] [stdout]                                at /rustc/0e09125c6c3c2fd70d7de961bcf0e51575235fad/library/std/src/sys_common/backtrace.rs:171:18
[INFO] [stdout]   17:     0x55a6607a5830 - rust_begin_unwind
[INFO] [stdout]                                at /rustc/0e09125c6c3c2fd70d7de961bcf0e51575235fad/library/std/src/panicking.rs:645:5
[INFO] [stdout]   18:     0x55a66046a1f5 - core::panicking::panic_fmt::hcc9f77c5c132af55
[INFO] [stdout]                                at /rustc/0e09125c6c3c2fd70d7de961bcf0e51575235fad/library/core/src/panicking.rs:72:14
[INFO] [stdout]   19:     0x55a66046a793 - core::result::unwrap_failed::hbe14f498be1452f9
[INFO] [stdout]                                at /rustc/0e09125c6c3c2fd70d7de961bcf0e51575235fad/library/core/src/result.rs:1649:5
[INFO] [stdout]   20:     0x55a66056f64c - core::result::Result<T,E>::unwrap::h41e3b9bbfe49f582
[INFO] [stdout]                                at /rustc/0e09125c6c3c2fd70d7de961bcf0e51575235fad/library/core/src/result.rs:1073:23
[INFO] [stdout]   21:     0x55a6605c5f31 - adana::adana_script::tests::dynload::complex_callback_dynamic_lib_test::{{closure}}::h077c76dd42bcec8e
[INFO] [stdout]                                at /opt/rustwide/workdir/src/adana_script/tests/dynload.rs:55:15
[INFO] [stdout]   22:     0x55a660561cfe - core::ops::function::FnOnce::call_once::h38d211bd2d590ac1
[INFO] [stdout]                                at /rustc/0e09125c6c3c2fd70d7de961bcf0e51575235fad/library/core/src/ops/function.rs:250:5
[INFO] [stdout]   23:     0x55a6606f4b1f - serial_test::serial_code_lock::local_serial_core::h1e92d114c99a7e6a
[INFO] [stdout]                                at /opt/rustwide/cargo-home/registry/src/index.crates.io-6f17d22bba15001f/serial_test-2.0.0/src/serial_code_lock.rs:25:5
[INFO] [stdout]   24:     0x55a6605c5e69 - adana::adana_script::tests::dynload::complex_callback_dynamic_lib_test::h758b2050c5ab954a
[INFO] [stdout]                                at /opt/rustwide/workdir/src/adana_script/tests/dynload.rs:47:1
[INFO] [stdout]   25:     0x55a6605c5e37 - adana::adana_script::tests::dynload::complex_callback_dynamic_lib_test::{{closure}}::h2a850c2d20321d93
[INFO] [stdout]                                at /opt/rustwide/workdir/src/adana_script/tests/dynload.rs:48:39
[INFO] [stdout]   26:     0x55a660561516 - core::ops::function::FnOnce::call_once::h0a16a02ea5540db1
[INFO] [stdout]                                at /rustc/0e09125c6c3c2fd70d7de961bcf0e51575235fad/library/core/src/ops/function.rs:250:5
[INFO] [stdout]   27:     0x55a6606d328f - core::ops::function::FnOnce::call_once::hd64d26f405258157
[INFO] [stdout]                                at /rustc/0e09125c6c3c2fd70d7de961bcf0e51575235fad/library/core/src/ops/function.rs:250:5
[INFO] [stdout]   28:     0x55a6606d328f - test::__rust_begin_short_backtrace::he21b0b7a6d731bf9
[INFO] [stdout]                                at /rustc/0e09125c6c3c2fd70d7de961bcf0e51575235fad/library/test/src/lib.rs:627:18
[INFO] [stdout]   29:     0x55a6606d2011 - test::run_test_in_process::{{closure}}::hf5c73986d7bdfde2
[INFO] [stdout]                                at /rustc/0e09125c6c3c2fd70d7de961bcf0e51575235fad/library/test/src/lib.rs:650:60
[INFO] [stdout]   30:     0x55a6606d2011 - <core::panic::unwind_safe::AssertUnwindSafe<F> as core::ops::function::FnOnce<()>>::call_once::h330011ad032aadc0
[INFO] [stdout]                                at /rustc/0e09125c6c3c2fd70d7de961bcf0e51575235fad/library/core/src/panic/unwind_safe.rs:272:9
[INFO] [stdout]   31:     0x55a6606d2011 - std::panicking::try::do_call::he61b0a958b795a41
[INFO] [stdout]                                at /rustc/0e09125c6c3c2fd70d7de961bcf0e51575235fad/library/std/src/panicking.rs:552:40
[INFO] [stdout]   32:     0x55a6606d2011 - std::panicking::try::h7309da130f906eb7
[INFO] [stdout]                                at /rustc/0e09125c6c3c2fd70d7de961bcf0e51575235fad/library/std/src/panicking.rs:516:19
[INFO] [stdout]   33:     0x55a6606d2011 - std::panic::catch_unwind::hc5c3a06fdaf0a92a
[INFO] [stdout]                                at /rustc/0e09125c6c3c2fd70d7de961bcf0e51575235fad/library/std/src/panic.rs:142:14
[INFO] [stdout]   34:     0x55a6606d2011 - test::run_test_in_process::h7e7b7c71c3324e0f
[INFO] [stdout]                                at /rustc/0e09125c6c3c2fd70d7de961bcf0e51575235fad/library/test/src/lib.rs:650:27
[INFO] [stdout]   35:     0x55a6606d2011 - test::run_test::{{closure}}::h1f509f28f5cf20b1
[INFO] [stdout]                                at /rustc/0e09125c6c3c2fd70d7de961bcf0e51575235fad/library/test/src/lib.rs:573:43
[INFO] [stdout]   36:     0x55a660699346 - test::run_test::{{closure}}::h1754218abf443f6d
[INFO] [stdout]                                at /rustc/0e09125c6c3c2fd70d7de961bcf0e51575235fad/library/test/src/lib.rs:601:41
[INFO] [stdout]   37:     0x55a660699346 - std::sys_common::backtrace::__rust_begin_short_backtrace::h2ee174b9d5954948
[INFO] [stdout]                                at /rustc/0e09125c6c3c2fd70d7de961bcf0e51575235fad/library/std/src/sys_common/backtrace.rs:155:18
[INFO] [stdout]   38:     0x55a66069e3a7 - std::thread::Builder::spawn_unchecked_::{{closure}}::{{closure}}::hf60bee9c1a17ef09
[INFO] [stdout]                                at /rustc/0e09125c6c3c2fd70d7de961bcf0e51575235fad/library/std/src/thread/mod.rs:529:17
[INFO] [stdout]   39:     0x55a66069e3a7 - <core::panic::unwind_safe::AssertUnwindSafe<F> as core::ops::function::FnOnce<()>>::call_once::h33d0dddec5216160
[INFO] [stdout]                                at /rustc/0e09125c6c3c2fd70d7de961bcf0e51575235fad/library/core/src/panic/unwind_safe.rs:272:9
[INFO] [stdout]   40:     0x55a66069e3a7 - std::panicking::try::do_call::h144b3048b546f835
[INFO] [stdout]                                at /rustc/0e09125c6c3c2fd70d7de961bcf0e51575235fad/library/std/src/panicking.rs:552:40
[INFO] [stdout]   41:     0x55a66069e3a7 - std::panicking::try::h978244d04646189f
[INFO] [stdout]                                at /rustc/0e09125c6c3c2fd70d7de961bcf0e51575235fad/library/std/src/panicking.rs:516:19
[INFO] [stdout]   42:     0x55a66069e3a7 - std::panic::catch_unwind::hdf436369d188fe86
[INFO] [stdout]                                at /rustc/0e09125c6c3c2fd70d7de961bcf0e51575235fad/library/std/src/panic.rs:142:14
[INFO] [stdout]   43:     0x55a66069e3a7 - std::thread::Builder::spawn_unchecked_::{{closure}}::h87329cbdd33c79ec
[INFO] [stdout]                                at /rustc/0e09125c6c3c2fd70d7de961bcf0e51575235fad/library/std/src/thread/mod.rs:528:30
[INFO] [stdout]   44:     0x55a66069e3a7 - core::ops::function::FnOnce::call_once{{vtable.shim}}::h401abbe67897d450
[INFO] [stdout]                                at /rustc/0e09125c6c3c2fd70d7de961bcf0e51575235fad/library/core/src/ops/function.rs:250:5
[INFO] [stdout]   45:     0x55a6607ab975 - <alloc::boxed::Box<F,A> as core::ops::function::FnOnce<Args>>::call_once::h5d7c8f150ab9c84c
[INFO] [stdout]                                at /rustc/0e09125c6c3c2fd70d7de961bcf0e51575235fad/library/alloc/src/boxed.rs:2015:9
[INFO] [stdout]   46:     0x55a6607ab975 - <alloc::boxed::Box<F,A> as core::ops::function::FnOnce<Args>>::call_once::h570d5b005c242c15
[INFO] [stdout]                                at /rustc/0e09125c6c3c2fd70d7de961bcf0e51575235fad/library/alloc/src/boxed.rs:2015:9
[INFO] [stdout]   47:     0x55a6607ab975 - std::sys::unix::thread::Thread::new::thread_start::h36b0a20c0b2361ad
[INFO] [stdout]                                at /rustc/0e09125c6c3c2fd70d7de961bcf0e51575235fad/library/std/src/sys/unix/thread.rs:108:17
[INFO] [stdout]   48:     0x7f2e925a4ac3 - <unknown>
[INFO] [stdout]   49:     0x7f2e92635bf4 - __clone
[INFO] [stdout]   50:                0x0 - <unknown>
[INFO] [stdout] 
[INFO] [stdout] ---- adana_script::tests::dynload::require_direct_call_test stdout ----
[INFO] [stdout] [src/adana_script/compute.rs:1055:9] rest = ""
[INFO] [stdout] [src/adana_script/compute.rs:1056:9] &instructions = [
[INFO] [stdout]     VariableExpr {
[INFO] [stdout]         name: Variable(
[INFO] [stdout]             "text",
[INFO] [stdout]         ),
[INFO] [stdout]         expr: FunctionCall {
[INFO] [stdout]             parameters: BlockParen(
[INFO] [stdout]                 [
[INFO] [stdout]                     String(
[INFO] [stdout]                         "Nordine",
[INFO] [stdout]                     ),
[INFO] [stdout]                     String(
[INFO] [stdout]                         "la",
[INFO] [stdout]                     ),
[INFO] [stdout]                     String(
[INFO] [stdout]                         "forme?",
[INFO] [stdout]                     ),
[INFO] [stdout]                 ],
[INFO] [stdout]             ),
[INFO] [stdout]             function: StructAccess {
[INFO] [stdout]                 struc: BuiltInFunction {
[INFO] [stdout]                     fn_type: Require,
[INFO] [stdout]                     expr: BlockParen(
[INFO] [stdout]                         [
[INFO] [stdout]                             String(
[INFO] [stdout]                                 "example_lib_src",
[INFO] [stdout]                             ),
[INFO] [stdout]                         ],
[INFO] [stdout]                     ),
[INFO] [stdout]                 },
[INFO] [stdout]                 key: "hello",
[INFO] [stdout]             },
[INFO] [stdout]         },
[INFO] [stdout]     },
[INFO] [stdout] ]
[INFO] [stdout] ===================DEBUG TREE==================
[INFO] [stdout] VariableAssign(Some("text"))
[INFO] [stdout] └── FunctionCall(FunctionCall { parameters: BlockParen([String("Nordine"), String("la"), String("forme?")]), function: StructAccess { struc: BuiltInFunction { fn_type: Require, expr: BlockParen([String("example_lib_src")]) }, key: "hello" } })
[INFO] [stdout] ===================DEBUG TREE==================
[INFO] [stdout] ===================DEBUG TREE==================
[INFO] [stdout] StructAccess { struc: BuiltInFunction { fn_type: Require, expr: BlockParen([String("example_lib_src")]) }, key: String("hello") }
[INFO] [stdout] ===================DEBUG TREE==================
[INFO] [stdout] [src/adana_script/ast.rs:78:17] &operations = [
[INFO] [stdout]     String(
[INFO] [stdout]         "example_lib_src",
[INFO] [stdout]     ),
[INFO] [stdout] ]
[INFO] [stdout] ===================DEBUG TREE==================
[INFO] [stdout] BuiltInFunction(Require)
[INFO] [stdout] └── Primitive(String("example_lib_src"))
[INFO] [stdout] ===================DEBUG TREE==================
[INFO] [stdout] [src/adana_script/require_dynamic_lib.rs:26:9] &curr_path = "/opt/rustwide/workdir"
[INFO] [stdout] [src/adana_script/require_dynamic_lib.rs:58:17] &temp_path = "example_lib_src"
[INFO] [stdout] thread 'adana_script::tests::dynload::require_direct_call_test' panicked at src/adana_script/tests/dynload.rs:93:51:
[INFO] [stdout] called `Result::unwrap()` on an `Err` value: parent or shared lib doesn't exist
[INFO] [stdout] stack backtrace:
[INFO] [stdout]    0:     0x55a6607a3c16 - std::backtrace_rs::backtrace::libunwind::trace::h261606ad26a499c1
[INFO] [stdout]                                at /rustc/0e09125c6c3c2fd70d7de961bcf0e51575235fad/library/std/src/../../backtrace/src/backtrace/libunwind.rs:104:5
[INFO] [stdout]    1:     0x55a6607a3c16 - std::backtrace_rs::backtrace::trace_unsynchronized::hd183f0625477fb28
[INFO] [stdout]                                at /rustc/0e09125c6c3c2fd70d7de961bcf0e51575235fad/library/std/src/../../backtrace/src/backtrace/mod.rs:66:5
[INFO] [stdout]    2:     0x55a6607a3c16 - std::sys_common::backtrace::_print_fmt::hd7f8fef21b4eda67
[INFO] [stdout]                                at /rustc/0e09125c6c3c2fd70d7de961bcf0e51575235fad/library/std/src/sys_common/backtrace.rs:68:5
[INFO] [stdout]    3:     0x55a6607a3c16 - <std::sys_common::backtrace::_print::DisplayBacktrace as core::fmt::Display>::fmt::h623d9b51f2f453f1
[INFO] [stdout]                                at /rustc/0e09125c6c3c2fd70d7de961bcf0e51575235fad/library/std/src/sys_common/backtrace.rs:44:22
[INFO] [stdout]    4:     0x55a6607cff80 - core::fmt::rt::Argument::fmt::h9f417ac76a86f368
[INFO] [stdout]                                at /rustc/0e09125c6c3c2fd70d7de961bcf0e51575235fad/library/core/src/fmt/rt.rs:142:9
[INFO] [stdout]    5:     0x55a6607cff80 - core::fmt::write::hc9b6faf4ac2aeff7
[INFO] [stdout]                                at /rustc/0e09125c6c3c2fd70d7de961bcf0e51575235fad/library/core/src/fmt/mod.rs:1120:17
[INFO] [stdout]    6:     0x55a6607a10ff - std::io::Write::write_fmt::he04625a3a989fec3
[INFO] [stdout]                                at /rustc/0e09125c6c3c2fd70d7de961bcf0e51575235fad/library/std/src/io/mod.rs:1810:15
[INFO] [stdout]    7:     0x55a6607a39f4 - std::sys_common::backtrace::_print::hd5d66399c7df88a2
[INFO] [stdout]                                at /rustc/0e09125c6c3c2fd70d7de961bcf0e51575235fad/library/std/src/sys_common/backtrace.rs:47:5
[INFO] [stdout]    8:     0x55a6607a39f4 - std::sys_common::backtrace::print::he81ed2da642d37e5
[INFO] [stdout]                                at /rustc/0e09125c6c3c2fd70d7de961bcf0e51575235fad/library/std/src/sys_common/backtrace.rs:34:9
[INFO] [stdout]    9:     0x55a6607a5767 - std::panicking::default_hook::{{closure}}::h85773f4fa117163d
[INFO] [stdout]   10:     0x55a6607a544d - std::panicking::default_hook::h6a1694a91d09b278
[INFO] [stdout]                                at /rustc/0e09125c6c3c2fd70d7de961bcf0e51575235fad/library/std/src/panicking.rs:289:9
[INFO] [stdout]   11:     0x55a6606cd9b7 - <alloc::boxed::Box<F,A> as core::ops::function::Fn<Args>>::call::h616ac37fa3cd6c8f
[INFO] [stdout]                                at /rustc/0e09125c6c3c2fd70d7de961bcf0e51575235fad/library/alloc/src/boxed.rs:2029:9
[INFO] [stdout]   12:     0x55a6606cd9b7 - test::test_main::{{closure}}::h00d84697cefdcbb6
[INFO] [stdout]                                at /rustc/0e09125c6c3c2fd70d7de961bcf0e51575235fad/library/test/src/lib.rs:138:21
[INFO] [stdout]   13:     0x55a6607a5d86 - <alloc::boxed::Box<F,A> as core::ops::function::Fn<Args>>::call::hcb3fe3b9bb537ba8
[INFO] [stdout]                                at /rustc/0e09125c6c3c2fd70d7de961bcf0e51575235fad/library/alloc/src/boxed.rs:2029:9
[INFO] [stdout]   14:     0x55a6607a5d86 - std::panicking::rust_panic_with_hook::h0a7ad96e90f7145b
[INFO] [stdout]                                at /rustc/0e09125c6c3c2fd70d7de961bcf0e51575235fad/library/std/src/panicking.rs:783:13
[INFO] [stdout]   15:     0x55a6607a5ad2 - std::panicking::begin_panic_handler::{{closure}}::h7919090525c6485e
[INFO] [stdout]                                at /rustc/0e09125c6c3c2fd70d7de961bcf0e51575235fad/library/std/src/panicking.rs:657:13
[INFO] [stdout]   16:     0x55a6607a4116 - std::sys_common::backtrace::__rust_end_short_backtrace::hf3289479464f7dfe
[INFO] [stdout]                                at /rustc/0e09125c6c3c2fd70d7de961bcf0e51575235fad/library/std/src/sys_common/backtrace.rs:171:18
[INFO] [stdout]   17:     0x55a6607a5830 - rust_begin_unwind
[INFO] [stdout]                                at /rustc/0e09125c6c3c2fd70d7de961bcf0e51575235fad/library/std/src/panicking.rs:645:5
[INFO] [stdout]   18:     0x55a66046a1f5 - core::panicking::panic_fmt::hcc9f77c5c132af55
[INFO] [stdout]                                at /rustc/0e09125c6c3c2fd70d7de961bcf0e51575235fad/library/core/src/panicking.rs:72:14
[INFO] [stdout]   19:     0x55a66046a793 - core::result::unwrap_failed::hbe14f498be1452f9
[INFO] [stdout]                                at /rustc/0e09125c6c3c2fd70d7de961bcf0e51575235fad/library/core/src/result.rs:1649:5
[INFO] [stdout]   20:     0x55a66056f64c - core::result::Result<T,E>::unwrap::h41e3b9bbfe49f582
[INFO] [stdout]                                at /rustc/0e09125c6c3c2fd70d7de961bcf0e51575235fad/library/core/src/result.rs:1073:23
[INFO] [stdout]   21:     0x55a6605c6cb1 - adana::adana_script::tests::dynload::require_direct_call_test::{{closure}}::had6f5c5079d94c07
[INFO] [stdout]                                at /opt/rustwide/workdir/src/adana_script/tests/dynload.rs:93:15
[INFO] [stdout]   22:     0x55a660562dae - core::ops::function::FnOnce::call_once::h8b8672090ecd77e9
[INFO] [stdout]                                at /rustc/0e09125c6c3c2fd70d7de961bcf0e51575235fad/library/core/src/ops/function.rs:250:5
[INFO] [stdout]   23:     0x55a6606f4b1f - serial_test::serial_code_lock::local_serial_core::h1e92d114c99a7e6a
[INFO] [stdout]                                at /opt/rustwide/cargo-home/registry/src/index.crates.io-6f17d22bba15001f/serial_test-2.0.0/src/serial_code_lock.rs:25:5
[INFO] [stdout]   24:     0x55a6605c6be9 - adana::adana_script::tests::dynload::require_direct_call_test::heb27f0eeb6368eb1
[INFO] [stdout]                                at /opt/rustwide/workdir/src/adana_script/tests/dynload.rs:86:1
[INFO] [stdout]   25:     0x55a6605c6bb7 - adana::adana_script::tests::dynload::require_direct_call_test::{{closure}}::h56f6d278d2e3ceb1
[INFO] [stdout]                                at /opt/rustwide/workdir/src/adana_script/tests/dynload.rs:87:30
[INFO] [stdout]   26:     0x55a660563fb6 - core::ops::function::FnOnce::call_once::hde8f20b22de80f7c
[INFO] [stdout]                                at /rustc/0e09125c6c3c2fd70d7de961bcf0e51575235fad/library/core/src/ops/function.rs:250:5
[INFO] [stdout]   27:     0x55a6606d328f - core::ops::function::FnOnce::call_once::hd64d26f405258157
[INFO] [stdout]                                at /rustc/0e09125c6c3c2fd70d7de961bcf0e51575235fad/library/core/src/ops/function.rs:250:5
[INFO] [stdout]   28:     0x55a6606d328f - test::__rust_begin_short_backtrace::he21b0b7a6d731bf9
[INFO] [stdout]                                at /rustc/0e09125c6c3c2fd70d7de961bcf0e51575235fad/library/test/src/lib.rs:627:18
[INFO] [stdout]   29:     0x55a6606d2011 - test::run_test_in_process::{{closure}}::hf5c73986d7bdfde2
[INFO] [stdout]                                at /rustc/0e09125c6c3c2fd70d7de961bcf0e51575235fad/library/test/src/lib.rs:650:60
[INFO] [stdout]   30:     0x55a6606d2011 - <core::panic::unwind_safe::AssertUnwindSafe<F> as core::ops::function::FnOnce<()>>::call_once::h330011ad032aadc0
[INFO] [stdout]                                at /rustc/0e09125c6c3c2fd70d7de961bcf0e51575235fad/library/core/src/panic/unwind_safe.rs:272:9
[INFO] [stdout]   31:     0x55a6606d2011 - std::panicking::try::do_call::he61b0a958b795a41
[INFO] [stdout]                                at /rustc/0e09125c6c3c2fd70d7de961bcf0e51575235fad/library/std/src/panicking.rs:552:40
[INFO] [stdout]   32:     0x55a6606d2011 - std::panicking::try::h7309da130f906eb7
[INFO] [stdout]                                at /rustc/0e09125c6c3c2fd70d7de961bcf0e51575235fad/library/std/src/panicking.rs:516:19
[INFO] [stdout]   33:     0x55a6606d2011 - std::panic::catch_unwind::hc5c3a06fdaf0a92a
[INFO] [stdout]                                at /rustc/0e09125c6c3c2fd70d7de961bcf0e51575235fad/library/std/src/panic.rs:142:14
[INFO] [stdout]   34:     0x55a6606d2011 - test::run_test_in_process::h7e7b7c71c3324e0f
[INFO] [stdout]                                at /rustc/0e09125c6c3c2fd70d7de961bcf0e51575235fad/library/test/src/lib.rs:650:27
[INFO] [stdout]   35:     0x55a6606d2011 - test::run_test::{{closure}}::h1f509f28f5cf20b1
[INFO] [stdout]                                at /rustc/0e09125c6c3c2fd70d7de961bcf0e51575235fad/library/test/src/lib.rs:573:43
[INFO] [stdout]   36:     0x55a660699346 - test::run_test::{{closure}}::h1754218abf443f6d
[INFO] [stdout]                                at /rustc/0e09125c6c3c2fd70d7de961bcf0e51575235fad/library/test/src/lib.rs:601:41
[INFO] [stdout]   37:     0x55a660699346 - std::sys_common::backtrace::__rust_begin_short_backtrace::h2ee174b9d5954948
[INFO] [stdout]                                at /rustc/0e09125c6c3c2fd70d7de961bcf0e51575235fad/library/std/src/sys_common/backtrace.rs:155:18
[INFO] [stdout]   38:     0x55a66069e3a7 - std::thread::Builder::spawn_unchecked_::{{closure}}::{{closure}}::hf60bee9c1a17ef09
[INFO] [stdout]                                at /rustc/0e09125c6c3c2fd70d7de961bcf0e51575235fad/library/std/src/thread/mod.rs:529:17
[INFO] [stdout]   39:     0x55a66069e3a7 - <core::panic::unwind_safe::AssertUnwindSafe<F> as core::ops::function::FnOnce<()>>::call_once::h33d0dddec5216160
[INFO] [stdout]                                at /rustc/0e09125c6c3c2fd70d7de961bcf0e51575235fad/library/core/src/panic/unwind_safe.rs:272:9
[INFO] [stdout]   40:     0x55a66069e3a7 - std::panicking::try::do_call::h144b3048b546f835
[INFO] [stdout]                                at /rustc/0e09125c6c3c2fd70d7de961bcf0e51575235fad/library/std/src/panicking.rs:552:40
[INFO] [stdout]   41:     0x55a66069e3a7 - std::panicking::try::h978244d04646189f
[INFO] [stdout]                                at /rustc/0e09125c6c3c2fd70d7de961bcf0e51575235fad/library/std/src/panicking.rs:516:19
[INFO] [stdout]   42:     0x55a66069e3a7 - std::panic::catch_unwind::hdf436369d188fe86
[INFO] [stdout]                                at /rustc/0e09125c6c3c2fd70d7de961bcf0e51575235fad/library/std/src/panic.rs:142:14
[INFO] [stdout]   43:     0x55a66069e3a7 - std::thread::Builder::spawn_unchecked_::{{closure}}::h87329cbdd33c79ec
[INFO] [stdout]                                at /rustc/0e09125c6c3c2fd70d7de961bcf0e51575235fad/library/std/src/thread/mod.rs:528:30
[INFO] [stdout]   44:     0x55a66069e3a7 - core::ops::function::FnOnce::call_once{{vtable.shim}}::h401abbe67897d450
[INFO] [stdout]                                at /rustc/0e09125c6c3c2fd70d7de961bcf0e51575235fad/library/core/src/ops/function.rs:250:5
[INFO] [stdout]   45:     0x55a6607ab975 - <alloc::boxed::Box<F,A> as core::ops::function::FnOnce<Args>>::call_once::h5d7c8f150ab9c84c
[INFO] [stdout]                                at /rustc/0e09125c6c3c2fd70d7de961bcf0e51575235fad/library/alloc/src/boxed.rs:2015:9
[INFO] [stdout]   46:     0x55a6607ab975 - <alloc::boxed::Box<F,A> as core::ops::function::FnOnce<Args>>::call_once::h570d5b005c242c15
[INFO] [stdout]                                at /rustc/0e09125c6c3c2fd70d7de961bcf0e51575235fad/library/alloc/src/boxed.rs:2015:9
[INFO] [stdout]   47:     0x55a6607ab975 - std::sys::unix::thread::Thread::new::thread_start::h36b0a20c0b2361ad
[INFO] [stdout]                                at /rustc/0e09125c6c3c2fd70d7de961bcf0e51575235fad/library/std/src/sys/unix/thread.rs:108:17
[INFO] [stdout]   48:     0x7f2e925a4ac3 - <unknown>
[INFO] [stdout]   49:     0x7f2e92635bf4 - __clone
[INFO] [stdout]   50:                0x0 - <unknown>
[INFO] [stdout] 
[INFO] [stdout] ---- adana_script::tests::dynload::load_dynamic_lib_test stdout ----
[INFO] [stdout] [src/adana_script/compute.rs:1055:9] rest = ""
[INFO] [stdout] [src/adana_script/compute.rs:1056:9] &instructions = [
[INFO] [stdout]     VariableExpr {
[INFO] [stdout]         name: Variable(
[INFO] [stdout]             "lib",
[INFO] [stdout]         ),
[INFO] [stdout]         expr: BuiltInFunction {
[INFO] [stdout]             fn_type: Require,
[INFO] [stdout]             expr: BlockParen(
[INFO] [stdout]                 [
[INFO] [stdout]                     String(
[INFO] [stdout]                         "libplugin_example.so",
[INFO] [stdout]                     ),
[INFO] [stdout]                 ],
[INFO] [stdout]             ),
[INFO] [stdout]         },
[INFO] [stdout]     },
[INFO] [stdout]     VariableExpr {
[INFO] [stdout]         name: Variable(
[INFO] [stdout]             "text",
[INFO] [stdout]         ),
[INFO] [stdout]         expr: FunctionCall {
[INFO] [stdout]             parameters: BlockParen(
[INFO] [stdout]                 [
[INFO] [stdout]                     String(
[INFO] [stdout]                         "Nordine",
[INFO] [stdout]                     ),
[INFO] [stdout]                     String(
[INFO] [stdout]                         "la",
[INFO] [stdout]                     ),
[INFO] [stdout]                     String(
[INFO] [stdout]                         "forme?",
[INFO] [stdout]                     ),
[INFO] [stdout]                 ],
[INFO] [stdout]             ),
[INFO] [stdout]             function: StructAccess {
[INFO] [stdout]                 struc: Variable(
[INFO] [stdout]                     "lib",
[INFO] [stdout]                 ),
[INFO] [stdout]                 key: "hello",
[INFO] [stdout]             },
[INFO] [stdout]         },
[INFO] [stdout]     },
[INFO] [stdout] ]
[INFO] [stdout] [src/adana_script/ast.rs:78:17] &operations = [
[INFO] [stdout]     String(
[INFO] [stdout]         "libplugin_example.so",
[INFO] [stdout]     ),
[INFO] [stdout] ]
[INFO] [stdout] ===================DEBUG TREE==================
[INFO] [stdout] VariableAssign(Some("lib"))
[INFO] [stdout] └── BuiltInFunction(Require)
[INFO] [stdout]     └── Primitive(String("libplugin_example.so"))
[INFO] [stdout] ===================DEBUG TREE==================
[INFO] [stdout] [src/adana_script/require_dynamic_lib.rs:26:9] &curr_path = "/opt/rustwide/workdir"
[INFO] [stdout] [src/adana_script/require_dynamic_lib.rs:58:17] &temp_path = "libplugin_example.so"
[INFO] [stdout] thread 'adana_script::tests::dynload::load_dynamic_lib_test' panicked at src/adana_script/tests/dynload.rs:16:59:
[INFO] [stdout] called `Result::unwrap()` on an `Err` value: parent or shared lib doesn't exist
[INFO] [stdout] stack backtrace:
[INFO] [stdout]    0:     0x55a6607a3c16 - std::backtrace_rs::backtrace::libunwind::trace::h261606ad26a499c1
[INFO] [stdout]                                at /rustc/0e09125c6c3c2fd70d7de961bcf0e51575235fad/library/std/src/../../backtrace/src/backtrace/libunwind.rs:104:5
[INFO] [stdout]    1:     0x55a6607a3c16 - std::backtrace_rs::backtrace::trace_unsynchronized::hd183f0625477fb28
[INFO] [stdout]                                at /rustc/0e09125c6c3c2fd70d7de961bcf0e51575235fad/library/std/src/../../backtrace/src/backtrace/mod.rs:66:5
[INFO] [stdout]    2:     0x55a6607a3c16 - std::sys_common::backtrace::_print_fmt::hd7f8fef21b4eda67
[INFO] [stdout]                                at /rustc/0e09125c6c3c2fd70d7de961bcf0e51575235fad/library/std/src/sys_common/backtrace.rs:68:5
[INFO] [stdout]    3:     0x55a6607a3c16 - <std::sys_common::backtrace::_print::DisplayBacktrace as core::fmt::Display>::fmt::h623d9b51f2f453f1
[INFO] [stdout]                                at /rustc/0e09125c6c3c2fd70d7de961bcf0e51575235fad/library/std/src/sys_common/backtrace.rs:44:22
[INFO] [stdout]    4:     0x55a6607cff80 - core::fmt::rt::Argument::fmt::h9f417ac76a86f368
[INFO] [stdout]                                at /rustc/0e09125c6c3c2fd70d7de961bcf0e51575235fad/library/core/src/fmt/rt.rs:142:9
[INFO] [stdout]    5:     0x55a6607cff80 - core::fmt::write::hc9b6faf4ac2aeff7
[INFO] [stdout]                                at /rustc/0e09125c6c3c2fd70d7de961bcf0e51575235fad/library/core/src/fmt/mod.rs:1120:17
[INFO] [stdout]    6:     0x55a6607a10ff - std::io::Write::write_fmt::he04625a3a989fec3
[INFO] [stdout]                                at /rustc/0e09125c6c3c2fd70d7de961bcf0e51575235fad/library/std/src/io/mod.rs:1810:15
[INFO] [stdout]    7:     0x55a6607a39f4 - std::sys_common::backtrace::_print::hd5d66399c7df88a2
[INFO] [stdout]                                at /rustc/0e09125c6c3c2fd70d7de961bcf0e51575235fad/library/std/src/sys_common/backtrace.rs:47:5
[INFO] [stdout]    8:     0x55a6607a39f4 - std::sys_common::backtrace::print::he81ed2da642d37e5
[INFO] [stdout]                                at /rustc/0e09125c6c3c2fd70d7de961bcf0e51575235fad/library/std/src/sys_common/backtrace.rs:34:9
[INFO] [stdout]    9:     0x55a6607a5767 - std::panicking::default_hook::{{closure}}::h85773f4fa117163d
[INFO] [stdout]   10:     0x55a6607a544d - std::panicking::default_hook::h6a1694a91d09b278
[INFO] [stdout]                                at /rustc/0e09125c6c3c2fd70d7de961bcf0e51575235fad/library/std/src/panicking.rs:289:9
[INFO] [stdout]   11:     0x55a6606cd9b7 - <alloc::boxed::Box<F,A> as core::ops::function::Fn<Args>>::call::h616ac37fa3cd6c8f
[INFO] [stdout]                                at /rustc/0e09125c6c3c2fd70d7de961bcf0e51575235fad/library/alloc/src/boxed.rs:2029:9
[INFO] [stdout]   12:     0x55a6606cd9b7 - test::test_main::{{closure}}::h00d84697cefdcbb6
[INFO] [stdout]                                at /rustc/0e09125c6c3c2fd70d7de961bcf0e51575235fad/library/test/src/lib.rs:138:21
[INFO] [stdout]   13:     0x55a6607a5d86 - <alloc::boxed::Box<F,A> as core::ops::function::Fn<Args>>::call::hcb3fe3b9bb537ba8
[INFO] [stdout]                                at /rustc/0e09125c6c3c2fd70d7de961bcf0e51575235fad/library/alloc/src/boxed.rs:2029:9
[INFO] [stdout]   14:     0x55a6607a5d86 - std::panicking::rust_panic_with_hook::h0a7ad96e90f7145b
[INFO] [stdout]                                at /rustc/0e09125c6c3c2fd70d7de961bcf0e51575235fad/library/std/src/panicking.rs:783:13
[INFO] [stdout]   15:     0x55a6607a5ad2 - std::panicking::begin_panic_handler::{{closure}}::h7919090525c6485e
[INFO] [stdout]                                at /rustc/0e09125c6c3c2fd70d7de961bcf0e51575235fad/library/std/src/panicking.rs:657:13
[INFO] [stdout]   16:     0x55a6607a4116 - std::sys_common::backtrace::__rust_end_short_backtrace::hf3289479464f7dfe
[INFO] [stdout]                                at /rustc/0e09125c6c3c2fd70d7de961bcf0e51575235fad/library/std/src/sys_common/backtrace.rs:171:18
[INFO] [stdout]   17:     0x55a6607a5830 - rust_begin_unwind
[INFO] [stdout]                                at /rustc/0e09125c6c3c2fd70d7de961bcf0e51575235fad/library/std/src/panicking.rs:645:5
[INFO] [stdout]   18:     0x55a66046a1f5 - core::panicking::panic_fmt::hcc9f77c5c132af55
[INFO] [stdout]                                at /rustc/0e09125c6c3c2fd70d7de961bcf0e51575235fad/library/core/src/panicking.rs:72:14
[INFO] [stdout]   19:     0x55a66046a793 - core::result::unwrap_failed::hbe14f498be1452f9
[INFO] [stdout]                                at /rustc/0e09125c6c3c2fd70d7de961bcf0e51575235fad/library/core/src/result.rs:1649:5
[INFO] [stdout]   20:     0x55a66056f64c - core::result::Result<T,E>::unwrap::h41e3b9bbfe49f582
[INFO] [stdout]                                at /rustc/0e09125c6c3c2fd70d7de961bcf0e51575235fad/library/core/src/result.rs:1073:23
[INFO] [stdout]   21:     0x55a6605c51b1 - adana::adana_script::tests::dynload::load_dynamic_lib_test::{{closure}}::h463a72b4cb46dfb9
[INFO] [stdout]                                at /opt/rustwide/workdir/src/adana_script/tests/dynload.rs:16:15
[INFO] [stdout]   22:     0x55a66056149e - core::ops::function::FnOnce::call_once::h07055291a22318b1
[INFO] [stdout]                                at /rustc/0e09125c6c3c2fd70d7de961bcf0e51575235fad/library/core/src/ops/function.rs:250:5
[INFO] [stdout]   23:     0x55a6606f4b1f - serial_test::serial_code_lock::local_serial_core::h1e92d114c99a7e6a
[INFO] [stdout]                                at /opt/rustwide/cargo-home/registry/src/index.crates.io-6f17d22bba15001f/serial_test-2.0.0/src/serial_code_lock.rs:25:5
[INFO] [stdout]   24:     0x55a6605c50e9 - adana::adana_script::tests::dynload::load_dynamic_lib_test::h3e17d054d2ca465e
[INFO] [stdout]                                at /opt/rustwide/workdir/src/adana_script/tests/dynload.rs:9:1
[INFO] [stdout]   25:     0x55a6605c50b7 - adana::adana_script::tests::dynload::load_dynamic_lib_test::{{closure}}::h5057c6f1276dcfb3
[INFO] [stdout]                                at /opt/rustwide/workdir/src/adana_script/tests/dynload.rs:10:27
[INFO] [stdout]   26:     0x55a660563a86 - core::ops::function::FnOnce::call_once::hc82fcec04917dee7
[INFO] [stdout]                                at /rustc/0e09125c6c3c2fd70d7de961bcf0e51575235fad/library/core/src/ops/function.rs:250:5
[INFO] [stdout]   27:     0x55a6606d328f - core::ops::function::FnOnce::call_once::hd64d26f405258157
[INFO] [stdout]                                at /rustc/0e09125c6c3c2fd70d7de961bcf0e51575235fad/library/core/src/ops/function.rs:250:5
[INFO] [stdout]   28:     0x55a6606d328f - test::__rust_begin_short_backtrace::he21b0b7a6d731bf9
[INFO] [stdout]                                at /rustc/0e09125c6c3c2fd70d7de961bcf0e51575235fad/library/test/src/lib.rs:627:18
[INFO] [stdout]   29:     0x55a6606d2011 - test::run_test_in_process::{{closure}}::hf5c73986d7bdfde2
[INFO] [stdout]                                at /rustc/0e09125c6c3c2fd70d7de961bcf0e51575235fad/library/test/src/lib.rs:650:60
[INFO] [stdout]   30:     0x55a6606d2011 - <core::panic::unwind_safe::AssertUnwindSafe<F> as core::ops::function::FnOnce<()>>::call_once::h330011ad032aadc0
[INFO] [stdout]                                at /rustc/0e09125c6c3c2fd70d7de961bcf0e51575235fad/library/core/src/panic/unwind_safe.rs:272:9
[INFO] [stdout]   31:     0x55a6606d2011 - std::panicking::try::do_call::he61b0a958b795a41
[INFO] [stdout]                                at /rustc/0e09125c6c3c2fd70d7de961bcf0e51575235fad/library/std/src/panicking.rs:552:40
[INFO] [stdout]   32:     0x55a6606d2011 - std::panicking::try::h7309da130f906eb7
[INFO] [stdout]                                at /rustc/0e09125c6c3c2fd70d7de961bcf0e51575235fad/library/std/src/panicking.rs:516:19
[INFO] [stdout]   33:     0x55a6606d2011 - std::panic::catch_unwind::hc5c3a06fdaf0a92a
[INFO] [stdout]                                at /rustc/0e09125c6c3c2fd70d7de961bcf0e51575235fad/library/std/src/panic.rs:142:14
[INFO] [stdout]   34:     0x55a6606d2011 - test::run_test_in_process::h7e7b7c71c3324e0f
[INFO] [stdout]                                at /rustc/0e09125c6c3c2fd70d7de961bcf0e51575235fad/library/test/src/lib.rs:650:27
[INFO] [stdout]   35:     0x55a6606d2011 - test::run_test::{{closure}}::h1f509f28f5cf20b1
[INFO] [stdout]                                at /rustc/0e09125c6c3c2fd70d7de961bcf0e51575235fad/library/test/src/lib.rs:573:43
[INFO] [stdout]   36:     0x55a660699346 - test::run_test::{{closure}}::h1754218abf443f6d
[INFO] [stdout]                                at /rustc/0e09125c6c3c2fd70d7de961bcf0e51575235fad/library/test/src/lib.rs:601:41
[INFO] [stdout]   37:     0x55a660699346 - std::sys_common::backtrace::__rust_begin_short_backtrace::h2ee174b9d5954948
[INFO] [stdout]                                at /rustc/0e09125c6c3c2fd70d7de961bcf0e51575235fad/library/std/src/sys_common/backtrace.rs:155:18
[INFO] [stdout]   38:     0x55a66069e3a7 - std::thread::Builder::spawn_unchecked_::{{closure}}::{{closure}}::hf60bee9c1a17ef09
[INFO] [stdout]                                at /rustc/0e09125c6c3c2fd70d7de961bcf0e51575235fad/library/std/src/thread/mod.rs:529:17
[INFO] [stdout]   39:     0x55a66069e3a7 - <core::panic::unwind_safe::AssertUnwindSafe<F> as core::ops::function::FnOnce<()>>::call_once::h33d0dddec5216160
[INFO] [stdout]                                at /rustc/0e09125c6c3c2fd70d7de961bcf0e51575235fad/library/core/src/panic/unwind_safe.rs:272:9
[INFO] [stdout]   40:     0x55a66069e3a7 - std::panicking::try::do_call::h144b3048b546f835
[INFO] [stdout]                                at /rustc/0e09125c6c3c2fd70d7de961bcf0e51575235fad/library/std/src/panicking.rs:552:40
[INFO] [stdout]   41:     0x55a66069e3a7 - std::panicking::try::h978244d04646189f
[INFO] [stdout]                                at /rustc/0e09125c6c3c2fd70d7de961bcf0e51575235fad/library/std/src/panicking.rs:516:19
[INFO] [stdout]   42:     0x55a66069e3a7 - std::panic::catch_unwind::hdf436369d188fe86
[INFO] [stdout]                                at /rustc/0e09125c6c3c2fd70d7de961bcf0e51575235fad/library/std/src/panic.rs:142:14
[INFO] [stdout]   43:     0x55a66069e3a7 - std::thread::Builder::spawn_unchecked_::{{closure}}::h87329cbdd33c79ec
[INFO] [stdout]                                at /rustc/0e09125c6c3c2fd70d7de961bcf0e51575235fad/library/std/src/thread/mod.rs:528:30
[INFO] [stdout]   44:     0x55a66069e3a7 - core::ops::function::FnOnce::call_once{{vtable.shim}}::h401abbe67897d450
[INFO] [stdout]                                at /rustc/0e09125c6c3c2fd70d7de961bcf0e51575235fad/library/core/src/ops/function.rs:250:5
[INFO] [stdout]   45:     0x55a6607ab975 - <alloc::boxed::Box<F,A> as core::ops::function::FnOnce<Args>>::call_once::h5d7c8f150ab9c84c
[INFO] [stdout]                                at /rustc/0e09125c6c3c2fd70d7de961bcf0e51575235fad/library/alloc/src/boxed.rs:2015:9
[INFO] [stdout]   46:     0x55a6607ab975 - <alloc::boxed::Box<F,A> as core::ops::function::FnOnce<Args>>::call_once::h570d5b005c242c15
[INFO] [stdout]                                at /rustc/0e09125c6c3c2fd70d7de961bcf0e51575235fad/library/alloc/src/boxed.rs:2015:9
[INFO] [stdout]   47:     0x55a6607ab975 - std::sys::unix::thread::Thread::new::thread_start::h36b0a20c0b2361ad
[INFO] [stdout]                                at /rustc/0e09125c6c3c2fd70d7de961bcf0e51575235fad/library/std/src/sys/unix/thread.rs:108:17
[INFO] [stdout]   48:     0x7f2e925a4ac3 - <unknown>
[INFO] [stdout]   49:     0x7f2e92635bf4 - __clone
[INFO] [stdout]   50:                0x0 - <unknown>
[INFO] [stdout] 
[INFO] [stdout] 
[INFO] [stdout] failures:
[INFO] [stdout]     adana_script::tests::dynload::build_from_adana_dynamic_lib_test
[INFO] [stdout]     adana_script::tests::dynload::callback_dynamic_lib_test
[INFO] [stdout]     adana_script::tests::dynload::complex_callback_dynamic_lib_test
[INFO] [stdout]     adana_script::tests::dynload::load_dynamic_lib_test
[INFO] [stdout]     adana_script::tests::dynload::require_direct_call_test
[INFO] [stdout] 
[INFO] [stdout] test result: FAILED. 159 passed; 5 failed; 0 ignored; 0 measured; 0 filtered out; finished in 0.77s
[INFO] [stdout] 
[INFO] [stderr] error: test failed, to rerun pass `--bin adana`
[INFO] running `Command { std: "docker" "inspect" "54e4ba3519da440035aff2cf0fe68f055627624e44eef261a46bc84ec0b621ac", kill_on_drop: false }`
[INFO] running `Command { std: "docker" "rm" "-f" "54e4ba3519da440035aff2cf0fe68f055627624e44eef261a46bc84ec0b621ac", kill_on_drop: false }`
[INFO] [stdout] 54e4ba3519da440035aff2cf0fe68f055627624e44eef261a46bc84ec0b621ac
