[INFO] fetching crate acursor 0.0.2...
[INFO] testing acursor-0.0.2 against 1.75.0 for beta-1.76-1
[INFO] extracting crate acursor 0.0.2 into /workspace/builds/worker-0-tc1/source
[INFO] validating manifest of crates.io crate acursor 0.0.2 on toolchain 1.75.0
[INFO] running `Command { std: CARGO_HOME="/workspace/cargo-home" RUSTUP_HOME="/workspace/rustup-home" "/workspace/cargo-home/bin/cargo" "+1.75.0" "metadata" "--manifest-path" "Cargo.toml" "--no-deps", kill_on_drop: false }`
[INFO] started tweaking crates.io crate acursor 0.0.2
[INFO] finished tweaking crates.io crate acursor 0.0.2
[INFO] tweaked toml for crates.io crate acursor 0.0.2 written to /workspace/builds/worker-0-tc1/source/Cargo.toml
[INFO] running `Command { std: CARGO_HOME="/workspace/cargo-home" RUSTUP_HOME="/workspace/rustup-home" "/workspace/cargo-home/bin/cargo" "+1.75.0" "generate-lockfile" "--manifest-path" "Cargo.toml", kill_on_drop: false }`
[INFO] [stderr]     Updating crates.io index
[INFO] running `Command { std: CARGO_HOME="/workspace/cargo-home" RUSTUP_HOME="/workspace/rustup-home" "/workspace/cargo-home/bin/cargo" "+1.75.0" "fetch" "--manifest-path" "Cargo.toml", kill_on_drop: false }`
[INFO] [stderr]  Downloading crates ...
[INFO] [stderr]   Downloaded concat-idents v1.1.5
[INFO] running `Command { std: "docker" "create" "-v" "/var/lib/crater-agent-workspace/builds/worker-0-tc1/target:/opt/rustwide/target:rw,Z" "-v" "/var/lib/crater-agent-workspace/builds/worker-0-tc1/source:/opt/rustwide/workdir:ro,Z" "-v" "/var/lib/crater-agent-workspace/cargo-home:/opt/rustwide/cargo-home:ro,Z" "-v" "/var/lib/crater-agent-workspace/rustup-home:/opt/rustwide/rustup-home:ro,Z" "-e" "SOURCE_DIR=/opt/rustwide/workdir" "-e" "CARGO_TARGET_DIR=/opt/rustwide/target" "-e" "CARGO_HOME=/opt/rustwide/cargo-home" "-e" "RUSTUP_HOME=/opt/rustwide/rustup-home" "-w" "/opt/rustwide/workdir" "-m" "1610612736" "--user" "0:0" "--network" "none" "ghcr.io/rust-lang/crates-build-env/linux@sha256:2788e3201cd34a07e3172128adcd8b3090168a8e3bcc40d7c032b9dda1df7d1c" "/opt/rustwide/cargo-home/bin/cargo" "+1.75.0" "metadata" "--no-deps" "--format-version=1", kill_on_drop: false }`
[INFO] [stdout] 01832370f3faa43396714629888ba2f018fbd719102bd71cc2cb11207b458d09
[INFO] running `Command { std: "docker" "start" "-a" "01832370f3faa43396714629888ba2f018fbd719102bd71cc2cb11207b458d09", kill_on_drop: false }`
[INFO] running `Command { std: "docker" "inspect" "01832370f3faa43396714629888ba2f018fbd719102bd71cc2cb11207b458d09", kill_on_drop: false }`
[INFO] running `Command { std: "docker" "rm" "-f" "01832370f3faa43396714629888ba2f018fbd719102bd71cc2cb11207b458d09", kill_on_drop: false }`
[INFO] [stdout] 01832370f3faa43396714629888ba2f018fbd719102bd71cc2cb11207b458d09
[INFO] running `Command { std: "docker" "create" "-v" "/var/lib/crater-agent-workspace/builds/worker-0-tc1/target:/opt/rustwide/target:rw,Z" "-v" "/var/lib/crater-agent-workspace/builds/worker-0-tc1/source:/opt/rustwide/workdir:ro,Z" "-v" "/var/lib/crater-agent-workspace/cargo-home:/opt/rustwide/cargo-home:ro,Z" "-v" "/var/lib/crater-agent-workspace/rustup-home:/opt/rustwide/rustup-home:ro,Z" "-e" "SOURCE_DIR=/opt/rustwide/workdir" "-e" "CARGO_TARGET_DIR=/opt/rustwide/target" "-e" "CARGO_INCREMENTAL=0" "-e" "RUST_BACKTRACE=full" "-e" "RUSTFLAGS=--cap-lints=warn" "-e" "RUSTDOCFLAGS=--cap-lints=warn" "-e" "CARGO_HOME=/opt/rustwide/cargo-home" "-e" "RUSTUP_HOME=/opt/rustwide/rustup-home" "-w" "/opt/rustwide/workdir" "-m" "1610612736" "--user" "0:0" "--network" "none" "ghcr.io/rust-lang/crates-build-env/linux@sha256:2788e3201cd34a07e3172128adcd8b3090168a8e3bcc40d7c032b9dda1df7d1c" "/opt/rustwide/cargo-home/bin/cargo" "+1.75.0" "build" "--frozen" "--message-format=json", kill_on_drop: false }`
[INFO] [stdout] e79121cabfbaf7f10a307c715d69482e3b641f0a19005ab5774a5f9bc455192a
[INFO] running `Command { std: "docker" "start" "-a" "e79121cabfbaf7f10a307c715d69482e3b641f0a19005ab5774a5f9bc455192a", kill_on_drop: false }`
[INFO] [stderr]    Compiling proc-macro2 v1.0.75
[INFO] [stderr]    Compiling quote v1.0.35
[INFO] [stderr]    Compiling syn v2.0.48
[INFO] [stderr]    Compiling concat-idents v1.1.5
[INFO] [stderr]    Compiling acursor v0.0.2 (/opt/rustwide/workdir)
[INFO] [stderr]     Finished dev [unoptimized + debuginfo] target(s) in 2.62s
[INFO] running `Command { std: "docker" "inspect" "e79121cabfbaf7f10a307c715d69482e3b641f0a19005ab5774a5f9bc455192a", kill_on_drop: false }`
[INFO] running `Command { std: "docker" "rm" "-f" "e79121cabfbaf7f10a307c715d69482e3b641f0a19005ab5774a5f9bc455192a", kill_on_drop: false }`
[INFO] [stdout] e79121cabfbaf7f10a307c715d69482e3b641f0a19005ab5774a5f9bc455192a
[INFO] running `Command { std: "docker" "create" "-v" "/var/lib/crater-agent-workspace/builds/worker-0-tc1/target:/opt/rustwide/target:rw,Z" "-v" "/var/lib/crater-agent-workspace/builds/worker-0-tc1/source:/opt/rustwide/workdir:ro,Z" "-v" "/var/lib/crater-agent-workspace/cargo-home:/opt/rustwide/cargo-home:ro,Z" "-v" "/var/lib/crater-agent-workspace/rustup-home:/opt/rustwide/rustup-home:ro,Z" "-e" "SOURCE_DIR=/opt/rustwide/workdir" "-e" "CARGO_TARGET_DIR=/opt/rustwide/target" "-e" "CARGO_INCREMENTAL=0" "-e" "RUST_BACKTRACE=full" "-e" "RUSTFLAGS=--cap-lints=warn" "-e" "RUSTDOCFLAGS=--cap-lints=warn" "-e" "CARGO_HOME=/opt/rustwide/cargo-home" "-e" "RUSTUP_HOME=/opt/rustwide/rustup-home" "-w" "/opt/rustwide/workdir" "-m" "1610612736" "--user" "0:0" "--network" "none" "ghcr.io/rust-lang/crates-build-env/linux@sha256:2788e3201cd34a07e3172128adcd8b3090168a8e3bcc40d7c032b9dda1df7d1c" "/opt/rustwide/cargo-home/bin/cargo" "+1.75.0" "test" "--frozen" "--no-run" "--message-format=json", kill_on_drop: false }`
[INFO] [stdout] f0cb1869c27ad5e7b108c71a18f8943202636766d9aabb4bab554bad420a7ab9
[INFO] running `Command { std: "docker" "start" "-a" "f0cb1869c27ad5e7b108c71a18f8943202636766d9aabb4bab554bad420a7ab9", kill_on_drop: false }`
[INFO] [stderr]    Compiling acursor v0.0.2 (/opt/rustwide/workdir)
[INFO] [stderr]     Finished test [unoptimized + debuginfo] target(s) in 0.19s
[INFO] running `Command { std: "docker" "inspect" "f0cb1869c27ad5e7b108c71a18f8943202636766d9aabb4bab554bad420a7ab9", kill_on_drop: false }`
[INFO] running `Command { std: "docker" "rm" "-f" "f0cb1869c27ad5e7b108c71a18f8943202636766d9aabb4bab554bad420a7ab9", kill_on_drop: false }`
[INFO] [stdout] f0cb1869c27ad5e7b108c71a18f8943202636766d9aabb4bab554bad420a7ab9
[INFO] running `Command { std: "docker" "create" "-v" "/var/lib/crater-agent-workspace/builds/worker-0-tc1/target:/opt/rustwide/target:rw,Z" "-v" "/var/lib/crater-agent-workspace/builds/worker-0-tc1/source:/opt/rustwide/workdir:ro,Z" "-v" "/var/lib/crater-agent-workspace/cargo-home:/opt/rustwide/cargo-home:ro,Z" "-v" "/var/lib/crater-agent-workspace/rustup-home:/opt/rustwide/rustup-home:ro,Z" "-e" "SOURCE_DIR=/opt/rustwide/workdir" "-e" "CARGO_TARGET_DIR=/opt/rustwide/target" "-e" "CARGO_INCREMENTAL=0" "-e" "RUST_BACKTRACE=full" "-e" "RUSTFLAGS=--cap-lints=warn" "-e" "RUSTDOCFLAGS=--cap-lints=warn" "-e" "CARGO_HOME=/opt/rustwide/cargo-home" "-e" "RUSTUP_HOME=/opt/rustwide/rustup-home" "-w" "/opt/rustwide/workdir" "-m" "1610612736" "--user" "0:0" "--network" "none" "ghcr.io/rust-lang/crates-build-env/linux@sha256:2788e3201cd34a07e3172128adcd8b3090168a8e3bcc40d7c032b9dda1df7d1c" "/opt/rustwide/cargo-home/bin/cargo" "+1.75.0" "test" "--frozen", kill_on_drop: false }`
[INFO] [stdout] 745a3329d73bd6d807104727f62263194fa1e73651af382ac86acdac188d8521
[INFO] running `Command { std: "docker" "start" "-a" "745a3329d73bd6d807104727f62263194fa1e73651af382ac86acdac188d8521", kill_on_drop: false }`
[INFO] [stderr]     Finished test [unoptimized + debuginfo] target(s) in 0.00s
[INFO] [stderr]      Running unittests src/lib.rs (/opt/rustwide/target/debug/deps/acursor-2862542ec6908b18)
[INFO] [stdout] 
[INFO] [stdout] running 0 tests
[INFO] [stdout] 
[INFO] [stdout] test result: ok. 0 passed; 0 failed; 0 ignored; 0 measured; 0 filtered out; finished in 0.00s
[INFO] [stdout] 
[INFO] [stderr]    Doc-tests acursor
[INFO] [stdout] 
[INFO] [stdout] running 26 tests
[INFO] [stdout] test src/read.rs - read::ReadBytes::read_i64 (line 59) ... FAILED
[INFO] [stdout] test src/read.rs - read::ReadBytes::read_f64 (line 64) ... FAILED
[INFO] [stdout] test src/read.rs - read::ReadBytes::read_i16 (line 55) ... FAILED
[INFO] [stdout] test src/read.rs - read::ReadBytes::read_i8 (line 53) ... FAILED
[INFO] [stdout] test src/read.rs - read::ReadBytes::read_f32 (line 63) ... FAILED
[INFO] [stdout] test src/read.rs - read::ReadBytes::read_i128 (line 61) ... FAILED
[INFO] [stdout] test src/read.rs - read::ReadBytes::read_i32 (line 57) ... FAILED
[INFO] [stdout] test src/read.rs - read::ReadBytes::read_string (line 66) ... FAILED
[INFO] [stdout] test src/read.rs - read::ReadBytes::read_u64 (line 58) ... FAILED
[INFO] [stdout] test src/read.rs - read::ReadBytes::read_u128 (line 60) ... FAILED
[INFO] [stdout] test src/read.rs - read::ReadBytes::read_u16 (line 54) ... FAILED
[INFO] [stdout] test src/read.rs - read::ReadBytes::read_u32 (line 56) ... FAILED
[INFO] [stdout] test src/write.rs - write::WriteBytes::write_i128 (line 59) ... FAILED
[INFO] [stdout] test src/write.rs - write::WriteBytes::write_f64 (line 62) ... FAILED
[INFO] [stdout] test src/write.rs - write::WriteBytes::write_f32 (line 61) ... FAILED
[INFO] [stdout] test src/read.rs - read::ReadBytes::read_u8 (line 52) ... FAILED
[INFO] [stdout] test src/write.rs - write::WriteBytes::write_i8 (line 51) ... FAILED
[INFO] [stdout] test src/write.rs - write::WriteBytes::write_i32 (line 55) ... FAILED
[INFO] [stdout] test src/write.rs - write::WriteBytes::write_i16 (line 53) ... FAILED
[INFO] [stdout] test src/write.rs - write::WriteBytes::write_u128 (line 58) ... FAILED
[INFO] [stdout] test src/write.rs - write::WriteBytes::write_string (line 64) ... FAILED
[INFO] [stdout] test src/write.rs - write::WriteBytes::write_i64 (line 57) ... FAILED
[INFO] [stdout] test src/write.rs - write::WriteBytes::write_u16 (line 52) ... FAILED
[INFO] [stdout] test src/write.rs - write::WriteBytes::write_u32 (line 54) ... FAILED
[INFO] [stdout] test src/write.rs - write::WriteBytes::write_u8 (line 50) ... FAILED
[INFO] [stdout] test src/write.rs - write::WriteBytes::write_u64 (line 56) ... FAILED
[INFO] [stdout] 
[INFO] [stdout] failures:
[INFO] [stdout] 
[INFO] [stdout] ---- src/read.rs - read::ReadBytes::read_i64 (line 59) stdout ----
[INFO] [stdout] error[E0412]: cannot find type `Cursor` in this scope
[INFO] [stdout]  --> src/read.rs:60:17
[INFO] [stdout]   |
[INFO] [stdout] 3 | let mut cursor: Cursor<Vec<u8>> = Cursor::new(Vec::new());
[INFO] [stdout]   |                 ^^^^^^ not found in this scope
[INFO] [stdout]   |
[INFO] [stdout] help: consider importing one of these items
[INFO] [stdout]   |
[INFO] [stdout] 2 + use std::collections::btree_map::Cursor;
[INFO] [stdout]   |
[INFO] [stdout] 2 + use std::collections::linked_list::Cursor;
[INFO] [stdout]   |
[INFO] [stdout] 2 + use std::io::Cursor;
[INFO] [stdout]   |
[INFO] [stdout] 
[INFO] [stdout] error[E0433]: failed to resolve: use of undeclared type `Cursor`
[INFO] [stdout]  --> src/read.rs:60:35
[INFO] [stdout]   |
[INFO] [stdout] 3 | let mut cursor: Cursor<Vec<u8>> = Cursor::new(Vec::new());
[INFO] [stdout]   |                                   ^^^^^^ use of undeclared type `Cursor`
[INFO] [stdout]   |
[INFO] [stdout] help: consider importing one of these items
[INFO] [stdout]   |
[INFO] [stdout] 2 + use std::collections::btree_map::Cursor;
[INFO] [stdout]   |
[INFO] [stdout] 2 + use std::collections::linked_list::Cursor;
[INFO] [stdout]   |
[INFO] [stdout] 2 + use std::io::Cursor;
[INFO] [stdout]   |
[INFO] [stdout] 
[INFO] [stdout] error: aborting due to 2 previous errors
[INFO] [stdout] 
[INFO] [stdout] Some errors have detailed explanations: E0412, E0433.
[INFO] [stdout] For more information about an error, try `rustc --explain E0412`.
[INFO] [stdout] Couldn't compile the test.
[INFO] [stdout] ---- src/read.rs - read::ReadBytes::read_f64 (line 64) stdout ----
[INFO] [stdout] error[E0412]: cannot find type `Cursor` in this scope
[INFO] [stdout]  --> src/read.rs:65:17
[INFO] [stdout]   |
[INFO] [stdout] 3 | let mut cursor: Cursor<Vec<u8>> = Cursor::new(Vec::new());
[INFO] [stdout]   |                 ^^^^^^ not found in this scope
[INFO] [stdout]   |
[INFO] [stdout] help: consider importing one of these items
[INFO] [stdout]   |
[INFO] [stdout] 2 + use std::collections::btree_map::Cursor;
[INFO] [stdout]   |
[INFO] [stdout] 2 + use std::collections::linked_list::Cursor;
[INFO] [stdout]   |
[INFO] [stdout] 2 + use std::io::Cursor;
[INFO] [stdout]   |
[INFO] [stdout] 
[INFO] [stdout] error[E0433]: failed to resolve: use of undeclared type `Cursor`
[INFO] [stdout]  --> src/read.rs:65:35
[INFO] [stdout]   |
[INFO] [stdout] 3 | let mut cursor: Cursor<Vec<u8>> = Cursor::new(Vec::new());
[INFO] [stdout]   |                                   ^^^^^^ use of undeclared type `Cursor`
[INFO] [stdout]   |
[INFO] [stdout] help: consider importing one of these items
[INFO] [stdout]   |
[INFO] [stdout] 2 + use std::collections::btree_map::Cursor;
[INFO] [stdout]   |
[INFO] [stdout] 2 + use std::collections::linked_list::Cursor;
[INFO] [stdout]   |
[INFO] [stdout] 2 + use std::io::Cursor;
[INFO] [stdout]   |
[INFO] [stdout] 
[INFO] [stdout] error: aborting due to 2 previous errors
[INFO] [stdout] 
[INFO] [stdout] Some errors have detailed explanations: E0412, E0433.
[INFO] [stdout] For more information about an error, try `rustc --explain E0412`.
[INFO] [stdout] Couldn't compile the test.
[INFO] [stdout] ---- src/read.rs - read::ReadBytes::read_i16 (line 55) stdout ----
[INFO] [stdout] error[E0412]: cannot find type `Cursor` in this scope
[INFO] [stdout]  --> src/read.rs:56:17
[INFO] [stdout]   |
[INFO] [stdout] 3 | let mut cursor: Cursor<Vec<u8>> = Cursor::new(Vec::new());
[INFO] [stdout]   |                 ^^^^^^ not found in this scope
[INFO] [stdout]   |
[INFO] [stdout] help: consider importing one of these items
[INFO] [stdout]   |
[INFO] [stdout] 2 + use std::collections::btree_map::Cursor;
[INFO] [stdout]   |
[INFO] [stdout] 2 + use std::collections::linked_list::Cursor;
[INFO] [stdout]   |
[INFO] [stdout] 2 + use std::io::Cursor;
[INFO] [stdout]   |
[INFO] [stdout] 
[INFO] [stdout] error[E0433]: failed to resolve: use of undeclared type `Cursor`
[INFO] [stdout]  --> src/read.rs:56:35
[INFO] [stdout]   |
[INFO] [stdout] 3 | let mut cursor: Cursor<Vec<u8>> = Cursor::new(Vec::new());
[INFO] [stdout]   |                                   ^^^^^^ use of undeclared type `Cursor`
[INFO] [stdout]   |
[INFO] [stdout] help: consider importing one of these items
[INFO] [stdout]   |
[INFO] [stdout] 2 + use std::collections::btree_map::Cursor;
[INFO] [stdout]   |
[INFO] [stdout] 2 + use std::collections::linked_list::Cursor;
[INFO] [stdout]   |
[INFO] [stdout] 2 + use std::io::Cursor;
[INFO] [stdout]   |
[INFO] [stdout] 
[INFO] [stdout] error: aborting due to 2 previous errors
[INFO] [stdout] 
[INFO] [stdout] Some errors have detailed explanations: E0412, E0433.
[INFO] [stdout] For more information about an error, try `rustc --explain E0412`.
[INFO] [stdout] Couldn't compile the test.
[INFO] [stdout] ---- src/read.rs - read::ReadBytes::read_i8 (line 53) stdout ----
[INFO] [stdout] error[E0412]: cannot find type `Cursor` in this scope
[INFO] [stdout]  --> src/read.rs:54:17
[INFO] [stdout]   |
[INFO] [stdout] 3 | let mut cursor: Cursor<Vec<u8>> = Cursor::new(Vec::new());
[INFO] [stdout]   |                 ^^^^^^ not found in this scope
[INFO] [stdout]   |
[INFO] [stdout] help: consider importing one of these items
[INFO] [stdout]   |
[INFO] [stdout] 2 + use std::collections::btree_map::Cursor;
[INFO] [stdout]   |
[INFO] [stdout] 2 + use std::collections::linked_list::Cursor;
[INFO] [stdout]   |
[INFO] [stdout] 2 + use std::io::Cursor;
[INFO] [stdout]   |
[INFO] [stdout] 
[INFO] [stdout] error[E0433]: failed to resolve: use of undeclared type `Cursor`
[INFO] [stdout]  --> src/read.rs:54:35
[INFO] [stdout]   |
[INFO] [stdout] 3 | let mut cursor: Cursor<Vec<u8>> = Cursor::new(Vec::new());
[INFO] [stdout]   |                                   ^^^^^^ use of undeclared type `Cursor`
[INFO] [stdout]   |
[INFO] [stdout] help: consider importing one of these items
[INFO] [stdout]   |
[INFO] [stdout] 2 + use std::collections::btree_map::Cursor;
[INFO] [stdout]   |
[INFO] [stdout] 2 + use std::collections::linked_list::Cursor;
[INFO] [stdout]   |
[INFO] [stdout] 2 + use std::io::Cursor;
[INFO] [stdout]   |
[INFO] [stdout] 
[INFO] [stdout] error: aborting due to 2 previous errors
[INFO] [stdout] 
[INFO] [stdout] Some errors have detailed explanations: E0412, E0433.
[INFO] [stdout] For more information about an error, try `rustc --explain E0412`.
[INFO] [stdout] Couldn't compile the test.
[INFO] [stdout] ---- src/read.rs - read::ReadBytes::read_f32 (line 63) stdout ----
[INFO] [stdout] error[E0412]: cannot find type `Cursor` in this scope
[INFO] [stdout]  --> src/read.rs:64:17
[INFO] [stdout]   |
[INFO] [stdout] 3 | let mut cursor: Cursor<Vec<u8>> = Cursor::new(Vec::new());
[INFO] [stdout]   |                 ^^^^^^ not found in this scope
[INFO] [stdout]   |
[INFO] [stdout] help: consider importing one of these items
[INFO] [stdout]   |
[INFO] [stdout] 2 + use std::collections::btree_map::Cursor;
[INFO] [stdout]   |
[INFO] [stdout] 2 + use std::collections::linked_list::Cursor;
[INFO] [stdout]   |
[INFO] [stdout] 2 + use std::io::Cursor;
[INFO] [stdout]   |
[INFO] [stdout] 
[INFO] [stdout] error[E0433]: failed to resolve: use of undeclared type `Cursor`
[INFO] [stdout]  --> src/read.rs:64:35
[INFO] [stdout]   |
[INFO] [stdout] 3 | let mut cursor: Cursor<Vec<u8>> = Cursor::new(Vec::new());
[INFO] [stdout]   |                                   ^^^^^^ use of undeclared type `Cursor`
[INFO] [stdout]   |
[INFO] [stdout] help: consider importing one of these items
[INFO] [stdout]   |
[INFO] [stdout] 2 + use std::collections::btree_map::Cursor;
[INFO] [stdout]   |
[INFO] [stdout] 2 + use std::collections::linked_list::Cursor;
[INFO] [stdout]   |
[INFO] [stdout] 2 + use std::io::Cursor;
[INFO] [stdout]   |
[INFO] [stdout] 
[INFO] [stdout] error: aborting due to 2 previous errors
[INFO] [stdout] 
[INFO] [stdout] Some errors have detailed explanations: E0412, E0433.
[INFO] [stdout] For more information about an error, try `rustc --explain E0412`.
[INFO] [stdout] Couldn't compile the test.
[INFO] [stdout] ---- src/read.rs - read::ReadBytes::read_i128 (line 61) stdout ----
[INFO] [stdout] error[E0412]: cannot find type `Cursor` in this scope
[INFO] [stdout]  --> src/read.rs:62:17
[INFO] [stdout]   |
[INFO] [stdout] 3 | let mut cursor: Cursor<Vec<u8>> = Cursor::new(Vec::new());
[INFO] [stdout]   |                 ^^^^^^ not found in this scope
[INFO] [stdout]   |
[INFO] [stdout] help: consider importing one of these items
[INFO] [stdout]   |
[INFO] [stdout] 2 + use std::collections::btree_map::Cursor;
[INFO] [stdout]   |
[INFO] [stdout] 2 + use std::collections::linked_list::Cursor;
[INFO] [stdout]   |
[INFO] [stdout] 2 + use std::io::Cursor;
[INFO] [stdout]   |
[INFO] [stdout] 
[INFO] [stdout] error[E0433]: failed to resolve: use of undeclared type `Cursor`
[INFO] [stdout]  --> src/read.rs:62:35
[INFO] [stdout]   |
[INFO] [stdout] 3 | let mut cursor: Cursor<Vec<u8>> = Cursor::new(Vec::new());
[INFO] [stdout]   |                                   ^^^^^^ use of undeclared type `Cursor`
[INFO] [stdout]   |
[INFO] [stdout] help: consider importing one of these items
[INFO] [stdout]   |
[INFO] [stdout] 2 + use std::collections::btree_map::Cursor;
[INFO] [stdout]   |
[INFO] [stdout] 2 + use std::collections::linked_list::Cursor;
[INFO] [stdout]   |
[INFO] [stdout] 2 + use std::io::Cursor;
[INFO] [stdout]   |
[INFO] [stdout] 
[INFO] [stdout] error: aborting due to 2 previous errors
[INFO] [stdout] 
[INFO] [stdout] Some errors have detailed explanations: E0412, E0433.
[INFO] [stdout] For more information about an error, try `rustc --explain E0412`.
[INFO] [stdout] Couldn't compile the test.
[INFO] [stdout] ---- src/read.rs - read::ReadBytes::read_i32 (line 57) stdout ----
[INFO] [stdout] error[E0412]: cannot find type `Cursor` in this scope
[INFO] [stdout]  --> src/read.rs:58:17
[INFO] [stdout]   |
[INFO] [stdout] 3 | let mut cursor: Cursor<Vec<u8>> = Cursor::new(Vec::new());
[INFO] [stdout]   |                 ^^^^^^ not found in this scope
[INFO] [stdout]   |
[INFO] [stdout] help: consider importing one of these items
[INFO] [stdout]   |
[INFO] [stdout] 2 + use std::collections::btree_map::Cursor;
[INFO] [stdout]   |
[INFO] [stdout] 2 + use std::collections::linked_list::Cursor;
[INFO] [stdout]   |
[INFO] [stdout] 2 + use std::io::Cursor;
[INFO] [stdout]   |
[INFO] [stdout] 
[INFO] [stdout] error[E0433]: failed to resolve: use of undeclared type `Cursor`
[INFO] [stdout]  --> src/read.rs:58:35
[INFO] [stdout]   |
[INFO] [stdout] 3 | let mut cursor: Cursor<Vec<u8>> = Cursor::new(Vec::new());
[INFO] [stdout]   |                                   ^^^^^^ use of undeclared type `Cursor`
[INFO] [stdout]   |
[INFO] [stdout] help: consider importing one of these items
[INFO] [stdout]   |
[INFO] [stdout] 2 + use std::collections::btree_map::Cursor;
[INFO] [stdout]   |
[INFO] [stdout] 2 + use std::collections::linked_list::Cursor;
[INFO] [stdout]   |
[INFO] [stdout] 2 + use std::io::Cursor;
[INFO] [stdout]   |
[INFO] [stdout] 
[INFO] [stdout] error: aborting due to 2 previous errors
[INFO] [stdout] 
[INFO] [stdout] Some errors have detailed explanations: E0412, E0433.
[INFO] [stdout] For more information about an error, try `rustc --explain E0412`.
[INFO] [stdout] Couldn't compile the test.
[INFO] [stdout] ---- src/read.rs - read::ReadBytes::read_string (line 66) stdout ----
[INFO] [stdout] error[E0412]: cannot find type `Cursor` in this scope
[INFO] [stdout]  --> src/read.rs:67:17
[INFO] [stdout]   |
[INFO] [stdout] 3 | let mut cursor: Cursor<Vec<u8>> = Cursor::new(Vec::new());
[INFO] [stdout]   |                 ^^^^^^ not found in this scope
[INFO] [stdout]   |
[INFO] [stdout] help: consider importing one of these items
[INFO] [stdout]   |
[INFO] [stdout] 2 + use std::collections::btree_map::Cursor;
[INFO] [stdout]   |
[INFO] [stdout] 2 + use std::collections::linked_list::Cursor;
[INFO] [stdout]   |
[INFO] [stdout] 2 + use std::io::Cursor;
[INFO] [stdout]   |
[INFO] [stdout] 
[INFO] [stdout] error[E0433]: failed to resolve: use of undeclared type `Cursor`
[INFO] [stdout]  --> src/read.rs:67:35
[INFO] [stdout]   |
[INFO] [stdout] 3 | let mut cursor: Cursor<Vec<u8>> = Cursor::new(Vec::new());
[INFO] [stdout]   |                                   ^^^^^^ use of undeclared type `Cursor`
[INFO] [stdout]   |
[INFO] [stdout] help: consider importing one of these items
[INFO] [stdout]   |
[INFO] [stdout] 2 + use std::collections::btree_map::Cursor;
[INFO] [stdout]   |
[INFO] [stdout] 2 + use std::collections::linked_list::Cursor;
[INFO] [stdout]   |
[INFO] [stdout] 2 + use std::io::Cursor;
[INFO] [stdout]   |
[INFO] [stdout] 
[INFO] [stdout] error: aborting due to 2 previous errors
[INFO] [stdout] 
[INFO] [stdout] Some errors have detailed explanations: E0412, E0433.
[INFO] [stdout] For more information about an error, try `rustc --explain E0412`.
[INFO] [stdout] Couldn't compile the test.
[INFO] [stdout] ---- src/read.rs - read::ReadBytes::read_u64 (line 58) stdout ----
[INFO] [stdout] error[E0412]: cannot find type `Cursor` in this scope
[INFO] [stdout]  --> src/read.rs:59:17
[INFO] [stdout]   |
[INFO] [stdout] 3 | let mut cursor: Cursor<Vec<u8>> = Cursor::new(Vec::new());
[INFO] [stdout]   |                 ^^^^^^ not found in this scope
[INFO] [stdout]   |
[INFO] [stdout] help: consider importing one of these items
[INFO] [stdout]   |
[INFO] [stdout] 2 + use std::collections::btree_map::Cursor;
[INFO] [stdout]   |
[INFO] [stdout] 2 + use std::collections::linked_list::Cursor;
[INFO] [stdout]   |
[INFO] [stdout] 2 + use std::io::Cursor;
[INFO] [stdout]   |
[INFO] [stdout] 
[INFO] [stdout] error[E0433]: failed to resolve: use of undeclared type `Cursor`
[INFO] [stdout]  --> src/read.rs:59:35
[INFO] [stdout]   |
[INFO] [stdout] 3 | let mut cursor: Cursor<Vec<u8>> = Cursor::new(Vec::new());
[INFO] [stdout]   |                                   ^^^^^^ use of undeclared type `Cursor`
[INFO] [stdout]   |
[INFO] [stdout] help: consider importing one of these items
[INFO] [stdout]   |
[INFO] [stdout] 2 + use std::collections::btree_map::Cursor;
[INFO] [stdout]   |
[INFO] [stdout] 2 + use std::collections::linked_list::Cursor;
[INFO] [stdout]   |
[INFO] [stdout] 2 + use std::io::Cursor;
[INFO] [stdout]   |
[INFO] [stdout] 
[INFO] [stdout] error: aborting due to 2 previous errors
[INFO] [stdout] 
[INFO] [stdout] Some errors have detailed explanations: E0412, E0433.
[INFO] [stdout] For more information about an error, try `rustc --explain E0412`.
[INFO] [stdout] Couldn't compile the test.
[INFO] [stdout] ---- src/read.rs - read::ReadBytes::read_u128 (line 60) stdout ----
[INFO] [stdout] error[E0412]: cannot find type `Cursor` in this scope
[INFO] [stdout]  --> src/read.rs:61:17
[INFO] [stdout]   |
[INFO] [stdout] 3 | let mut cursor: Cursor<Vec<u8>> = Cursor::new(Vec::new());
[INFO] [stdout]   |                 ^^^^^^ not found in this scope
[INFO] [stdout]   |
[INFO] [stdout] help: consider importing one of these items
[INFO] [stdout]   |
[INFO] [stdout] 2 + use std::collections::btree_map::Cursor;
[INFO] [stdout]   |
[INFO] [stdout] 2 + use std::collections::linked_list::Cursor;
[INFO] [stdout]   |
[INFO] [stdout] 2 + use std::io::Cursor;
[INFO] [stdout]   |
[INFO] [stdout] 
[INFO] [stdout] error[E0433]: failed to resolve: use of undeclared type `Cursor`
[INFO] [stdout]  --> src/read.rs:61:35
[INFO] [stdout]   |
[INFO] [stdout] 3 | let mut cursor: Cursor<Vec<u8>> = Cursor::new(Vec::new());
[INFO] [stdout]   |                                   ^^^^^^ use of undeclared type `Cursor`
[INFO] [stdout]   |
[INFO] [stdout] help: consider importing one of these items
[INFO] [stdout]   |
[INFO] [stdout] 2 + use std::collections::btree_map::Cursor;
[INFO] [stdout]   |
[INFO] [stdout] 2 + use std::collections::linked_list::Cursor;
[INFO] [stdout]   |
[INFO] [stdout] 2 + use std::io::Cursor;
[INFO] [stdout]   |
[INFO] [stdout] 
[INFO] [stdout] error: aborting due to 2 previous errors
[INFO] [stdout] 
[INFO] [stdout] Some errors have detailed explanations: E0412, E0433.
[INFO] [stdout] For more information about an error, try `rustc --explain E0412`.
[INFO] [stdout] Couldn't compile the test.
[INFO] [stdout] ---- src/read.rs - read::ReadBytes::read_u16 (line 54) stdout ----
[INFO] [stdout] error[E0412]: cannot find type `Cursor` in this scope
[INFO] [stdout]  --> src/read.rs:55:17
[INFO] [stdout]   |
[INFO] [stdout] 3 | let mut cursor: Cursor<Vec<u8>> = Cursor::new(Vec::new());
[INFO] [stdout]   |                 ^^^^^^ not found in this scope
[INFO] [stdout]   |
[INFO] [stdout] help: consider importing one of these items
[INFO] [stdout]   |
[INFO] [stdout] 2 + use std::collections::btree_map::Cursor;
[INFO] [stdout]   |
[INFO] [stdout] 2 + use std::collections::linked_list::Cursor;
[INFO] [stdout]   |
[INFO] [stdout] 2 + use std::io::Cursor;
[INFO] [stdout]   |
[INFO] [stdout] 
[INFO] [stdout] error[E0433]: failed to resolve: use of undeclared type `Cursor`
[INFO] [stdout]  --> src/read.rs:55:35
[INFO] [stdout]   |
[INFO] [stdout] 3 | let mut cursor: Cursor<Vec<u8>> = Cursor::new(Vec::new());
[INFO] [stdout]   |                                   ^^^^^^ use of undeclared type `Cursor`
[INFO] [stdout]   |
[INFO] [stdout] help: consider importing one of these items
[INFO] [stdout]   |
[INFO] [stdout] 2 + use std::collections::btree_map::Cursor;
[INFO] [stdout]   |
[INFO] [stdout] 2 + use std::collections::linked_list::Cursor;
[INFO] [stdout]   |
[INFO] [stdout] 2 + use std::io::Cursor;
[INFO] [stdout]   |
[INFO] [stdout] 
[INFO] [stdout] error: aborting due to 2 previous errors
[INFO] [stdout] 
[INFO] [stdout] Some errors have detailed explanations: E0412, E0433.
[INFO] [stdout] For more information about an error, try `rustc --explain E0412`.
[INFO] [stdout] Couldn't compile the test.
[INFO] [stdout] ---- src/read.rs - read::ReadBytes::read_u32 (line 56) stdout ----
[INFO] [stdout] error[E0412]: cannot find type `Cursor` in this scope
[INFO] [stdout]  --> src/read.rs:57:17
[INFO] [stdout]   |
[INFO] [stdout] 3 | let mut cursor: Cursor<Vec<u8>> = Cursor::new(Vec::new());
[INFO] [stdout]   |                 ^^^^^^ not found in this scope
[INFO] [stdout]   |
[INFO] [stdout] help: consider importing one of these items
[INFO] [stdout]   |
[INFO] [stdout] 2 + use std::collections::btree_map::Cursor;
[INFO] [stdout]   |
[INFO] [stdout] 2 + use std::collections::linked_list::Cursor;
[INFO] [stdout]   |
[INFO] [stdout] 2 + use std::io::Cursor;
[INFO] [stdout]   |
[INFO] [stdout] 
[INFO] [stdout] error[E0433]: failed to resolve: use of undeclared type `Cursor`
[INFO] [stdout]  --> src/read.rs:57:35
[INFO] [stdout]   |
[INFO] [stdout] 3 | let mut cursor: Cursor<Vec<u8>> = Cursor::new(Vec::new());
[INFO] [stdout]   |                                   ^^^^^^ use of undeclared type `Cursor`
[INFO] [stdout]   |
[INFO] [stdout] help: consider importing one of these items
[INFO] [stdout]   |
[INFO] [stdout] 2 + use std::collections::btree_map::Cursor;
[INFO] [stdout]   |
[INFO] [stdout] 2 + use std::collections::linked_list::Cursor;
[INFO] [stdout]   |
[INFO] [stdout] 2 + use std::io::Cursor;
[INFO] [stdout]   |
[INFO] [stdout] 
[INFO] [stdout] error: aborting due to 2 previous errors
[INFO] [stdout] 
[INFO] [stdout] Some errors have detailed explanations: E0412, E0433.
[INFO] [stdout] For more information about an error, try `rustc --explain E0412`.
[INFO] [stdout] Couldn't compile the test.
[INFO] [stdout] ---- src/write.rs - write::WriteBytes::write_i128 (line 59) stdout ----
[INFO] [stdout] error[E0412]: cannot find type `Cursor` in this scope
[INFO] [stdout]  --> src/write.rs:60:17
[INFO] [stdout]   |
[INFO] [stdout] 3 | let mut cursor: Cursor<Vec<u8>> = Cursor::new(Vec::new());
[INFO] [stdout]   |                 ^^^^^^ not found in this scope
[INFO] [stdout]   |
[INFO] [stdout] help: consider importing one of these items
[INFO] [stdout]   |
[INFO] [stdout] 2 + use std::collections::btree_map::Cursor;
[INFO] [stdout]   |
[INFO] [stdout] 2 + use std::collections::linked_list::Cursor;
[INFO] [stdout]   |
[INFO] [stdout] 2 + use std::io::Cursor;
[INFO] [stdout]   |
[INFO] [stdout] 
[INFO] [stdout] error[E0433]: failed to resolve: use of undeclared type `Cursor`
[INFO] [stdout]  --> src/write.rs:60:35
[INFO] [stdout]   |
[INFO] [stdout] 3 | let mut cursor: Cursor<Vec<u8>> = Cursor::new(Vec::new());
[INFO] [stdout]   |                                   ^^^^^^ use of undeclared type `Cursor`
[INFO] [stdout]   |
[INFO] [stdout] help: consider importing one of these items
[INFO] [stdout]   |
[INFO] [stdout] 2 + use std::collections::btree_map::Cursor;
[INFO] [stdout]   |
[INFO] [stdout] 2 + use std::collections::linked_list::Cursor;
[INFO] [stdout]   |
[INFO] [stdout] 2 + use std::io::Cursor;
[INFO] [stdout]   |
[INFO] [stdout] 
[INFO] [stdout] error: aborting due to 2 previous errors
[INFO] [stdout] 
[INFO] [stdout] Some errors have detailed explanations: E0412, E0433.
[INFO] [stdout] For more information about an error, try `rustc --explain E0412`.
[INFO] [stdout] Couldn't compile the test.
[INFO] [stdout] ---- src/write.rs - write::WriteBytes::write_f64 (line 62) stdout ----
[INFO] [stdout] error[E0412]: cannot find type `Cursor` in this scope
[INFO] [stdout]  --> src/write.rs:63:17
[INFO] [stdout]   |
[INFO] [stdout] 3 | let mut cursor: Cursor<Vec<u8>> = Cursor::new(Vec::new());
[INFO] [stdout]   |                 ^^^^^^ not found in this scope
[INFO] [stdout]   |
[INFO] [stdout] help: consider importing one of these items
[INFO] [stdout]   |
[INFO] [stdout] 2 + use std::collections::btree_map::Cursor;
[INFO] [stdout]   |
[INFO] [stdout] 2 + use std::collections::linked_list::Cursor;
[INFO] [stdout]   |
[INFO] [stdout] 2 + use std::io::Cursor;
[INFO] [stdout]   |
[INFO] [stdout] 
[INFO] [stdout] error[E0433]: failed to resolve: use of undeclared type `Cursor`
[INFO] [stdout]  --> src/write.rs:63:35
[INFO] [stdout]   |
[INFO] [stdout] 3 | let mut cursor: Cursor<Vec<u8>> = Cursor::new(Vec::new());
[INFO] [stdout]   |                                   ^^^^^^ use of undeclared type `Cursor`
[INFO] [stdout]   |
[INFO] [stdout] help: consider importing one of these items
[INFO] [stdout]   |
[INFO] [stdout] 2 + use std::collections::btree_map::Cursor;
[INFO] [stdout]   |
[INFO] [stdout] 2 + use std::collections::linked_list::Cursor;
[INFO] [stdout]   |
[INFO] [stdout] 2 + use std::io::Cursor;
[INFO] [stdout]   |
[INFO] [stdout] 
[INFO] [stdout] error: aborting due to 2 previous errors
[INFO] [stdout] 
[INFO] [stdout] Some errors have detailed explanations: E0412, E0433.
[INFO] [stdout] For more information about an error, try `rustc --explain E0412`.
[INFO] [stdout] Couldn't compile the test.
[INFO] [stdout] ---- src/write.rs - write::WriteBytes::write_f32 (line 61) stdout ----
[INFO] [stdout] error[E0412]: cannot find type `Cursor` in this scope
[INFO] [stdout]  --> src/write.rs:62:17
[INFO] [stdout]   |
[INFO] [stdout] 3 | let mut cursor: Cursor<Vec<u8>> = Cursor::new(Vec::new());
[INFO] [stdout]   |                 ^^^^^^ not found in this scope
[INFO] [stdout]   |
[INFO] [stdout] help: consider importing one of these items
[INFO] [stdout]   |
[INFO] [stdout] 2 + use std::collections::btree_map::Cursor;
[INFO] [stdout]   |
[INFO] [stdout] 2 + use std::collections::linked_list::Cursor;
[INFO] [stdout]   |
[INFO] [stdout] 2 + use std::io::Cursor;
[INFO] [stdout]   |
[INFO] [stdout] 
[INFO] [stdout] error[E0433]: failed to resolve: use of undeclared type `Cursor`
[INFO] [stdout]  --> src/write.rs:62:35
[INFO] [stdout]   |
[INFO] [stdout] 3 | let mut cursor: Cursor<Vec<u8>> = Cursor::new(Vec::new());
[INFO] [stdout]   |                                   ^^^^^^ use of undeclared type `Cursor`
[INFO] [stdout]   |
[INFO] [stdout] help: consider importing one of these items
[INFO] [stdout]   |
[INFO] [stdout] 2 + use std::collections::btree_map::Cursor;
[INFO] [stdout]   |
[INFO] [stdout] 2 + use std::collections::linked_list::Cursor;
[INFO] [stdout]   |
[INFO] [stdout] 2 + use std::io::Cursor;
[INFO] [stdout]   |
[INFO] [stdout] 
[INFO] [stdout] error: aborting due to 2 previous errors
[INFO] [stdout] 
[INFO] [stdout] Some errors have detailed explanations: E0412, E0433.
[INFO] [stdout] For more information about an error, try `rustc --explain E0412`.
[INFO] [stdout] Couldn't compile the test.
[INFO] [stdout] ---- src/read.rs - read::ReadBytes::read_u8 (line 52) stdout ----
[INFO] [stdout] error[E0412]: cannot find type `Cursor` in this scope
[INFO] [stdout]  --> src/read.rs:53:17
[INFO] [stdout]   |
[INFO] [stdout] 3 | let mut cursor: Cursor<Vec<u8>> = Cursor::new(Vec::new());
[INFO] [stdout]   |                 ^^^^^^ not found in this scope
[INFO] [stdout]   |
[INFO] [stdout] help: consider importing one of these items
[INFO] [stdout]   |
[INFO] [stdout] 2 + use std::collections::btree_map::Cursor;
[INFO] [stdout]   |
[INFO] [stdout] 2 + use std::collections::linked_list::Cursor;
[INFO] [stdout]   |
[INFO] [stdout] 2 + use std::io::Cursor;
[INFO] [stdout]   |
[INFO] [stdout] 
[INFO] [stdout] error[E0433]: failed to resolve: use of undeclared type `Cursor`
[INFO] [stdout]  --> src/read.rs:53:35
[INFO] [stdout]   |
[INFO] [stdout] 3 | let mut cursor: Cursor<Vec<u8>> = Cursor::new(Vec::new());
[INFO] [stdout]   |                                   ^^^^^^ use of undeclared type `Cursor`
[INFO] [stdout]   |
[INFO] [stdout] help: consider importing one of these items
[INFO] [stdout]   |
[INFO] [stdout] 2 + use std::collections::btree_map::Cursor;
[INFO] [stdout]   |
[INFO] [stdout] 2 + use std::collections::linked_list::Cursor;
[INFO] [stdout]   |
[INFO] [stdout] 2 + use std::io::Cursor;
[INFO] [stdout]   |
[INFO] [stdout] 
[INFO] [stdout] error: aborting due to 2 previous errors
[INFO] [stdout] 
[INFO] [stdout] Some errors have detailed explanations: E0412, E0433.
[INFO] [stdout] For more information about an error, try `rustc --explain E0412`.
[INFO] [stdout] Couldn't compile the test.
[INFO] [stdout] ---- src/write.rs - write::WriteBytes::write_i8 (line 51) stdout ----
[INFO] [stdout] error[E0412]: cannot find type `Cursor` in this scope
[INFO] [stdout]  --> src/write.rs:52:17
[INFO] [stdout]   |
[INFO] [stdout] 3 | let mut cursor: Cursor<Vec<u8>> = Cursor::new(Vec::new());
[INFO] [stdout]   |                 ^^^^^^ not found in this scope
[INFO] [stdout]   |
[INFO] [stdout] help: consider importing one of these items
[INFO] [stdout]   |
[INFO] [stdout] 2 + use std::collections::btree_map::Cursor;
[INFO] [stdout]   |
[INFO] [stdout] 2 + use std::collections::linked_list::Cursor;
[INFO] [stdout]   |
[INFO] [stdout] 2 + use std::io::Cursor;
[INFO] [stdout]   |
[INFO] [stdout] 
[INFO] [stdout] error[E0433]: failed to resolve: use of undeclared type `Cursor`
[INFO] [stdout]  --> src/write.rs:52:35
[INFO] [stdout]   |
[INFO] [stdout] 3 | let mut cursor: Cursor<Vec<u8>> = Cursor::new(Vec::new());
[INFO] [stdout]   |                                   ^^^^^^ use of undeclared type `Cursor`
[INFO] [stdout]   |
[INFO] [stdout] help: consider importing one of these items
[INFO] [stdout]   |
[INFO] [stdout] 2 + use std::collections::btree_map::Cursor;
[INFO] [stdout]   |
[INFO] [stdout] 2 + use std::collections::linked_list::Cursor;
[INFO] [stdout]   |
[INFO] [stdout] 2 + use std::io::Cursor;
[INFO] [stdout]   |
[INFO] [stdout] 
[INFO] [stdout] error: aborting due to 2 previous errors
[INFO] [stdout] 
[INFO] [stdout] Some errors have detailed explanations: E0412, E0433.
[INFO] [stdout] For more information about an error, try `rustc --explain E0412`.
[INFO] [stdout] Couldn't compile the test.
[INFO] [stdout] ---- src/write.rs - write::WriteBytes::write_i32 (line 55) stdout ----
[INFO] [stdout] error[E0412]: cannot find type `Cursor` in this scope
[INFO] [stdout]  --> src/write.rs:56:17
[INFO] [stdout]   |
[INFO] [stdout] 3 | let mut cursor: Cursor<Vec<u8>> = Cursor::new(Vec::new());
[INFO] [stdout]   |                 ^^^^^^ not found in this scope
[INFO] [stdout]   |
[INFO] [stdout] help: consider importing one of these items
[INFO] [stdout]   |
[INFO] [stdout] 2 + use std::collections::btree_map::Cursor;
[INFO] [stdout]   |
[INFO] [stdout] 2 + use std::collections::linked_list::Cursor;
[INFO] [stdout]   |
[INFO] [stdout] 2 + use std::io::Cursor;
[INFO] [stdout]   |
[INFO] [stdout] 
[INFO] [stdout] error[E0433]: failed to resolve: use of undeclared type `Cursor`
[INFO] [stdout]  --> src/write.rs:56:35
[INFO] [stdout]   |
[INFO] [stdout] 3 | let mut cursor: Cursor<Vec<u8>> = Cursor::new(Vec::new());
[INFO] [stdout]   |                                   ^^^^^^ use of undeclared type `Cursor`
[INFO] [stdout]   |
[INFO] [stdout] help: consider importing one of these items
[INFO] [stdout]   |
[INFO] [stdout] 2 + use std::collections::btree_map::Cursor;
[INFO] [stdout]   |
[INFO] [stdout] 2 + use std::collections::linked_list::Cursor;
[INFO] [stdout]   |
[INFO] [stdout] 2 + use std::io::Cursor;
[INFO] [stdout]   |
[INFO] [stdout] 
[INFO] [stdout] error: aborting due to 2 previous errors
[INFO] [stdout] 
[INFO] [stdout] Some errors have detailed explanations: E0412, E0433.
[INFO] [stdout] For more information about an error, try `rustc --explain E0412`.
[INFO] [stdout] Couldn't compile the test.
[INFO] [stdout] ---- src/write.rs - write::WriteBytes::write_i16 (line 53) stdout ----
[INFO] [stdout] error[E0412]: cannot find type `Cursor` in this scope
[INFO] [stdout]  --> src/write.rs:54:17
[INFO] [stdout]   |
[INFO] [stdout] 3 | let mut cursor: Cursor<Vec<u8>> = Cursor::new(Vec::new());
[INFO] [stdout]   |                 ^^^^^^ not found in this scope
[INFO] [stdout]   |
[INFO] [stdout] help: consider importing one of these items
[INFO] [stdout]   |
[INFO] [stdout] 2 + use std::collections::btree_map::Cursor;
[INFO] [stdout]   |
[INFO] [stdout] 2 + use std::collections::linked_list::Cursor;
[INFO] [stdout]   |
[INFO] [stdout] 2 + use std::io::Cursor;
[INFO] [stdout]   |
[INFO] [stdout] 
[INFO] [stdout] error[E0433]: failed to resolve: use of undeclared type `Cursor`
[INFO] [stdout]  --> src/write.rs:54:35
[INFO] [stdout]   |
[INFO] [stdout] 3 | let mut cursor: Cursor<Vec<u8>> = Cursor::new(Vec::new());
[INFO] [stdout]   |                                   ^^^^^^ use of undeclared type `Cursor`
[INFO] [stdout]   |
[INFO] [stdout] help: consider importing one of these items
[INFO] [stdout]   |
[INFO] [stdout] 2 + use std::collections::btree_map::Cursor;
[INFO] [stdout]   |
[INFO] [stdout] 2 + use std::collections::linked_list::Cursor;
[INFO] [stdout]   |
[INFO] [stdout] 2 + use std::io::Cursor;
[INFO] [stdout]   |
[INFO] [stdout] 
[INFO] [stdout] error: aborting due to 2 previous errors
[INFO] [stdout] 
[INFO] [stdout] Some errors have detailed explanations: E0412, E0433.
[INFO] [stdout] For more information about an error, try `rustc --explain E0412`.
[INFO] [stdout] Couldn't compile the test.
[INFO] [stdout] ---- src/write.rs - write::WriteBytes::write_u128 (line 58) stdout ----
[INFO] [stdout] error[E0412]: cannot find type `Cursor` in this scope
[INFO] [stdout]  --> src/write.rs:59:17
[INFO] [stdout]   |
[INFO] [stdout] 3 | let mut cursor: Cursor<Vec<u8>> = Cursor::new(Vec::new());
[INFO] [stdout]   |                 ^^^^^^ not found in this scope
[INFO] [stdout]   |
[INFO] [stdout] help: consider importing one of these items
[INFO] [stdout]   |
[INFO] [stdout] 2 + use std::collections::btree_map::Cursor;
[INFO] [stdout]   |
[INFO] [stdout] 2 + use std::collections::linked_list::Cursor;
[INFO] [stdout]   |
[INFO] [stdout] 2 + use std::io::Cursor;
[INFO] [stdout]   |
[INFO] [stdout] 
[INFO] [stdout] error[E0433]: failed to resolve: use of undeclared type `Cursor`
[INFO] [stdout]  --> src/write.rs:59:35
[INFO] [stdout]   |
[INFO] [stdout] 3 | let mut cursor: Cursor<Vec<u8>> = Cursor::new(Vec::new());
[INFO] [stdout]   |                                   ^^^^^^ use of undeclared type `Cursor`
[INFO] [stdout]   |
[INFO] [stdout] help: consider importing one of these items
[INFO] [stdout]   |
[INFO] [stdout] 2 + use std::collections::btree_map::Cursor;
[INFO] [stdout]   |
[INFO] [stdout] 2 + use std::collections::linked_list::Cursor;
[INFO] [stdout]   |
[INFO] [stdout] 2 + use std::io::Cursor;
[INFO] [stdout]   |
[INFO] [stdout] 
[INFO] [stdout] error: aborting due to 2 previous errors
[INFO] [stdout] 
[INFO] [stdout] Some errors have detailed explanations: E0412, E0433.
[INFO] [stdout] For more information about an error, try `rustc --explain E0412`.
[INFO] [stdout] Couldn't compile the test.
[INFO] [stdout] ---- src/write.rs - write::WriteBytes::write_string (line 64) stdout ----
[INFO] [stdout] error[E0412]: cannot find type `Cursor` in this scope
[INFO] [stdout]  --> src/write.rs:65:17
[INFO] [stdout]   |
[INFO] [stdout] 3 | let mut cursor: Cursor<Vec<u8>> = Cursor::new(Vec::new());
[INFO] [stdout]   |                 ^^^^^^ not found in this scope
[INFO] [stdout]   |
[INFO] [stdout] help: consider importing one of these items
[INFO] [stdout]   |
[INFO] [stdout] 2 + use std::collections::btree_map::Cursor;
[INFO] [stdout]   |
[INFO] [stdout] 2 + use std::collections::linked_list::Cursor;
[INFO] [stdout]   |
[INFO] [stdout] 2 + use std::io::Cursor;
[INFO] [stdout]   |
[INFO] [stdout] 
[INFO] [stdout] error[E0433]: failed to resolve: use of undeclared type `Cursor`
[INFO] [stdout]  --> src/write.rs:65:35
[INFO] [stdout]   |
[INFO] [stdout] 3 | let mut cursor: Cursor<Vec<u8>> = Cursor::new(Vec::new());
[INFO] [stdout]   |                                   ^^^^^^ use of undeclared type `Cursor`
[INFO] [stdout]   |
[INFO] [stdout] help: consider importing one of these items
[INFO] [stdout]   |
[INFO] [stdout] 2 + use std::collections::btree_map::Cursor;
[INFO] [stdout]   |
[INFO] [stdout] 2 + use std::collections::linked_list::Cursor;
[INFO] [stdout]   |
[INFO] [stdout] 2 + use std::io::Cursor;
[INFO] [stdout]   |
[INFO] [stdout] 
[INFO] [stdout] error: aborting due to 2 previous errors
[INFO] [stdout] 
[INFO] [stdout] Some errors have detailed explanations: E0412, E0433.
[INFO] [stdout] For more information about an error, try `rustc --explain E0412`.
[INFO] [stdout] Couldn't compile the test.
[INFO] [stdout] ---- src/write.rs - write::WriteBytes::write_i64 (line 57) stdout ----
[INFO] [stdout] error[E0412]: cannot find type `Cursor` in this scope
[INFO] [stdout]  --> src/write.rs:58:17
[INFO] [stdout]   |
[INFO] [stdout] 3 | let mut cursor: Cursor<Vec<u8>> = Cursor::new(Vec::new());
[INFO] [stdout]   |                 ^^^^^^ not found in this scope
[INFO] [stdout]   |
[INFO] [stdout] help: consider importing one of these items
[INFO] [stdout]   |
[INFO] [stdout] 2 + use std::collections::btree_map::Cursor;
[INFO] [stdout]   |
[INFO] [stdout] 2 + use std::collections::linked_list::Cursor;
[INFO] [stdout]   |
[INFO] [stdout] 2 + use std::io::Cursor;
[INFO] [stdout]   |
[INFO] [stdout] 
[INFO] [stdout] error[E0433]: failed to resolve: use of undeclared type `Cursor`
[INFO] [stdout]  --> src/write.rs:58:35
[INFO] [stdout]   |
[INFO] [stdout] 3 | let mut cursor: Cursor<Vec<u8>> = Cursor::new(Vec::new());
[INFO] [stdout]   |                                   ^^^^^^ use of undeclared type `Cursor`
[INFO] [stdout]   |
[INFO] [stdout] help: consider importing one of these items
[INFO] [stdout]   |
[INFO] [stdout] 2 + use std::collections::btree_map::Cursor;
[INFO] [stdout]   |
[INFO] [stdout] 2 + use std::collections::linked_list::Cursor;
[INFO] [stdout]   |
[INFO] [stdout] 2 + use std::io::Cursor;
[INFO] [stdout]   |
[INFO] [stdout] 
[INFO] [stdout] error: aborting due to 2 previous errors
[INFO] [stdout] 
[INFO] [stdout] Some errors have detailed explanations: E0412, E0433.
[INFO] [stdout] For more information about an error, try `rustc --explain E0412`.
[INFO] [stdout] Couldn't compile the test.
[INFO] [stdout] ---- src/write.rs - write::WriteBytes::write_u16 (line 52) stdout ----
[INFO] [stdout] error[E0412]: cannot find type `Cursor` in this scope
[INFO] [stdout]  --> src/write.rs:53:17
[INFO] [stdout]   |
[INFO] [stdout] 3 | let mut cursor: Cursor<Vec<u8>> = Cursor::new(Vec::new());
[INFO] [stdout]   |                 ^^^^^^ not found in this scope
[INFO] [stdout]   |
[INFO] [stdout] help: consider importing one of these items
[INFO] [stdout]   |
[INFO] [stdout] 2 + use std::collections::btree_map::Cursor;
[INFO] [stdout]   |
[INFO] [stdout] 2 + use std::collections::linked_list::Cursor;
[INFO] [stdout]   |
[INFO] [stdout] 2 + use std::io::Cursor;
[INFO] [stdout]   |
[INFO] [stdout] 
[INFO] [stdout] error[E0433]: failed to resolve: use of undeclared type `Cursor`
[INFO] [stdout]  --> src/write.rs:53:35
[INFO] [stdout]   |
[INFO] [stdout] 3 | let mut cursor: Cursor<Vec<u8>> = Cursor::new(Vec::new());
[INFO] [stdout]   |                                   ^^^^^^ use of undeclared type `Cursor`
[INFO] [stdout]   |
[INFO] [stdout] help: consider importing one of these items
[INFO] [stdout]   |
[INFO] [stdout] 2 + use std::collections::btree_map::Cursor;
[INFO] [stdout]   |
[INFO] [stdout] 2 + use std::collections::linked_list::Cursor;
[INFO] [stdout]   |
[INFO] [stdout] 2 + use std::io::Cursor;
[INFO] [stdout]   |
[INFO] [stdout] 
[INFO] [stdout] error: aborting due to 2 previous errors
[INFO] [stdout] 
[INFO] [stdout] Some errors have detailed explanations: E0412, E0433.
[INFO] [stdout] For more information about an error, try `rustc --explain E0412`.
[INFO] [stdout] Couldn't compile the test.
[INFO] [stdout] ---- src/write.rs - write::WriteBytes::write_u32 (line 54) stdout ----
[INFO] [stdout] error[E0412]: cannot find type `Cursor` in this scope
[INFO] [stdout]  --> src/write.rs:55:17
[INFO] [stdout]   |
[INFO] [stdout] 3 | let mut cursor: Cursor<Vec<u8>> = Cursor::new(Vec::new());
[INFO] [stdout]   |                 ^^^^^^ not found in this scope
[INFO] [stdout]   |
[INFO] [stdout] help: consider importing one of these items
[INFO] [stdout]   |
[INFO] [stdout] 2 + use std::collections::btree_map::Cursor;
[INFO] [stdout]   |
[INFO] [stdout] 2 + use std::collections::linked_list::Cursor;
[INFO] [stdout]   |
[INFO] [stdout] 2 + use std::io::Cursor;
[INFO] [stdout]   |
[INFO] [stdout] 
[INFO] [stdout] error[E0433]: failed to resolve: use of undeclared type `Cursor`
[INFO] [stdout]  --> src/write.rs:55:35
[INFO] [stdout]   |
[INFO] [stdout] 3 | let mut cursor: Cursor<Vec<u8>> = Cursor::new(Vec::new());
[INFO] [stdout]   |                                   ^^^^^^ use of undeclared type `Cursor`
[INFO] [stdout]   |
[INFO] [stdout] help: consider importing one of these items
[INFO] [stdout]   |
[INFO] [stdout] 2 + use std::collections::btree_map::Cursor;
[INFO] [stdout]   |
[INFO] [stdout] 2 + use std::collections::linked_list::Cursor;
[INFO] [stdout]   |
[INFO] [stdout] 2 + use std::io::Cursor;
[INFO] [stdout]   |
[INFO] [stdout] 
[INFO] [stdout] error: aborting due to 2 previous errors
[INFO] [stdout] 
[INFO] [stdout] Some errors have detailed explanations: E0412, E0433.
[INFO] [stdout] For more information about an error, try `rustc --explain E0412`.
[INFO] [stdout] Couldn't compile the test.
[INFO] [stdout] ---- src/write.rs - write::WriteBytes::write_u8 (line 50) stdout ----
[INFO] [stdout] error[E0412]: cannot find type `Cursor` in this scope
[INFO] [stdout]  --> src/write.rs:51:17
[INFO] [stdout]   |
[INFO] [stdout] 3 | let mut cursor: Cursor<Vec<u8>> = Cursor::new(Vec::new());
[INFO] [stdout]   |                 ^^^^^^ not found in this scope
[INFO] [stdout]   |
[INFO] [stdout] help: consider importing one of these items
[INFO] [stdout]   |
[INFO] [stdout] 2 + use std::collections::btree_map::Cursor;
[INFO] [stdout]   |
[INFO] [stdout] 2 + use std::collections::linked_list::Cursor;
[INFO] [stdout]   |
[INFO] [stdout] 2 + use std::io::Cursor;
[INFO] [stdout]   |
[INFO] [stdout] 
[INFO] [stdout] error[E0433]: failed to resolve: use of undeclared type `Cursor`
[INFO] [stdout]  --> src/write.rs:51:35
[INFO] [stdout]   |
[INFO] [stdout] 3 | let mut cursor: Cursor<Vec<u8>> = Cursor::new(Vec::new());
[INFO] [stdout]   |                                   ^^^^^^ use of undeclared type `Cursor`
[INFO] [stdout]   |
[INFO] [stdout] help: consider importing one of these items
[INFO] [stdout]   |
[INFO] [stdout] 2 + use std::collections::btree_map::Cursor;
[INFO] [stdout]   |
[INFO] [stdout] 2 + use std::collections::linked_list::Cursor;
[INFO] [stdout]   |
[INFO] [stdout] 2 + use std::io::Cursor;
[INFO] [stdout]   |
[INFO] [stdout] 
[INFO] [stdout] error: aborting due to 2 previous errors
[INFO] [stdout] 
[INFO] [stdout] Some errors have detailed explanations: E0412, E0433.
[INFO] [stdout] For more information about an error, try `rustc --explain E0412`.
[INFO] [stdout] Couldn't compile the test.
[INFO] [stdout] ---- src/write.rs - write::WriteBytes::write_u64 (line 56) stdout ----
[INFO] [stdout] error[E0412]: cannot find type `Cursor` in this scope
[INFO] [stdout]  --> src/write.rs:57:17
[INFO] [stdout]   |
[INFO] [stdout] 3 | let mut cursor: Cursor<Vec<u8>> = Cursor::new(Vec::new());
[INFO] [stdout]   |                 ^^^^^^ not found in this scope
[INFO] [stdout]   |
[INFO] [stdout] help: consider importing one of these items
[INFO] [stdout]   |
[INFO] [stdout] 2 + use std::collections::btree_map::Cursor;
[INFO] [stdout]   |
[INFO] [stdout] 2 + use std::collections::linked_list::Cursor;
[INFO] [stdout]   |
[INFO] [stdout] 2 + use std::io::Cursor;
[INFO] [stdout]   |
[INFO] [stdout] 
[INFO] [stdout] error[E0433]: failed to resolve: use of undeclared type `Cursor`
[INFO] [stdout]  --> src/write.rs:57:35
[INFO] [stdout]   |
[INFO] [stdout] 3 | let mut cursor: Cursor<Vec<u8>> = Cursor::new(Vec::new());
[INFO] [stdout]   |                                   ^^^^^^ use of undeclared type `Cursor`
[INFO] [stdout]   |
[INFO] [stdout] help: consider importing one of these items
[INFO] [stdout]   |
[INFO] [stdout] 2 + use std::collections::btree_map::Cursor;
[INFO] [stdout]   |
[INFO] [stdout] 2 + use std::collections::linked_list::Cursor;
[INFO] [stdout]   |
[INFO] [stdout] 2 + use std::io::Cursor;
[INFO] [stdout]   |
[INFO] [stdout] 
[INFO] [stdout] error: aborting due to 2 previous errors
[INFO] [stdout] 
[INFO] [stdout] Some errors have detailed explanations: E0412, E0433.
[INFO] [stdout] For more information about an error, try `rustc --explain E0412`.
[INFO] [stdout] Couldn't compile the test.
[INFO] [stdout] 
[INFO] [stdout] failures:
[INFO] [stdout]     src/read.rs - read::ReadBytes::read_f32 (line 63)
[INFO] [stdout]     src/read.rs - read::ReadBytes::read_f64 (line 64)
[INFO] [stdout]     src/read.rs - read::ReadBytes::read_i128 (line 61)
[INFO] [stdout]     src/read.rs - read::ReadBytes::read_i16 (line 55)
[INFO] [stdout]     src/read.rs - read::ReadBytes::read_i32 (line 57)
[INFO] [stdout]     src/read.rs - read::ReadBytes::read_i64 (line 59)
[INFO] [stdout]     src/read.rs - read::ReadBytes::read_i8 (line 53)
[INFO] [stdout]     src/read.rs - read::ReadBytes::read_string (line 66)
[INFO] [stdout]     src/read.rs - read::ReadBytes::read_u128 (line 60)
[INFO] [stdout]     src/read.rs - read::ReadBytes::read_u16 (line 54)
[INFO] [stdout]     src/read.rs - read::ReadBytes::read_u32 (line 56)
[INFO] [stdout]     src/read.rs - read::ReadBytes::read_u64 (line 58)
[INFO] [stdout]     src/read.rs - read::ReadBytes::read_u8 (line 52)
[INFO] [stdout]     src/write.rs - write::WriteBytes::write_f32 (line 61)
[INFO] [stdout]     src/write.rs - write::WriteBytes::write_f64 (line 62)
[INFO] [stdout]     src/write.rs - write::WriteBytes::write_i128 (line 59)
[INFO] [stdout]     src/write.rs - write::WriteBytes::write_i16 (line 53)
[INFO] [stdout]     src/write.rs - write::WriteBytes::write_i32 (line 55)
[INFO] [stdout]     src/write.rs - write::WriteBytes::write_i64 (line 57)
[INFO] [stdout]     src/write.rs - write::WriteBytes::write_i8 (line 51)
[INFO] [stdout]     src/write.rs - write::WriteBytes::write_string (line 64)
[INFO] [stdout]     src/write.rs - write::WriteBytes::write_u128 (line 58)
[INFO] [stdout]     src/write.rs - write::WriteBytes::write_u16 (line 52)
[INFO] [stdout]     src/write.rs - write::WriteBytes::write_u32 (line 54)
[INFO] [stdout]     src/write.rs - write::WriteBytes::write_u64 (line 56)
[INFO] [stdout]     src/write.rs - write::WriteBytes::write_u8 (line 50)
[INFO] [stdout] 
[INFO] [stdout] test result: FAILED. 0 passed; 26 failed; 0 ignored; 0 measured; 0 filtered out; finished in 0.16s
[INFO] [stdout] 
[INFO] [stderr] error: doctest failed, to rerun pass `--doc`
[INFO] running `Command { std: "docker" "inspect" "745a3329d73bd6d807104727f62263194fa1e73651af382ac86acdac188d8521", kill_on_drop: false }`
[INFO] running `Command { std: "docker" "rm" "-f" "745a3329d73bd6d807104727f62263194fa1e73651af382ac86acdac188d8521", kill_on_drop: false }`
[INFO] [stdout] 745a3329d73bd6d807104727f62263194fa1e73651af382ac86acdac188d8521
[INFO] testing acursor-0.0.2 against beta-2023-12-22 for beta-1.76-1
[INFO] extracting crate acursor 0.0.2 into /workspace/builds/worker-0-tc2/source
[INFO] validating manifest of crates.io crate acursor 0.0.2 on toolchain beta-2023-12-22
[INFO] running `Command { std: CARGO_HOME="/workspace/cargo-home" RUSTUP_HOME="/workspace/rustup-home" "/workspace/cargo-home/bin/cargo" "+beta-2023-12-22" "metadata" "--manifest-path" "Cargo.toml" "--no-deps", kill_on_drop: false }`
[INFO] started tweaking crates.io crate acursor 0.0.2
[INFO] finished tweaking crates.io crate acursor 0.0.2
[INFO] tweaked toml for crates.io crate acursor 0.0.2 written to /workspace/builds/worker-0-tc2/source/Cargo.toml
[INFO] running `Command { std: CARGO_HOME="/workspace/cargo-home" RUSTUP_HOME="/workspace/rustup-home" "/workspace/cargo-home/bin/cargo" "+beta-2023-12-22" "generate-lockfile" "--manifest-path" "Cargo.toml", kill_on_drop: false }`
[INFO] [stderr]     Updating crates.io index
[INFO] running `Command { std: CARGO_HOME="/workspace/cargo-home" RUSTUP_HOME="/workspace/rustup-home" "/workspace/cargo-home/bin/cargo" "+beta-2023-12-22" "fetch" "--manifest-path" "Cargo.toml", kill_on_drop: false }`
[INFO] running `Command { std: "docker" "create" "-v" "/var/lib/crater-agent-workspace/builds/worker-0-tc2/target:/opt/rustwide/target:rw,Z" "-v" "/var/lib/crater-agent-workspace/builds/worker-0-tc2/source:/opt/rustwide/workdir:ro,Z" "-v" "/var/lib/crater-agent-workspace/cargo-home:/opt/rustwide/cargo-home:ro,Z" "-v" "/var/lib/crater-agent-workspace/rustup-home:/opt/rustwide/rustup-home:ro,Z" "-e" "SOURCE_DIR=/opt/rustwide/workdir" "-e" "CARGO_TARGET_DIR=/opt/rustwide/target" "-e" "CARGO_HOME=/opt/rustwide/cargo-home" "-e" "RUSTUP_HOME=/opt/rustwide/rustup-home" "-w" "/opt/rustwide/workdir" "-m" "1610612736" "--user" "0:0" "--network" "none" "ghcr.io/rust-lang/crates-build-env/linux@sha256:2788e3201cd34a07e3172128adcd8b3090168a8e3bcc40d7c032b9dda1df7d1c" "/opt/rustwide/cargo-home/bin/cargo" "+beta-2023-12-22" "metadata" "--no-deps" "--format-version=1", kill_on_drop: false }`
[INFO] [stdout] cad4bdb10269824286b468024a170314fe92d9da856983f9543465c0868046d2
[INFO] running `Command { std: "docker" "start" "-a" "cad4bdb10269824286b468024a170314fe92d9da856983f9543465c0868046d2", kill_on_drop: false }`
[INFO] running `Command { std: "docker" "inspect" "cad4bdb10269824286b468024a170314fe92d9da856983f9543465c0868046d2", kill_on_drop: false }`
[INFO] running `Command { std: "docker" "rm" "-f" "cad4bdb10269824286b468024a170314fe92d9da856983f9543465c0868046d2", kill_on_drop: false }`
[INFO] [stdout] cad4bdb10269824286b468024a170314fe92d9da856983f9543465c0868046d2
[INFO] running `Command { std: "docker" "create" "-v" "/var/lib/crater-agent-workspace/builds/worker-0-tc2/target:/opt/rustwide/target:rw,Z" "-v" "/var/lib/crater-agent-workspace/builds/worker-0-tc2/source:/opt/rustwide/workdir:ro,Z" "-v" "/var/lib/crater-agent-workspace/cargo-home:/opt/rustwide/cargo-home:ro,Z" "-v" "/var/lib/crater-agent-workspace/rustup-home:/opt/rustwide/rustup-home:ro,Z" "-e" "SOURCE_DIR=/opt/rustwide/workdir" "-e" "CARGO_TARGET_DIR=/opt/rustwide/target" "-e" "CARGO_INCREMENTAL=0" "-e" "RUST_BACKTRACE=full" "-e" "RUSTFLAGS=--cap-lints=warn" "-e" "RUSTDOCFLAGS=--cap-lints=warn" "-e" "CARGO_HOME=/opt/rustwide/cargo-home" "-e" "RUSTUP_HOME=/opt/rustwide/rustup-home" "-w" "/opt/rustwide/workdir" "-m" "1610612736" "--user" "0:0" "--network" "none" "ghcr.io/rust-lang/crates-build-env/linux@sha256:2788e3201cd34a07e3172128adcd8b3090168a8e3bcc40d7c032b9dda1df7d1c" "/opt/rustwide/cargo-home/bin/cargo" "+beta-2023-12-22" "build" "--frozen" "--message-format=json", kill_on_drop: false }`
[INFO] [stdout] 012122c6e39d568d0fa7b8b389291e85f697716f19c17ae0690dd80925660225
[INFO] running `Command { std: "docker" "start" "-a" "012122c6e39d568d0fa7b8b389291e85f697716f19c17ae0690dd80925660225", kill_on_drop: false }`
[INFO] [stderr]    Compiling proc-macro2 v1.0.75
[INFO] [stderr]    Compiling quote v1.0.35
[INFO] [stderr]    Compiling syn v2.0.48
[INFO] [stderr]    Compiling concat-idents v1.1.5
[INFO] [stderr]    Compiling acursor v0.0.2 (/opt/rustwide/workdir)
[INFO] [stderr]     Finished dev [unoptimized + debuginfo] target(s) in 2.65s
[INFO] running `Command { std: "docker" "inspect" "012122c6e39d568d0fa7b8b389291e85f697716f19c17ae0690dd80925660225", kill_on_drop: false }`
[INFO] running `Command { std: "docker" "rm" "-f" "012122c6e39d568d0fa7b8b389291e85f697716f19c17ae0690dd80925660225", kill_on_drop: false }`
[INFO] [stdout] 012122c6e39d568d0fa7b8b389291e85f697716f19c17ae0690dd80925660225
[INFO] running `Command { std: "docker" "create" "-v" "/var/lib/crater-agent-workspace/builds/worker-0-tc2/target:/opt/rustwide/target:rw,Z" "-v" "/var/lib/crater-agent-workspace/builds/worker-0-tc2/source:/opt/rustwide/workdir:ro,Z" "-v" "/var/lib/crater-agent-workspace/cargo-home:/opt/rustwide/cargo-home:ro,Z" "-v" "/var/lib/crater-agent-workspace/rustup-home:/opt/rustwide/rustup-home:ro,Z" "-e" "SOURCE_DIR=/opt/rustwide/workdir" "-e" "CARGO_TARGET_DIR=/opt/rustwide/target" "-e" "CARGO_INCREMENTAL=0" "-e" "RUST_BACKTRACE=full" "-e" "RUSTFLAGS=--cap-lints=warn" "-e" "RUSTDOCFLAGS=--cap-lints=warn" "-e" "CARGO_HOME=/opt/rustwide/cargo-home" "-e" "RUSTUP_HOME=/opt/rustwide/rustup-home" "-w" "/opt/rustwide/workdir" "-m" "1610612736" "--user" "0:0" "--network" "none" "ghcr.io/rust-lang/crates-build-env/linux@sha256:2788e3201cd34a07e3172128adcd8b3090168a8e3bcc40d7c032b9dda1df7d1c" "/opt/rustwide/cargo-home/bin/cargo" "+beta-2023-12-22" "test" "--frozen" "--no-run" "--message-format=json", kill_on_drop: false }`
[INFO] [stdout] 8fb2edcdb8bf17b72b103ad6b5b9f1016ff240cc68448c5f918e95fe9aab0661
[INFO] running `Command { std: "docker" "start" "-a" "8fb2edcdb8bf17b72b103ad6b5b9f1016ff240cc68448c5f918e95fe9aab0661", kill_on_drop: false }`
[INFO] [stderr]    Compiling acursor v0.0.2 (/opt/rustwide/workdir)
[INFO] [stderr]     Finished test [unoptimized + debuginfo] target(s) in 0.18s
[INFO] running `Command { std: "docker" "inspect" "8fb2edcdb8bf17b72b103ad6b5b9f1016ff240cc68448c5f918e95fe9aab0661", kill_on_drop: false }`
[INFO] running `Command { std: "docker" "rm" "-f" "8fb2edcdb8bf17b72b103ad6b5b9f1016ff240cc68448c5f918e95fe9aab0661", kill_on_drop: false }`
[INFO] [stdout] 8fb2edcdb8bf17b72b103ad6b5b9f1016ff240cc68448c5f918e95fe9aab0661
[INFO] running `Command { std: "docker" "create" "-v" "/var/lib/crater-agent-workspace/builds/worker-0-tc2/target:/opt/rustwide/target:rw,Z" "-v" "/var/lib/crater-agent-workspace/builds/worker-0-tc2/source:/opt/rustwide/workdir:ro,Z" "-v" "/var/lib/crater-agent-workspace/cargo-home:/opt/rustwide/cargo-home:ro,Z" "-v" "/var/lib/crater-agent-workspace/rustup-home:/opt/rustwide/rustup-home:ro,Z" "-e" "SOURCE_DIR=/opt/rustwide/workdir" "-e" "CARGO_TARGET_DIR=/opt/rustwide/target" "-e" "CARGO_INCREMENTAL=0" "-e" "RUST_BACKTRACE=full" "-e" "RUSTFLAGS=--cap-lints=warn" "-e" "RUSTDOCFLAGS=--cap-lints=warn" "-e" "CARGO_HOME=/opt/rustwide/cargo-home" "-e" "RUSTUP_HOME=/opt/rustwide/rustup-home" "-w" "/opt/rustwide/workdir" "-m" "1610612736" "--user" "0:0" "--network" "none" "ghcr.io/rust-lang/crates-build-env/linux@sha256:2788e3201cd34a07e3172128adcd8b3090168a8e3bcc40d7c032b9dda1df7d1c" "/opt/rustwide/cargo-home/bin/cargo" "+beta-2023-12-22" "test" "--frozen", kill_on_drop: false }`
[INFO] [stdout] e34161d0008f1e2367422901a59db2987130d3288360bc311b381a1e0aa86cc3
[INFO] running `Command { std: "docker" "start" "-a" "e34161d0008f1e2367422901a59db2987130d3288360bc311b381a1e0aa86cc3", kill_on_drop: false }`
[INFO] [stderr]     Finished test [unoptimized + debuginfo] target(s) in 0.00s
[INFO] [stderr]      Running unittests src/lib.rs (/opt/rustwide/target/debug/deps/acursor-2a1f84d12c3df04f)
[INFO] [stdout] 
[INFO] [stdout] running 0 tests
[INFO] [stdout] 
[INFO] [stdout] test result: ok. 0 passed; 0 failed; 0 ignored; 0 measured; 0 filtered out; finished in 0.00s
[INFO] [stdout] 
[INFO] [stderr]    Doc-tests acursor
[INFO] [stdout] 
[INFO] [stdout] running 26 tests
[INFO] [stdout] test src/read.rs - read::ReadBytes::read_i128 (line 61) ... FAILED
[INFO] [stdout] test src/read.rs - read::ReadBytes::read_i8 (line 53) ... FAILED
[INFO] [stdout] test src/read.rs - read::ReadBytes::read_i64 (line 59) ... FAILED
[INFO] [stdout] test src/read.rs - read::ReadBytes::read_i16 (line 55) ... FAILED
[INFO] [stdout] test src/read.rs - read::ReadBytes::read_i32 (line 57) ... FAILED
[INFO] [stdout] test src/read.rs - read::ReadBytes::read_f64 (line 64) ... FAILED
[INFO] [stdout] test src/read.rs - read::ReadBytes::read_string (line 66) ... FAILED
[INFO] [stdout] test src/read.rs - read::ReadBytes::read_f32 (line 63) ... FAILED
[INFO] [stdout] test src/read.rs - read::ReadBytes::read_u16 (line 54) ... FAILED
[INFO] [stdout] test src/read.rs - read::ReadBytes::read_u64 (line 58) ... FAILED
[INFO] [stdout] test src/read.rs - read::ReadBytes::read_u32 (line 56) ... FAILED
[INFO] [stdout] test src/read.rs - read::ReadBytes::read_u128 (line 60) ... FAILED
[INFO] [stdout] test src/read.rs - read::ReadBytes::read_u8 (line 52) ... FAILED
[INFO] [stdout] test src/write.rs - write::WriteBytes::write_i128 (line 59) ... FAILED
[INFO] [stdout] test src/write.rs - write::WriteBytes::write_f64 (line 62) ... FAILED
[INFO] [stdout] test src/write.rs - write::WriteBytes::write_f32 (line 61) ... FAILED
[INFO] [stdout] test src/write.rs - write::WriteBytes::write_i8 (line 51) ... FAILED
[INFO] [stdout] test src/write.rs - write::WriteBytes::write_i32 (line 55) ... FAILED
[INFO] [stdout] test src/write.rs - write::WriteBytes::write_i64 (line 57) ... FAILED
[INFO] [stdout] test src/write.rs - write::WriteBytes::write_string (line 64) ... FAILED
[INFO] [stdout] test src/write.rs - write::WriteBytes::write_u128 (line 58) ... FAILED
[INFO] [stdout] test src/write.rs - write::WriteBytes::write_i16 (line 53) ... FAILED
[INFO] [stdout] test src/write.rs - write::WriteBytes::write_u32 (line 54) ... FAILED
[INFO] [stdout] test src/write.rs - write::WriteBytes::write_u16 (line 52) ... FAILED
[INFO] [stdout] test src/write.rs - write::WriteBytes::write_u8 (line 50) ... FAILED
[INFO] [stdout] test src/write.rs - write::WriteBytes::write_u64 (line 56) ... FAILED
[INFO] [stdout] 
[INFO] [stdout] failures:
[INFO] [stdout] 
[INFO] [stdout] ---- src/read.rs - read::ReadBytes::read_i128 (line 61) stdout ----
[INFO] [stdout] error[E0412]: cannot find type `Cursor` in this scope
[INFO] [stdout]  --> src/read.rs:62:17
[INFO] [stdout]   |
[INFO] [stdout] 3 | let mut cursor: Cursor<Vec<u8>> = Cursor::new(Vec::new());
[INFO] [stdout]   |                 ^^^^^^ not found in this scope
[INFO] [stdout]   |
[INFO] [stdout] help: consider importing one of these items
[INFO] [stdout]   |
[INFO] [stdout] 2 + use std::collections::btree_map::Cursor;
[INFO] [stdout]   |
[INFO] [stdout] 2 + use std::collections::linked_list::Cursor;
[INFO] [stdout]   |
[INFO] [stdout] 2 + use std::io::Cursor;
[INFO] [stdout]   |
[INFO] [stdout] 
[INFO] [stdout] error[E0433]: failed to resolve: use of undeclared type `Cursor`
[INFO] [stdout]  --> src/read.rs:62:35
[INFO] [stdout]   |
[INFO] [stdout] 3 | let mut cursor: Cursor<Vec<u8>> = Cursor::new(Vec::new());
[INFO] [stdout]   |                                   ^^^^^^ use of undeclared type `Cursor`
[INFO] [stdout]   |
[INFO] [stdout] help: consider importing one of these items
[INFO] [stdout]   |
[INFO] [stdout] 2 + use std::collections::btree_map::Cursor;
[INFO] [stdout]   |
[INFO] [stdout] 2 + use std::collections::linked_list::Cursor;
[INFO] [stdout]   |
[INFO] [stdout] 2 + use std::io::Cursor;
[INFO] [stdout]   |
[INFO] [stdout] 
[INFO] [stdout] error: aborting due to 2 previous errors
[INFO] [stdout] 
[INFO] [stdout] Some errors have detailed explanations: E0412, E0433.
[INFO] [stdout] For more information about an error, try `rustc --explain E0412`.
[INFO] [stdout] Couldn't compile the test.
[INFO] [stdout] ---- src/read.rs - read::ReadBytes::read_i8 (line 53) stdout ----
[INFO] [stdout] error[E0412]: cannot find type `Cursor` in this scope
[INFO] [stdout]  --> src/read.rs:54:17
[INFO] [stdout]   |
[INFO] [stdout] 3 | let mut cursor: Cursor<Vec<u8>> = Cursor::new(Vec::new());
[INFO] [stdout]   |                 ^^^^^^ not found in this scope
[INFO] [stdout]   |
[INFO] [stdout] help: consider importing one of these items
[INFO] [stdout]   |
[INFO] [stdout] 2 + use std::collections::btree_map::Cursor;
[INFO] [stdout]   |
[INFO] [stdout] 2 + use std::collections::linked_list::Cursor;
[INFO] [stdout]   |
[INFO] [stdout] 2 + use std::io::Cursor;
[INFO] [stdout]   |
[INFO] [stdout] 
[INFO] [stdout] error[E0433]: failed to resolve: use of undeclared type `Cursor`
[INFO] [stdout]  --> src/read.rs:54:35
[INFO] [stdout]   |
[INFO] [stdout] 3 | let mut cursor: Cursor<Vec<u8>> = Cursor::new(Vec::new());
[INFO] [stdout]   |                                   ^^^^^^ use of undeclared type `Cursor`
[INFO] [stdout]   |
[INFO] [stdout] help: consider importing one of these items
[INFO] [stdout]   |
[INFO] [stdout] 2 + use std::collections::btree_map::Cursor;
[INFO] [stdout]   |
[INFO] [stdout] 2 + use std::collections::linked_list::Cursor;
[INFO] [stdout]   |
[INFO] [stdout] 2 + use std::io::Cursor;
[INFO] [stdout]   |
[INFO] [stdout] 
[INFO] [stdout] error: aborting due to 2 previous errors
[INFO] [stdout] 
[INFO] [stdout] Some errors have detailed explanations: E0412, E0433.
[INFO] [stdout] For more information about an error, try `rustc --explain E0412`.
[INFO] [stdout] Couldn't compile the test.
[INFO] [stdout] ---- src/read.rs - read::ReadBytes::read_i64 (line 59) stdout ----
[INFO] [stdout] error[E0412]: cannot find type `Cursor` in this scope
[INFO] [stdout]  --> src/read.rs:60:17
[INFO] [stdout]   |
[INFO] [stdout] 3 | let mut cursor: Cursor<Vec<u8>> = Cursor::new(Vec::new());
[INFO] [stdout]   |                 ^^^^^^ not found in this scope
[INFO] [stdout]   |
[INFO] [stdout] help: consider importing one of these items
[INFO] [stdout]   |
[INFO] [stdout] 2 + use std::collections::btree_map::Cursor;
[INFO] [stdout]   |
[INFO] [stdout] 2 + use std::collections::linked_list::Cursor;
[INFO] [stdout]   |
[INFO] [stdout] 2 + use std::io::Cursor;
[INFO] [stdout]   |
[INFO] [stdout] 
[INFO] [stdout] error[E0433]: failed to resolve: use of undeclared type `Cursor`
[INFO] [stdout]  --> src/read.rs:60:35
[INFO] [stdout]   |
[INFO] [stdout] 3 | let mut cursor: Cursor<Vec<u8>> = Cursor::new(Vec::new());
[INFO] [stdout]   |                                   ^^^^^^ use of undeclared type `Cursor`
[INFO] [stdout]   |
[INFO] [stdout] help: consider importing one of these items
[INFO] [stdout]   |
[INFO] [stdout] 2 + use std::collections::btree_map::Cursor;
[INFO] [stdout]   |
[INFO] [stdout] 2 + use std::collections::linked_list::Cursor;
[INFO] [stdout]   |
[INFO] [stdout] 2 + use std::io::Cursor;
[INFO] [stdout]   |
[INFO] [stdout] 
[INFO] [stdout] error: aborting due to 2 previous errors
[INFO] [stdout] 
[INFO] [stdout] Some errors have detailed explanations: E0412, E0433.
[INFO] [stdout] For more information about an error, try `rustc --explain E0412`.
[INFO] [stdout] Couldn't compile the test.
[INFO] [stdout] ---- src/read.rs - read::ReadBytes::read_i16 (line 55) stdout ----
[INFO] [stdout] error[E0412]: cannot find type `Cursor` in this scope
[INFO] [stdout]  --> src/read.rs:56:17
[INFO] [stdout]   |
[INFO] [stdout] 3 | let mut cursor: Cursor<Vec<u8>> = Cursor::new(Vec::new());
[INFO] [stdout]   |                 ^^^^^^ not found in this scope
[INFO] [stdout]   |
[INFO] [stdout] help: consider importing one of these items
[INFO] [stdout]   |
[INFO] [stdout] 2 + use std::collections::btree_map::Cursor;
[INFO] [stdout]   |
[INFO] [stdout] 2 + use std::collections::linked_list::Cursor;
[INFO] [stdout]   |
[INFO] [stdout] 2 + use std::io::Cursor;
[INFO] [stdout]   |
[INFO] [stdout] 
[INFO] [stdout] error[E0433]: failed to resolve: use of undeclared type `Cursor`
[INFO] [stdout]  --> src/read.rs:56:35
[INFO] [stdout]   |
[INFO] [stdout] 3 | let mut cursor: Cursor<Vec<u8>> = Cursor::new(Vec::new());
[INFO] [stdout]   |                                   ^^^^^^ use of undeclared type `Cursor`
[INFO] [stdout]   |
[INFO] [stdout] help: consider importing one of these items
[INFO] [stdout]   |
[INFO] [stdout] 2 + use std::collections::btree_map::Cursor;
[INFO] [stdout]   |
[INFO] [stdout] 2 + use std::collections::linked_list::Cursor;
[INFO] [stdout]   |
[INFO] [stdout] 2 + use std::io::Cursor;
[INFO] [stdout]   |
[INFO] [stdout] 
[INFO] [stdout] error: aborting due to 2 previous errors
[INFO] [stdout] 
[INFO] [stdout] Some errors have detailed explanations: E0412, E0433.
[INFO] [stdout] For more information about an error, try `rustc --explain E0412`.
[INFO] [stdout] Couldn't compile the test.
[INFO] [stdout] ---- src/read.rs - read::ReadBytes::read_i32 (line 57) stdout ----
[INFO] [stdout] error[E0412]: cannot find type `Cursor` in this scope
[INFO] [stdout]  --> src/read.rs:58:17
[INFO] [stdout]   |
[INFO] [stdout] 3 | let mut cursor: Cursor<Vec<u8>> = Cursor::new(Vec::new());
[INFO] [stdout]   |                 ^^^^^^ not found in this scope
[INFO] [stdout]   |
[INFO] [stdout] help: consider importing one of these items
[INFO] [stdout]   |
[INFO] [stdout] 2 + use std::collections::btree_map::Cursor;
[INFO] [stdout]   |
[INFO] [stdout] 2 + use std::collections::linked_list::Cursor;
[INFO] [stdout]   |
[INFO] [stdout] 2 + use std::io::Cursor;
[INFO] [stdout]   |
[INFO] [stdout] 
[INFO] [stdout] error[E0433]: failed to resolve: use of undeclared type `Cursor`
[INFO] [stdout]  --> src/read.rs:58:35
[INFO] [stdout]   |
[INFO] [stdout] 3 | let mut cursor: Cursor<Vec<u8>> = Cursor::new(Vec::new());
[INFO] [stdout]   |                                   ^^^^^^ use of undeclared type `Cursor`
[INFO] [stdout]   |
[INFO] [stdout] help: consider importing one of these items
[INFO] [stdout]   |
[INFO] [stdout] 2 + use std::collections::btree_map::Cursor;
[INFO] [stdout]   |
[INFO] [stdout] 2 + use std::collections::linked_list::Cursor;
[INFO] [stdout]   |
[INFO] [stdout] 2 + use std::io::Cursor;
[INFO] [stdout]   |
[INFO] [stdout] 
[INFO] [stdout] error: aborting due to 2 previous errors
[INFO] [stdout] 
[INFO] [stdout] Some errors have detailed explanations: E0412, E0433.
[INFO] [stdout] For more information about an error, try `rustc --explain E0412`.
[INFO] [stdout] Couldn't compile the test.
[INFO] [stdout] ---- src/read.rs - read::ReadBytes::read_f64 (line 64) stdout ----
[INFO] [stdout] error[E0412]: cannot find type `Cursor` in this scope
[INFO] [stdout]  --> src/read.rs:65:17
[INFO] [stdout]   |
[INFO] [stdout] 3 | let mut cursor: Cursor<Vec<u8>> = Cursor::new(Vec::new());
[INFO] [stdout]   |                 ^^^^^^ not found in this scope
[INFO] [stdout]   |
[INFO] [stdout] help: consider importing one of these items
[INFO] [stdout]   |
[INFO] [stdout] 2 + use std::collections::btree_map::Cursor;
[INFO] [stdout]   |
[INFO] [stdout] 2 + use std::collections::linked_list::Cursor;
[INFO] [stdout]   |
[INFO] [stdout] 2 + use std::io::Cursor;
[INFO] [stdout]   |
[INFO] [stdout] 
[INFO] [stdout] error[E0433]: failed to resolve: use of undeclared type `Cursor`
[INFO] [stdout]  --> src/read.rs:65:35
[INFO] [stdout]   |
[INFO] [stdout] 3 | let mut cursor: Cursor<Vec<u8>> = Cursor::new(Vec::new());
[INFO] [stdout]   |                                   ^^^^^^ use of undeclared type `Cursor`
[INFO] [stdout]   |
[INFO] [stdout] help: consider importing one of these items
[INFO] [stdout]   |
[INFO] [stdout] 2 + use std::collections::btree_map::Cursor;
[INFO] [stdout]   |
[INFO] [stdout] 2 + use std::collections::linked_list::Cursor;
[INFO] [stdout]   |
[INFO] [stdout] 2 + use std::io::Cursor;
[INFO] [stdout]   |
[INFO] [stdout] 
[INFO] [stdout] error: aborting due to 2 previous errors
[INFO] [stdout] 
[INFO] [stdout] Some errors have detailed explanations: E0412, E0433.
[INFO] [stdout] For more information about an error, try `rustc --explain E0412`.
[INFO] [stdout] Couldn't compile the test.
[INFO] [stdout] ---- src/read.rs - read::ReadBytes::read_string (line 66) stdout ----
[INFO] [stdout] error[E0412]: cannot find type `Cursor` in this scope
[INFO] [stdout]  --> src/read.rs:67:17
[INFO] [stdout]   |
[INFO] [stdout] 3 | let mut cursor: Cursor<Vec<u8>> = Cursor::new(Vec::new());
[INFO] [stdout]   |                 ^^^^^^ not found in this scope
[INFO] [stdout]   |
[INFO] [stdout] help: consider importing one of these items
[INFO] [stdout]   |
[INFO] [stdout] 2 + use std::collections::btree_map::Cursor;
[INFO] [stdout]   |
[INFO] [stdout] 2 + use std::collections::linked_list::Cursor;
[INFO] [stdout]   |
[INFO] [stdout] 2 + use std::io::Cursor;
[INFO] [stdout]   |
[INFO] [stdout] 
[INFO] [stdout] error[E0433]: failed to resolve: use of undeclared type `Cursor`
[INFO] [stdout]  --> src/read.rs:67:35
[INFO] [stdout]   |
[INFO] [stdout] 3 | let mut cursor: Cursor<Vec<u8>> = Cursor::new(Vec::new());
[INFO] [stdout]   |                                   ^^^^^^ use of undeclared type `Cursor`
[INFO] [stdout]   |
[INFO] [stdout] help: consider importing one of these items
[INFO] [stdout]   |
[INFO] [stdout] 2 + use std::collections::btree_map::Cursor;
[INFO] [stdout]   |
[INFO] [stdout] 2 + use std::collections::linked_list::Cursor;
[INFO] [stdout]   |
[INFO] [stdout] 2 + use std::io::Cursor;
[INFO] [stdout]   |
[INFO] [stdout] 
[INFO] [stdout] error: aborting due to 2 previous errors
[INFO] [stdout] 
[INFO] [stdout] Some errors have detailed explanations: E0412, E0433.
[INFO] [stdout] For more information about an error, try `rustc --explain E0412`.
[INFO] [stdout] Couldn't compile the test.
[INFO] [stdout] ---- src/read.rs - read::ReadBytes::read_f32 (line 63) stdout ----
[INFO] [stdout] error[E0412]: cannot find type `Cursor` in this scope
[INFO] [stdout]  --> src/read.rs:64:17
[INFO] [stdout]   |
[INFO] [stdout] 3 | let mut cursor: Cursor<Vec<u8>> = Cursor::new(Vec::new());
[INFO] [stdout]   |                 ^^^^^^ not found in this scope
[INFO] [stdout]   |
[INFO] [stdout] help: consider importing one of these items
[INFO] [stdout]   |
[INFO] [stdout] 2 + use std::collections::btree_map::Cursor;
[INFO] [stdout]   |
[INFO] [stdout] 2 + use std::collections::linked_list::Cursor;
[INFO] [stdout]   |
[INFO] [stdout] 2 + use std::io::Cursor;
[INFO] [stdout]   |
[INFO] [stdout] 
[INFO] [stdout] error[E0433]: failed to resolve: use of undeclared type `Cursor`
[INFO] [stdout]  --> src/read.rs:64:35
[INFO] [stdout]   |
[INFO] [stdout] 3 | let mut cursor: Cursor<Vec<u8>> = Cursor::new(Vec::new());
[INFO] [stdout]   |                                   ^^^^^^ use of undeclared type `Cursor`
[INFO] [stdout]   |
[INFO] [stdout] help: consider importing one of these items
[INFO] [stdout]   |
[INFO] [stdout] 2 + use std::collections::btree_map::Cursor;
[INFO] [stdout]   |
[INFO] [stdout] 2 + use std::collections::linked_list::Cursor;
[INFO] [stdout]   |
[INFO] [stdout] 2 + use std::io::Cursor;
[INFO] [stdout]   |
[INFO] [stdout] 
[INFO] [stdout] error: aborting due to 2 previous errors
[INFO] [stdout] 
[INFO] [stdout] Some errors have detailed explanations: E0412, E0433.
[INFO] [stdout] For more information about an error, try `rustc --explain E0412`.
[INFO] [stdout] Couldn't compile the test.
[INFO] [stdout] ---- src/read.rs - read::ReadBytes::read_u16 (line 54) stdout ----
[INFO] [stdout] error[E0412]: cannot find type `Cursor` in this scope
[INFO] [stdout]  --> src/read.rs:55:17
[INFO] [stdout]   |
[INFO] [stdout] 3 | let mut cursor: Cursor<Vec<u8>> = Cursor::new(Vec::new());
[INFO] [stdout]   |                 ^^^^^^ not found in this scope
[INFO] [stdout]   |
[INFO] [stdout] help: consider importing one of these items
[INFO] [stdout]   |
[INFO] [stdout] 2 + use std::collections::btree_map::Cursor;
[INFO] [stdout]   |
[INFO] [stdout] 2 + use std::collections::linked_list::Cursor;
[INFO] [stdout]   |
[INFO] [stdout] 2 + use std::io::Cursor;
[INFO] [stdout]   |
[INFO] [stdout] 
[INFO] [stdout] error[E0433]: failed to resolve: use of undeclared type `Cursor`
[INFO] [stdout]  --> src/read.rs:55:35
[INFO] [stdout]   |
[INFO] [stdout] 3 | let mut cursor: Cursor<Vec<u8>> = Cursor::new(Vec::new());
[INFO] [stdout]   |                                   ^^^^^^ use of undeclared type `Cursor`
[INFO] [stdout]   |
[INFO] [stdout] help: consider importing one of these items
[INFO] [stdout]   |
[INFO] [stdout] 2 + use std::collections::btree_map::Cursor;
[INFO] [stdout]   |
[INFO] [stdout] 2 + use std::collections::linked_list::Cursor;
[INFO] [stdout]   |
[INFO] [stdout] 2 + use std::io::Cursor;
[INFO] [stdout]   |
[INFO] [stdout] 
[INFO] [stdout] error: aborting due to 2 previous errors
[INFO] [stdout] 
[INFO] [stdout] Some errors have detailed explanations: E0412, E0433.
[INFO] [stdout] For more information about an error, try `rustc --explain E0412`.
[INFO] [stdout] Couldn't compile the test.
[INFO] [stdout] ---- src/read.rs - read::ReadBytes::read_u64 (line 58) stdout ----
[INFO] [stdout] error[E0412]: cannot find type `Cursor` in this scope
[INFO] [stdout]  --> src/read.rs:59:17
[INFO] [stdout]   |
[INFO] [stdout] 3 | let mut cursor: Cursor<Vec<u8>> = Cursor::new(Vec::new());
[INFO] [stdout]   |                 ^^^^^^ not found in this scope
[INFO] [stdout]   |
[INFO] [stdout] help: consider importing one of these items
[INFO] [stdout]   |
[INFO] [stdout] 2 + use std::collections::btree_map::Cursor;
[INFO] [stdout]   |
[INFO] [stdout] 2 + use std::collections::linked_list::Cursor;
[INFO] [stdout]   |
[INFO] [stdout] 2 + use std::io::Cursor;
[INFO] [stdout]   |
[INFO] [stdout] 
[INFO] [stdout] error[E0433]: failed to resolve: use of undeclared type `Cursor`
[INFO] [stdout]  --> src/read.rs:59:35
[INFO] [stdout]   |
[INFO] [stdout] 3 | let mut cursor: Cursor<Vec<u8>> = Cursor::new(Vec::new());
[INFO] [stdout]   |                                   ^^^^^^ use of undeclared type `Cursor`
[INFO] [stdout]   |
[INFO] [stdout] help: consider importing one of these items
[INFO] [stdout]   |
[INFO] [stdout] 2 + use std::collections::btree_map::Cursor;
[INFO] [stdout]   |
[INFO] [stdout] 2 + use std::collections::linked_list::Cursor;
[INFO] [stdout]   |
[INFO] [stdout] 2 + use std::io::Cursor;
[INFO] [stdout]   |
[INFO] [stdout] 
[INFO] [stdout] error: aborting due to 2 previous errors
[INFO] [stdout] 
[INFO] [stdout] Some errors have detailed explanations: E0412, E0433.
[INFO] [stdout] For more information about an error, try `rustc --explain E0412`.
[INFO] [stdout] Couldn't compile the test.
[INFO] [stdout] ---- src/read.rs - read::ReadBytes::read_u32 (line 56) stdout ----
[INFO] [stdout] error[E0412]: cannot find type `Cursor` in this scope
[INFO] [stdout]  --> src/read.rs:57:17
[INFO] [stdout]   |
[INFO] [stdout] 3 | let mut cursor: Cursor<Vec<u8>> = Cursor::new(Vec::new());
[INFO] [stdout]   |                 ^^^^^^ not found in this scope
[INFO] [stdout]   |
[INFO] [stdout] help: consider importing one of these items
[INFO] [stdout]   |
[INFO] [stdout] 2 + use std::collections::btree_map::Cursor;
[INFO] [stdout]   |
[INFO] [stdout] 2 + use std::collections::linked_list::Cursor;
[INFO] [stdout]   |
[INFO] [stdout] 2 + use std::io::Cursor;
[INFO] [stdout]   |
[INFO] [stdout] 
[INFO] [stdout] error[E0433]: failed to resolve: use of undeclared type `Cursor`
[INFO] [stdout]  --> src/read.rs:57:35
[INFO] [stdout]   |
[INFO] [stdout] 3 | let mut cursor: Cursor<Vec<u8>> = Cursor::new(Vec::new());
[INFO] [stdout]   |                                   ^^^^^^ use of undeclared type `Cursor`
[INFO] [stdout]   |
[INFO] [stdout] help: consider importing one of these items
[INFO] [stdout]   |
[INFO] [stdout] 2 + use std::collections::btree_map::Cursor;
[INFO] [stdout]   |
[INFO] [stdout] 2 + use std::collections::linked_list::Cursor;
[INFO] [stdout]   |
[INFO] [stdout] 2 + use std::io::Cursor;
[INFO] [stdout]   |
[INFO] [stdout] 
[INFO] [stdout] error: aborting due to 2 previous errors
[INFO] [stdout] 
[INFO] [stdout] Some errors have detailed explanations: E0412, E0433.
[INFO] [stdout] For more information about an error, try `rustc --explain E0412`.
[INFO] [stdout] Couldn't compile the test.
[INFO] [stdout] ---- src/read.rs - read::ReadBytes::read_u128 (line 60) stdout ----
[INFO] [stdout] error[E0412]: cannot find type `Cursor` in this scope
[INFO] [stdout]  --> src/read.rs:61:17
[INFO] [stdout]   |
[INFO] [stdout] 3 | let mut cursor: Cursor<Vec<u8>> = Cursor::new(Vec::new());
[INFO] [stdout]   |                 ^^^^^^ not found in this scope
[INFO] [stdout]   |
[INFO] [stdout] help: consider importing one of these items
[INFO] [stdout]   |
[INFO] [stdout] 2 + use std::collections::btree_map::Cursor;
[INFO] [stdout]   |
[INFO] [stdout] 2 + use std::collections::linked_list::Cursor;
[INFO] [stdout]   |
[INFO] [stdout] 2 + use std::io::Cursor;
[INFO] [stdout]   |
[INFO] [stdout] 
[INFO] [stdout] error[E0433]: failed to resolve: use of undeclared type `Cursor`
[INFO] [stdout]  --> src/read.rs:61:35
[INFO] [stdout]   |
[INFO] [stdout] 3 | let mut cursor: Cursor<Vec<u8>> = Cursor::new(Vec::new());
[INFO] [stdout]   |                                   ^^^^^^ use of undeclared type `Cursor`
[INFO] [stdout]   |
[INFO] [stdout] help: consider importing one of these items
[INFO] [stdout]   |
[INFO] [stdout] 2 + use std::collections::btree_map::Cursor;
[INFO] [stdout]   |
[INFO] [stdout] 2 + use std::collections::linked_list::Cursor;
[INFO] [stdout]   |
[INFO] [stdout] 2 + use std::io::Cursor;
[INFO] [stdout]   |
[INFO] [stdout] 
[INFO] [stdout] error: aborting due to 2 previous errors
[INFO] [stdout] 
[INFO] [stdout] Some errors have detailed explanations: E0412, E0433.
[INFO] [stdout] For more information about an error, try `rustc --explain E0412`.
[INFO] [stdout] Couldn't compile the test.
[INFO] [stdout] ---- src/read.rs - read::ReadBytes::read_u8 (line 52) stdout ----
[INFO] [stdout] error[E0412]: cannot find type `Cursor` in this scope
[INFO] [stdout]  --> src/read.rs:53:17
[INFO] [stdout]   |
[INFO] [stdout] 3 | let mut cursor: Cursor<Vec<u8>> = Cursor::new(Vec::new());
[INFO] [stdout]   |                 ^^^^^^ not found in this scope
[INFO] [stdout]   |
[INFO] [stdout] help: consider importing one of these items
[INFO] [stdout]   |
[INFO] [stdout] 2 + use std::collections::btree_map::Cursor;
[INFO] [stdout]   |
[INFO] [stdout] 2 + use std::collections::linked_list::Cursor;
[INFO] [stdout]   |
[INFO] [stdout] 2 + use std::io::Cursor;
[INFO] [stdout]   |
[INFO] [stdout] 
[INFO] [stdout] error[E0433]: failed to resolve: use of undeclared type `Cursor`
[INFO] [stdout]  --> src/read.rs:53:35
[INFO] [stdout]   |
[INFO] [stdout] 3 | let mut cursor: Cursor<Vec<u8>> = Cursor::new(Vec::new());
[INFO] [stdout]   |                                   ^^^^^^ use of undeclared type `Cursor`
[INFO] [stdout]   |
[INFO] [stdout] help: consider importing one of these items
[INFO] [stdout]   |
[INFO] [stdout] 2 + use std::collections::btree_map::Cursor;
[INFO] [stdout]   |
[INFO] [stdout] 2 + use std::collections::linked_list::Cursor;
[INFO] [stdout]   |
[INFO] [stdout] 2 + use std::io::Cursor;
[INFO] [stdout]   |
[INFO] [stdout] 
[INFO] [stdout] error: aborting due to 2 previous errors
[INFO] [stdout] 
[INFO] [stdout] Some errors have detailed explanations: E0412, E0433.
[INFO] [stdout] For more information about an error, try `rustc --explain E0412`.
[INFO] [stdout] Couldn't compile the test.
[INFO] [stdout] ---- src/write.rs - write::WriteBytes::write_i128 (line 59) stdout ----
[INFO] [stdout] error[E0412]: cannot find type `Cursor` in this scope
[INFO] [stdout]  --> src/write.rs:60:17
[INFO] [stdout]   |
[INFO] [stdout] 3 | let mut cursor: Cursor<Vec<u8>> = Cursor::new(Vec::new());
[INFO] [stdout]   |                 ^^^^^^ not found in this scope
[INFO] [stdout]   |
[INFO] [stdout] help: consider importing one of these items
[INFO] [stdout]   |
[INFO] [stdout] 2 + use std::collections::btree_map::Cursor;
[INFO] [stdout]   |
[INFO] [stdout] 2 + use std::collections::linked_list::Cursor;
[INFO] [stdout]   |
[INFO] [stdout] 2 + use std::io::Cursor;
[INFO] [stdout]   |
[INFO] [stdout] 
[INFO] [stdout] error[E0433]: failed to resolve: use of undeclared type `Cursor`
[INFO] [stdout]  --> src/write.rs:60:35
[INFO] [stdout]   |
[INFO] [stdout] 3 | let mut cursor: Cursor<Vec<u8>> = Cursor::new(Vec::new());
[INFO] [stdout]   |                                   ^^^^^^ use of undeclared type `Cursor`
[INFO] [stdout]   |
[INFO] [stdout] help: consider importing one of these items
[INFO] [stdout]   |
[INFO] [stdout] 2 + use std::collections::btree_map::Cursor;
[INFO] [stdout]   |
[INFO] [stdout] 2 + use std::collections::linked_list::Cursor;
[INFO] [stdout]   |
[INFO] [stdout] 2 + use std::io::Cursor;
[INFO] [stdout]   |
[INFO] [stdout] 
[INFO] [stdout] error: aborting due to 2 previous errors
[INFO] [stdout] 
[INFO] [stdout] Some errors have detailed explanations: E0412, E0433.
[INFO] [stdout] For more information about an error, try `rustc --explain E0412`.
[INFO] [stdout] Couldn't compile the test.
[INFO] [stdout] ---- src/write.rs - write::WriteBytes::write_f64 (line 62) stdout ----
[INFO] [stdout] error[E0412]: cannot find type `Cursor` in this scope
[INFO] [stdout]  --> src/write.rs:63:17
[INFO] [stdout]   |
[INFO] [stdout] 3 | let mut cursor: Cursor<Vec<u8>> = Cursor::new(Vec::new());
[INFO] [stdout]   |                 ^^^^^^ not found in this scope
[INFO] [stdout]   |
[INFO] [stdout] help: consider importing one of these items
[INFO] [stdout]   |
[INFO] [stdout] 2 + use std::collections::btree_map::Cursor;
[INFO] [stdout]   |
[INFO] [stdout] 2 + use std::collections::linked_list::Cursor;
[INFO] [stdout]   |
[INFO] [stdout] 2 + use std::io::Cursor;
[INFO] [stdout]   |
[INFO] [stdout] 
[INFO] [stdout] error[E0433]: failed to resolve: use of undeclared type `Cursor`
[INFO] [stdout]  --> src/write.rs:63:35
[INFO] [stdout]   |
[INFO] [stdout] 3 | let mut cursor: Cursor<Vec<u8>> = Cursor::new(Vec::new());
[INFO] [stdout]   |                                   ^^^^^^ use of undeclared type `Cursor`
[INFO] [stdout]   |
[INFO] [stdout] help: consider importing one of these items
[INFO] [stdout]   |
[INFO] [stdout] 2 + use std::collections::btree_map::Cursor;
[INFO] [stdout]   |
[INFO] [stdout] 2 + use std::collections::linked_list::Cursor;
[INFO] [stdout]   |
[INFO] [stdout] 2 + use std::io::Cursor;
[INFO] [stdout]   |
[INFO] [stdout] 
[INFO] [stdout] error: aborting due to 2 previous errors
[INFO] [stdout] 
[INFO] [stdout] Some errors have detailed explanations: E0412, E0433.
[INFO] [stdout] For more information about an error, try `rustc --explain E0412`.
[INFO] [stdout] Couldn't compile the test.
[INFO] [stdout] ---- src/write.rs - write::WriteBytes::write_f32 (line 61) stdout ----
[INFO] [stdout] error[E0412]: cannot find type `Cursor` in this scope
[INFO] [stdout]  --> src/write.rs:62:17
[INFO] [stdout]   |
[INFO] [stdout] 3 | let mut cursor: Cursor<Vec<u8>> = Cursor::new(Vec::new());
[INFO] [stdout]   |                 ^^^^^^ not found in this scope
[INFO] [stdout]   |
[INFO] [stdout] help: consider importing one of these items
[INFO] [stdout]   |
[INFO] [stdout] 2 + use std::collections::btree_map::Cursor;
[INFO] [stdout]   |
[INFO] [stdout] 2 + use std::collections::linked_list::Cursor;
[INFO] [stdout]   |
[INFO] [stdout] 2 + use std::io::Cursor;
[INFO] [stdout]   |
[INFO] [stdout] 
[INFO] [stdout] error[E0433]: failed to resolve: use of undeclared type `Cursor`
[INFO] [stdout]  --> src/write.rs:62:35
[INFO] [stdout]   |
[INFO] [stdout] 3 | let mut cursor: Cursor<Vec<u8>> = Cursor::new(Vec::new());
[INFO] [stdout]   |                                   ^^^^^^ use of undeclared type `Cursor`
[INFO] [stdout]   |
[INFO] [stdout] help: consider importing one of these items
[INFO] [stdout]   |
[INFO] [stdout] 2 + use std::collections::btree_map::Cursor;
[INFO] [stdout]   |
[INFO] [stdout] 2 + use std::collections::linked_list::Cursor;
[INFO] [stdout]   |
[INFO] [stdout] 2 + use std::io::Cursor;
[INFO] [stdout]   |
[INFO] [stdout] 
[INFO] [stdout] error: aborting due to 2 previous errors
[INFO] [stdout] 
[INFO] [stdout] Some errors have detailed explanations: E0412, E0433.
[INFO] [stdout] For more information about an error, try `rustc --explain E0412`.
[INFO] [stdout] Couldn't compile the test.
[INFO] [stdout] ---- src/write.rs - write::WriteBytes::write_i8 (line 51) stdout ----
[INFO] [stdout] error[E0412]: cannot find type `Cursor` in this scope
[INFO] [stdout]  --> src/write.rs:52:17
[INFO] [stdout]   |
[INFO] [stdout] 3 | let mut cursor: Cursor<Vec<u8>> = Cursor::new(Vec::new());
[INFO] [stdout]   |                 ^^^^^^ not found in this scope
[INFO] [stdout]   |
[INFO] [stdout] help: consider importing one of these items
[INFO] [stdout]   |
[INFO] [stdout] 2 + use std::collections::btree_map::Cursor;
[INFO] [stdout]   |
[INFO] [stdout] 2 + use std::collections::linked_list::Cursor;
[INFO] [stdout]   |
[INFO] [stdout] 2 + use std::io::Cursor;
[INFO] [stdout]   |
[INFO] [stdout] 
[INFO] [stdout] error[E0433]: failed to resolve: use of undeclared type `Cursor`
[INFO] [stdout]  --> src/write.rs:52:35
[INFO] [stdout]   |
[INFO] [stdout] 3 | let mut cursor: Cursor<Vec<u8>> = Cursor::new(Vec::new());
[INFO] [stdout]   |                                   ^^^^^^ use of undeclared type `Cursor`
[INFO] [stdout]   |
[INFO] [stdout] help: consider importing one of these items
[INFO] [stdout]   |
[INFO] [stdout] 2 + use std::collections::btree_map::Cursor;
[INFO] [stdout]   |
[INFO] [stdout] 2 + use std::collections::linked_list::Cursor;
[INFO] [stdout]   |
[INFO] [stdout] 2 + use std::io::Cursor;
[INFO] [stdout]   |
[INFO] [stdout] 
[INFO] [stdout] error: aborting due to 2 previous errors
[INFO] [stdout] 
[INFO] [stdout] Some errors have detailed explanations: E0412, E0433.
[INFO] [stdout] For more information about an error, try `rustc --explain E0412`.
[INFO] [stdout] Couldn't compile the test.
[INFO] [stdout] ---- src/write.rs - write::WriteBytes::write_i32 (line 55) stdout ----
[INFO] [stdout] error[E0412]: cannot find type `Cursor` in this scope
[INFO] [stdout]  --> src/write.rs:56:17
[INFO] [stdout]   |
[INFO] [stdout] 3 | let mut cursor: Cursor<Vec<u8>> = Cursor::new(Vec::new());
[INFO] [stdout]   |                 ^^^^^^ not found in this scope
[INFO] [stdout]   |
[INFO] [stdout] help: consider importing one of these items
[INFO] [stdout]   |
[INFO] [stdout] 2 + use std::collections::btree_map::Cursor;
[INFO] [stdout]   |
[INFO] [stdout] 2 + use std::collections::linked_list::Cursor;
[INFO] [stdout]   |
[INFO] [stdout] 2 + use std::io::Cursor;
[INFO] [stdout]   |
[INFO] [stdout] 
[INFO] [stdout] error[E0433]: failed to resolve: use of undeclared type `Cursor`
[INFO] [stdout]  --> src/write.rs:56:35
[INFO] [stdout]   |
[INFO] [stdout] 3 | let mut cursor: Cursor<Vec<u8>> = Cursor::new(Vec::new());
[INFO] [stdout]   |                                   ^^^^^^ use of undeclared type `Cursor`
[INFO] [stdout]   |
[INFO] [stdout] help: consider importing one of these items
[INFO] [stdout]   |
[INFO] [stdout] 2 + use std::collections::btree_map::Cursor;
[INFO] [stdout]   |
[INFO] [stdout] 2 + use std::collections::linked_list::Cursor;
[INFO] [stdout]   |
[INFO] [stdout] 2 + use std::io::Cursor;
[INFO] [stdout]   |
[INFO] [stdout] 
[INFO] [stdout] error: aborting due to 2 previous errors
[INFO] [stdout] 
[INFO] [stdout] Some errors have detailed explanations: E0412, E0433.
[INFO] [stdout] For more information about an error, try `rustc --explain E0412`.
[INFO] [stdout] Couldn't compile the test.
[INFO] [stdout] ---- src/write.rs - write::WriteBytes::write_i64 (line 57) stdout ----
[INFO] [stdout] error[E0412]: cannot find type `Cursor` in this scope
[INFO] [stdout]  --> src/write.rs:58:17
[INFO] [stdout]   |
[INFO] [stdout] 3 | let mut cursor: Cursor<Vec<u8>> = Cursor::new(Vec::new());
[INFO] [stdout]   |                 ^^^^^^ not found in this scope
[INFO] [stdout]   |
[INFO] [stdout] help: consider importing one of these items
[INFO] [stdout]   |
[INFO] [stdout] 2 + use std::collections::btree_map::Cursor;
[INFO] [stdout]   |
[INFO] [stdout] 2 + use std::collections::linked_list::Cursor;
[INFO] [stdout]   |
[INFO] [stdout] 2 + use std::io::Cursor;
[INFO] [stdout]   |
[INFO] [stdout] 
[INFO] [stdout] error[E0433]: failed to resolve: use of undeclared type `Cursor`
[INFO] [stdout]  --> src/write.rs:58:35
[INFO] [stdout]   |
[INFO] [stdout] 3 | let mut cursor: Cursor<Vec<u8>> = Cursor::new(Vec::new());
[INFO] [stdout]   |                                   ^^^^^^ use of undeclared type `Cursor`
[INFO] [stdout]   |
[INFO] [stdout] help: consider importing one of these items
[INFO] [stdout]   |
[INFO] [stdout] 2 + use std::collections::btree_map::Cursor;
[INFO] [stdout]   |
[INFO] [stdout] 2 + use std::collections::linked_list::Cursor;
[INFO] [stdout]   |
[INFO] [stdout] 2 + use std::io::Cursor;
[INFO] [stdout]   |
[INFO] [stdout] 
[INFO] [stdout] error: aborting due to 2 previous errors
[INFO] [stdout] 
[INFO] [stdout] Some errors have detailed explanations: E0412, E0433.
[INFO] [stdout] For more information about an error, try `rustc --explain E0412`.
[INFO] [stdout] Couldn't compile the test.
[INFO] [stdout] ---- src/write.rs - write::WriteBytes::write_string (line 64) stdout ----
[INFO] [stdout] error[E0412]: cannot find type `Cursor` in this scope
[INFO] [stdout]  --> src/write.rs:65:17
[INFO] [stdout]   |
[INFO] [stdout] 3 | let mut cursor: Cursor<Vec<u8>> = Cursor::new(Vec::new());
[INFO] [stdout]   |                 ^^^^^^ not found in this scope
[INFO] [stdout]   |
[INFO] [stdout] help: consider importing one of these items
[INFO] [stdout]   |
[INFO] [stdout] 2 + use std::collections::btree_map::Cursor;
[INFO] [stdout]   |
[INFO] [stdout] 2 + use std::collections::linked_list::Cursor;
[INFO] [stdout]   |
[INFO] [stdout] 2 + use std::io::Cursor;
[INFO] [stdout]   |
[INFO] [stdout] 
[INFO] [stdout] error[E0433]: failed to resolve: use of undeclared type `Cursor`
[INFO] [stdout]  --> src/write.rs:65:35
[INFO] [stdout]   |
[INFO] [stdout] 3 | let mut cursor: Cursor<Vec<u8>> = Cursor::new(Vec::new());
[INFO] [stdout]   |                                   ^^^^^^ use of undeclared type `Cursor`
[INFO] [stdout]   |
[INFO] [stdout] help: consider importing one of these items
[INFO] [stdout]   |
[INFO] [stdout] 2 + use std::collections::btree_map::Cursor;
[INFO] [stdout]   |
[INFO] [stdout] 2 + use std::collections::linked_list::Cursor;
[INFO] [stdout]   |
[INFO] [stdout] 2 + use std::io::Cursor;
[INFO] [stdout]   |
[INFO] [stdout] 
[INFO] [stdout] error: aborting due to 2 previous errors
[INFO] [stdout] 
[INFO] [stdout] Some errors have detailed explanations: E0412, E0433.
[INFO] [stdout] For more information about an error, try `rustc --explain E0412`.
[INFO] [stdout] Couldn't compile the test.
[INFO] [stdout] ---- src/write.rs - write::WriteBytes::write_u128 (line 58) stdout ----
[INFO] [stdout] error[E0412]: cannot find type `Cursor` in this scope
[INFO] [stdout]  --> src/write.rs:59:17
[INFO] [stdout]   |
[INFO] [stdout] 3 | let mut cursor: Cursor<Vec<u8>> = Cursor::new(Vec::new());
[INFO] [stdout]   |                 ^^^^^^ not found in this scope
[INFO] [stdout]   |
[INFO] [stdout] help: consider importing one of these items
[INFO] [stdout]   |
[INFO] [stdout] 2 + use std::collections::btree_map::Cursor;
[INFO] [stdout]   |
[INFO] [stdout] 2 + use std::collections::linked_list::Cursor;
[INFO] [stdout]   |
[INFO] [stdout] 2 + use std::io::Cursor;
[INFO] [stdout]   |
[INFO] [stdout] 
[INFO] [stdout] error[E0433]: failed to resolve: use of undeclared type `Cursor`
[INFO] [stdout]  --> src/write.rs:59:35
[INFO] [stdout]   |
[INFO] [stdout] 3 | let mut cursor: Cursor<Vec<u8>> = Cursor::new(Vec::new());
[INFO] [stdout]   |                                   ^^^^^^ use of undeclared type `Cursor`
[INFO] [stdout]   |
[INFO] [stdout] help: consider importing one of these items
[INFO] [stdout]   |
[INFO] [stdout] 2 + use std::collections::btree_map::Cursor;
[INFO] [stdout]   |
[INFO] [stdout] 2 + use std::collections::linked_list::Cursor;
[INFO] [stdout]   |
[INFO] [stdout] 2 + use std::io::Cursor;
[INFO] [stdout]   |
[INFO] [stdout] 
[INFO] [stdout] error: aborting due to 2 previous errors
[INFO] [stdout] 
[INFO] [stdout] Some errors have detailed explanations: E0412, E0433.
[INFO] [stdout] For more information about an error, try `rustc --explain E0412`.
[INFO] [stdout] Couldn't compile the test.
[INFO] [stdout] ---- src/write.rs - write::WriteBytes::write_i16 (line 53) stdout ----
[INFO] [stdout] error[E0412]: cannot find type `Cursor` in this scope
[INFO] [stdout]  --> src/write.rs:54:17
[INFO] [stdout]   |
[INFO] [stdout] 3 | let mut cursor: Cursor<Vec<u8>> = Cursor::new(Vec::new());
[INFO] [stdout]   |                 ^^^^^^ not found in this scope
[INFO] [stdout]   |
[INFO] [stdout] help: consider importing one of these items
[INFO] [stdout]   |
[INFO] [stdout] 2 + use std::collections::btree_map::Cursor;
[INFO] [stdout]   |
[INFO] [stdout] 2 + use std::collections::linked_list::Cursor;
[INFO] [stdout]   |
[INFO] [stdout] 2 + use std::io::Cursor;
[INFO] [stdout]   |
[INFO] [stdout] 
[INFO] [stdout] error[E0433]: failed to resolve: use of undeclared type `Cursor`
[INFO] [stdout]  --> src/write.rs:54:35
[INFO] [stdout]   |
[INFO] [stdout] 3 | let mut cursor: Cursor<Vec<u8>> = Cursor::new(Vec::new());
[INFO] [stdout]   |                                   ^^^^^^ use of undeclared type `Cursor`
[INFO] [stdout]   |
[INFO] [stdout] help: consider importing one of these items
[INFO] [stdout]   |
[INFO] [stdout] 2 + use std::collections::btree_map::Cursor;
[INFO] [stdout]   |
[INFO] [stdout] 2 + use std::collections::linked_list::Cursor;
[INFO] [stdout]   |
[INFO] [stdout] 2 + use std::io::Cursor;
[INFO] [stdout]   |
[INFO] [stdout] 
[INFO] [stdout] error: aborting due to 2 previous errors
[INFO] [stdout] 
[INFO] [stdout] Some errors have detailed explanations: E0412, E0433.
[INFO] [stdout] For more information about an error, try `rustc --explain E0412`.
[INFO] [stdout] Couldn't compile the test.
[INFO] [stdout] ---- src/write.rs - write::WriteBytes::write_u32 (line 54) stdout ----
[INFO] [stdout] error[E0412]: cannot find type `Cursor` in this scope
[INFO] [stdout]  --> src/write.rs:55:17
[INFO] [stdout]   |
[INFO] [stdout] 3 | let mut cursor: Cursor<Vec<u8>> = Cursor::new(Vec::new());
[INFO] [stdout]   |                 ^^^^^^ not found in this scope
[INFO] [stdout]   |
[INFO] [stdout] help: consider importing one of these items
[INFO] [stdout]   |
[INFO] [stdout] 2 + use std::collections::btree_map::Cursor;
[INFO] [stdout]   |
[INFO] [stdout] 2 + use std::collections::linked_list::Cursor;
[INFO] [stdout]   |
[INFO] [stdout] 2 + use std::io::Cursor;
[INFO] [stdout]   |
[INFO] [stdout] 
[INFO] [stdout] error[E0433]: failed to resolve: use of undeclared type `Cursor`
[INFO] [stdout]  --> src/write.rs:55:35
[INFO] [stdout]   |
[INFO] [stdout] 3 | let mut cursor: Cursor<Vec<u8>> = Cursor::new(Vec::new());
[INFO] [stdout]   |                                   ^^^^^^ use of undeclared type `Cursor`
[INFO] [stdout]   |
[INFO] [stdout] help: consider importing one of these items
[INFO] [stdout]   |
[INFO] [stdout] 2 + use std::collections::btree_map::Cursor;
[INFO] [stdout]   |
[INFO] [stdout] 2 + use std::collections::linked_list::Cursor;
[INFO] [stdout]   |
[INFO] [stdout] 2 + use std::io::Cursor;
[INFO] [stdout]   |
[INFO] [stdout] 
[INFO] [stdout] error: aborting due to 2 previous errors
[INFO] [stdout] 
[INFO] [stdout] Some errors have detailed explanations: E0412, E0433.
[INFO] [stdout] For more information about an error, try `rustc --explain E0412`.
[INFO] [stdout] Couldn't compile the test.
[INFO] [stdout] ---- src/write.rs - write::WriteBytes::write_u16 (line 52) stdout ----
[INFO] [stdout] error[E0412]: cannot find type `Cursor` in this scope
[INFO] [stdout]  --> src/write.rs:53:17
[INFO] [stdout]   |
[INFO] [stdout] 3 | let mut cursor: Cursor<Vec<u8>> = Cursor::new(Vec::new());
[INFO] [stdout]   |                 ^^^^^^ not found in this scope
[INFO] [stdout]   |
[INFO] [stdout] help: consider importing one of these items
[INFO] [stdout]   |
[INFO] [stdout] 2 + use std::collections::btree_map::Cursor;
[INFO] [stdout]   |
[INFO] [stdout] 2 + use std::collections::linked_list::Cursor;
[INFO] [stdout]   |
[INFO] [stdout] 2 + use std::io::Cursor;
[INFO] [stdout]   |
[INFO] [stdout] 
[INFO] [stdout] error[E0433]: failed to resolve: use of undeclared type `Cursor`
[INFO] [stdout]  --> src/write.rs:53:35
[INFO] [stdout]   |
[INFO] [stdout] 3 | let mut cursor: Cursor<Vec<u8>> = Cursor::new(Vec::new());
[INFO] [stdout]   |                                   ^^^^^^ use of undeclared type `Cursor`
[INFO] [stdout]   |
[INFO] [stdout] help: consider importing one of these items
[INFO] [stdout]   |
[INFO] [stdout] 2 + use std::collections::btree_map::Cursor;
[INFO] [stdout]   |
[INFO] [stdout] 2 + use std::collections::linked_list::Cursor;
[INFO] [stdout]   |
[INFO] [stdout] 2 + use std::io::Cursor;
[INFO] [stdout]   |
[INFO] [stdout] 
[INFO] [stdout] error: aborting due to 2 previous errors
[INFO] [stdout] 
[INFO] [stdout] Some errors have detailed explanations: E0412, E0433.
[INFO] [stdout] For more information about an error, try `rustc --explain E0412`.
[INFO] [stdout] Couldn't compile the test.
[INFO] [stdout] ---- src/write.rs - write::WriteBytes::write_u8 (line 50) stdout ----
[INFO] [stdout] error[E0412]: cannot find type `Cursor` in this scope
[INFO] [stdout]  --> src/write.rs:51:17
[INFO] [stdout]   |
[INFO] [stdout] 3 | let mut cursor: Cursor<Vec<u8>> = Cursor::new(Vec::new());
[INFO] [stdout]   |                 ^^^^^^ not found in this scope
[INFO] [stdout]   |
[INFO] [stdout] help: consider importing one of these items
[INFO] [stdout]   |
[INFO] [stdout] 2 + use std::collections::btree_map::Cursor;
[INFO] [stdout]   |
[INFO] [stdout] 2 + use std::collections::linked_list::Cursor;
[INFO] [stdout]   |
[INFO] [stdout] 2 + use std::io::Cursor;
[INFO] [stdout]   |
[INFO] [stdout] 
[INFO] [stdout] error[E0433]: failed to resolve: use of undeclared type `Cursor`
[INFO] [stdout]  --> src/write.rs:51:35
[INFO] [stdout]   |
[INFO] [stdout] 3 | let mut cursor: Cursor<Vec<u8>> = Cursor::new(Vec::new());
[INFO] [stdout]   |                                   ^^^^^^ use of undeclared type `Cursor`
[INFO] [stdout]   |
[INFO] [stdout] help: consider importing one of these items
[INFO] [stdout]   |
[INFO] [stdout] 2 + use std::collections::btree_map::Cursor;
[INFO] [stdout]   |
[INFO] [stdout] 2 + use std::collections::linked_list::Cursor;
[INFO] [stdout]   |
[INFO] [stdout] 2 + use std::io::Cursor;
[INFO] [stdout]   |
[INFO] [stdout] 
[INFO] [stdout] error: aborting due to 2 previous errors
[INFO] [stdout] 
[INFO] [stdout] Some errors have detailed explanations: E0412, E0433.
[INFO] [stdout] For more information about an error, try `rustc --explain E0412`.
[INFO] [stdout] Couldn't compile the test.
[INFO] [stdout] ---- src/write.rs - write::WriteBytes::write_u64 (line 56) stdout ----
[INFO] [stdout] error[E0412]: cannot find type `Cursor` in this scope
[INFO] [stdout]  --> src/write.rs:57:17
[INFO] [stdout]   |
[INFO] [stdout] 3 | let mut cursor: Cursor<Vec<u8>> = Cursor::new(Vec::new());
[INFO] [stdout]   |                 ^^^^^^ not found in this scope
[INFO] [stdout]   |
[INFO] [stdout] help: consider importing one of these items
[INFO] [stdout]   |
[INFO] [stdout] 2 + use std::collections::btree_map::Cursor;
[INFO] [stdout]   |
[INFO] [stdout] 2 + use std::collections::linked_list::Cursor;
[INFO] [stdout]   |
[INFO] [stdout] 2 + use std::io::Cursor;
[INFO] [stdout]   |
[INFO] [stdout] 
[INFO] [stdout] error[E0433]: failed to resolve: use of undeclared type `Cursor`
[INFO] [stdout]  --> src/write.rs:57:35
[INFO] [stdout]   |
[INFO] [stdout] 3 | let mut cursor: Cursor<Vec<u8>> = Cursor::new(Vec::new());
[INFO] [stdout]   |                                   ^^^^^^ use of undeclared type `Cursor`
[INFO] [stdout]   |
[INFO] [stdout] help: consider importing one of these items
[INFO] [stdout]   |
[INFO] [stdout] 2 + use std::collections::btree_map::Cursor;
[INFO] [stdout]   |
[INFO] [stdout] 2 + use std::collections::linked_list::Cursor;
[INFO] [stdout]   |
[INFO] [stdout] 2 + use std::io::Cursor;
[INFO] [stdout]   |
[INFO] [stdout] 
[INFO] [stdout] error: aborting due to 2 previous errors
[INFO] [stdout] 
[INFO] [stdout] Some errors have detailed explanations: E0412, E0433.
[INFO] [stdout] For more information about an error, try `rustc --explain E0412`.
[INFO] [stdout] Couldn't compile the test.
[INFO] [stdout] 
[INFO] [stdout] failures:
[INFO] [stdout]     src/read.rs - read::ReadBytes::read_f32 (line 63)
[INFO] [stdout]     src/read.rs - read::ReadBytes::read_f64 (line 64)
[INFO] [stdout]     src/read.rs - read::ReadBytes::read_i128 (line 61)
[INFO] [stdout]     src/read.rs - read::ReadBytes::read_i16 (line 55)
[INFO] [stdout]     src/read.rs - read::ReadBytes::read_i32 (line 57)
[INFO] [stdout]     src/read.rs - read::ReadBytes::read_i64 (line 59)
[INFO] [stdout]     src/read.rs - read::ReadBytes::read_i8 (line 53)
[INFO] [stdout]     src/read.rs - read::ReadBytes::read_string (line 66)
[INFO] [stdout]     src/read.rs - read::ReadBytes::read_u128 (line 60)
[INFO] [stdout]     src/read.rs - read::ReadBytes::read_u16 (line 54)
[INFO] [stdout]     src/read.rs - read::ReadBytes::read_u32 (line 56)
[INFO] [stdout]     src/read.rs - read::ReadBytes::read_u64 (line 58)
[INFO] [stdout]     src/read.rs - read::ReadBytes::read_u8 (line 52)
[INFO] [stdout]     src/write.rs - write::WriteBytes::write_f32 (line 61)
[INFO] [stdout]     src/write.rs - write::WriteBytes::write_f64 (line 62)
[INFO] [stdout]     src/write.rs - write::WriteBytes::write_i128 (line 59)
[INFO] [stdout]     src/write.rs - write::WriteBytes::write_i16 (line 53)
[INFO] [stdout]     src/write.rs - write::WriteBytes::write_i32 (line 55)
[INFO] [stdout]     src/write.rs - write::WriteBytes::write_i64 (line 57)
[INFO] [stdout]     src/write.rs - write::WriteBytes::write_i8 (line 51)
[INFO] [stdout]     src/write.rs - write::WriteBytes::write_string (line 64)
[INFO] [stdout]     src/write.rs - write::WriteBytes::write_u128 (line 58)
[INFO] [stdout]     src/write.rs - write::WriteBytes::write_u16 (line 52)
[INFO] [stdout]     src/write.rs - write::WriteBytes::write_u32 (line 54)
[INFO] [stdout]     src/write.rs - write::WriteBytes::write_u64 (line 56)
[INFO] [stdout]     src/write.rs - write::WriteBytes::write_u8 (line 50)
[INFO] [stdout] 
[INFO] [stdout] test result: FAILED. 0 passed; 26 failed; 0 ignored; 0 measured; 0 filtered out; finished in 0.16s
[INFO] [stdout] 
[INFO] [stderr] error: doctest failed, to rerun pass `--doc`
[INFO] running `Command { std: "docker" "inspect" "e34161d0008f1e2367422901a59db2987130d3288360bc311b381a1e0aa86cc3", kill_on_drop: false }`
[INFO] running `Command { std: "docker" "rm" "-f" "e34161d0008f1e2367422901a59db2987130d3288360bc311b381a1e0aa86cc3", kill_on_drop: false }`
[INFO] [stdout] e34161d0008f1e2367422901a59db2987130d3288360bc311b381a1e0aa86cc3
