[INFO] fetching crate actson 0.3.0...
[INFO] testing actson-0.3.0 against 1.75.0 for beta-1.76-1
[INFO] extracting crate actson 0.3.0 into /workspace/builds/worker-0-tc1/source
[INFO] validating manifest of crates.io crate actson 0.3.0 on toolchain 1.75.0
[INFO] running `Command { std: CARGO_HOME="/workspace/cargo-home" RUSTUP_HOME="/workspace/rustup-home" "/workspace/cargo-home/bin/cargo" "+1.75.0" "metadata" "--manifest-path" "Cargo.toml" "--no-deps", kill_on_drop: false }`
[INFO] started tweaking crates.io crate actson 0.3.0
[INFO] finished tweaking crates.io crate actson 0.3.0
[INFO] tweaked toml for crates.io crate actson 0.3.0 written to /workspace/builds/worker-0-tc1/source/Cargo.toml
[INFO] running `Command { std: CARGO_HOME="/workspace/cargo-home" RUSTUP_HOME="/workspace/rustup-home" "/workspace/cargo-home/bin/cargo" "+1.75.0" "generate-lockfile" "--manifest-path" "Cargo.toml", kill_on_drop: false }`
[INFO] [stderr]     Updating crates.io index
[INFO] running `Command { std: CARGO_HOME="/workspace/cargo-home" RUSTUP_HOME="/workspace/rustup-home" "/workspace/cargo-home/bin/cargo" "+1.75.0" "fetch" "--manifest-path" "Cargo.toml", kill_on_drop: false }`
[INFO] [stderr]  Downloading crates ...
[INFO] [stderr]   Downloaded ciborium-io v0.2.1
[INFO] [stderr]   Downloaded plotters-backend v0.3.5
[INFO] [stderr]   Downloaded anstyle v1.0.4
[INFO] [stderr]   Downloaded oorandom v11.1.3
[INFO] [stderr]   Downloaded half v1.8.2
[INFO] [stderr]   Downloaded walkdir v2.4.0
[INFO] [stderr]   Downloaded plotters-svg v0.3.5
[INFO] [stderr]   Downloaded lexical-core v0.8.5
[INFO] [stderr]   Downloaded criterion-plot v0.5.0
[INFO] [stderr]   Downloaded lexical-util v0.8.5
[INFO] [stderr]   Downloaded crossbeam-epoch v0.9.17
[INFO] [stderr]   Downloaded web-sys v0.3.66
[INFO] [stderr]   Downloaded windows-sys v0.52.0
[INFO] [stderr]   Downloaded rayon v1.8.0
[INFO] [stderr]   Downloaded tinytemplate v1.2.1
[INFO] [stderr]   Downloaded criterion v0.5.1
[INFO] [stderr]   Downloaded lexical-write-float v0.8.5
[INFO] [stderr]   Downloaded plotters v0.3.5
[INFO] [stderr]   Downloaded lexical-write-integer v0.8.5
[INFO] [stderr]   Downloaded rayon-core v1.12.0
[INFO] [stderr]   Downloaded lexical-parse-float v0.8.5
[INFO] [stderr]   Downloaded clap_builder v4.4.12
[INFO] [stderr]   Downloaded clap v4.4.13
[INFO] [stderr]   Downloaded itertools v0.10.5
[INFO] [stderr]   Downloaded static_assertions v1.1.0
[INFO] [stderr]   Downloaded lexical-parse-integer v0.8.6
[INFO] [stderr]   Downloaded anes v0.1.6
[INFO] [stderr]   Downloaded same-file v1.0.6
[INFO] [stderr]   Downloaded crossbeam-deque v0.8.4
[INFO] [stderr]   Downloaded ciborium-ll v0.2.1
[INFO] [stderr]   Downloaded is-terminal v0.4.10
[INFO] [stderr]   Downloaded ciborium v0.2.1
[INFO] [stderr]   Downloaded clap_lex v0.6.0
[INFO] [stderr]   Downloaded cast v0.3.0
[INFO] [stderr]   Downloaded lexical v6.1.1
[INFO] running `Command { std: "docker" "create" "-v" "/var/lib/crater-agent-workspace/builds/worker-0-tc1/target:/opt/rustwide/target:rw,Z" "-v" "/var/lib/crater-agent-workspace/builds/worker-0-tc1/source:/opt/rustwide/workdir:ro,Z" "-v" "/var/lib/crater-agent-workspace/cargo-home:/opt/rustwide/cargo-home:ro,Z" "-v" "/var/lib/crater-agent-workspace/rustup-home:/opt/rustwide/rustup-home:ro,Z" "-e" "SOURCE_DIR=/opt/rustwide/workdir" "-e" "CARGO_TARGET_DIR=/opt/rustwide/target" "-e" "CARGO_HOME=/opt/rustwide/cargo-home" "-e" "RUSTUP_HOME=/opt/rustwide/rustup-home" "-w" "/opt/rustwide/workdir" "-m" "1610612736" "--user" "0:0" "--network" "none" "ghcr.io/rust-lang/crates-build-env/linux@sha256:2788e3201cd34a07e3172128adcd8b3090168a8e3bcc40d7c032b9dda1df7d1c" "/opt/rustwide/cargo-home/bin/cargo" "+1.75.0" "metadata" "--no-deps" "--format-version=1", kill_on_drop: false }`
[INFO] [stdout] 44ab17f748eebd03c947f2a594b7a6df76134e8c83fec818bfa0dc4fb52d3b3c
[INFO] running `Command { std: "docker" "start" "-a" "44ab17f748eebd03c947f2a594b7a6df76134e8c83fec818bfa0dc4fb52d3b3c", kill_on_drop: false }`
[INFO] running `Command { std: "docker" "inspect" "44ab17f748eebd03c947f2a594b7a6df76134e8c83fec818bfa0dc4fb52d3b3c", kill_on_drop: false }`
[INFO] running `Command { std: "docker" "rm" "-f" "44ab17f748eebd03c947f2a594b7a6df76134e8c83fec818bfa0dc4fb52d3b3c", kill_on_drop: false }`
[INFO] [stdout] 44ab17f748eebd03c947f2a594b7a6df76134e8c83fec818bfa0dc4fb52d3b3c
[INFO] running `Command { std: "docker" "create" "-v" "/var/lib/crater-agent-workspace/builds/worker-0-tc1/target:/opt/rustwide/target:rw,Z" "-v" "/var/lib/crater-agent-workspace/builds/worker-0-tc1/source:/opt/rustwide/workdir:ro,Z" "-v" "/var/lib/crater-agent-workspace/cargo-home:/opt/rustwide/cargo-home:ro,Z" "-v" "/var/lib/crater-agent-workspace/rustup-home:/opt/rustwide/rustup-home:ro,Z" "-e" "SOURCE_DIR=/opt/rustwide/workdir" "-e" "CARGO_TARGET_DIR=/opt/rustwide/target" "-e" "CARGO_INCREMENTAL=0" "-e" "RUST_BACKTRACE=full" "-e" "RUSTFLAGS=--cap-lints=warn" "-e" "RUSTDOCFLAGS=--cap-lints=warn" "-e" "CARGO_HOME=/opt/rustwide/cargo-home" "-e" "RUSTUP_HOME=/opt/rustwide/rustup-home" "-w" "/opt/rustwide/workdir" "-m" "1610612736" "--user" "0:0" "--network" "none" "ghcr.io/rust-lang/crates-build-env/linux@sha256:2788e3201cd34a07e3172128adcd8b3090168a8e3bcc40d7c032b9dda1df7d1c" "/opt/rustwide/cargo-home/bin/cargo" "+1.75.0" "build" "--frozen" "--message-format=json", kill_on_drop: false }`
[INFO] [stdout] 019969a56638a40c0ad8f08955bdba92cf6b1bbb8a6d358c6daecb88cffc2bf8
[INFO] running `Command { std: "docker" "start" "-a" "019969a56638a40c0ad8f08955bdba92cf6b1bbb8a6d358c6daecb88cffc2bf8", kill_on_drop: false }`
[INFO] [stderr]    Compiling static_assertions v1.1.0
[INFO] [stderr]    Compiling libc v0.2.151
[INFO] [stderr]    Compiling pin-project-lite v0.2.13
[INFO] [stderr]    Compiling bytes v1.5.0
[INFO] [stderr]    Compiling lexical-util v0.8.5
[INFO] [stderr]    Compiling lexical-parse-integer v0.8.6
[INFO] [stderr]    Compiling lexical-write-integer v0.8.5
[INFO] [stderr]    Compiling lexical-write-float v0.8.5
[INFO] [stderr]    Compiling lexical-parse-float v0.8.5
[INFO] [stderr]    Compiling num_cpus v1.16.0
[INFO] [stderr]    Compiling lexical-core v0.8.5
[INFO] [stderr]    Compiling tokio v1.35.1
[INFO] [stderr]    Compiling lexical v6.1.1
[INFO] [stderr]    Compiling actson v0.3.0 (/opt/rustwide/workdir)
[INFO] [stderr]     Finished dev [unoptimized + debuginfo] target(s) in 5.49s
[INFO] running `Command { std: "docker" "inspect" "019969a56638a40c0ad8f08955bdba92cf6b1bbb8a6d358c6daecb88cffc2bf8", kill_on_drop: false }`
[INFO] running `Command { std: "docker" "rm" "-f" "019969a56638a40c0ad8f08955bdba92cf6b1bbb8a6d358c6daecb88cffc2bf8", kill_on_drop: false }`
[INFO] [stdout] 019969a56638a40c0ad8f08955bdba92cf6b1bbb8a6d358c6daecb88cffc2bf8
[INFO] running `Command { std: "docker" "create" "-v" "/var/lib/crater-agent-workspace/builds/worker-0-tc1/target:/opt/rustwide/target:rw,Z" "-v" "/var/lib/crater-agent-workspace/builds/worker-0-tc1/source:/opt/rustwide/workdir:ro,Z" "-v" "/var/lib/crater-agent-workspace/cargo-home:/opt/rustwide/cargo-home:ro,Z" "-v" "/var/lib/crater-agent-workspace/rustup-home:/opt/rustwide/rustup-home:ro,Z" "-e" "SOURCE_DIR=/opt/rustwide/workdir" "-e" "CARGO_TARGET_DIR=/opt/rustwide/target" "-e" "CARGO_INCREMENTAL=0" "-e" "RUST_BACKTRACE=full" "-e" "RUSTFLAGS=--cap-lints=warn" "-e" "RUSTDOCFLAGS=--cap-lints=warn" "-e" "CARGO_HOME=/opt/rustwide/cargo-home" "-e" "RUSTUP_HOME=/opt/rustwide/rustup-home" "-w" "/opt/rustwide/workdir" "-m" "1610612736" "--user" "0:0" "--network" "none" "ghcr.io/rust-lang/crates-build-env/linux@sha256:2788e3201cd34a07e3172128adcd8b3090168a8e3bcc40d7c032b9dda1df7d1c" "/opt/rustwide/cargo-home/bin/cargo" "+1.75.0" "test" "--frozen" "--no-run" "--message-format=json", kill_on_drop: false }`
[INFO] [stdout] 9cffe7e09ceb0b94a4ba3d9c0303948b72d56fae8b594157c01555323a4afbdf
[INFO] running `Command { std: "docker" "start" "-a" "9cffe7e09ceb0b94a4ba3d9c0303948b72d56fae8b594157c01555323a4afbdf", kill_on_drop: false }`
[INFO] [stderr]    Compiling proc-macro2 v1.0.75
[INFO] [stderr]    Compiling unicode-ident v1.0.12
[INFO] [stderr]    Compiling crossbeam-utils v0.8.18
[INFO] [stderr]    Compiling cfg-if v1.0.0
[INFO] [stderr]    Compiling serde v1.0.194
[INFO] [stderr]    Compiling autocfg v1.1.0
[INFO] [stderr]    Compiling either v1.9.0
[INFO] [stderr]    Compiling rayon-core v1.12.0
[INFO] [stderr]    Compiling rustix v0.38.28
[INFO] [stderr]    Compiling serde_json v1.0.111
[INFO] [stderr]    Compiling regex-syntax v0.8.2
[INFO] [stderr]    Compiling half v1.8.2
[INFO] [stderr]    Compiling itoa v1.0.10
[INFO] [stderr]    Compiling ciborium-io v0.2.1
[INFO] [stderr]    Compiling anstyle v1.0.4
[INFO] [stderr]    Compiling clap_lex v0.6.0
[INFO] [stderr]    Compiling ryu v1.0.16
[INFO] [stderr]    Compiling bitflags v2.4.1
[INFO] [stderr]    Compiling linux-raw-sys v0.4.12
[INFO] [stderr]    Compiling plotters-backend v0.3.5
[INFO] [stderr]    Compiling itertools v0.10.5
[INFO] [stderr]    Compiling cast v0.3.0
[INFO] [stderr]    Compiling ciborium-ll v0.2.1
[INFO] [stderr]    Compiling clap_builder v4.4.12
[INFO] [stderr]    Compiling same-file v1.0.6
[INFO] [stderr]    Compiling plotters-svg v0.3.5
[INFO] [stderr]    Compiling walkdir v2.4.0
[INFO] [stderr]    Compiling anes v0.1.6
[INFO] [stderr]    Compiling oorandom v11.1.3
[INFO] [stderr]    Compiling num-traits v0.2.17
[INFO] [stderr]    Compiling once_cell v1.19.0
[INFO] [stderr]    Compiling quote v1.0.35
[INFO] [stderr]    Compiling crossbeam-epoch v0.9.17
[INFO] [stderr]    Compiling crossbeam-deque v0.8.4
[INFO] [stderr]    Compiling syn v2.0.48
[INFO] [stderr]    Compiling is-terminal v0.4.10
[INFO] [stderr]    Compiling regex-automata v0.4.3
[INFO] [stderr]    Compiling criterion-plot v0.5.0
[INFO] [stderr]    Compiling rayon v1.8.0
[INFO] [stderr]    Compiling plotters v0.3.5
[INFO] [stderr]    Compiling clap v4.4.13
[INFO] [stderr]    Compiling regex v1.10.2
[INFO] [stderr]    Compiling serde_derive v1.0.194
[INFO] [stderr]    Compiling tokio-macros v2.2.0
[INFO] [stderr]    Compiling tokio v1.35.1
[INFO] [stderr]    Compiling actson v0.3.0 (/opt/rustwide/workdir)
[INFO] [stderr]    Compiling ciborium v0.2.1
[INFO] [stderr]    Compiling tinytemplate v1.2.1
[INFO] [stderr]    Compiling criterion v0.5.1
[INFO] [stderr]     Finished test [unoptimized + debuginfo] target(s) in 24.08s
[INFO] running `Command { std: "docker" "inspect" "9cffe7e09ceb0b94a4ba3d9c0303948b72d56fae8b594157c01555323a4afbdf", kill_on_drop: false }`
[INFO] running `Command { std: "docker" "rm" "-f" "9cffe7e09ceb0b94a4ba3d9c0303948b72d56fae8b594157c01555323a4afbdf", kill_on_drop: false }`
[INFO] [stdout] 9cffe7e09ceb0b94a4ba3d9c0303948b72d56fae8b594157c01555323a4afbdf
[INFO] running `Command { std: "docker" "create" "-v" "/var/lib/crater-agent-workspace/builds/worker-0-tc1/target:/opt/rustwide/target:rw,Z" "-v" "/var/lib/crater-agent-workspace/builds/worker-0-tc1/source:/opt/rustwide/workdir:ro,Z" "-v" "/var/lib/crater-agent-workspace/cargo-home:/opt/rustwide/cargo-home:ro,Z" "-v" "/var/lib/crater-agent-workspace/rustup-home:/opt/rustwide/rustup-home:ro,Z" "-e" "SOURCE_DIR=/opt/rustwide/workdir" "-e" "CARGO_TARGET_DIR=/opt/rustwide/target" "-e" "CARGO_INCREMENTAL=0" "-e" "RUST_BACKTRACE=full" "-e" "RUSTFLAGS=--cap-lints=warn" "-e" "RUSTDOCFLAGS=--cap-lints=warn" "-e" "CARGO_HOME=/opt/rustwide/cargo-home" "-e" "RUSTUP_HOME=/opt/rustwide/rustup-home" "-w" "/opt/rustwide/workdir" "-m" "1610612736" "--user" "0:0" "--network" "none" "ghcr.io/rust-lang/crates-build-env/linux@sha256:2788e3201cd34a07e3172128adcd8b3090168a8e3bcc40d7c032b9dda1df7d1c" "/opt/rustwide/cargo-home/bin/cargo" "+1.75.0" "test" "--frozen", kill_on_drop: false }`
[INFO] [stdout] 31f2ff1e9e94255f969f143b4b21b3fa916f9ec5b2279eeed6f70ab6529ce480
[INFO] running `Command { std: "docker" "start" "-a" "31f2ff1e9e94255f969f143b4b21b3fa916f9ec5b2279eeed6f70ab6529ce480", kill_on_drop: false }`
[INFO] [stderr]     Finished test [unoptimized + debuginfo] target(s) in 0.15s
[INFO] [stderr]      Running unittests src/lib.rs (/opt/rustwide/target/debug/deps/actson-23cd91bf40b87b8f)
[INFO] [stdout] 
[INFO] [stdout] running 11 tests
[INFO] [stdout] test feeder::push::test::is_done ... ok
[INFO] [stdout] test feeder::push::test::short_string ... ok
[INFO] [stdout] test feeder::push::test::too_full ... ok
[INFO] [stdout] test feeder::push::test::is_full ... ok
[INFO] [stdout] test feeder::push::test::empty_at_beginning ... ok
[INFO] [stderr]      Running tests/test.rs (/opt/rustwide/target/debug/deps/test-a443689de252e544)
[INFO] [stdout] test feeder::push::test::long_string ... ok
[INFO] [stdout] test feeder::push::test::has_input ... ok
[INFO] [stdout] test feeder::slice::test::consume_all ... ok
[INFO] [stdout] test feeder::slice::test::empty ... ok
[INFO] [stdout] test feeder::push::test::feed_buf ... ok
[INFO] [stdout] test feeder::push::test::very_long_string ... ok
[INFO] [stdout] 
[INFO] [stdout] test result: ok. 11 passed; 0 failed; 0 ignored; 0 measured; 0 filtered out; finished in 0.03s
[INFO] [stdout] 
[INFO] [stdout] 
[INFO] [stdout] running 24 tests
[INFO] [stdout] test test_pass ... ok
[INFO] [stdout] test number_of_processed_bytes ... ok
[INFO] [stdout] test top_level_empty_string ... ok
[INFO] [stdout] test top_level_false ... ok
[INFO] [stdout] test simple_object ... ok
[INFO] [stdout] test tokio::asyncbufreader::parse_from_file ... ok
[INFO] [stdout] test top_level_long ... ok
[INFO] [stdout] test feeder::bufreader::read_from_file ... ok
[INFO] [stdout] test test_fail ... ok
[INFO] [stdout] test top_level_int ... ok
[INFO] [stdout] test mixed_array ... ok
[INFO] [stdout] test number_and_end_of_object ... ok
[INFO] [stdout] test number_and_eof ... ok
[INFO] [stdout] test zero_with_exp ... ok
[INFO] [stdout] test top_level_zero ... ok
[INFO] [stdout] test utf8 ... ok
[INFO] [stdout] test too_many_next_event ... ok
[INFO] [stdout] test empty_array ... ok
[INFO] [stderr]    Doc-tests actson
[INFO] [stdout] test illegal_number ... ok
[INFO] [stdout] test simple_array ... ok
[INFO] [stdout] test empty_object ... ok
[INFO] [stdout] test fraction ... ok
[INFO] [stdout] test feeder::bufreader::parse_from_file ... ok
[INFO] [stdout] test tokio::asyncbufreader::read_from_file ... ok
[INFO] [stdout] 
[INFO] [stdout] test result: ok. 24 passed; 0 failed; 0 ignored; 0 measured; 0 filtered out; finished in 0.11s
[INFO] [stdout] 
[INFO] [stdout] 
[INFO] [stdout] running 5 tests
[INFO] [stdout] test src/lib.rs - (line 177) ... FAILED
[INFO] [stdout] test src/lib.rs - (line 146) ... ok
[INFO] [stdout] test src/lib.rs - (line 18) ... ok
[INFO] [stdout] test src/lib.rs - (line 109) ... ok
[INFO] [stdout] test src/lib.rs - (line 65) ... ok
[INFO] [stdout] 
[INFO] [stdout] failures:
[INFO] [stdout] 
[INFO] [stdout] ---- src/lib.rs - (line 177) stdout ----
[INFO] [stdout] error[E0432]: unresolved import `actson::serde_json`
[INFO] [stdout]  --> src/lib.rs:179:13
[INFO] [stdout]   |
[INFO] [stdout] 5 | use actson::serde_json::from_slice;
[INFO] [stdout]   |             ^^^^^^^^^^ could not find `serde_json` in `actson`
[INFO] [stdout] 
[INFO] [stdout] error: aborting due to previous error
[INFO] [stdout] 
[INFO] [stdout] For more information about this error, try `rustc --explain E0432`.
[INFO] [stdout] Couldn't compile the test.
[INFO] [stdout] 
[INFO] [stdout] failures:
[INFO] [stdout]     src/lib.rs - (line 177)
[INFO] [stdout] 
[INFO] [stdout] test result: FAILED. 4 passed; 1 failed; 0 ignored; 0 measured; 0 filtered out; finished in 1.18s
[INFO] [stdout] 
[INFO] [stderr] error: doctest failed, to rerun pass `--doc`
[INFO] running `Command { std: "docker" "inspect" "31f2ff1e9e94255f969f143b4b21b3fa916f9ec5b2279eeed6f70ab6529ce480", kill_on_drop: false }`
[INFO] running `Command { std: "docker" "rm" "-f" "31f2ff1e9e94255f969f143b4b21b3fa916f9ec5b2279eeed6f70ab6529ce480", kill_on_drop: false }`
[INFO] [stdout] 31f2ff1e9e94255f969f143b4b21b3fa916f9ec5b2279eeed6f70ab6529ce480
[INFO] testing actson-0.3.0 against beta-2023-12-22 for beta-1.76-1
[INFO] extracting crate actson 0.3.0 into /workspace/builds/worker-0-tc2/source
[INFO] validating manifest of crates.io crate actson 0.3.0 on toolchain beta-2023-12-22
[INFO] running `Command { std: CARGO_HOME="/workspace/cargo-home" RUSTUP_HOME="/workspace/rustup-home" "/workspace/cargo-home/bin/cargo" "+beta-2023-12-22" "metadata" "--manifest-path" "Cargo.toml" "--no-deps", kill_on_drop: false }`
[INFO] started tweaking crates.io crate actson 0.3.0
[INFO] finished tweaking crates.io crate actson 0.3.0
[INFO] tweaked toml for crates.io crate actson 0.3.0 written to /workspace/builds/worker-0-tc2/source/Cargo.toml
[INFO] running `Command { std: CARGO_HOME="/workspace/cargo-home" RUSTUP_HOME="/workspace/rustup-home" "/workspace/cargo-home/bin/cargo" "+beta-2023-12-22" "generate-lockfile" "--manifest-path" "Cargo.toml", kill_on_drop: false }`
[INFO] [stderr]     Updating crates.io index
[INFO] running `Command { std: CARGO_HOME="/workspace/cargo-home" RUSTUP_HOME="/workspace/rustup-home" "/workspace/cargo-home/bin/cargo" "+beta-2023-12-22" "fetch" "--manifest-path" "Cargo.toml", kill_on_drop: false }`
[INFO] running `Command { std: "docker" "create" "-v" "/var/lib/crater-agent-workspace/builds/worker-0-tc2/target:/opt/rustwide/target:rw,Z" "-v" "/var/lib/crater-agent-workspace/builds/worker-0-tc2/source:/opt/rustwide/workdir:ro,Z" "-v" "/var/lib/crater-agent-workspace/cargo-home:/opt/rustwide/cargo-home:ro,Z" "-v" "/var/lib/crater-agent-workspace/rustup-home:/opt/rustwide/rustup-home:ro,Z" "-e" "SOURCE_DIR=/opt/rustwide/workdir" "-e" "CARGO_TARGET_DIR=/opt/rustwide/target" "-e" "CARGO_HOME=/opt/rustwide/cargo-home" "-e" "RUSTUP_HOME=/opt/rustwide/rustup-home" "-w" "/opt/rustwide/workdir" "-m" "1610612736" "--user" "0:0" "--network" "none" "ghcr.io/rust-lang/crates-build-env/linux@sha256:2788e3201cd34a07e3172128adcd8b3090168a8e3bcc40d7c032b9dda1df7d1c" "/opt/rustwide/cargo-home/bin/cargo" "+beta-2023-12-22" "metadata" "--no-deps" "--format-version=1", kill_on_drop: false }`
[INFO] [stdout] 5595701e23af390129bad232f83aa90d1d7b7d3763bd8b2ed676b3ba75834cc0
[INFO] running `Command { std: "docker" "start" "-a" "5595701e23af390129bad232f83aa90d1d7b7d3763bd8b2ed676b3ba75834cc0", kill_on_drop: false }`
[INFO] running `Command { std: "docker" "inspect" "5595701e23af390129bad232f83aa90d1d7b7d3763bd8b2ed676b3ba75834cc0", kill_on_drop: false }`
[INFO] running `Command { std: "docker" "rm" "-f" "5595701e23af390129bad232f83aa90d1d7b7d3763bd8b2ed676b3ba75834cc0", kill_on_drop: false }`
[INFO] [stdout] 5595701e23af390129bad232f83aa90d1d7b7d3763bd8b2ed676b3ba75834cc0
[INFO] running `Command { std: "docker" "create" "-v" "/var/lib/crater-agent-workspace/builds/worker-0-tc2/target:/opt/rustwide/target:rw,Z" "-v" "/var/lib/crater-agent-workspace/builds/worker-0-tc2/source:/opt/rustwide/workdir:ro,Z" "-v" "/var/lib/crater-agent-workspace/cargo-home:/opt/rustwide/cargo-home:ro,Z" "-v" "/var/lib/crater-agent-workspace/rustup-home:/opt/rustwide/rustup-home:ro,Z" "-e" "SOURCE_DIR=/opt/rustwide/workdir" "-e" "CARGO_TARGET_DIR=/opt/rustwide/target" "-e" "CARGO_INCREMENTAL=0" "-e" "RUST_BACKTRACE=full" "-e" "RUSTFLAGS=--cap-lints=warn" "-e" "RUSTDOCFLAGS=--cap-lints=warn" "-e" "CARGO_HOME=/opt/rustwide/cargo-home" "-e" "RUSTUP_HOME=/opt/rustwide/rustup-home" "-w" "/opt/rustwide/workdir" "-m" "1610612736" "--user" "0:0" "--network" "none" "ghcr.io/rust-lang/crates-build-env/linux@sha256:2788e3201cd34a07e3172128adcd8b3090168a8e3bcc40d7c032b9dda1df7d1c" "/opt/rustwide/cargo-home/bin/cargo" "+beta-2023-12-22" "build" "--frozen" "--message-format=json", kill_on_drop: false }`
[INFO] [stdout] c40a3da221c5095764db08596dae09249d7204953bd0a30c439f7743973bb8b8
[INFO] running `Command { std: "docker" "start" "-a" "c40a3da221c5095764db08596dae09249d7204953bd0a30c439f7743973bb8b8", kill_on_drop: false }`
[INFO] [stderr]    Compiling static_assertions v1.1.0
[INFO] [stderr]    Compiling libc v0.2.151
[INFO] [stderr]    Compiling pin-project-lite v0.2.13
[INFO] [stderr]    Compiling bytes v1.5.0
[INFO] [stderr]    Compiling lexical-util v0.8.5
[INFO] [stderr]    Compiling lexical-write-integer v0.8.5
[INFO] [stderr]    Compiling lexical-parse-integer v0.8.6
[INFO] [stderr]    Compiling lexical-parse-float v0.8.5
[INFO] [stderr]    Compiling lexical-write-float v0.8.5
[INFO] [stderr]    Compiling num_cpus v1.16.0
[INFO] [stderr]    Compiling lexical-core v0.8.5
[INFO] [stderr]    Compiling tokio v1.35.1
[INFO] [stderr]    Compiling lexical v6.1.1
[INFO] [stderr]    Compiling actson v0.3.0 (/opt/rustwide/workdir)
[INFO] [stderr]     Finished dev [unoptimized + debuginfo] target(s) in 3.95s
[INFO] running `Command { std: "docker" "inspect" "c40a3da221c5095764db08596dae09249d7204953bd0a30c439f7743973bb8b8", kill_on_drop: false }`
[INFO] running `Command { std: "docker" "rm" "-f" "c40a3da221c5095764db08596dae09249d7204953bd0a30c439f7743973bb8b8", kill_on_drop: false }`
[INFO] [stdout] c40a3da221c5095764db08596dae09249d7204953bd0a30c439f7743973bb8b8
[INFO] running `Command { std: "docker" "create" "-v" "/var/lib/crater-agent-workspace/builds/worker-0-tc2/target:/opt/rustwide/target:rw,Z" "-v" "/var/lib/crater-agent-workspace/builds/worker-0-tc2/source:/opt/rustwide/workdir:ro,Z" "-v" "/var/lib/crater-agent-workspace/cargo-home:/opt/rustwide/cargo-home:ro,Z" "-v" "/var/lib/crater-agent-workspace/rustup-home:/opt/rustwide/rustup-home:ro,Z" "-e" "SOURCE_DIR=/opt/rustwide/workdir" "-e" "CARGO_TARGET_DIR=/opt/rustwide/target" "-e" "CARGO_INCREMENTAL=0" "-e" "RUST_BACKTRACE=full" "-e" "RUSTFLAGS=--cap-lints=warn" "-e" "RUSTDOCFLAGS=--cap-lints=warn" "-e" "CARGO_HOME=/opt/rustwide/cargo-home" "-e" "RUSTUP_HOME=/opt/rustwide/rustup-home" "-w" "/opt/rustwide/workdir" "-m" "1610612736" "--user" "0:0" "--network" "none" "ghcr.io/rust-lang/crates-build-env/linux@sha256:2788e3201cd34a07e3172128adcd8b3090168a8e3bcc40d7c032b9dda1df7d1c" "/opt/rustwide/cargo-home/bin/cargo" "+beta-2023-12-22" "test" "--frozen" "--no-run" "--message-format=json", kill_on_drop: false }`
[INFO] [stdout] 01fac659389cf7caf7c120b5f2dd54b4d34bca42b11ab00897129894f63628c2
[INFO] running `Command { std: "docker" "start" "-a" "01fac659389cf7caf7c120b5f2dd54b4d34bca42b11ab00897129894f63628c2", kill_on_drop: false }`
[INFO] [stderr]    Compiling proc-macro2 v1.0.75
[INFO] [stderr]    Compiling unicode-ident v1.0.12
[INFO] [stderr]    Compiling crossbeam-utils v0.8.18
[INFO] [stderr]    Compiling cfg-if v1.0.0
[INFO] [stderr]    Compiling serde v1.0.194
[INFO] [stderr]    Compiling autocfg v1.1.0
[INFO] [stderr]    Compiling serde_json v1.0.111
[INFO] [stderr]    Compiling either v1.9.0
[INFO] [stderr]    Compiling rustix v0.38.28
[INFO] [stderr]    Compiling rayon-core v1.12.0
[INFO] [stderr]    Compiling bitflags v2.4.1
[INFO] [stderr]    Compiling half v1.8.2
[INFO] [stderr]    Compiling plotters-backend v0.3.5
[INFO] [stderr]    Compiling ryu v1.0.16
[INFO] [stderr]    Compiling linux-raw-sys v0.4.12
[INFO] [stderr]    Compiling regex-syntax v0.8.2
[INFO] [stderr]    Compiling ciborium-io v0.2.1
[INFO] [stderr]    Compiling itoa v1.0.10
[INFO] [stderr]    Compiling anstyle v1.0.4
[INFO] [stderr]    Compiling clap_lex v0.6.0
[INFO] [stderr]    Compiling ciborium-ll v0.2.1
[INFO] [stderr]    Compiling itertools v0.10.5
[INFO] [stderr]    Compiling same-file v1.0.6
[INFO] [stderr]    Compiling cast v0.3.0
[INFO] [stderr]    Compiling plotters-svg v0.3.5
[INFO] [stderr]    Compiling once_cell v1.19.0
[INFO] [stderr]    Compiling anes v0.1.6
[INFO] [stderr]    Compiling clap_builder v4.4.12
[INFO] [stderr]    Compiling walkdir v2.4.0
[INFO] [stderr]    Compiling num-traits v0.2.17
[INFO] [stderr]    Compiling oorandom v11.1.3
[INFO] [stderr]    Compiling crossbeam-epoch v0.9.17
[INFO] [stderr]    Compiling quote v1.0.35
[INFO] [stderr]    Compiling crossbeam-deque v0.8.4
[INFO] [stderr]    Compiling syn v2.0.48
[INFO] [stderr]    Compiling is-terminal v0.4.10
[INFO] [stderr]    Compiling regex-automata v0.4.3
[INFO] [stderr]    Compiling rayon v1.8.0
[INFO] [stderr]    Compiling criterion-plot v0.5.0
[INFO] [stderr]    Compiling plotters v0.3.5
[INFO] [stderr]    Compiling clap v4.4.13
[INFO] [stderr]    Compiling regex v1.10.2
[INFO] [stderr]    Compiling serde_derive v1.0.194
[INFO] [stderr]    Compiling tokio-macros v2.2.0
[INFO] [stderr]    Compiling tokio v1.35.1
[INFO] [stderr]    Compiling actson v0.3.0 (/opt/rustwide/workdir)
[INFO] [stderr]    Compiling ciborium v0.2.1
[INFO] [stderr]    Compiling tinytemplate v1.2.1
[INFO] [stderr]    Compiling criterion v0.5.1
[INFO] [stderr]     Finished test [unoptimized + debuginfo] target(s) in 13.39s
[INFO] running `Command { std: "docker" "inspect" "01fac659389cf7caf7c120b5f2dd54b4d34bca42b11ab00897129894f63628c2", kill_on_drop: false }`
[INFO] running `Command { std: "docker" "rm" "-f" "01fac659389cf7caf7c120b5f2dd54b4d34bca42b11ab00897129894f63628c2", kill_on_drop: false }`
[INFO] [stdout] 01fac659389cf7caf7c120b5f2dd54b4d34bca42b11ab00897129894f63628c2
[INFO] running `Command { std: "docker" "create" "-v" "/var/lib/crater-agent-workspace/builds/worker-0-tc2/target:/opt/rustwide/target:rw,Z" "-v" "/var/lib/crater-agent-workspace/builds/worker-0-tc2/source:/opt/rustwide/workdir:ro,Z" "-v" "/var/lib/crater-agent-workspace/cargo-home:/opt/rustwide/cargo-home:ro,Z" "-v" "/var/lib/crater-agent-workspace/rustup-home:/opt/rustwide/rustup-home:ro,Z" "-e" "SOURCE_DIR=/opt/rustwide/workdir" "-e" "CARGO_TARGET_DIR=/opt/rustwide/target" "-e" "CARGO_INCREMENTAL=0" "-e" "RUST_BACKTRACE=full" "-e" "RUSTFLAGS=--cap-lints=warn" "-e" "RUSTDOCFLAGS=--cap-lints=warn" "-e" "CARGO_HOME=/opt/rustwide/cargo-home" "-e" "RUSTUP_HOME=/opt/rustwide/rustup-home" "-w" "/opt/rustwide/workdir" "-m" "1610612736" "--user" "0:0" "--network" "none" "ghcr.io/rust-lang/crates-build-env/linux@sha256:2788e3201cd34a07e3172128adcd8b3090168a8e3bcc40d7c032b9dda1df7d1c" "/opt/rustwide/cargo-home/bin/cargo" "+beta-2023-12-22" "test" "--frozen", kill_on_drop: false }`
[INFO] [stdout] d4cbd005ac4c92f097918b041bb8b98f3807de1b4d0f543a8cff0abcd3a565ca
[INFO] running `Command { std: "docker" "start" "-a" "d4cbd005ac4c92f097918b041bb8b98f3807de1b4d0f543a8cff0abcd3a565ca", kill_on_drop: false }`
[INFO] [stderr]     Finished test [unoptimized + debuginfo] target(s) in 0.05s
[INFO] [stderr]      Running unittests src/lib.rs (/opt/rustwide/target/debug/deps/actson-68c0a28df0afd590)
[INFO] [stdout] 
[INFO] [stdout] running 11 tests
[INFO] [stdout] test feeder::push::test::empty_at_beginning ... ok
[INFO] [stdout] test feeder::push::test::feed_buf ... ok
[INFO] [stdout] test feeder::push::test::has_input ... ok
[INFO] [stdout] test feeder::push::test::is_done ... ok
[INFO] [stdout] test feeder::push::test::is_full ... ok
[INFO] [stdout] test feeder::push::test::long_string ... ok
[INFO] [stdout] test feeder::push::test::short_string ... ok
[INFO] [stdout] test feeder::push::test::too_full ... ok
[INFO] [stdout] test feeder::push::test::very_long_string ... ok
[INFO] [stdout] test feeder::slice::test::consume_all ... ok
[INFO] [stdout] test feeder::slice::test::empty ... ok
[INFO] [stdout] 
[INFO] [stdout] test result: ok. 11 passed; 0 failed; 0 ignored; 0 measured; 0 filtered out; finished in 0.00s
[INFO] [stdout] 
[INFO] [stderr]      Running tests/test.rs (/opt/rustwide/target/debug/deps/test-0c47007e9ecba6b3)
[INFO] [stdout] 
[INFO] [stdout] running 24 tests
[INFO] [stdout] test empty_array ... ok
[INFO] [stdout] test empty_object ... ok
[INFO] [stdout] test feeder::bufreader::read_from_file ... ok
[INFO] [stdout] test fraction ... ok
[INFO] [stdout] test illegal_number ... ok
[INFO] [stdout] test mixed_array ... ok
[INFO] [stdout] test number_and_end_of_object ... ok
[INFO] [stdout] test number_and_eof ... ok
[INFO] [stdout] test feeder::bufreader::parse_from_file ... ok
[INFO] [stdout] test number_of_processed_bytes ... ok
[INFO] [stdout] test simple_array ... ok
[INFO] [stdout] test simple_object ... ok
[INFO] [stdout] test test_fail ... ok
[INFO] [stdout] test top_level_false ... ok
[INFO] [stdout] test too_many_next_event ... ok
[INFO] [stdout] test top_level_empty_string ... ok
[INFO] [stdout] test top_level_long ... ok
[INFO] [stdout] test top_level_zero ... ok
[INFO] [stdout] test zero_with_exp ... ok
[INFO] [stdout] test utf8 ... ok
[INFO] [stdout] test top_level_int ... ok
[INFO] [stdout] test test_pass ... ok
[INFO] [stdout] test tokio::asyncbufreader::read_from_file ... ok
[INFO] [stdout] test tokio::asyncbufreader::parse_from_file ... ok
[INFO] [stdout] 
[INFO] [stdout] test result: ok. 24 passed; 0 failed; 0 ignored; 0 measured; 0 filtered out; finished in 0.01s
[INFO] [stdout] 
[INFO] [stderr]    Doc-tests actson
[INFO] [stdout] 
[INFO] [stdout] running 5 tests
[INFO] [stdout] test src/lib.rs - (line 177) ... FAILED
[INFO] [stdout] test src/lib.rs - (line 18) ... ok
[INFO] [stdout] test src/lib.rs - (line 146) ... ok
[INFO] [stdout] test src/lib.rs - (line 109) ... ok
[INFO] [stdout] test src/lib.rs - (line 65) ... ok
[INFO] [stdout] 
[INFO] [stdout] failures:
[INFO] [stdout] 
[INFO] [stdout] ---- src/lib.rs - (line 177) stdout ----
[INFO] [stdout] error[E0432]: unresolved import `actson::serde_json`
[INFO] [stdout]  --> src/lib.rs:179:13
[INFO] [stdout]   |
[INFO] [stdout] 5 | use actson::serde_json::from_slice;
[INFO] [stdout]   |             ^^^^^^^^^^ could not find `serde_json` in `actson`
[INFO] [stdout] 
[INFO] [stdout] error: aborting due to 1 previous error
[INFO] [stdout] 
[INFO] [stdout] For more information about this error, try `rustc --explain E0432`.
[INFO] [stdout] Couldn't compile the test.
[INFO] [stdout] 
[INFO] [stdout] failures:
[INFO] [stdout]     src/lib.rs - (line 177)
[INFO] [stdout] 
[INFO] [stdout] test result: FAILED. 4 passed; 1 failed; 0 ignored; 0 measured; 0 filtered out; finished in 0.44s
[INFO] [stdout] 
[INFO] [stderr] error: doctest failed, to rerun pass `--doc`
[INFO] running `Command { std: "docker" "inspect" "d4cbd005ac4c92f097918b041bb8b98f3807de1b4d0f543a8cff0abcd3a565ca", kill_on_drop: false }`
[INFO] running `Command { std: "docker" "rm" "-f" "d4cbd005ac4c92f097918b041bb8b98f3807de1b4d0f543a8cff0abcd3a565ca", kill_on_drop: false }`
[INFO] [stdout] d4cbd005ac4c92f097918b041bb8b98f3807de1b4d0f543a8cff0abcd3a565ca
