[INFO] fetching crate actix-storage 0.3.0...
[INFO] testing actix-storage-0.3.0 against 1.75.0 for beta-1.76-1
[INFO] extracting crate actix-storage 0.3.0 into /workspace/builds/worker-2-tc1/source
[INFO] validating manifest of crates.io crate actix-storage 0.3.0 on toolchain 1.75.0
[INFO] running `Command { std: CARGO_HOME="/workspace/cargo-home" RUSTUP_HOME="/workspace/rustup-home" "/workspace/cargo-home/bin/cargo" "+1.75.0" "metadata" "--manifest-path" "Cargo.toml" "--no-deps", kill_on_drop: false }`
[INFO] started tweaking crates.io crate actix-storage 0.3.0
[INFO] finished tweaking crates.io crate actix-storage 0.3.0
[INFO] tweaked toml for crates.io crate actix-storage 0.3.0 written to /workspace/builds/worker-2-tc1/source/Cargo.toml
[INFO] running `Command { std: CARGO_HOME="/workspace/cargo-home" RUSTUP_HOME="/workspace/rustup-home" "/workspace/cargo-home/bin/cargo" "+1.75.0" "generate-lockfile" "--manifest-path" "Cargo.toml", kill_on_drop: false }`
[INFO] [stderr]     Updating crates.io index
[INFO] running `Command { std: CARGO_HOME="/workspace/cargo-home" RUSTUP_HOME="/workspace/rustup-home" "/workspace/cargo-home/bin/cargo" "+1.75.0" "fetch" "--manifest-path" "Cargo.toml", kill_on_drop: false }`
[INFO] [stderr]  Downloading crates ...
[INFO] [stderr]   Downloaded local-waker v0.1.4
[INFO] [stderr]   Downloaded bytestring v1.3.1
[INFO] [stderr]   Downloaded actix-server v2.3.0
[INFO] [stderr]   Downloaded actix-codec v0.5.1
[INFO] [stderr]   Downloaded local-channel v0.1.5
[INFO] [stderr]   Downloaded half v1.8.2
[INFO] [stderr]   Downloaded actix v0.13.1
[INFO] [stderr]   Downloaded actix-web v4.4.1
[INFO] [stderr]   Downloaded actix-http v3.5.1
[INFO] [stderr]   Downloaded quick-xml v0.26.0
[INFO] [stderr]   Downloaded ron v0.8.1
[INFO] [stderr]   Downloaded serde_cbor v0.11.2
[INFO] [stderr]   Downloaded bincode v1.3.3
[INFO] [stderr]   Downloaded actix-rt v2.9.0
[INFO] [stderr]   Downloaded actix-router v0.5.2
[INFO] [stderr]   Downloaded language-tags v0.3.2
[INFO] [stderr]   Downloaded actix-macros v0.2.4
[INFO] [stderr]   Downloaded actix_derive v0.6.1
[INFO] [stderr]   Downloaded actix-service v2.0.2
[INFO] [stderr]   Downloaded actix-utils v3.0.1
[INFO] [stderr]   Downloaded serde_yaml v0.8.26
[INFO] running `Command { std: "docker" "create" "-v" "/var/lib/crater-agent-workspace/builds/worker-2-tc1/target:/opt/rustwide/target:rw,Z" "-v" "/var/lib/crater-agent-workspace/builds/worker-2-tc1/source:/opt/rustwide/workdir:ro,Z" "-v" "/var/lib/crater-agent-workspace/cargo-home:/opt/rustwide/cargo-home:ro,Z" "-v" "/var/lib/crater-agent-workspace/rustup-home:/opt/rustwide/rustup-home:ro,Z" "-e" "SOURCE_DIR=/opt/rustwide/workdir" "-e" "CARGO_TARGET_DIR=/opt/rustwide/target" "-e" "CARGO_HOME=/opt/rustwide/cargo-home" "-e" "RUSTUP_HOME=/opt/rustwide/rustup-home" "-w" "/opt/rustwide/workdir" "-m" "1610612736" "--user" "0:0" "--network" "none" "ghcr.io/rust-lang/crates-build-env/linux@sha256:2788e3201cd34a07e3172128adcd8b3090168a8e3bcc40d7c032b9dda1df7d1c" "/opt/rustwide/cargo-home/bin/cargo" "+1.75.0" "metadata" "--no-deps" "--format-version=1", kill_on_drop: false }`
[INFO] [stdout] 21954014cf4a3f238c80f302eb74d93d82f1f1631566ad3703767e6fc589ff56
[INFO] running `Command { std: "docker" "start" "-a" "21954014cf4a3f238c80f302eb74d93d82f1f1631566ad3703767e6fc589ff56", kill_on_drop: false }`
[INFO] running `Command { std: "docker" "inspect" "21954014cf4a3f238c80f302eb74d93d82f1f1631566ad3703767e6fc589ff56", kill_on_drop: false }`
[INFO] running `Command { std: "docker" "rm" "-f" "21954014cf4a3f238c80f302eb74d93d82f1f1631566ad3703767e6fc589ff56", kill_on_drop: false }`
[INFO] [stdout] 21954014cf4a3f238c80f302eb74d93d82f1f1631566ad3703767e6fc589ff56
[INFO] running `Command { std: "docker" "create" "-v" "/var/lib/crater-agent-workspace/builds/worker-2-tc1/target:/opt/rustwide/target:rw,Z" "-v" "/var/lib/crater-agent-workspace/builds/worker-2-tc1/source:/opt/rustwide/workdir:ro,Z" "-v" "/var/lib/crater-agent-workspace/cargo-home:/opt/rustwide/cargo-home:ro,Z" "-v" "/var/lib/crater-agent-workspace/rustup-home:/opt/rustwide/rustup-home:ro,Z" "-e" "SOURCE_DIR=/opt/rustwide/workdir" "-e" "CARGO_TARGET_DIR=/opt/rustwide/target" "-e" "CARGO_INCREMENTAL=0" "-e" "RUST_BACKTRACE=full" "-e" "RUSTFLAGS=--cap-lints=warn" "-e" "RUSTDOCFLAGS=--cap-lints=warn" "-e" "CARGO_HOME=/opt/rustwide/cargo-home" "-e" "RUSTUP_HOME=/opt/rustwide/rustup-home" "-w" "/opt/rustwide/workdir" "-m" "1610612736" "--user" "0:0" "--network" "none" "ghcr.io/rust-lang/crates-build-env/linux@sha256:2788e3201cd34a07e3172128adcd8b3090168a8e3bcc40d7c032b9dda1df7d1c" "/opt/rustwide/cargo-home/bin/cargo" "+1.75.0" "build" "--frozen" "--message-format=json", kill_on_drop: false }`
[INFO] [stdout] 1b0bce373e2ca143b15d34a386c1ab4556d25e3e21c0661008f094c56d456956
[INFO] running `Command { std: "docker" "start" "-a" "1b0bce373e2ca143b15d34a386c1ab4556d25e3e21c0661008f094c56d456956", kill_on_drop: false }`
[INFO] [stderr]    Compiling libc v0.2.151
[INFO] [stderr]    Compiling proc-macro2 v1.0.75
[INFO] [stderr]    Compiling pin-project-lite v0.2.13
[INFO] [stderr]    Compiling unicode-ident v1.0.12
[INFO] [stderr]    Compiling version_check v0.9.4
[INFO] [stderr]    Compiling bytes v1.5.0
[INFO] [stderr]    Compiling parking_lot_core v0.9.9
[INFO] [stderr]    Compiling log v0.4.20
[INFO] [stderr]    Compiling smallvec v1.11.2
[INFO] [stderr]    Compiling futures-core v0.3.30
[INFO] [stderr]    Compiling scopeguard v1.2.0
[INFO] [stderr]    Compiling once_cell v1.19.0
[INFO] [stderr]    Compiling typenum v1.17.0
[INFO] [stderr]    Compiling memchr v2.7.1
[INFO] [stderr]    Compiling lock_api v0.4.11
[INFO] [stderr]    Compiling itoa v1.0.10
[INFO] [stderr]    Compiling serde v1.0.194
[INFO] [stderr]    Compiling futures-sink v0.3.30
[INFO] [stderr]    Compiling paste v1.0.14
[INFO] [stderr]    Compiling percent-encoding v2.3.1
[INFO] [stderr]    Compiling local-waker v0.1.4
[INFO] [stderr]    Compiling tinyvec_macros v0.1.1
[INFO] [stderr]    Compiling tracing-core v0.1.32
[INFO] [stderr]    Compiling syn v1.0.109
[INFO] [stderr]    Compiling tinyvec v1.6.0
[INFO] [stderr]    Compiling futures-task v0.3.30
[INFO] [stderr]    Compiling fnv v1.0.7
[INFO] [stderr]    Compiling crossbeam-utils v0.8.18
[INFO] [stderr]    Compiling generic-array v0.14.7
[INFO] [stderr]    Compiling ahash v0.8.7
[INFO] [stderr]    Compiling regex-syntax v0.8.2
[INFO] [stderr]    Compiling ppv-lite86 v0.2.17
[INFO] [stderr]    Compiling httparse v1.8.0
[INFO] [stderr]    Compiling aho-corasick v1.1.2
[INFO] [stderr]    Compiling bytestring v1.3.1
[INFO] [stderr]    Compiling http v0.2.11
[INFO] [stderr]    Compiling futures-util v0.3.30
[INFO] [stderr]    Compiling form_urlencoded v1.2.1
[INFO] [stderr]    Compiling actix-utils v3.0.1
[INFO] [stderr]    Compiling tracing v0.1.40
[INFO] [stderr]    Compiling ryu v1.0.16
[INFO] [stderr]    Compiling powerfmt v0.2.0
[INFO] [stderr]    Compiling quote v1.0.35
[INFO] [stderr]    Compiling signal-hook-registry v1.4.1
[INFO] [stderr]    Compiling mio v0.8.10
[INFO] [stderr]    Compiling socket2 v0.5.5
[INFO] [stderr]    Compiling parking_lot v0.12.1
[INFO] [stderr]    Compiling syn v2.0.48
[INFO] [stderr]    Compiling getrandom v0.2.11
[INFO] [stderr]    Compiling actix-service v2.0.2
[INFO] [stderr]    Compiling bitflags v2.4.1
[INFO] [stderr]    Compiling rand_core v0.6.4
[INFO] [stderr]    Compiling tokio v1.35.1
[INFO] [stderr]    Compiling unicode-normalization v0.1.22
[INFO] [stderr]    Compiling rand_chacha v0.3.1
[INFO] [stderr]    Compiling bitflags v1.3.2
[INFO] [stderr]    Compiling convert_case v0.4.0
[INFO] [stderr]    Compiling serde_json v1.0.111
[INFO] [stderr]    Compiling unicode-bidi v0.3.14
[INFO] [stderr]    Compiling cpufeatures v0.2.12
[INFO] [stderr]    Compiling zerocopy v0.7.32
[INFO] [stderr]    Compiling rand v0.8.5
[INFO] [stderr]    Compiling deranged v0.3.11
[INFO] [stderr]    Compiling block-buffer v0.10.4
[INFO] [stderr]    Compiling crypto-common v0.1.6
[INFO] [stderr]    Compiling digest v0.10.7
[INFO] [stderr]    Compiling regex-automata v0.4.3
[INFO] [stderr]    Compiling idna v0.5.0
[INFO] [stderr]    Compiling sha1 v0.10.6
[INFO] [stderr]    Compiling local-channel v0.1.5
[INFO] [stderr]    Compiling encoding_rs v0.8.33
[INFO] [stderr]    Compiling time-core v0.1.2
[INFO] [stderr]    Compiling async-trait v0.1.77
[INFO] [stderr]    Compiling mime v0.3.17
[INFO] [stderr]    Compiling base64 v0.21.5
[INFO] [stderr]    Compiling httpdate v1.0.3
[INFO] [stderr]    Compiling thiserror v1.0.56
[INFO] [stderr]    Compiling language-tags v0.3.2
[INFO] [stderr]    Compiling crossbeam-channel v0.5.10
[INFO] [stderr]    Compiling url v2.5.0
[INFO] [stderr]    Compiling time v0.3.31
[INFO] [stderr]    Compiling serde_urlencoded v0.7.1
[INFO] [stderr]    Compiling derive_more v0.99.17
[INFO] [stderr]    Compiling regex v1.10.2
[INFO] [stderr]    Compiling actix-router v0.5.2
[INFO] [stderr]    Compiling actix-rt v2.9.0
[INFO] [stderr]    Compiling tokio-util v0.7.10
[INFO] [stderr]    Compiling actix-server v2.3.0
[INFO] [stderr]    Compiling thiserror-impl v1.0.56
[INFO] [stderr]    Compiling actix_derive v0.6.1
[INFO] [stderr]    Compiling actix-macros v0.2.4
[INFO] [stderr]    Compiling actix-codec v0.5.1
[INFO] [stderr]    Compiling actix v0.13.1
[INFO] [stderr]    Compiling actix-http v3.5.1
[INFO] [stderr]    Compiling actix-web v4.4.1
[INFO] [stderr]    Compiling actix-storage v0.3.0 (/opt/rustwide/workdir)
[INFO] [stderr]     Finished dev [unoptimized + debuginfo] target(s) in 17.04s
[INFO] running `Command { std: "docker" "inspect" "1b0bce373e2ca143b15d34a386c1ab4556d25e3e21c0661008f094c56d456956", kill_on_drop: false }`
[INFO] running `Command { std: "docker" "rm" "-f" "1b0bce373e2ca143b15d34a386c1ab4556d25e3e21c0661008f094c56d456956", kill_on_drop: false }`
[INFO] [stdout] 1b0bce373e2ca143b15d34a386c1ab4556d25e3e21c0661008f094c56d456956
[INFO] running `Command { std: "docker" "create" "-v" "/var/lib/crater-agent-workspace/builds/worker-2-tc1/target:/opt/rustwide/target:rw,Z" "-v" "/var/lib/crater-agent-workspace/builds/worker-2-tc1/source:/opt/rustwide/workdir:ro,Z" "-v" "/var/lib/crater-agent-workspace/cargo-home:/opt/rustwide/cargo-home:ro,Z" "-v" "/var/lib/crater-agent-workspace/rustup-home:/opt/rustwide/rustup-home:ro,Z" "-e" "SOURCE_DIR=/opt/rustwide/workdir" "-e" "CARGO_TARGET_DIR=/opt/rustwide/target" "-e" "CARGO_INCREMENTAL=0" "-e" "RUST_BACKTRACE=full" "-e" "RUSTFLAGS=--cap-lints=warn" "-e" "RUSTDOCFLAGS=--cap-lints=warn" "-e" "CARGO_HOME=/opt/rustwide/cargo-home" "-e" "RUSTUP_HOME=/opt/rustwide/rustup-home" "-w" "/opt/rustwide/workdir" "-m" "1610612736" "--user" "0:0" "--network" "none" "ghcr.io/rust-lang/crates-build-env/linux@sha256:2788e3201cd34a07e3172128adcd8b3090168a8e3bcc40d7c032b9dda1df7d1c" "/opt/rustwide/cargo-home/bin/cargo" "+1.75.0" "test" "--frozen" "--no-run" "--message-format=json", kill_on_drop: false }`
[INFO] [stdout] 8188c250c846420a62cdebb3efd9dd0a17805b54aeab653de50c5a21af255a97
[INFO] running `Command { std: "docker" "start" "-a" "8188c250c846420a62cdebb3efd9dd0a17805b54aeab653de50c5a21af255a97", kill_on_drop: false }`
[INFO] [stderr]    Compiling actix-storage v0.3.0 (/opt/rustwide/workdir)
[INFO] [stderr]     Finished test [unoptimized + debuginfo] target(s) in 2.42s
[INFO] running `Command { std: "docker" "inspect" "8188c250c846420a62cdebb3efd9dd0a17805b54aeab653de50c5a21af255a97", kill_on_drop: false }`
[INFO] running `Command { std: "docker" "rm" "-f" "8188c250c846420a62cdebb3efd9dd0a17805b54aeab653de50c5a21af255a97", kill_on_drop: false }`
[INFO] [stdout] 8188c250c846420a62cdebb3efd9dd0a17805b54aeab653de50c5a21af255a97
[INFO] running `Command { std: "docker" "create" "-v" "/var/lib/crater-agent-workspace/builds/worker-2-tc1/target:/opt/rustwide/target:rw,Z" "-v" "/var/lib/crater-agent-workspace/builds/worker-2-tc1/source:/opt/rustwide/workdir:ro,Z" "-v" "/var/lib/crater-agent-workspace/cargo-home:/opt/rustwide/cargo-home:ro,Z" "-v" "/var/lib/crater-agent-workspace/rustup-home:/opt/rustwide/rustup-home:ro,Z" "-e" "SOURCE_DIR=/opt/rustwide/workdir" "-e" "CARGO_TARGET_DIR=/opt/rustwide/target" "-e" "CARGO_INCREMENTAL=0" "-e" "RUST_BACKTRACE=full" "-e" "RUSTFLAGS=--cap-lints=warn" "-e" "RUSTDOCFLAGS=--cap-lints=warn" "-e" "CARGO_HOME=/opt/rustwide/cargo-home" "-e" "RUSTUP_HOME=/opt/rustwide/rustup-home" "-w" "/opt/rustwide/workdir" "-m" "1610612736" "--user" "0:0" "--network" "none" "ghcr.io/rust-lang/crates-build-env/linux@sha256:2788e3201cd34a07e3172128adcd8b3090168a8e3bcc40d7c032b9dda1df7d1c" "/opt/rustwide/cargo-home/bin/cargo" "+1.75.0" "test" "--frozen", kill_on_drop: false }`
[INFO] [stdout] 405bac4470ed3f39d158d59e77984d8b7072f7301dd2a7c44b931c18c0054136
[INFO] running `Command { std: "docker" "start" "-a" "405bac4470ed3f39d158d59e77984d8b7072f7301dd2a7c44b931c18c0054136", kill_on_drop: false }`
[INFO] [stderr]     Finished test [unoptimized + debuginfo] target(s) in 0.08s
[INFO] [stderr]      Running unittests src/lib.rs (/opt/rustwide/target/debug/deps/actix_storage-e302485cf2fdb45b)
[INFO] [stdout] 
[INFO] [stdout] running 5 tests
[INFO] [stdout] test storage::test::test_expiry_store_polyfill ... ok
[INFO] [stdout] test storage::test::test_no_expiry ... ok
[INFO] [stdout] test error::test::test_error ... ok
[INFO] [stdout] test storage::test::test_no_sotre - should panic ... ok
[INFO] [stdout] test actor::tests::test_actor - should panic ... ok
[INFO] [stdout] 
[INFO] [stdout] test result: ok. 5 passed; 0 failed; 0 ignored; 0 measured; 0 filtered out; finished in 0.07s
[INFO] [stdout] 
[INFO] [stderr]    Doc-tests actix-storage
[INFO] [stdout] 
[INFO] [stdout] running 14 tests
[INFO] [stdout] test src/storage.rs - storage::Storage::scope (line 62) ... FAILED
[INFO] [stdout] test src/storage.rs - storage::Storage::get_expiring_bytes_ref (line 372) ... ok
[INFO] [stdout] test src/storage.rs - storage::Storage (line 27) ... ok
[INFO] [stdout] test src/storage.rs - storage::Storage::expiry (line 460) ... ok
[INFO] [stdout] test src/storage.rs - storage::Storage::get_expiring_bytes (line 327) ... ok
[INFO] [stdout] test src/storage.rs - storage::Storage::extend (line 486) ... ok
[INFO] [stdout] test src/storage.rs - storage::Storage::set_expiring_bytes (line 200) ... ok
[INFO] [stdout] test src/storage.rs - storage::Storage::set_bytes (line 172) ... ok
[INFO] [stdout] test src/storage.rs - storage::Storage::persist (line 508) ... ok
[INFO] [stdout] test src/storage.rs - storage::Storage::get_bytes (line 303) ... ok
[INFO] [stdout] test src/storage.rs - storage::Storage::get_bytes_ref (line 354) ... ok
[INFO] [stdout] test src/storage.rs - storage::Storage::expire (line 438) ... ok
[INFO] [stdout] test src/storage.rs - storage::Storage::contains_key (line 417) ... ok
[INFO] [stdout] test src/storage.rs - storage::Storage::delete (line 399) ... ok
[INFO] [stdout] 
[INFO] [stdout] failures:
[INFO] [stdout] 
[INFO] [stdout] ---- src/storage.rs - storage::Storage::scope (line 62) stdout ----
[INFO] [stdout] error[E0599]: no method named `set` found for struct `Storage` in the current scope
[INFO] [stdout]   --> src/storage.rs:69:7
[INFO] [stdout]    |
[INFO] [stdout] 10 | cache.set("age", &60_u8).await;
[INFO] [stdout]    |       ^^^ method not found in `Storage`
[INFO] [stdout] 
[INFO] [stdout] error: aborting due to previous error
[INFO] [stdout] 
[INFO] [stdout] For more information about this error, try `rustc --explain E0599`.
[INFO] [stdout] Couldn't compile the test.
[INFO] [stdout] 
[INFO] [stdout] failures:
[INFO] [stdout]     src/storage.rs - storage::Storage::scope (line 62)
[INFO] [stdout] 
[INFO] [stdout] test result: FAILED. 13 passed; 1 failed; 0 ignored; 0 measured; 0 filtered out; finished in 0.70s
[INFO] [stdout] 
[INFO] [stderr] error: doctest failed, to rerun pass `--doc`
[INFO] running `Command { std: "docker" "inspect" "405bac4470ed3f39d158d59e77984d8b7072f7301dd2a7c44b931c18c0054136", kill_on_drop: false }`
[INFO] running `Command { std: "docker" "rm" "-f" "405bac4470ed3f39d158d59e77984d8b7072f7301dd2a7c44b931c18c0054136", kill_on_drop: false }`
[INFO] [stdout] 405bac4470ed3f39d158d59e77984d8b7072f7301dd2a7c44b931c18c0054136
