[INFO] fetching crate abstract-cw-multi-test 0.17.0...
[INFO] testing abstract-cw-multi-test-0.17.0 against 1.75.0 for beta-1.76-1
[INFO] extracting crate abstract-cw-multi-test 0.17.0 into /workspace/builds/worker-2-tc1/source
[INFO] validating manifest of crates.io crate abstract-cw-multi-test 0.17.0 on toolchain 1.75.0
[INFO] running `Command { std: CARGO_HOME="/workspace/cargo-home" RUSTUP_HOME="/workspace/rustup-home" "/workspace/cargo-home/bin/cargo" "+1.75.0" "metadata" "--manifest-path" "Cargo.toml" "--no-deps", kill_on_drop: false }`
[INFO] started tweaking crates.io crate abstract-cw-multi-test 0.17.0
[INFO] finished tweaking crates.io crate abstract-cw-multi-test 0.17.0
[INFO] tweaked toml for crates.io crate abstract-cw-multi-test 0.17.0 written to /workspace/builds/worker-2-tc1/source/Cargo.toml
[INFO] running `Command { std: CARGO_HOME="/workspace/cargo-home" RUSTUP_HOME="/workspace/rustup-home" "/workspace/cargo-home/bin/cargo" "+1.75.0" "generate-lockfile" "--manifest-path" "Cargo.toml", kill_on_drop: false }`
[INFO] [stderr]     Blocking waiting for file lock on package cache
[INFO] [stderr]     Updating crates.io index
[INFO] running `Command { std: CARGO_HOME="/workspace/cargo-home" RUSTUP_HOME="/workspace/rustup-home" "/workspace/cargo-home/bin/cargo" "+1.75.0" "fetch" "--manifest-path" "Cargo.toml", kill_on_drop: false }`
[INFO] [stderr]     Blocking waiting for file lock on package cache
[INFO] [stderr]     Blocking waiting for file lock on package cache
[INFO] [stderr]  Downloading crates ...
[INFO] [stderr]   Downloaded prost v0.12.3
[INFO] [stderr]   Downloaded polytone-proxy v1.0.0
[INFO] [stderr]   Downloaded prost-derive v0.12.3
[INFO] [stderr]   Downloaded polytone v1.0.0
[INFO] [stderr]   Downloaded cw20-ics20 v1.1.2
[INFO] [stderr]   Downloaded itertools v0.11.0
[INFO] [stderr]   Downloaded polytone-note v1.0.0
[INFO] [stderr]   Downloaded polytone-voice v1.0.0
[INFO] running `Command { std: "docker" "create" "-v" "/var/lib/crater-agent-workspace/builds/worker-2-tc1/target:/opt/rustwide/target:rw,Z" "-v" "/var/lib/crater-agent-workspace/builds/worker-2-tc1/source:/opt/rustwide/workdir:ro,Z" "-v" "/var/lib/crater-agent-workspace/cargo-home:/opt/rustwide/cargo-home:ro,Z" "-v" "/var/lib/crater-agent-workspace/rustup-home:/opt/rustwide/rustup-home:ro,Z" "-e" "SOURCE_DIR=/opt/rustwide/workdir" "-e" "CARGO_TARGET_DIR=/opt/rustwide/target" "-e" "CARGO_HOME=/opt/rustwide/cargo-home" "-e" "RUSTUP_HOME=/opt/rustwide/rustup-home" "-w" "/opt/rustwide/workdir" "-m" "1610612736" "--user" "0:0" "--network" "none" "ghcr.io/rust-lang/crates-build-env/linux@sha256:2788e3201cd34a07e3172128adcd8b3090168a8e3bcc40d7c032b9dda1df7d1c" "/opt/rustwide/cargo-home/bin/cargo" "+1.75.0" "metadata" "--no-deps" "--format-version=1", kill_on_drop: false }`
[INFO] [stdout] c91b2ab8e8a5690cdb3b13cb2dbd3bbec67d4b09a86706ec7f39685b8f62b24a
[INFO] running `Command { std: "docker" "start" "-a" "c91b2ab8e8a5690cdb3b13cb2dbd3bbec67d4b09a86706ec7f39685b8f62b24a", kill_on_drop: false }`
[INFO] running `Command { std: "docker" "inspect" "c91b2ab8e8a5690cdb3b13cb2dbd3bbec67d4b09a86706ec7f39685b8f62b24a", kill_on_drop: false }`
[INFO] running `Command { std: "docker" "rm" "-f" "c91b2ab8e8a5690cdb3b13cb2dbd3bbec67d4b09a86706ec7f39685b8f62b24a", kill_on_drop: false }`
[INFO] [stdout] c91b2ab8e8a5690cdb3b13cb2dbd3bbec67d4b09a86706ec7f39685b8f62b24a
[INFO] running `Command { std: "docker" "create" "-v" "/var/lib/crater-agent-workspace/builds/worker-2-tc1/target:/opt/rustwide/target:rw,Z" "-v" "/var/lib/crater-agent-workspace/builds/worker-2-tc1/source:/opt/rustwide/workdir:ro,Z" "-v" "/var/lib/crater-agent-workspace/cargo-home:/opt/rustwide/cargo-home:ro,Z" "-v" "/var/lib/crater-agent-workspace/rustup-home:/opt/rustwide/rustup-home:ro,Z" "-e" "SOURCE_DIR=/opt/rustwide/workdir" "-e" "CARGO_TARGET_DIR=/opt/rustwide/target" "-e" "CARGO_INCREMENTAL=0" "-e" "RUST_BACKTRACE=full" "-e" "RUSTFLAGS=--cap-lints=warn" "-e" "RUSTDOCFLAGS=--cap-lints=warn" "-e" "CARGO_HOME=/opt/rustwide/cargo-home" "-e" "RUSTUP_HOME=/opt/rustwide/rustup-home" "-w" "/opt/rustwide/workdir" "-m" "1610612736" "--user" "0:0" "--network" "none" "ghcr.io/rust-lang/crates-build-env/linux@sha256:2788e3201cd34a07e3172128adcd8b3090168a8e3bcc40d7c032b9dda1df7d1c" "/opt/rustwide/cargo-home/bin/cargo" "+1.75.0" "build" "--frozen" "--message-format=json", kill_on_drop: false }`
[INFO] [stdout] 57a545582dbbe0fdada64ec153a67ea8704d13de11a656f7aada531c9e843f96
[INFO] running `Command { std: "docker" "start" "-a" "57a545582dbbe0fdada64ec153a67ea8704d13de11a656f7aada531c9e843f96", kill_on_drop: false }`
[INFO] [stderr]    Compiling version_check v0.9.4
[INFO] [stderr]    Compiling proc-macro2 v1.0.75
[INFO] [stderr]    Compiling zeroize v1.7.0
[INFO] [stderr]    Compiling unicode-ident v1.0.12
[INFO] [stderr]    Compiling typenum v1.17.0
[INFO] [stderr]    Compiling subtle v2.5.0
[INFO] [stderr]    Compiling cfg-if v1.0.0
[INFO] [stderr]    Compiling libc v0.2.151
[INFO] [stderr]    Compiling const-oid v0.9.6
[INFO] [stderr]    Compiling syn v1.0.109
[INFO] [stderr]    Compiling serde v1.0.194
[INFO] [stderr]    Compiling cpufeatures v0.2.12
[INFO] [stderr]    Compiling once_cell v1.19.0
[INFO] [stderr]    Compiling base16ct v0.2.0
[INFO] [stderr]    Compiling thiserror v1.0.56
[INFO] [stderr]    Compiling serde_json v1.0.111
[INFO] [stderr]    Compiling byteorder v1.5.0
[INFO] [stderr]    Compiling ryu v1.0.16
[INFO] [stderr]    Compiling itoa v1.0.10
[INFO] [stderr]    Compiling opaque-debug v0.3.0
[INFO] [stderr]    Compiling hex v0.4.3
[INFO] [stderr]    Compiling rand_core v0.5.1
[INFO] [stderr]    Compiling der v0.7.8
[INFO] [stderr]    Compiling schemars v0.8.16
[INFO] [stderr]    Compiling dyn-clone v1.0.16
[INFO] [stderr]    Compiling bnum v0.8.1
[INFO] [stderr]    Compiling semver v1.0.21
[INFO] [stderr]    Compiling forward_ref v1.0.0
[INFO] [stderr]    Compiling base64 v0.21.5
[INFO] [stderr]    Compiling bech32 v0.9.1
[INFO] [stderr]    Compiling generic-array v0.14.7
[INFO] [stderr]    Compiling ahash v0.7.7
[INFO] [stderr]    Compiling static_assertions v1.1.0
[INFO] [stderr]    Compiling anyhow v1.0.79
[INFO] [stderr]    Compiling either v1.9.0
[INFO] [stderr]    Compiling bytes v1.5.0
[INFO] [stderr]    Compiling async-trait v0.1.77
[INFO] [stderr]    Compiling pin-project-lite v0.2.13
[INFO] [stderr]    Compiling itertools v0.11.0
[INFO] [stderr]    Compiling log v0.4.20
[INFO] [stderr]    Compiling quote v1.0.35
[INFO] [stderr]    Compiling tokio v1.35.1
[INFO] [stderr]    Compiling syn v2.0.48
[INFO] [stderr]    Compiling getrandom v0.2.11
[INFO] [stderr]    Compiling rand_core v0.6.4
[INFO] [stderr]    Compiling ff v0.13.0
[INFO] [stderr]    Compiling spki v0.7.3
[INFO] [stderr]    Compiling hashbrown v0.12.3
[INFO] [stderr]    Compiling group v0.13.0
[INFO] [stderr]    Compiling pkcs8 v0.10.2
[INFO] [stderr]    Compiling crypto-common v0.1.6
[INFO] [stderr]    Compiling block-buffer v0.10.4
[INFO] [stderr]    Compiling digest v0.9.0
[INFO] [stderr]    Compiling crypto-bigint v0.5.5
[INFO] [stderr]    Compiling sec1 v0.7.3
[INFO] [stderr]    Compiling block-buffer v0.9.0
[INFO] [stderr]    Compiling digest v0.10.7
[INFO] [stderr]    Compiling sha2 v0.9.9
[INFO] [stderr]    Compiling curve25519-dalek v3.2.0
[INFO] [stderr]    Compiling hmac v0.12.1
[INFO] [stderr]    Compiling sha2 v0.10.8
[INFO] [stderr]    Compiling signature v2.2.0
[INFO] [stderr]    Compiling rfc6979 v0.4.0
[INFO] [stderr]    Compiling elliptic-curve v0.13.8
[INFO] [stderr]    Compiling ecdsa v0.16.9
[INFO] [stderr]    Compiling k256 v0.13.2
[INFO] [stderr]    Compiling serde_derive_internals v0.26.0
[INFO] [stderr]    Compiling serde_derive v1.0.194
[INFO] [stderr]    Compiling thiserror-impl v1.0.56
[INFO] [stderr]    Compiling prost-derive v0.12.3
[INFO] [stderr]    Compiling schemars_derive v0.8.16
[INFO] [stderr]    Compiling cosmwasm-derive v1.5.0
[INFO] [stderr]    Compiling derivative v2.2.0
[INFO] [stderr]    Compiling cosmwasm-schema-derive v1.5.0
[INFO] [stderr]    Compiling sha256 v1.5.0
[INFO] [stderr]    Compiling prost v0.12.3
[INFO] [stderr]    Compiling ed25519-zebra v3.1.0
[INFO] [stderr]    Compiling serde-json-wasm v0.5.1
[INFO] [stderr]    Compiling cosmwasm-crypto v1.5.0
[INFO] [stderr]    Compiling cosmwasm-std v1.5.0
[INFO] [stderr]    Compiling cosmwasm-schema v1.5.0
[INFO] [stderr]    Compiling cw-storage-plus v1.2.0
[INFO] [stderr]    Compiling cw2 v1.1.2
[INFO] [stderr]    Compiling cw-utils v1.0.3
[INFO] [stderr]    Compiling cw20 v1.1.2
[INFO] [stderr]    Compiling cw-controllers v1.1.2
[INFO] [stderr]    Compiling cw20-ics20 v1.1.2
[INFO] [stderr]    Compiling abstract-cw-multi-test v0.17.0 (/opt/rustwide/workdir)
[INFO] [stderr]     Finished dev [unoptimized + debuginfo] target(s) in 24.46s
[INFO] running `Command { std: "docker" "inspect" "57a545582dbbe0fdada64ec153a67ea8704d13de11a656f7aada531c9e843f96", kill_on_drop: false }`
[INFO] running `Command { std: "docker" "rm" "-f" "57a545582dbbe0fdada64ec153a67ea8704d13de11a656f7aada531c9e843f96", kill_on_drop: false }`
[INFO] [stdout] 57a545582dbbe0fdada64ec153a67ea8704d13de11a656f7aada531c9e843f96
[INFO] running `Command { std: "docker" "create" "-v" "/var/lib/crater-agent-workspace/builds/worker-2-tc1/target:/opt/rustwide/target:rw,Z" "-v" "/var/lib/crater-agent-workspace/builds/worker-2-tc1/source:/opt/rustwide/workdir:ro,Z" "-v" "/var/lib/crater-agent-workspace/cargo-home:/opt/rustwide/cargo-home:ro,Z" "-v" "/var/lib/crater-agent-workspace/rustup-home:/opt/rustwide/rustup-home:ro,Z" "-e" "SOURCE_DIR=/opt/rustwide/workdir" "-e" "CARGO_TARGET_DIR=/opt/rustwide/target" "-e" "CARGO_INCREMENTAL=0" "-e" "RUST_BACKTRACE=full" "-e" "RUSTFLAGS=--cap-lints=warn" "-e" "RUSTDOCFLAGS=--cap-lints=warn" "-e" "CARGO_HOME=/opt/rustwide/cargo-home" "-e" "RUSTUP_HOME=/opt/rustwide/rustup-home" "-w" "/opt/rustwide/workdir" "-m" "1610612736" "--user" "0:0" "--network" "none" "ghcr.io/rust-lang/crates-build-env/linux@sha256:2788e3201cd34a07e3172128adcd8b3090168a8e3bcc40d7c032b9dda1df7d1c" "/opt/rustwide/cargo-home/bin/cargo" "+1.75.0" "test" "--frozen" "--no-run" "--message-format=json", kill_on_drop: false }`
[INFO] [stdout] a3617dcd0809a0f2b53d9d11f8c5f962f4b1b7a6bde0b5a4373ba43c75d7e5bf
[INFO] running `Command { std: "docker" "start" "-a" "a3617dcd0809a0f2b53d9d11f8c5f962f4b1b7a6bde0b5a4373ba43c75d7e5bf", kill_on_drop: false }`
[INFO] [stderr]    Compiling once_cell v1.19.0
[INFO] [stderr]    Compiling ahash v0.7.7
[INFO] [stderr]    Compiling k256 v0.13.2
[INFO] [stderr]    Compiling hashbrown v0.12.3
[INFO] [stderr]    Compiling ed25519-zebra v3.1.0
[INFO] [stderr]    Compiling cosmwasm-crypto v1.5.0
[INFO] [stderr]    Compiling cosmwasm-std v1.5.0
[INFO] [stderr]    Compiling cw-storage-plus v1.2.0
[INFO] [stderr]    Compiling cw2 v1.1.2
[INFO] [stderr]    Compiling polytone v1.0.0
[INFO] [stderr]    Compiling cw-utils v1.0.3
[INFO] [stderr]    Compiling cw20 v1.1.2
[INFO] [stderr]    Compiling cw-controllers v1.1.2
[INFO] [stderr]    Compiling polytone-proxy v1.0.0
[INFO] [stderr]    Compiling polytone-note v1.0.0
[INFO] [stderr]    Compiling cw20-ics20 v1.1.2
[INFO] [stderr]    Compiling polytone-voice v1.0.0
[INFO] [stderr]    Compiling abstract-cw-multi-test v0.17.0 (/opt/rustwide/workdir)
[INFO] [stderr]     Finished test [unoptimized + debuginfo] target(s) in 15.38s
[INFO] running `Command { std: "docker" "inspect" "a3617dcd0809a0f2b53d9d11f8c5f962f4b1b7a6bde0b5a4373ba43c75d7e5bf", kill_on_drop: false }`
[INFO] running `Command { std: "docker" "rm" "-f" "a3617dcd0809a0f2b53d9d11f8c5f962f4b1b7a6bde0b5a4373ba43c75d7e5bf", kill_on_drop: false }`
[INFO] [stdout] a3617dcd0809a0f2b53d9d11f8c5f962f4b1b7a6bde0b5a4373ba43c75d7e5bf
[INFO] running `Command { std: "docker" "create" "-v" "/var/lib/crater-agent-workspace/builds/worker-2-tc1/target:/opt/rustwide/target:rw,Z" "-v" "/var/lib/crater-agent-workspace/builds/worker-2-tc1/source:/opt/rustwide/workdir:ro,Z" "-v" "/var/lib/crater-agent-workspace/cargo-home:/opt/rustwide/cargo-home:ro,Z" "-v" "/var/lib/crater-agent-workspace/rustup-home:/opt/rustwide/rustup-home:ro,Z" "-e" "SOURCE_DIR=/opt/rustwide/workdir" "-e" "CARGO_TARGET_DIR=/opt/rustwide/target" "-e" "CARGO_INCREMENTAL=0" "-e" "RUST_BACKTRACE=full" "-e" "RUSTFLAGS=--cap-lints=warn" "-e" "RUSTDOCFLAGS=--cap-lints=warn" "-e" "CARGO_HOME=/opt/rustwide/cargo-home" "-e" "RUSTUP_HOME=/opt/rustwide/rustup-home" "-w" "/opt/rustwide/workdir" "-m" "1610612736" "--user" "0:0" "--network" "none" "ghcr.io/rust-lang/crates-build-env/linux@sha256:2788e3201cd34a07e3172128adcd8b3090168a8e3bcc40d7c032b9dda1df7d1c" "/opt/rustwide/cargo-home/bin/cargo" "+1.75.0" "test" "--frozen", kill_on_drop: false }`
[INFO] [stdout] 9ce0544f7bb8e8cf7f5c58700bb0527315991c2f257fdfa24ed5cb0f6e665766
[INFO] running `Command { std: "docker" "start" "-a" "9ce0544f7bb8e8cf7f5c58700bb0527315991c2f257fdfa24ed5cb0f6e665766", kill_on_drop: false }`
[INFO] [stderr]     Finished test [unoptimized + debuginfo] target(s) in 0.07s
[INFO] [stderr]      Running unittests src/lib.rs (/opt/rustwide/target/debug/deps/abstract_cw_multi_test-2734cd00fa626f5c)
[INFO] [stdout] 
[INFO] [stdout] running 117 tests
[INFO] [stdout] test bank::test::get_set_balance ... ok
[INFO] [stdout] test prefixed_storage::length_prefixed::tests::to_length_prefixed_calculates_capacity_correctly ... ok
[INFO] [stdout] test ibc::test::channel_unknown_port ... ok
[INFO] [stdout] test ibc::test::channel_creation ... ok
[INFO] [stdout] test bank::test::send_coins ... ok
[INFO] [stdout] test prefixed_storage::length_prefixed::tests::to_length_prefixed_nested_works ... ok
[INFO] [stdout] test prefixed_storage::namespace_helpers::tests::namespace_upper_bound_works ... ok
[INFO] [stdout] test prefixed_storage::length_prefixed::tests::to_length_prefixed_nested_calculates_capacity_correctly ... ok
[INFO] [stdout] test bank::test::burn_coins ... ok
[INFO] [stdout] test prefixed_storage::length_prefixed::tests::to_length_prefixed_works ... ok
[INFO] [stdout] test bank::test::fail_on_zero_values ... ok
[INFO] [stdout] test prefixed_storage::namespace_helpers::tests::range_with_prefix_wrap_over ... ok
[INFO] [stdout] test prefixed_storage::namespace_helpers::tests::range_with_start_end_set ... ok
[INFO] [stdout] test prefixed_storage::namespace_helpers::tests::range_works ... ok
[INFO] [stdout] test prefixed_storage::length_prefixed::tests::encode_length_works ... ok
[INFO] [stdout] test prefixed_storage::namespace_helpers::tests::prefix_get_set ... ok
[INFO] [stdout] test prefixed_storage::tests::prefixed_storage_multilevel_set_and_get ... ok
[INFO] [stdout] test prefixed_storage::tests::prefixed_storage_set_and_get ... ok
[INFO] [stdout] test ibc::test::bank::simple_transfer ... ok
[INFO] [stdout] test prefixed_storage::tests::readonly_prefixed_storage_get ... ok
[INFO] [stdout] test staking::test::add_get_validators ... ok
[INFO] [stdout] test staking::test::msg::cannot_slash_nonexistent ... ok
[INFO] [stdout] test prefixed_storage::tests::readonly_prefixed_storage_multilevel_get ... ok
[INFO] [stdout] test ibc::test::bank::transfer_and_back ... ok
[INFO] [stdout] test staking::test::msg::can_set_withdraw_address ... ok
[INFO] [stdout] test staking::test::msg::delegation_queries_unbonding ... ok
[INFO] [stdout] test staking::test::msg::delegations_slashed ... ok
[INFO] [stdout] test staking::test::msg::execute ... ok
[INFO] [stdout] test prefixed_storage::length_prefixed::tests::to_length_prefixed_works_for_long_prefix ... ok
[INFO] [stdout] test staking::test::rewards_work_for_multiple_delegators ... ok
[INFO] [stdout] test staking::test::msg::partial_unbonding_reduces_stake ... ok
[INFO] [stdout] test staking::test::msg::rewards_initial_wait ... ok
[INFO] [stdout] test staking::test::msg::query_staking ... ok
[INFO] [stdout] test staking::test::validator_slashing ... ok
[INFO] [stdout] test tests::test_app::api::api_addr_canonicalize_should_work ... ok
[INFO] [stdout] test tests::test_app::api::api_addr_validate_should_work ... ok
[INFO] [stdout] test tests::test_app::api::api_addr_humanize_should_work ... ok
[INFO] [stdout] test staking::test::rewards_work_for_single_delegator ... ok
[INFO] [stdout] test prefixed_storage::length_prefixed::tests::to_length_prefixed_nested_allows_many_long_namespaces ... ok
[INFO] [stdout] test tests::test_app::duplicate_contract_code ... ok
[INFO] [stdout] test tests::test_app::custom_handler::dispatches_messages ... ok
[INFO] [stdout] test tests::test_app::multi_level_bank_cache ... ok
[INFO] [stdout] test prefixed_storage::length_prefixed::tests::to_length_prefixed_panics_for_too_long_prefix - should panic ... ok
[INFO] [stdout] test prefixed_storage::length_prefixed::tests::encode_length_panics_for_large_values - should panic ... ok
[INFO] [stdout] test staking::test::msg::denom_validation ... ok
[INFO] [stdout] test staking::test::msg::cannot_steal ... ok
[INFO] [stdout] test tests::test_app::contract_instantiation::instantiate2_works ... ok
[INFO] [stdout] test tests::test_app::custom_messages::triggering_custom_msg ... ok
[INFO] [stdout] test tests::test_app::errors::simple_instantiation ... ok
[INFO] [stdout] test staking::test::msg::non_existent_validator ... ok
[INFO] [stdout] test staking::test::msg::zero_staking_forbidden ... ok
[INFO] [stdout] test tests::test_app::protobuf_wrapped_data::instantiate_wrapped_properly ... ok
[INFO] [stdout] test tests::test_app::protobuf_wrapped_data::instantiate_with_reply_works ... ok
[INFO] [stdout] test tests::test_app::protobuf_wrapped_data::instantiate_with_data_works ... ok
[INFO] [stdout] test tests::test_app::errors::simple_call ... ok
[INFO] [stdout] test tests::test_app::protobuf_wrapped_data::execute_wrapped_properly ... ok
[INFO] [stdout] test tests::test_app::errors::nested_call ... ok
[INFO] [stdout] test ibc::test::polytone::polytone ... ok
[INFO] [stdout] test tests::test_app::reflect_error ... ok
[INFO] [stdout] test tests::test_app::reflect_success ... ok
[INFO] [stdout] test tests::test_app::reply_data_overwrite::no_submsg ... ok
[INFO] [stdout] test tests::test_app::reply_data_overwrite::single_no_top_level_data ... ok
[INFO] [stdout] test tests::test_app::reply_data_overwrite::single_no_submsg_data ... ok
[INFO] [stdout] test tests::test_app::reply_data_overwrite::multiple_submsg_mixed ... ok
[INFO] [stdout] test tests::test_app::reply_data_overwrite::multiple_submsg_no_reply ... ok
[INFO] [stdout] test tests::test_app::errors::double_nested_call ... ok
[INFO] [stdout] test tests::test_app::reply_data_overwrite::multiple_submsg ... ok
[INFO] [stdout] test tests::test_app::reply_data_overwrite::single_submsg ... ok
[INFO] [stdout] test tests::test_app::reply_data_overwrite::single_submsg_no_reply ... ok
[INFO] [stdout] test tests::test_app::update_block ... ok
[INFO] [stdout] test tests::test_app::reply_data_overwrite::nested_submsg ... ok
[INFO] [stdout] test tests::test_app::wasm_queries::query_existing_code_info ... ok
[INFO] [stdout] test tests::test_custom_handler::custom_handler_works ... ok
[INFO] [stdout] test tests::test_app::response_validation::empty_attribute_value ... ok
[INFO] [stdout] test tests::test_app::response_validation::too_short_event_type ... ok
[INFO] [stdout] test tests::test_app::reply_data_overwrite::single_submsg_reply_returns_none ... ok
[INFO] [stdout] test tests::test_app::send_tokens ... ok
[INFO] [stdout] test tests::test_app::response_validation::empty_event_attribute_value ... ok
[INFO] [stdout] test tests::test_app::wasm_queries::query_non_existing_code_info ... ok
[INFO] [stdout] test tests::test_custom_handler::custom_handler_has_no_sudo ... ok
[INFO] [stdout] test tests::test_app::sent_funds_properly_visible_on_execution ... ok
[INFO] [stdout] test transactions::test::commit_writes_through ... ok
[INFO] [stdout] test tests::test_app::response_validation::empty_attribute_key ... ok
[INFO] [stdout] test tests::test_ibc::substituting_ibc ... ok
[INFO] [stdout] test tests::test_gov::substituting_gov ... ok
[INFO] [stdout] test transactions::test::delete_from_base ... ok
[INFO] [stdout] test tests::test_gov::default_gov ... ok
[INFO] [stdout] test tests::test_app::simple_contract ... ok
[INFO] [stdout] test tests::test_ibc::default_ibc ... ok
[INFO] [stdout] test tests::test_app::reflect_sub_message_reply_works ... ok
[INFO] [stdout] test tests::test_app::sudo_works ... ok
[INFO] [stdout] test tests::test_app::response_validation::empty_event_attribute_key ... ok
[INFO] [stdout] test tests::test_app::sent_wasm_migration_works ... ok
[INFO] [stdout] test transactions::test::delete_local ... ok
[INFO] [stdout] test transactions::test::storage_transaction_iterator_empty_base ... ok
[INFO] [stdout] test tests::test_app::send_update_admin_works ... ok
[INFO] [stdout] test transactions::test::wrap_box_dyn_storage ... ok
[INFO] [stdout] test transactions::test::storage_transaction_iterator_removed_items_from_base ... ok
[INFO] [stdout] test transactions::test::wrap_box_storage ... ok
[INFO] [stdout] test transactions::test::storage_transaction_iterator_with_base_data ... ok
[INFO] [stdout] test transactions::test::wrap_ref_cell ... ok
[INFO] [stdout] test transactions::test::ignore_same_as_rollback ... ok
[INFO] [stdout] test transactions::test::wrap_ref_cell_dyn_storage ... ok
[INFO] [stdout] test transactions::test::storage_remains_readable ... ok
[INFO] [stdout] test transactions::test::wrap_storage ... ok
[INFO] [stdout] test wasm::test::can_dump_raw_wasm_state ... ok
[INFO] [stdout] test wasm::test::can_use_custom_address_generator ... ok
[INFO] [stdout] test wasm::test::different_contracts_must_have_different_checksum ... ok
[INFO] [stdout] test wasm::test::contract_send_coins ... ok
[INFO] [stdout] test wasm::test::query_code_info ... ok
[INFO] [stdout] test wasm::test::query_contract_info ... ok
[INFO] [stdout] test wasm::test::remove_this_test_in_version_1_0 ... ok
[INFO] [stdout] test wasm::test::uses_simple_address_generator_by_default ... ok
[INFO] [stdout] test wasm::test::querying_invalid_code_info_must_fail ... ok
[INFO] [stdout] test wasm::test::update_clear_admin_works ... ok
[INFO] [stdout] test wasm::test::multi_level_wasm_cache ... ok
[INFO] [stdout] test wasm::test::register_contract ... FAILED
[INFO] [stdout] 
[INFO] [stdout] failures:
[INFO] [stdout] 
[INFO] [stdout] ---- wasm::test::register_contract stdout ----
[INFO] [stdout] thread 'wasm::test::register_contract' panicked at src/wasm.rs:1550:9:
[INFO] [stdout] assertion `left == right` failed
[INFO] [stdout]   left: NotFound { kind: "abstract_cw_multi_test::wasm::ContractData" }
[INFO] [stdout]  right: NotFound { kind: "type: abstract_cw_multi_test::wasm::ContractData; key: [00, 09, 63, 6F, 6E, 74, 72, 61, 63, 74, 73, 75, 6E, 72, 65, 67, 69, 73, 74, 65, 72, 65, 64]" }
[INFO] [stdout] stack backtrace:
[INFO] [stdout]    0:     0x55726ebaa01c - std::backtrace_rs::backtrace::libunwind::trace::ha637c64ce894333a
[INFO] [stdout]                                at /rustc/82e1608dfa6e0b5569232559e3d385fea5a93112/library/std/src/../../backtrace/src/backtrace/libunwind.rs:104:5
[INFO] [stdout]    1:     0x55726ebaa01c - std::backtrace_rs::backtrace::trace_unsynchronized::h47f62dea28e0c88d
[INFO] [stdout]                                at /rustc/82e1608dfa6e0b5569232559e3d385fea5a93112/library/std/src/../../backtrace/src/backtrace/mod.rs:66:5
[INFO] [stdout]    2:     0x55726ebaa01c - std::sys_common::backtrace::_print_fmt::h9eef0abe20ede486
[INFO] [stdout]                                at /rustc/82e1608dfa6e0b5569232559e3d385fea5a93112/library/std/src/sys_common/backtrace.rs:67:5
[INFO] [stdout]    3:     0x55726ebaa01c - <std::sys_common::backtrace::_print::DisplayBacktrace as core::fmt::Display>::fmt::hed7f999df88cc644
[INFO] [stdout]                                at /rustc/82e1608dfa6e0b5569232559e3d385fea5a93112/library/std/src/sys_common/backtrace.rs:44:22
[INFO] [stdout]    4:     0x55726ebd4350 - core::fmt::rt::Argument::fmt::h1539a9308b8d058d
[INFO] [stdout]                                at /rustc/82e1608dfa6e0b5569232559e3d385fea5a93112/library/core/src/fmt/rt.rs:142:9
[INFO] [stdout]    5:     0x55726ebd4350 - core::fmt::write::h3a39390d8560d9c9
[INFO] [stdout]                                at /rustc/82e1608dfa6e0b5569232559e3d385fea5a93112/library/core/src/fmt/mod.rs:1120:17
[INFO] [stdout]    6:     0x55726eba79cf - std::io::Write::write_fmt::h040b369f3a0f9cbc
[INFO] [stdout]                                at /rustc/82e1608dfa6e0b5569232559e3d385fea5a93112/library/std/src/io/mod.rs:1762:15
[INFO] [stdout]    7:     0x55726eba9e04 - std::sys_common::backtrace::_print::h894006fb5c6f3d45
[INFO] [stdout]                                at /rustc/82e1608dfa6e0b5569232559e3d385fea5a93112/library/std/src/sys_common/backtrace.rs:47:5
[INFO] [stdout]    8:     0x55726eba9e04 - std::sys_common::backtrace::print::h23a2d212c6fff936
[INFO] [stdout]                                at /rustc/82e1608dfa6e0b5569232559e3d385fea5a93112/library/std/src/sys_common/backtrace.rs:34:9
[INFO] [stdout]    9:     0x55726ebabac7 - std::panicking::default_hook::{{closure}}::h8a1d2ee00185001a
[INFO] [stdout]   10:     0x55726ebab7b3 - std::panicking::default_hook::h6038f2eba384e475
[INFO] [stdout]                                at /rustc/82e1608dfa6e0b5569232559e3d385fea5a93112/library/std/src/panicking.rs:289:9
[INFO] [stdout]   11:     0x55726e9cd997 - <alloc::boxed::Box<F,A> as core::ops::function::Fn<Args>>::call::h0ad024c9bdc6d768
[INFO] [stdout]                                at /rustc/82e1608dfa6e0b5569232559e3d385fea5a93112/library/alloc/src/boxed.rs:2021:9
[INFO] [stdout]   12:     0x55726e9cd997 - test::test_main::{{closure}}::h7500b54257359db6
[INFO] [stdout]                                at /rustc/82e1608dfa6e0b5569232559e3d385fea5a93112/library/test/src/lib.rs:138:21
[INFO] [stdout]   13:     0x55726ebac0d8 - <alloc::boxed::Box<F,A> as core::ops::function::Fn<Args>>::call::h1f8f335eaa9cfaee
[INFO] [stdout]                                at /rustc/82e1608dfa6e0b5569232559e3d385fea5a93112/library/alloc/src/boxed.rs:2021:9
[INFO] [stdout]   14:     0x55726ebac0d8 - std::panicking::rust_panic_with_hook::h2b5517d590cab22e
[INFO] [stdout]                                at /rustc/82e1608dfa6e0b5569232559e3d385fea5a93112/library/std/src/panicking.rs:783:13
[INFO] [stdout]   15:     0x55726ebabe2e - std::panicking::begin_panic_handler::{{closure}}::h233112c06e0ef43e
[INFO] [stdout]                                at /rustc/82e1608dfa6e0b5569232559e3d385fea5a93112/library/std/src/panicking.rs:657:13
[INFO] [stdout]   16:     0x55726ebaa4e6 - std::sys_common::backtrace::__rust_end_short_backtrace::h6e893f24d7ebbff8
[INFO] [stdout]                                at /rustc/82e1608dfa6e0b5569232559e3d385fea5a93112/library/std/src/sys_common/backtrace.rs:170:18
[INFO] [stdout]   17:     0x55726ebabb92 - rust_begin_unwind
[INFO] [stdout]                                at /rustc/82e1608dfa6e0b5569232559e3d385fea5a93112/library/std/src/panicking.rs:645:5
[INFO] [stdout]   18:     0x55726e605265 - core::panicking::panic_fmt::hbf0e066aabfa482c
[INFO] [stdout]                                at /rustc/82e1608dfa6e0b5569232559e3d385fea5a93112/library/core/src/panicking.rs:72:14
[INFO] [stdout]   19:     0x55726e6056bb - core::panicking::assert_failed_inner::h0bba8b7c26ee4492
[INFO] [stdout]   20:     0x55726e8c37ce - core::panicking::assert_failed::h5f2fb47cf9613539
[INFO] [stdout]                                at /rustc/82e1608dfa6e0b5569232559e3d385fea5a93112/library/core/src/panicking.rs:279:5
[INFO] [stdout]   21:     0x55726e831a88 - abstract_cw_multi_test::wasm::test::register_contract::hbcfd007cfbd2f036
[INFO] [stdout]                                at /opt/rustwide/workdir/src/wasm.rs:1550:9
[INFO] [stdout]   22:     0x55726e8310b7 - abstract_cw_multi_test::wasm::test::register_contract::{{closure}}::hf0c3e40caa15daeb
[INFO] [stdout]                                at /opt/rustwide/workdir/src/wasm.rs:1460:27
[INFO] [stdout]   23:     0x55726e8af386 - core::ops::function::FnOnce::call_once::h028f03c0de380f8b
[INFO] [stdout]                                at /rustc/82e1608dfa6e0b5569232559e3d385fea5a93112/library/core/src/ops/function.rs:250:5
[INFO] [stdout]   24:     0x55726e9d2fef - core::ops::function::FnOnce::call_once::h2b5d431d5046312d
[INFO] [stdout]                                at /rustc/82e1608dfa6e0b5569232559e3d385fea5a93112/library/core/src/ops/function.rs:250:5
[INFO] [stdout]   25:     0x55726e9d2fef - test::__rust_begin_short_backtrace::h7714669af176e207
[INFO] [stdout]                                at /rustc/82e1608dfa6e0b5569232559e3d385fea5a93112/library/test/src/lib.rs:628:18
[INFO] [stdout]   26:     0x55726e9d2005 - test::run_test_in_process::{{closure}}::h85218797dcbcec12
[INFO] [stdout]                                at /rustc/82e1608dfa6e0b5569232559e3d385fea5a93112/library/test/src/lib.rs:651:60
[INFO] [stdout]   27:     0x55726e9d2005 - <core::panic::unwind_safe::AssertUnwindSafe<F> as core::ops::function::FnOnce<()>>::call_once::h76c106ea31c14d7b
[INFO] [stdout]                                at /rustc/82e1608dfa6e0b5569232559e3d385fea5a93112/library/core/src/panic/unwind_safe.rs:272:9
[INFO] [stdout]   28:     0x55726e9d2005 - std::panicking::try::do_call::h3bd5d0f6620ee946
[INFO] [stdout]                                at /rustc/82e1608dfa6e0b5569232559e3d385fea5a93112/library/std/src/panicking.rs:552:40
[INFO] [stdout]   29:     0x55726e9d2005 - std::panicking::try::h232e535e4744fe31
[INFO] [stdout]                                at /rustc/82e1608dfa6e0b5569232559e3d385fea5a93112/library/std/src/panicking.rs:516:19
[INFO] [stdout]   30:     0x55726e9d2005 - std::panic::catch_unwind::h3ce3bd6ca8dbac68
[INFO] [stdout]                                at /rustc/82e1608dfa6e0b5569232559e3d385fea5a93112/library/std/src/panic.rs:142:14
[INFO] [stdout]   31:     0x55726e9d2005 - test::run_test_in_process::hc97b257c9621286a
[INFO] [stdout]                                at /rustc/82e1608dfa6e0b5569232559e3d385fea5a93112/library/test/src/lib.rs:651:27
[INFO] [stdout]   32:     0x55726e9d2005 - test::run_test::{{closure}}::h2aa798823a438d38
[INFO] [stdout]                                at /rustc/82e1608dfa6e0b5569232559e3d385fea5a93112/library/test/src/lib.rs:574:43
[INFO] [stdout]   33:     0x55726e99a2c6 - test::run_test::{{closure}}::h87d231c78fb59832
[INFO] [stdout]                                at /rustc/82e1608dfa6e0b5569232559e3d385fea5a93112/library/test/src/lib.rs:602:41
[INFO] [stdout]   34:     0x55726e99a2c6 - std::sys_common::backtrace::__rust_begin_short_backtrace::he6df152596625789
[INFO] [stdout]                                at /rustc/82e1608dfa6e0b5569232559e3d385fea5a93112/library/std/src/sys_common/backtrace.rs:154:18
[INFO] [stdout]   35:     0x55726e99f377 - std::thread::Builder::spawn_unchecked_::{{closure}}::{{closure}}::ha94be15d1e0acf36
[INFO] [stdout]                                at /rustc/82e1608dfa6e0b5569232559e3d385fea5a93112/library/std/src/thread/mod.rs:529:17
[INFO] [stdout]   36:     0x55726e99f377 - <core::panic::unwind_safe::AssertUnwindSafe<F> as core::ops::function::FnOnce<()>>::call_once::h9dc6bd6372f16606
[INFO] [stdout]                                at /rustc/82e1608dfa6e0b5569232559e3d385fea5a93112/library/core/src/panic/unwind_safe.rs:272:9
[INFO] [stdout]   37:     0x55726e99f377 - std::panicking::try::do_call::h9057517f80303cd4
[INFO] [stdout]                                at /rustc/82e1608dfa6e0b5569232559e3d385fea5a93112/library/std/src/panicking.rs:552:40
[INFO] [stdout]   38:     0x55726e99f377 - std::panicking::try::he3a30b11ee45340c
[INFO] [stdout]                                at /rustc/82e1608dfa6e0b5569232559e3d385fea5a93112/library/std/src/panicking.rs:516:19
[INFO] [stdout]   39:     0x55726e99f377 - std::panic::catch_unwind::h410458cfd3528b8b
[INFO] [stdout]                                at /rustc/82e1608dfa6e0b5569232559e3d385fea5a93112/library/std/src/panic.rs:142:14
[INFO] [stdout]   40:     0x55726e99f377 - std::thread::Builder::spawn_unchecked_::{{closure}}::h72ac3bdb567b737b
[INFO] [stdout]                                at /rustc/82e1608dfa6e0b5569232559e3d385fea5a93112/library/std/src/thread/mod.rs:528:30
[INFO] [stdout]   41:     0x55726e99f377 - core::ops::function::FnOnce::call_once{{vtable.shim}}::h38f34da3654a8344
[INFO] [stdout]                                at /rustc/82e1608dfa6e0b5569232559e3d385fea5a93112/library/core/src/ops/function.rs:250:5
[INFO] [stdout]   42:     0x55726ebb0b65 - <alloc::boxed::Box<F,A> as core::ops::function::FnOnce<Args>>::call_once::hc7eafaff61e32df9
[INFO] [stdout]                                at /rustc/82e1608dfa6e0b5569232559e3d385fea5a93112/library/alloc/src/boxed.rs:2007:9
[INFO] [stdout]   43:     0x55726ebb0b65 - <alloc::boxed::Box<F,A> as core::ops::function::FnOnce<Args>>::call_once::h6ba4a5de48dd2304
[INFO] [stdout]                                at /rustc/82e1608dfa6e0b5569232559e3d385fea5a93112/library/alloc/src/boxed.rs:2007:9
[INFO] [stdout]   44:     0x55726ebb0b65 - std::sys::unix::thread::Thread::new::thread_start::he469335aef763e45
[INFO] [stdout]                                at /rustc/82e1608dfa6e0b5569232559e3d385fea5a93112/library/std/src/sys/unix/thread.rs:108:17
[INFO] [stdout]   45:     0x7f906f46fac3 - <unknown>
[INFO] [stdout]   46:     0x7f906f500bf4 - __clone
[INFO] [stdout]   47:                0x0 - <unknown>
[INFO] [stdout] 
[INFO] [stdout] 
[INFO] [stdout] failures:
[INFO] [stdout]     wasm::test::register_contract
[INFO] [stdout] 
[INFO] [stdout] test result: FAILED. 116 passed; 1 failed; 0 ignored; 0 measured; 0 filtered out; finished in 0.05s
[INFO] [stdout] 
[INFO] [stderr] error: test failed, to rerun pass `--lib`
[INFO] running `Command { std: "docker" "inspect" "9ce0544f7bb8e8cf7f5c58700bb0527315991c2f257fdfa24ed5cb0f6e665766", kill_on_drop: false }`
[INFO] running `Command { std: "docker" "rm" "-f" "9ce0544f7bb8e8cf7f5c58700bb0527315991c2f257fdfa24ed5cb0f6e665766", kill_on_drop: false }`
[INFO] [stdout] 9ce0544f7bb8e8cf7f5c58700bb0527315991c2f257fdfa24ed5cb0f6e665766
[INFO] testing abstract-cw-multi-test-0.17.0 against beta-2023-12-22 for beta-1.76-1
[INFO] extracting crate abstract-cw-multi-test 0.17.0 into /workspace/builds/worker-2-tc2/source
[INFO] validating manifest of crates.io crate abstract-cw-multi-test 0.17.0 on toolchain beta-2023-12-22
[INFO] running `Command { std: CARGO_HOME="/workspace/cargo-home" RUSTUP_HOME="/workspace/rustup-home" "/workspace/cargo-home/bin/cargo" "+beta-2023-12-22" "metadata" "--manifest-path" "Cargo.toml" "--no-deps", kill_on_drop: false }`
[INFO] started tweaking crates.io crate abstract-cw-multi-test 0.17.0
[INFO] finished tweaking crates.io crate abstract-cw-multi-test 0.17.0
[INFO] tweaked toml for crates.io crate abstract-cw-multi-test 0.17.0 written to /workspace/builds/worker-2-tc2/source/Cargo.toml
[INFO] running `Command { std: CARGO_HOME="/workspace/cargo-home" RUSTUP_HOME="/workspace/rustup-home" "/workspace/cargo-home/bin/cargo" "+beta-2023-12-22" "generate-lockfile" "--manifest-path" "Cargo.toml", kill_on_drop: false }`
[INFO] [stderr]     Updating crates.io index
[INFO] running `Command { std: CARGO_HOME="/workspace/cargo-home" RUSTUP_HOME="/workspace/rustup-home" "/workspace/cargo-home/bin/cargo" "+beta-2023-12-22" "fetch" "--manifest-path" "Cargo.toml", kill_on_drop: false }`
[INFO] running `Command { std: "docker" "create" "-v" "/var/lib/crater-agent-workspace/builds/worker-2-tc2/target:/opt/rustwide/target:rw,Z" "-v" "/var/lib/crater-agent-workspace/builds/worker-2-tc2/source:/opt/rustwide/workdir:ro,Z" "-v" "/var/lib/crater-agent-workspace/cargo-home:/opt/rustwide/cargo-home:ro,Z" "-v" "/var/lib/crater-agent-workspace/rustup-home:/opt/rustwide/rustup-home:ro,Z" "-e" "SOURCE_DIR=/opt/rustwide/workdir" "-e" "CARGO_TARGET_DIR=/opt/rustwide/target" "-e" "CARGO_HOME=/opt/rustwide/cargo-home" "-e" "RUSTUP_HOME=/opt/rustwide/rustup-home" "-w" "/opt/rustwide/workdir" "-m" "1610612736" "--user" "0:0" "--network" "none" "ghcr.io/rust-lang/crates-build-env/linux@sha256:2788e3201cd34a07e3172128adcd8b3090168a8e3bcc40d7c032b9dda1df7d1c" "/opt/rustwide/cargo-home/bin/cargo" "+beta-2023-12-22" "metadata" "--no-deps" "--format-version=1", kill_on_drop: false }`
[INFO] [stdout] a1c91ef50544b2756cc9753be0a443869669fac186f340cd4843a552d558c21c
[INFO] running `Command { std: "docker" "start" "-a" "a1c91ef50544b2756cc9753be0a443869669fac186f340cd4843a552d558c21c", kill_on_drop: false }`
[INFO] running `Command { std: "docker" "inspect" "a1c91ef50544b2756cc9753be0a443869669fac186f340cd4843a552d558c21c", kill_on_drop: false }`
[INFO] running `Command { std: "docker" "rm" "-f" "a1c91ef50544b2756cc9753be0a443869669fac186f340cd4843a552d558c21c", kill_on_drop: false }`
[INFO] [stdout] a1c91ef50544b2756cc9753be0a443869669fac186f340cd4843a552d558c21c
[INFO] running `Command { std: "docker" "create" "-v" "/var/lib/crater-agent-workspace/builds/worker-2-tc2/target:/opt/rustwide/target:rw,Z" "-v" "/var/lib/crater-agent-workspace/builds/worker-2-tc2/source:/opt/rustwide/workdir:ro,Z" "-v" "/var/lib/crater-agent-workspace/cargo-home:/opt/rustwide/cargo-home:ro,Z" "-v" "/var/lib/crater-agent-workspace/rustup-home:/opt/rustwide/rustup-home:ro,Z" "-e" "SOURCE_DIR=/opt/rustwide/workdir" "-e" "CARGO_TARGET_DIR=/opt/rustwide/target" "-e" "CARGO_INCREMENTAL=0" "-e" "RUST_BACKTRACE=full" "-e" "RUSTFLAGS=--cap-lints=warn" "-e" "RUSTDOCFLAGS=--cap-lints=warn" "-e" "CARGO_HOME=/opt/rustwide/cargo-home" "-e" "RUSTUP_HOME=/opt/rustwide/rustup-home" "-w" "/opt/rustwide/workdir" "-m" "1610612736" "--user" "0:0" "--network" "none" "ghcr.io/rust-lang/crates-build-env/linux@sha256:2788e3201cd34a07e3172128adcd8b3090168a8e3bcc40d7c032b9dda1df7d1c" "/opt/rustwide/cargo-home/bin/cargo" "+beta-2023-12-22" "build" "--frozen" "--message-format=json", kill_on_drop: false }`
[INFO] [stdout] 0fcc93697bfc7bb67bd4278a21a1fb9337585facb6ac76e8cbe97919e81eb6a8
[INFO] running `Command { std: "docker" "start" "-a" "0fcc93697bfc7bb67bd4278a21a1fb9337585facb6ac76e8cbe97919e81eb6a8", kill_on_drop: false }`
[INFO] [stderr]    Compiling version_check v0.9.4
[INFO] [stderr]    Compiling proc-macro2 v1.0.75
[INFO] [stderr]    Compiling unicode-ident v1.0.12
[INFO] [stderr]    Compiling zeroize v1.7.0
[INFO] [stderr]    Compiling typenum v1.17.0
[INFO] [stderr]    Compiling cfg-if v1.0.0
[INFO] [stderr]    Compiling subtle v2.5.0
[INFO] [stderr]    Compiling libc v0.2.151
[INFO] [stderr]    Compiling const-oid v0.9.6
[INFO] [stderr]    Compiling syn v1.0.109
[INFO] [stderr]    Compiling serde v1.0.194
[INFO] [stderr]    Compiling cpufeatures v0.2.12
[INFO] [stderr]    Compiling base16ct v0.2.0
[INFO] [stderr]    Compiling once_cell v1.19.0
[INFO] [stderr]    Compiling thiserror v1.0.56
[INFO] [stderr]    Compiling serde_json v1.0.111
[INFO] [stderr]    Compiling hex v0.4.3
[INFO] [stderr]    Compiling opaque-debug v0.3.0
[INFO] [stderr]    Compiling byteorder v1.5.0
[INFO] [stderr]    Compiling schemars v0.8.16
[INFO] [stderr]    Compiling der v0.7.8
[INFO] [stderr]    Compiling rand_core v0.5.1
[INFO] [stderr]    Compiling itoa v1.0.10
[INFO] [stderr]    Compiling ryu v1.0.16
[INFO] [stderr]    Compiling dyn-clone v1.0.16
[INFO] [stderr]    Compiling bnum v0.8.1
[INFO] [stderr]    Compiling static_assertions v1.1.0
[INFO] [stderr]    Compiling bech32 v0.9.1
[INFO] [stderr]    Compiling forward_ref v1.0.0
[INFO] [stderr]    Compiling base64 v0.21.5
[INFO] [stderr]    Compiling semver v1.0.21
[INFO] [stderr]    Compiling anyhow v1.0.79
[INFO] [stderr]    Compiling async-trait v0.1.77
[INFO] [stderr]    Compiling either v1.9.0
[INFO] [stderr]    Compiling generic-array v0.14.7
[INFO] [stderr]    Compiling ahash v0.7.7
[INFO] [stderr]    Compiling bytes v1.5.0
[INFO] [stderr]    Compiling pin-project-lite v0.2.13
[INFO] [stderr]    Compiling log v0.4.20
[INFO] [stderr]    Compiling itertools v0.11.0
[INFO] [stderr]    Compiling tokio v1.35.1
[INFO] [stderr]    Compiling quote v1.0.35
[INFO] [stderr]    Compiling syn v2.0.48
[INFO] [stderr]    Compiling spki v0.7.3
[INFO] [stderr]    Compiling getrandom v0.2.11
[INFO] [stderr]    Compiling pkcs8 v0.10.2
[INFO] [stderr]    Compiling rand_core v0.6.4
[INFO] [stderr]    Compiling hashbrown v0.12.3
[INFO] [stderr]    Compiling ff v0.13.0
[INFO] [stderr]    Compiling group v0.13.0
[INFO] [stderr]    Compiling crypto-common v0.1.6
[INFO] [stderr]    Compiling block-buffer v0.10.4
[INFO] [stderr]    Compiling crypto-bigint v0.5.5
[INFO] [stderr]    Compiling sec1 v0.7.3
[INFO] [stderr]    Compiling digest v0.9.0
[INFO] [stderr]    Compiling block-buffer v0.9.0
[INFO] [stderr]    Compiling curve25519-dalek v3.2.0
[INFO] [stderr]    Compiling sha2 v0.9.9
[INFO] [stderr]    Compiling digest v0.10.7
[INFO] [stderr]    Compiling hmac v0.12.1
[INFO] [stderr]    Compiling sha2 v0.10.8
[INFO] [stderr]    Compiling signature v2.2.0
[INFO] [stderr]    Compiling rfc6979 v0.4.0
[INFO] [stderr]    Compiling elliptic-curve v0.13.8
[INFO] [stderr]    Compiling ecdsa v0.16.9
[INFO] [stderr]    Compiling k256 v0.13.2
[INFO] [stderr]    Compiling serde_derive_internals v0.26.0
[INFO] [stderr]    Compiling serde_derive v1.0.194
[INFO] [stderr]    Compiling thiserror-impl v1.0.56
[INFO] [stderr]    Compiling prost-derive v0.12.3
[INFO] [stderr]    Compiling schemars_derive v0.8.16
[INFO] [stderr]    Compiling derivative v2.2.0
[INFO] [stderr]    Compiling cosmwasm-derive v1.5.0
[INFO] [stderr]    Compiling cosmwasm-schema-derive v1.5.0
[INFO] [stderr]    Compiling sha256 v1.5.0
[INFO] [stderr]    Compiling prost v0.12.3
[INFO] [stderr]    Compiling ed25519-zebra v3.1.0
[INFO] [stderr]    Compiling serde-json-wasm v0.5.1
[INFO] [stderr]    Compiling cosmwasm-crypto v1.5.0
[INFO] [stderr]    Compiling cosmwasm-std v1.5.0
[INFO] [stderr]    Compiling cosmwasm-schema v1.5.0
[INFO] [stderr]    Compiling cw-storage-plus v1.2.0
[INFO] [stderr]    Compiling cw2 v1.1.2
[INFO] [stderr]    Compiling cw-utils v1.0.3
[INFO] [stderr]    Compiling cw20 v1.1.2
[INFO] [stderr]    Compiling cw-controllers v1.1.2
[INFO] [stderr]    Compiling cw20-ics20 v1.1.2
[INFO] [stderr]    Compiling abstract-cw-multi-test v0.17.0 (/opt/rustwide/workdir)
[INFO] [stderr]     Finished dev [unoptimized + debuginfo] target(s) in 18.20s
[INFO] running `Command { std: "docker" "inspect" "0fcc93697bfc7bb67bd4278a21a1fb9337585facb6ac76e8cbe97919e81eb6a8", kill_on_drop: false }`
[INFO] running `Command { std: "docker" "rm" "-f" "0fcc93697bfc7bb67bd4278a21a1fb9337585facb6ac76e8cbe97919e81eb6a8", kill_on_drop: false }`
[INFO] [stdout] 0fcc93697bfc7bb67bd4278a21a1fb9337585facb6ac76e8cbe97919e81eb6a8
[INFO] running `Command { std: "docker" "create" "-v" "/var/lib/crater-agent-workspace/builds/worker-2-tc2/target:/opt/rustwide/target:rw,Z" "-v" "/var/lib/crater-agent-workspace/builds/worker-2-tc2/source:/opt/rustwide/workdir:ro,Z" "-v" "/var/lib/crater-agent-workspace/cargo-home:/opt/rustwide/cargo-home:ro,Z" "-v" "/var/lib/crater-agent-workspace/rustup-home:/opt/rustwide/rustup-home:ro,Z" "-e" "SOURCE_DIR=/opt/rustwide/workdir" "-e" "CARGO_TARGET_DIR=/opt/rustwide/target" "-e" "CARGO_INCREMENTAL=0" "-e" "RUST_BACKTRACE=full" "-e" "RUSTFLAGS=--cap-lints=warn" "-e" "RUSTDOCFLAGS=--cap-lints=warn" "-e" "CARGO_HOME=/opt/rustwide/cargo-home" "-e" "RUSTUP_HOME=/opt/rustwide/rustup-home" "-w" "/opt/rustwide/workdir" "-m" "1610612736" "--user" "0:0" "--network" "none" "ghcr.io/rust-lang/crates-build-env/linux@sha256:2788e3201cd34a07e3172128adcd8b3090168a8e3bcc40d7c032b9dda1df7d1c" "/opt/rustwide/cargo-home/bin/cargo" "+beta-2023-12-22" "test" "--frozen" "--no-run" "--message-format=json", kill_on_drop: false }`
[INFO] [stdout] d250920646eb578dacafc6a47977003848828fbe4bb33a8ec107d2c3b0c8aa1e
[INFO] running `Command { std: "docker" "start" "-a" "d250920646eb578dacafc6a47977003848828fbe4bb33a8ec107d2c3b0c8aa1e", kill_on_drop: false }`
[INFO] [stderr]    Compiling once_cell v1.19.0
[INFO] [stderr]    Compiling ahash v0.7.7
[INFO] [stderr]    Compiling k256 v0.13.2
[INFO] [stderr]    Compiling hashbrown v0.12.3
[INFO] [stderr]    Compiling ed25519-zebra v3.1.0
[INFO] [stderr]    Compiling cosmwasm-crypto v1.5.0
[INFO] [stderr]    Compiling cosmwasm-std v1.5.0
[INFO] [stderr]    Compiling cw-storage-plus v1.2.0
[INFO] [stderr]    Compiling cw2 v1.1.2
[INFO] [stderr]    Compiling polytone v1.0.0
[INFO] [stderr]    Compiling cw-utils v1.0.3
[INFO] [stderr]    Compiling cw20 v1.1.2
[INFO] [stderr]    Compiling cw-controllers v1.1.2
[INFO] [stderr]    Compiling polytone-proxy v1.0.0
[INFO] [stderr]    Compiling polytone-note v1.0.0
[INFO] [stderr]    Compiling cw20-ics20 v1.1.2
[INFO] [stderr]    Compiling polytone-voice v1.0.0
[INFO] [stderr]    Compiling abstract-cw-multi-test v0.17.0 (/opt/rustwide/workdir)
[INFO] [stderr]     Finished test [unoptimized + debuginfo] target(s) in 14.88s
[INFO] running `Command { std: "docker" "inspect" "d250920646eb578dacafc6a47977003848828fbe4bb33a8ec107d2c3b0c8aa1e", kill_on_drop: false }`
[INFO] running `Command { std: "docker" "rm" "-f" "d250920646eb578dacafc6a47977003848828fbe4bb33a8ec107d2c3b0c8aa1e", kill_on_drop: false }`
[INFO] [stdout] d250920646eb578dacafc6a47977003848828fbe4bb33a8ec107d2c3b0c8aa1e
[INFO] running `Command { std: "docker" "create" "-v" "/var/lib/crater-agent-workspace/builds/worker-2-tc2/target:/opt/rustwide/target:rw,Z" "-v" "/var/lib/crater-agent-workspace/builds/worker-2-tc2/source:/opt/rustwide/workdir:ro,Z" "-v" "/var/lib/crater-agent-workspace/cargo-home:/opt/rustwide/cargo-home:ro,Z" "-v" "/var/lib/crater-agent-workspace/rustup-home:/opt/rustwide/rustup-home:ro,Z" "-e" "SOURCE_DIR=/opt/rustwide/workdir" "-e" "CARGO_TARGET_DIR=/opt/rustwide/target" "-e" "CARGO_INCREMENTAL=0" "-e" "RUST_BACKTRACE=full" "-e" "RUSTFLAGS=--cap-lints=warn" "-e" "RUSTDOCFLAGS=--cap-lints=warn" "-e" "CARGO_HOME=/opt/rustwide/cargo-home" "-e" "RUSTUP_HOME=/opt/rustwide/rustup-home" "-w" "/opt/rustwide/workdir" "-m" "1610612736" "--user" "0:0" "--network" "none" "ghcr.io/rust-lang/crates-build-env/linux@sha256:2788e3201cd34a07e3172128adcd8b3090168a8e3bcc40d7c032b9dda1df7d1c" "/opt/rustwide/cargo-home/bin/cargo" "+beta-2023-12-22" "test" "--frozen", kill_on_drop: false }`
[INFO] [stdout] 51db09b4edbdfffbdb39d815dfefd02a6f9c5548eb27a6a1503bf9ad386c2d69
[INFO] running `Command { std: "docker" "start" "-a" "51db09b4edbdfffbdb39d815dfefd02a6f9c5548eb27a6a1503bf9ad386c2d69", kill_on_drop: false }`
[INFO] [stderr]     Finished test [unoptimized + debuginfo] target(s) in 0.08s
[INFO] [stderr]      Running unittests src/lib.rs (/opt/rustwide/target/debug/deps/abstract_cw_multi_test-9c9b4d30478fad63)
[INFO] [stdout] 
[INFO] [stdout] running 117 tests
[INFO] [stdout] test prefixed_storage::length_prefixed::tests::to_length_prefixed_calculates_capacity_correctly ... ok
[INFO] [stdout] test ibc::test::channel_creation ... ok
[INFO] [stdout] test bank::test::get_set_balance ... ok
[INFO] [stdout] test prefixed_storage::length_prefixed::tests::to_length_prefixed_nested_calculates_capacity_correctly ... ok
[INFO] [stdout] test prefixed_storage::length_prefixed::tests::to_length_prefixed_works ... ok
[INFO] [stdout] test prefixed_storage::length_prefixed::tests::encode_length_works ... ok
[INFO] [stdout] test prefixed_storage::length_prefixed::tests::to_length_prefixed_nested_works ... ok
[INFO] [stdout] test ibc::test::bank::simple_transfer ... ok
[INFO] [stdout] test prefixed_storage::namespace_helpers::tests::range_with_start_end_set ... ok
[INFO] [stdout] test prefixed_storage::namespace_helpers::tests::range_with_prefix_wrap_over ... ok
[INFO] [stdout] test prefixed_storage::namespace_helpers::tests::prefix_get_set ... ok
[INFO] [stdout] test prefixed_storage::namespace_helpers::tests::namespace_upper_bound_works ... ok
[INFO] [stdout] test prefixed_storage::namespace_helpers::tests::range_works ... ok
[INFO] [stdout] test prefixed_storage::tests::prefixed_storage_multilevel_set_and_get ... ok
[INFO] [stdout] test ibc::test::bank::transfer_and_back ... ok
[INFO] [stdout] test prefixed_storage::tests::prefixed_storage_set_and_get ... ok
[INFO] [stdout] test prefixed_storage::tests::readonly_prefixed_storage_get ... ok
[INFO] [stdout] test prefixed_storage::tests::readonly_prefixed_storage_multilevel_get ... ok
[INFO] [stdout] test prefixed_storage::length_prefixed::tests::to_length_prefixed_nested_allows_many_long_namespaces ... ok
[INFO] [stdout] test staking::test::msg::can_set_withdraw_address ... ok
[INFO] [stdout] test prefixed_storage::length_prefixed::tests::to_length_prefixed_works_for_long_prefix ... ok
[INFO] [stdout] test staking::test::msg::delegations_slashed ... ok
[INFO] [stdout] test staking::test::msg::delegation_queries_unbonding ... ok
[INFO] [stdout] test staking::test::msg::partial_unbonding_reduces_stake ... ok
[INFO] [stdout] test staking::test::msg::rewards_initial_wait ... ok
[INFO] [stdout] test staking::test::msg::execute ... ok
[INFO] [stdout] test staking::test::msg::query_staking ... ok
[INFO] [stdout] test staking::test::rewards_work_for_single_delegator ... ok
[INFO] [stdout] test tests::test_app::api::api_addr_canonicalize_should_work ... ok
[INFO] [stdout] test staking::test::validator_slashing ... ok
[INFO] [stdout] test tests::test_app::api::api_addr_humanize_should_work ... ok
[INFO] [stdout] test staking::test::rewards_work_for_multiple_delegators ... ok
[INFO] [stdout] test tests::test_app::api::api_addr_validate_should_work ... ok
[INFO] [stdout] test tests::test_app::custom_handler::dispatches_messages ... ok
[INFO] [stdout] test tests::test_app::duplicate_contract_code ... ok
[INFO] [stdout] test prefixed_storage::length_prefixed::tests::encode_length_panics_for_large_values - should panic ... ok
[INFO] [stdout] test ibc::test::channel_unknown_port ... ok
[INFO] [stdout] test bank::test::burn_coins ... ok
[INFO] [stdout] test bank::test::send_coins ... ok
[INFO] [stdout] test staking::test::msg::cannot_slash_nonexistent ... ok
[INFO] [stdout] test staking::test::msg::denom_validation ... ok
[INFO] [stdout] test tests::test_app::multi_level_bank_cache ... ok
[INFO] [stdout] test tests::test_app::contract_instantiation::instantiate2_works ... ok
[INFO] [stdout] test bank::test::fail_on_zero_values ... ok
[INFO] [stdout] test tests::test_app::custom_messages::triggering_custom_msg ... ok
[INFO] [stdout] test prefixed_storage::length_prefixed::tests::to_length_prefixed_panics_for_too_long_prefix - should panic ... ok
[INFO] [stdout] test tests::test_app::errors::simple_call ... ok
[INFO] [stdout] test tests::test_app::protobuf_wrapped_data::instantiate_wrapped_properly ... ok
[INFO] [stdout] test staking::test::add_get_validators ... ok
[INFO] [stdout] test staking::test::msg::non_existent_validator ... ok
[INFO] [stdout] test staking::test::msg::zero_staking_forbidden ... ok
[INFO] [stdout] test staking::test::msg::cannot_steal ... ok
[INFO] [stdout] test tests::test_app::protobuf_wrapped_data::execute_wrapped_properly ... ok
[INFO] [stdout] test tests::test_app::reflect_success ... ok
[INFO] [stdout] test tests::test_app::protobuf_wrapped_data::instantiate_with_data_works ... ok
[INFO] [stdout] test tests::test_app::errors::simple_instantiation ... ok
[INFO] [stdout] test tests::test_app::reply_data_overwrite::multiple_submsg ... ok
[INFO] [stdout] test tests::test_app::errors::nested_call ... ok
[INFO] [stdout] test tests::test_app::reply_data_overwrite::multiple_submsg_no_reply ... ok
[INFO] [stdout] test tests::test_app::reply_data_overwrite::no_submsg ... ok
[INFO] [stdout] test tests::test_app::reply_data_overwrite::multiple_submsg_mixed ... ok
[INFO] [stdout] test tests::test_app::errors::double_nested_call ... ok
[INFO] [stdout] test tests::test_app::protobuf_wrapped_data::instantiate_with_reply_works ... ok
[INFO] [stdout] test tests::test_app::reply_data_overwrite::single_submsg_no_reply ... ok
[INFO] [stdout] test tests::test_app::reply_data_overwrite::single_submsg ... ok
[INFO] [stdout] test tests::test_app::reply_data_overwrite::single_no_top_level_data ... ok
[INFO] [stdout] test tests::test_app::reply_data_overwrite::single_submsg_reply_returns_none ... ok
[INFO] [stdout] test tests::test_app::reply_data_overwrite::single_no_submsg_data ... ok
[INFO] [stdout] test ibc::test::polytone::polytone ... ok
[INFO] [stdout] test tests::test_app::reply_data_overwrite::nested_submsg ... ok
[INFO] [stdout] test tests::test_app::update_block ... ok
[INFO] [stdout] test tests::test_app::wasm_queries::query_existing_code_info ... ok
[INFO] [stdout] test tests::test_custom_handler::custom_handler_works ... ok
[INFO] [stdout] test tests::test_app::response_validation::empty_attribute_key ... ok
[INFO] [stdout] test tests::test_app::response_validation::empty_attribute_value ... ok
[INFO] [stdout] test tests::test_app::reflect_error ... ok
[INFO] [stdout] test tests::test_app::response_validation::too_short_event_type ... ok
[INFO] [stdout] test tests::test_app::send_tokens ... ok
[INFO] [stdout] test tests::test_app::send_update_admin_works ... ok
[INFO] [stdout] test tests::test_custom_handler::custom_handler_has_no_sudo ... ok
[INFO] [stdout] test transactions::test::commit_writes_through ... ok
[INFO] [stdout] test tests::test_gov::substituting_gov ... ok
[INFO] [stdout] test tests::test_app::sent_funds_properly_visible_on_execution ... ok
[INFO] [stdout] test tests::test_app::sudo_works ... ok
[INFO] [stdout] test tests::test_ibc::substituting_ibc ... ok
[INFO] [stdout] test tests::test_app::response_validation::empty_event_attribute_key ... ok
[INFO] [stdout] test tests::test_app::wasm_queries::query_non_existing_code_info ... ok
[INFO] [stdout] test transactions::test::delete_from_base ... ok
[INFO] [stdout] test tests::test_gov::default_gov ... ok
[INFO] [stdout] test tests::test_app::sent_wasm_migration_works ... ok
[INFO] [stdout] test transactions::test::storage_remains_readable ... ok
[INFO] [stdout] test tests::test_app::response_validation::empty_event_attribute_value ... ok
[INFO] [stdout] test tests::test_ibc::default_ibc ... ok
[INFO] [stdout] test transactions::test::delete_local ... ok
[INFO] [stdout] test transactions::test::ignore_same_as_rollback ... ok
[INFO] [stdout] test transactions::test::storage_transaction_iterator_with_base_data ... ok
[INFO] [stdout] test tests::test_app::simple_contract ... ok
[INFO] [stdout] test transactions::test::storage_transaction_iterator_empty_base ... ok
[INFO] [stdout] test transactions::test::wrap_box_dyn_storage ... ok
[INFO] [stdout] test transactions::test::storage_transaction_iterator_removed_items_from_base ... ok
[INFO] [stdout] test tests::test_app::reflect_sub_message_reply_works ... ok
[INFO] [stdout] test transactions::test::wrap_box_storage ... ok
[INFO] [stdout] test transactions::test::wrap_ref_cell_dyn_storage ... ok
[INFO] [stdout] test transactions::test::wrap_storage ... ok
[INFO] [stdout] test wasm::test::can_dump_raw_wasm_state ... ok
[INFO] [stdout] test wasm::test::can_use_custom_address_generator ... ok
[INFO] [stdout] test wasm::test::different_contracts_must_have_different_checksum ... ok
[INFO] [stdout] test wasm::test::contract_send_coins ... ok
[INFO] [stdout] test transactions::test::wrap_ref_cell ... ok
[INFO] [stdout] test wasm::test::remove_this_test_in_version_1_0 ... ok
[INFO] [stdout] test wasm::test::query_code_info ... ok
[INFO] [stdout] test wasm::test::register_contract ... FAILED
[INFO] [stdout] test wasm::test::uses_simple_address_generator_by_default ... ok
[INFO] [stdout] test wasm::test::querying_invalid_code_info_must_fail ... ok
[INFO] [stdout] test wasm::test::update_clear_admin_works ... ok
[INFO] [stdout] test wasm::test::query_contract_info ... ok
[INFO] [stdout] test wasm::test::multi_level_wasm_cache ... ok
[INFO] [stdout] 
[INFO] [stdout] failures:
[INFO] [stdout] 
[INFO] [stdout] ---- wasm::test::register_contract stdout ----
[INFO] [stdout] thread 'wasm::test::register_contract' panicked at src/wasm.rs:1550:9:
[INFO] [stdout] assertion `left == right` failed
[INFO] [stdout]   left: NotFound { kind: "abstract_cw_multi_test::wasm::ContractData" }
[INFO] [stdout]  right: NotFound { kind: "type: abstract_cw_multi_test::wasm::ContractData; key: [00, 09, 63, 6F, 6E, 74, 72, 61, 63, 74, 73, 75, 6E, 72, 65, 67, 69, 73, 74, 65, 72, 65, 64]" }
[INFO] [stdout] stack backtrace:
[INFO] [stdout]    0:     0x5638cfe61446 - std::backtrace_rs::backtrace::libunwind::trace::h261606ad26a499c1
[INFO] [stdout]                                at /rustc/0e09125c6c3c2fd70d7de961bcf0e51575235fad/library/std/src/../../backtrace/src/backtrace/libunwind.rs:104:5
[INFO] [stdout]    1:     0x5638cfe61446 - std::backtrace_rs::backtrace::trace_unsynchronized::hd183f0625477fb28
[INFO] [stdout]                                at /rustc/0e09125c6c3c2fd70d7de961bcf0e51575235fad/library/std/src/../../backtrace/src/backtrace/mod.rs:66:5
[INFO] [stdout]    2:     0x5638cfe61446 - std::sys_common::backtrace::_print_fmt::hd7f8fef21b4eda67
[INFO] [stdout]                                at /rustc/0e09125c6c3c2fd70d7de961bcf0e51575235fad/library/std/src/sys_common/backtrace.rs:68:5
[INFO] [stdout]    3:     0x5638cfe61446 - <std::sys_common::backtrace::_print::DisplayBacktrace as core::fmt::Display>::fmt::h623d9b51f2f453f1
[INFO] [stdout]                                at /rustc/0e09125c6c3c2fd70d7de961bcf0e51575235fad/library/std/src/sys_common/backtrace.rs:44:22
[INFO] [stdout]    4:     0x5638cfe8aa80 - core::fmt::rt::Argument::fmt::h9f417ac76a86f368
[INFO] [stdout]                                at /rustc/0e09125c6c3c2fd70d7de961bcf0e51575235fad/library/core/src/fmt/rt.rs:142:9
[INFO] [stdout]    5:     0x5638cfe8aa80 - core::fmt::write::hc9b6faf4ac2aeff7
[INFO] [stdout]                                at /rustc/0e09125c6c3c2fd70d7de961bcf0e51575235fad/library/core/src/fmt/mod.rs:1120:17
[INFO] [stdout]    6:     0x5638cfe5eeaf - std::io::Write::write_fmt::he04625a3a989fec3
[INFO] [stdout]                                at /rustc/0e09125c6c3c2fd70d7de961bcf0e51575235fad/library/std/src/io/mod.rs:1810:15
[INFO] [stdout]    7:     0x5638cfe61224 - std::sys_common::backtrace::_print::hd5d66399c7df88a2
[INFO] [stdout]                                at /rustc/0e09125c6c3c2fd70d7de961bcf0e51575235fad/library/std/src/sys_common/backtrace.rs:47:5
[INFO] [stdout]    8:     0x5638cfe61224 - std::sys_common::backtrace::print::he81ed2da642d37e5
[INFO] [stdout]                                at /rustc/0e09125c6c3c2fd70d7de961bcf0e51575235fad/library/std/src/sys_common/backtrace.rs:34:9
[INFO] [stdout]    9:     0x5638cfe62f97 - std::panicking::default_hook::{{closure}}::h85773f4fa117163d
[INFO] [stdout]   10:     0x5638cfe62c7d - std::panicking::default_hook::h6a1694a91d09b278
[INFO] [stdout]                                at /rustc/0e09125c6c3c2fd70d7de961bcf0e51575235fad/library/std/src/panicking.rs:289:9
[INFO] [stdout]   11:     0x5638cfc84dc7 - <alloc::boxed::Box<F,A> as core::ops::function::Fn<Args>>::call::h616ac37fa3cd6c8f
[INFO] [stdout]                                at /rustc/0e09125c6c3c2fd70d7de961bcf0e51575235fad/library/alloc/src/boxed.rs:2029:9
[INFO] [stdout]   12:     0x5638cfc84dc7 - test::test_main::{{closure}}::h00d84697cefdcbb6
[INFO] [stdout]                                at /rustc/0e09125c6c3c2fd70d7de961bcf0e51575235fad/library/test/src/lib.rs:138:21
[INFO] [stdout]   13:     0x5638cfe635b6 - <alloc::boxed::Box<F,A> as core::ops::function::Fn<Args>>::call::hcb3fe3b9bb537ba8
[INFO] [stdout]                                at /rustc/0e09125c6c3c2fd70d7de961bcf0e51575235fad/library/alloc/src/boxed.rs:2029:9
[INFO] [stdout]   14:     0x5638cfe635b6 - std::panicking::rust_panic_with_hook::h0a7ad96e90f7145b
[INFO] [stdout]                                at /rustc/0e09125c6c3c2fd70d7de961bcf0e51575235fad/library/std/src/panicking.rs:783:13
[INFO] [stdout]   15:     0x5638cfe63302 - std::panicking::begin_panic_handler::{{closure}}::h7919090525c6485e
[INFO] [stdout]                                at /rustc/0e09125c6c3c2fd70d7de961bcf0e51575235fad/library/std/src/panicking.rs:657:13
[INFO] [stdout]   16:     0x5638cfe61946 - std::sys_common::backtrace::__rust_end_short_backtrace::hf3289479464f7dfe
[INFO] [stdout]                                at /rustc/0e09125c6c3c2fd70d7de961bcf0e51575235fad/library/std/src/sys_common/backtrace.rs:171:18
[INFO] [stdout]   17:     0x5638cfe63060 - rust_begin_unwind
[INFO] [stdout]                                at /rustc/0e09125c6c3c2fd70d7de961bcf0e51575235fad/library/std/src/panicking.rs:645:5
[INFO] [stdout]   18:     0x5638cf8b8255 - core::panicking::panic_fmt::hcc9f77c5c132af55
[INFO] [stdout]                                at /rustc/0e09125c6c3c2fd70d7de961bcf0e51575235fad/library/core/src/panicking.rs:72:14
[INFO] [stdout]   19:     0x5638cf8b86cb - core::panicking::assert_failed_inner::h9f13e27dd63c3a08
[INFO] [stdout]                                at /rustc/0e09125c6c3c2fd70d7de961bcf0e51575235fad/library/core/src/panicking.rs:342:17
[INFO] [stdout]   20:     0x5638cfa422ce - core::panicking::assert_failed::h2be03b4daf0d7b70
[INFO] [stdout]                                at /rustc/0e09125c6c3c2fd70d7de961bcf0e51575235fad/library/core/src/panicking.rs:297:5
[INFO] [stdout]   21:     0x5638cfa0aa88 - abstract_cw_multi_test::wasm::test::register_contract::h4e6a5f0be2e27dcf
[INFO] [stdout]                                at /opt/rustwide/workdir/src/wasm.rs:1550:9
[INFO] [stdout]   22:     0x5638cfa0a0b7 - abstract_cw_multi_test::wasm::test::register_contract::{{closure}}::he107d93f95e438b6
[INFO] [stdout]                                at /opt/rustwide/workdir/src/wasm.rs:1460:27
[INFO] [stdout]   23:     0x5638cfb32ce6 - core::ops::function::FnOnce::call_once::h4566b5f8972c6ed4
[INFO] [stdout]                                at /rustc/0e09125c6c3c2fd70d7de961bcf0e51575235fad/library/core/src/ops/function.rs:250:5
[INFO] [stdout]   24:     0x5638cfc8a69f - core::ops::function::FnOnce::call_once::hd64d26f405258157
[INFO] [stdout]                                at /rustc/0e09125c6c3c2fd70d7de961bcf0e51575235fad/library/core/src/ops/function.rs:250:5
[INFO] [stdout]   25:     0x5638cfc8a69f - test::__rust_begin_short_backtrace::he21b0b7a6d731bf9
[INFO] [stdout]                                at /rustc/0e09125c6c3c2fd70d7de961bcf0e51575235fad/library/test/src/lib.rs:627:18
[INFO] [stdout]   26:     0x5638cfc89421 - test::run_test_in_process::{{closure}}::hf5c73986d7bdfde2
[INFO] [stdout]                                at /rustc/0e09125c6c3c2fd70d7de961bcf0e51575235fad/library/test/src/lib.rs:650:60
[INFO] [stdout]   27:     0x5638cfc89421 - <core::panic::unwind_safe::AssertUnwindSafe<F> as core::ops::function::FnOnce<()>>::call_once::h330011ad032aadc0
[INFO] [stdout]                                at /rustc/0e09125c6c3c2fd70d7de961bcf0e51575235fad/library/core/src/panic/unwind_safe.rs:272:9
[INFO] [stdout]   28:     0x5638cfc89421 - std::panicking::try::do_call::he61b0a958b795a41
[INFO] [stdout]                                at /rustc/0e09125c6c3c2fd70d7de961bcf0e51575235fad/library/std/src/panicking.rs:552:40
[INFO] [stdout]   29:     0x5638cfc89421 - std::panicking::try::h7309da130f906eb7
[INFO] [stdout]                                at /rustc/0e09125c6c3c2fd70d7de961bcf0e51575235fad/library/std/src/panicking.rs:516:19
[INFO] [stdout]   30:     0x5638cfc89421 - std::panic::catch_unwind::hc5c3a06fdaf0a92a
[INFO] [stdout]                                at /rustc/0e09125c6c3c2fd70d7de961bcf0e51575235fad/library/std/src/panic.rs:142:14
[INFO] [stdout]   31:     0x5638cfc89421 - test::run_test_in_process::h7e7b7c71c3324e0f
[INFO] [stdout]                                at /rustc/0e09125c6c3c2fd70d7de961bcf0e51575235fad/library/test/src/lib.rs:650:27
[INFO] [stdout]   32:     0x5638cfc89421 - test::run_test::{{closure}}::h1f509f28f5cf20b1
[INFO] [stdout]                                at /rustc/0e09125c6c3c2fd70d7de961bcf0e51575235fad/library/test/src/lib.rs:573:43
[INFO] [stdout]   33:     0x5638cfc50756 - test::run_test::{{closure}}::h1754218abf443f6d
[INFO] [stdout]                                at /rustc/0e09125c6c3c2fd70d7de961bcf0e51575235fad/library/test/src/lib.rs:601:41
[INFO] [stdout]   34:     0x5638cfc50756 - std::sys_common::backtrace::__rust_begin_short_backtrace::h2ee174b9d5954948
[INFO] [stdout]                                at /rustc/0e09125c6c3c2fd70d7de961bcf0e51575235fad/library/std/src/sys_common/backtrace.rs:155:18
[INFO] [stdout]   35:     0x5638cfc557b7 - std::thread::Builder::spawn_unchecked_::{{closure}}::{{closure}}::hf60bee9c1a17ef09
[INFO] [stdout]                                at /rustc/0e09125c6c3c2fd70d7de961bcf0e51575235fad/library/std/src/thread/mod.rs:529:17
[INFO] [stdout]   36:     0x5638cfc557b7 - <core::panic::unwind_safe::AssertUnwindSafe<F> as core::ops::function::FnOnce<()>>::call_once::h33d0dddec5216160
[INFO] [stdout]                                at /rustc/0e09125c6c3c2fd70d7de961bcf0e51575235fad/library/core/src/panic/unwind_safe.rs:272:9
[INFO] [stdout]   37:     0x5638cfc557b7 - std::panicking::try::do_call::h144b3048b546f835
[INFO] [stdout]                                at /rustc/0e09125c6c3c2fd70d7de961bcf0e51575235fad/library/std/src/panicking.rs:552:40
[INFO] [stdout]   38:     0x5638cfc557b7 - std::panicking::try::h978244d04646189f
[INFO] [stdout]                                at /rustc/0e09125c6c3c2fd70d7de961bcf0e51575235fad/library/std/src/panicking.rs:516:19
[INFO] [stdout]   39:     0x5638cfc557b7 - std::panic::catch_unwind::hdf436369d188fe86
[INFO] [stdout]                                at /rustc/0e09125c6c3c2fd70d7de961bcf0e51575235fad/library/std/src/panic.rs:142:14
[INFO] [stdout]   40:     0x5638cfc557b7 - std::thread::Builder::spawn_unchecked_::{{closure}}::h87329cbdd33c79ec
[INFO] [stdout]                                at /rustc/0e09125c6c3c2fd70d7de961bcf0e51575235fad/library/std/src/thread/mod.rs:528:30
[INFO] [stdout]   41:     0x5638cfc557b7 - core::ops::function::FnOnce::call_once{{vtable.shim}}::h401abbe67897d450
[INFO] [stdout]                                at /rustc/0e09125c6c3c2fd70d7de961bcf0e51575235fad/library/core/src/ops/function.rs:250:5
[INFO] [stdout]   42:     0x5638cfe68065 - <alloc::boxed::Box<F,A> as core::ops::function::FnOnce<Args>>::call_once::h5d7c8f150ab9c84c
[INFO] [stdout]                                at /rustc/0e09125c6c3c2fd70d7de961bcf0e51575235fad/library/alloc/src/boxed.rs:2015:9
[INFO] [stdout]   43:     0x5638cfe68065 - <alloc::boxed::Box<F,A> as core::ops::function::FnOnce<Args>>::call_once::h570d5b005c242c15
[INFO] [stdout]                                at /rustc/0e09125c6c3c2fd70d7de961bcf0e51575235fad/library/alloc/src/boxed.rs:2015:9
[INFO] [stdout]   44:     0x5638cfe68065 - std::sys::unix::thread::Thread::new::thread_start::h36b0a20c0b2361ad
[INFO] [stdout]                                at /rustc/0e09125c6c3c2fd70d7de961bcf0e51575235fad/library/std/src/sys/unix/thread.rs:108:17
[INFO] [stdout]   45:     0x7f01d59ceac3 - <unknown>
[INFO] [stdout]   46:     0x7f01d5a5fbf4 - __clone
[INFO] [stdout]   47:                0x0 - <unknown>
[INFO] [stdout] 
[INFO] [stdout] 
[INFO] [stdout] failures:
[INFO] [stdout]     wasm::test::register_contract
[INFO] [stdout] 
[INFO] [stdout] test result: FAILED. 116 passed; 1 failed; 0 ignored; 0 measured; 0 filtered out; finished in 0.07s
[INFO] [stdout] 
[INFO] [stderr] error: test failed, to rerun pass `--lib`
[INFO] running `Command { std: "docker" "inspect" "51db09b4edbdfffbdb39d815dfefd02a6f9c5548eb27a6a1503bf9ad386c2d69", kill_on_drop: false }`
[INFO] running `Command { std: "docker" "rm" "-f" "51db09b4edbdfffbdb39d815dfefd02a6f9c5548eb27a6a1503bf9ad386c2d69", kill_on_drop: false }`
[INFO] [stdout] 51db09b4edbdfffbdb39d815dfefd02a6f9c5548eb27a6a1503bf9ad386c2d69
