[INFO] fetching crate YAPL 0.1.0...
[INFO] testing YAPL-0.1.0 against 1.75.0 for beta-1.76-1
[INFO] extracting crate YAPL 0.1.0 into /workspace/builds/worker-4-tc1/source
[INFO] validating manifest of crates.io crate YAPL 0.1.0 on toolchain 1.75.0
[INFO] running `Command { std: CARGO_HOME="/workspace/cargo-home" RUSTUP_HOME="/workspace/rustup-home" "/workspace/cargo-home/bin/cargo" "+1.75.0" "metadata" "--manifest-path" "Cargo.toml" "--no-deps", kill_on_drop: false }`
[INFO] started tweaking crates.io crate YAPL 0.1.0
[INFO] finished tweaking crates.io crate YAPL 0.1.0
[INFO] tweaked toml for crates.io crate YAPL 0.1.0 written to /workspace/builds/worker-4-tc1/source/Cargo.toml
[INFO] running `Command { std: CARGO_HOME="/workspace/cargo-home" RUSTUP_HOME="/workspace/rustup-home" "/workspace/cargo-home/bin/cargo" "+1.75.0" "generate-lockfile" "--manifest-path" "Cargo.toml", kill_on_drop: false }`
[INFO] running `Command { std: CARGO_HOME="/workspace/cargo-home" RUSTUP_HOME="/workspace/rustup-home" "/workspace/cargo-home/bin/cargo" "+1.75.0" "fetch" "--manifest-path" "Cargo.toml", kill_on_drop: false }`
[INFO] running `Command { std: "docker" "create" "-v" "/var/lib/crater-agent-workspace/builds/worker-4-tc1/target:/opt/rustwide/target:rw,Z" "-v" "/var/lib/crater-agent-workspace/builds/worker-4-tc1/source:/opt/rustwide/workdir:ro,Z" "-v" "/var/lib/crater-agent-workspace/cargo-home:/opt/rustwide/cargo-home:ro,Z" "-v" "/var/lib/crater-agent-workspace/rustup-home:/opt/rustwide/rustup-home:ro,Z" "-e" "SOURCE_DIR=/opt/rustwide/workdir" "-e" "CARGO_TARGET_DIR=/opt/rustwide/target" "-e" "CARGO_HOME=/opt/rustwide/cargo-home" "-e" "RUSTUP_HOME=/opt/rustwide/rustup-home" "-w" "/opt/rustwide/workdir" "-m" "1610612736" "--user" "0:0" "--network" "none" "ghcr.io/rust-lang/crates-build-env/linux@sha256:2788e3201cd34a07e3172128adcd8b3090168a8e3bcc40d7c032b9dda1df7d1c" "/opt/rustwide/cargo-home/bin/cargo" "+1.75.0" "metadata" "--no-deps" "--format-version=1", kill_on_drop: false }`
[INFO] [stdout] 4e2d261a32af48e9ab8d7b4cfe2f2018104d06658e5298076956cf69bbcb4962
[INFO] running `Command { std: "docker" "start" "-a" "4e2d261a32af48e9ab8d7b4cfe2f2018104d06658e5298076956cf69bbcb4962", kill_on_drop: false }`
[INFO] running `Command { std: "docker" "inspect" "4e2d261a32af48e9ab8d7b4cfe2f2018104d06658e5298076956cf69bbcb4962", kill_on_drop: false }`
[INFO] running `Command { std: "docker" "rm" "-f" "4e2d261a32af48e9ab8d7b4cfe2f2018104d06658e5298076956cf69bbcb4962", kill_on_drop: false }`
[INFO] [stdout] 4e2d261a32af48e9ab8d7b4cfe2f2018104d06658e5298076956cf69bbcb4962
[INFO] running `Command { std: "docker" "create" "-v" "/var/lib/crater-agent-workspace/builds/worker-4-tc1/target:/opt/rustwide/target:rw,Z" "-v" "/var/lib/crater-agent-workspace/builds/worker-4-tc1/source:/opt/rustwide/workdir:ro,Z" "-v" "/var/lib/crater-agent-workspace/cargo-home:/opt/rustwide/cargo-home:ro,Z" "-v" "/var/lib/crater-agent-workspace/rustup-home:/opt/rustwide/rustup-home:ro,Z" "-e" "SOURCE_DIR=/opt/rustwide/workdir" "-e" "CARGO_TARGET_DIR=/opt/rustwide/target" "-e" "CARGO_INCREMENTAL=0" "-e" "RUST_BACKTRACE=full" "-e" "RUSTFLAGS=--cap-lints=warn" "-e" "RUSTDOCFLAGS=--cap-lints=warn" "-e" "CARGO_HOME=/opt/rustwide/cargo-home" "-e" "RUSTUP_HOME=/opt/rustwide/rustup-home" "-w" "/opt/rustwide/workdir" "-m" "1610612736" "--user" "0:0" "--network" "none" "ghcr.io/rust-lang/crates-build-env/linux@sha256:2788e3201cd34a07e3172128adcd8b3090168a8e3bcc40d7c032b9dda1df7d1c" "/opt/rustwide/cargo-home/bin/cargo" "+1.75.0" "build" "--frozen" "--message-format=json", kill_on_drop: false }`
[INFO] [stdout] 67e0da1a9d0a305a65f24e749b9d8cb4b4301b84b3153cdbbb3bb2024705230c
[INFO] running `Command { std: "docker" "start" "-a" "67e0da1a9d0a305a65f24e749b9d8cb4b4301b84b3153cdbbb3bb2024705230c", kill_on_drop: false }`
[INFO] [stderr]    Compiling YAPL v0.1.0 (/opt/rustwide/workdir)
[INFO] [stdout] warning: crate `YAPL` should have a snake case name
[INFO] [stdout]   |
[INFO] [stdout]   = help: convert the identifier to snake case: `yapl`
[INFO] [stdout]   = note: `#[warn(non_snake_case)]` on by default
[INFO] [stdout] 
[INFO] [stdout] 
[INFO] [stdout] warning: function `isPrime` should have a snake case name
[INFO] [stdout]   --> src/lib.rs:17:8
[INFO] [stdout]    |
[INFO] [stdout] 17 | pub fn isPrime(n: u64) -> bool
[INFO] [stdout]    |        ^^^^^^^ help: convert the identifier to snake case: `is_prime`
[INFO] [stdout] 
[INFO] [stdout] 
[INFO] [stdout] warning: 2 warnings emitted
[INFO] [stdout] 
[INFO] [stdout] 
[INFO] [stderr]     Finished dev [unoptimized + debuginfo] target(s) in 0.04s
[INFO] running `Command { std: "docker" "inspect" "67e0da1a9d0a305a65f24e749b9d8cb4b4301b84b3153cdbbb3bb2024705230c", kill_on_drop: false }`
[INFO] running `Command { std: "docker" "rm" "-f" "67e0da1a9d0a305a65f24e749b9d8cb4b4301b84b3153cdbbb3bb2024705230c", kill_on_drop: false }`
[INFO] [stdout] 67e0da1a9d0a305a65f24e749b9d8cb4b4301b84b3153cdbbb3bb2024705230c
[INFO] running `Command { std: "docker" "create" "-v" "/var/lib/crater-agent-workspace/builds/worker-4-tc1/target:/opt/rustwide/target:rw,Z" "-v" "/var/lib/crater-agent-workspace/builds/worker-4-tc1/source:/opt/rustwide/workdir:ro,Z" "-v" "/var/lib/crater-agent-workspace/cargo-home:/opt/rustwide/cargo-home:ro,Z" "-v" "/var/lib/crater-agent-workspace/rustup-home:/opt/rustwide/rustup-home:ro,Z" "-e" "SOURCE_DIR=/opt/rustwide/workdir" "-e" "CARGO_TARGET_DIR=/opt/rustwide/target" "-e" "CARGO_INCREMENTAL=0" "-e" "RUST_BACKTRACE=full" "-e" "RUSTFLAGS=--cap-lints=warn" "-e" "RUSTDOCFLAGS=--cap-lints=warn" "-e" "CARGO_HOME=/opt/rustwide/cargo-home" "-e" "RUSTUP_HOME=/opt/rustwide/rustup-home" "-w" "/opt/rustwide/workdir" "-m" "1610612736" "--user" "0:0" "--network" "none" "ghcr.io/rust-lang/crates-build-env/linux@sha256:2788e3201cd34a07e3172128adcd8b3090168a8e3bcc40d7c032b9dda1df7d1c" "/opt/rustwide/cargo-home/bin/cargo" "+1.75.0" "test" "--frozen" "--no-run" "--message-format=json", kill_on_drop: false }`
[INFO] [stdout] d86c401c15fd35278583a8e3f4e73d58dbbc162d357145a654fba5bebf2ff57f
[INFO] running `Command { std: "docker" "start" "-a" "d86c401c15fd35278583a8e3f4e73d58dbbc162d357145a654fba5bebf2ff57f", kill_on_drop: false }`
[INFO] [stdout] warning: crate `YAPL` should have a snake case name
[INFO] [stdout]   |
[INFO] [stdout]   = help: convert the identifier to snake case: `yapl`
[INFO] [stdout]   = note: `#[warn(non_snake_case)]` on by default
[INFO] [stdout] 
[INFO] [stdout] 
[INFO] [stderr]    Compiling YAPL v0.1.0 (/opt/rustwide/workdir)
[INFO] [stdout] warning: function `isPrime` should have a snake case name
[INFO] [stdout]   --> src/lib.rs:17:8
[INFO] [stdout]    |
[INFO] [stdout] 17 | pub fn isPrime(n: u64) -> bool
[INFO] [stdout]    |        ^^^^^^^ help: convert the identifier to snake case: `is_prime`
[INFO] [stdout] 
[INFO] [stdout] 
[INFO] [stdout] warning: 2 warnings emitted
[INFO] [stdout] 
[INFO] [stdout] 
[INFO] [stdout] warning: crate `YAPL` should have a snake case name
[INFO] [stdout]   |
[INFO] [stdout]   = help: convert the identifier to snake case: `yapl`
[INFO] [stdout]   = note: `#[warn(non_snake_case)]` on by default
[INFO] [stdout] 
[INFO] [stdout] 
[INFO] [stdout] warning: function `isPrime` should have a snake case name
[INFO] [stdout]   --> src/lib.rs:17:8
[INFO] [stdout]    |
[INFO] [stdout] 17 | pub fn isPrime(n: u64) -> bool
[INFO] [stdout]    |        ^^^^^^^ help: convert the identifier to snake case: `is_prime`
[INFO] [stdout] 
[INFO] [stdout] 
[INFO] [stdout] warning: 2 warnings emitted
[INFO] [stdout] 
[INFO] [stdout] 
[INFO] [stderr]     Finished test [unoptimized + debuginfo] target(s) in 0.18s
[INFO] running `Command { std: "docker" "inspect" "d86c401c15fd35278583a8e3f4e73d58dbbc162d357145a654fba5bebf2ff57f", kill_on_drop: false }`
[INFO] running `Command { std: "docker" "rm" "-f" "d86c401c15fd35278583a8e3f4e73d58dbbc162d357145a654fba5bebf2ff57f", kill_on_drop: false }`
[INFO] [stdout] d86c401c15fd35278583a8e3f4e73d58dbbc162d357145a654fba5bebf2ff57f
[INFO] running `Command { std: "docker" "create" "-v" "/var/lib/crater-agent-workspace/builds/worker-4-tc1/target:/opt/rustwide/target:rw,Z" "-v" "/var/lib/crater-agent-workspace/builds/worker-4-tc1/source:/opt/rustwide/workdir:ro,Z" "-v" "/var/lib/crater-agent-workspace/cargo-home:/opt/rustwide/cargo-home:ro,Z" "-v" "/var/lib/crater-agent-workspace/rustup-home:/opt/rustwide/rustup-home:ro,Z" "-e" "SOURCE_DIR=/opt/rustwide/workdir" "-e" "CARGO_TARGET_DIR=/opt/rustwide/target" "-e" "CARGO_INCREMENTAL=0" "-e" "RUST_BACKTRACE=full" "-e" "RUSTFLAGS=--cap-lints=warn" "-e" "RUSTDOCFLAGS=--cap-lints=warn" "-e" "CARGO_HOME=/opt/rustwide/cargo-home" "-e" "RUSTUP_HOME=/opt/rustwide/rustup-home" "-w" "/opt/rustwide/workdir" "-m" "1610612736" "--user" "0:0" "--network" "none" "ghcr.io/rust-lang/crates-build-env/linux@sha256:2788e3201cd34a07e3172128adcd8b3090168a8e3bcc40d7c032b9dda1df7d1c" "/opt/rustwide/cargo-home/bin/cargo" "+1.75.0" "test" "--frozen", kill_on_drop: false }`
[INFO] [stdout] 1fbb3de74b437c0c1b05616be5092eed776e197b5f270a8db0075ffee0a71402
[INFO] running `Command { std: "docker" "start" "-a" "1fbb3de74b437c0c1b05616be5092eed776e197b5f270a8db0075ffee0a71402", kill_on_drop: false }`
[INFO] [stderr] warning: crate `YAPL` should have a snake case name
[INFO] [stderr]   |
[INFO] [stderr]   = help: convert the identifier to snake case: `yapl`
[INFO] [stderr]   = note: `#[warn(non_snake_case)]` on by default
[INFO] [stderr] 
[INFO] [stderr] warning: function `isPrime` should have a snake case name
[INFO] [stderr]   --> src/lib.rs:17:8
[INFO] [stderr]    |
[INFO] [stderr] 17 | pub fn isPrime(n: u64) -> bool
[INFO] [stderr]    |        ^^^^^^^ help: convert the identifier to snake case: `is_prime`
[INFO] [stderr] 
[INFO] [stderr] warning: `YAPL` (lib) generated 2 warnings
[INFO] [stderr] warning: `YAPL` (lib test) generated 2 warnings (2 duplicates)
[INFO] [stderr]     Finished test [unoptimized + debuginfo] target(s) in 0.00s
[INFO] [stderr]      Running unittests src/lib.rs (/opt/rustwide/target/debug/deps/YAPL-17ff3fb8ec0b0522)
[INFO] [stdout] 
[INFO] [stdout] running 0 tests
[INFO] [stdout] 
[INFO] [stdout] test result: ok. 0 passed; 0 failed; 0 ignored; 0 measured; 0 filtered out; finished in 0.00s
[INFO] [stdout] 
[INFO] [stderr]    Doc-tests YAPL
[INFO] [stdout] 
[INFO] [stdout] running 1 test
[INFO] [stdout] test src/lib.rs - isPrime (line 9) ... FAILED
[INFO] [stdout] 
[INFO] [stdout] failures:
[INFO] [stdout] 
[INFO] [stdout] ---- src/lib.rs - isPrime (line 9) stdout ----
[INFO] [stdout] error[E0433]: failed to resolve: use of undeclared crate or module `prime`
[INFO] [stdout]  --> src/lib.rs:12:4
[INFO] [stdout]   |
[INFO] [stdout] 5 | if(prime::isPrime(n))
[INFO] [stdout]   |    ^^^^^ use of undeclared crate or module `prime`
[INFO] [stdout] 
[INFO] [stdout] error: aborting due to previous error
[INFO] [stdout] 
[INFO] [stdout] For more information about this error, try `rustc --explain E0433`.
[INFO] [stdout] Couldn't compile the test.
[INFO] [stdout] 
[INFO] [stdout] failures:
[INFO] [stdout]     src/lib.rs - isPrime (line 9)
[INFO] [stdout] 
[INFO] [stdout] test result: FAILED. 0 passed; 1 failed; 0 ignored; 0 measured; 0 filtered out; finished in 0.03s
[INFO] [stdout] 
[INFO] [stderr] error: doctest failed, to rerun pass `--doc`
[INFO] running `Command { std: "docker" "inspect" "1fbb3de74b437c0c1b05616be5092eed776e197b5f270a8db0075ffee0a71402", kill_on_drop: false }`
[INFO] running `Command { std: "docker" "rm" "-f" "1fbb3de74b437c0c1b05616be5092eed776e197b5f270a8db0075ffee0a71402", kill_on_drop: false }`
[INFO] [stdout] 1fbb3de74b437c0c1b05616be5092eed776e197b5f270a8db0075ffee0a71402
[INFO] testing YAPL-0.1.0 against beta-2023-12-22 for beta-1.76-1
[INFO] extracting crate YAPL 0.1.0 into /workspace/builds/worker-4-tc2/source
[INFO] validating manifest of crates.io crate YAPL 0.1.0 on toolchain beta-2023-12-22
[INFO] running `Command { std: CARGO_HOME="/workspace/cargo-home" RUSTUP_HOME="/workspace/rustup-home" "/workspace/cargo-home/bin/cargo" "+beta-2023-12-22" "metadata" "--manifest-path" "Cargo.toml" "--no-deps", kill_on_drop: false }`
[INFO] started tweaking crates.io crate YAPL 0.1.0
[INFO] finished tweaking crates.io crate YAPL 0.1.0
[INFO] tweaked toml for crates.io crate YAPL 0.1.0 written to /workspace/builds/worker-4-tc2/source/Cargo.toml
[INFO] running `Command { std: CARGO_HOME="/workspace/cargo-home" RUSTUP_HOME="/workspace/rustup-home" "/workspace/cargo-home/bin/cargo" "+beta-2023-12-22" "generate-lockfile" "--manifest-path" "Cargo.toml", kill_on_drop: false }`
[INFO] running `Command { std: CARGO_HOME="/workspace/cargo-home" RUSTUP_HOME="/workspace/rustup-home" "/workspace/cargo-home/bin/cargo" "+beta-2023-12-22" "fetch" "--manifest-path" "Cargo.toml", kill_on_drop: false }`
[INFO] running `Command { std: "docker" "create" "-v" "/var/lib/crater-agent-workspace/builds/worker-4-tc2/target:/opt/rustwide/target:rw,Z" "-v" "/var/lib/crater-agent-workspace/builds/worker-4-tc2/source:/opt/rustwide/workdir:ro,Z" "-v" "/var/lib/crater-agent-workspace/cargo-home:/opt/rustwide/cargo-home:ro,Z" "-v" "/var/lib/crater-agent-workspace/rustup-home:/opt/rustwide/rustup-home:ro,Z" "-e" "SOURCE_DIR=/opt/rustwide/workdir" "-e" "CARGO_TARGET_DIR=/opt/rustwide/target" "-e" "CARGO_HOME=/opt/rustwide/cargo-home" "-e" "RUSTUP_HOME=/opt/rustwide/rustup-home" "-w" "/opt/rustwide/workdir" "-m" "1610612736" "--user" "0:0" "--network" "none" "ghcr.io/rust-lang/crates-build-env/linux@sha256:2788e3201cd34a07e3172128adcd8b3090168a8e3bcc40d7c032b9dda1df7d1c" "/opt/rustwide/cargo-home/bin/cargo" "+beta-2023-12-22" "metadata" "--no-deps" "--format-version=1", kill_on_drop: false }`
[INFO] [stdout] 1b1fc4aa8ed90689a27e92a0b57bf3733c48eae31e50520f0a6bc0ed48da6eb3
[INFO] running `Command { std: "docker" "start" "-a" "1b1fc4aa8ed90689a27e92a0b57bf3733c48eae31e50520f0a6bc0ed48da6eb3", kill_on_drop: false }`
[INFO] running `Command { std: "docker" "inspect" "1b1fc4aa8ed90689a27e92a0b57bf3733c48eae31e50520f0a6bc0ed48da6eb3", kill_on_drop: false }`
[INFO] running `Command { std: "docker" "rm" "-f" "1b1fc4aa8ed90689a27e92a0b57bf3733c48eae31e50520f0a6bc0ed48da6eb3", kill_on_drop: false }`
[INFO] [stdout] 1b1fc4aa8ed90689a27e92a0b57bf3733c48eae31e50520f0a6bc0ed48da6eb3
[INFO] running `Command { std: "docker" "create" "-v" "/var/lib/crater-agent-workspace/builds/worker-4-tc2/target:/opt/rustwide/target:rw,Z" "-v" "/var/lib/crater-agent-workspace/builds/worker-4-tc2/source:/opt/rustwide/workdir:ro,Z" "-v" "/var/lib/crater-agent-workspace/cargo-home:/opt/rustwide/cargo-home:ro,Z" "-v" "/var/lib/crater-agent-workspace/rustup-home:/opt/rustwide/rustup-home:ro,Z" "-e" "SOURCE_DIR=/opt/rustwide/workdir" "-e" "CARGO_TARGET_DIR=/opt/rustwide/target" "-e" "CARGO_INCREMENTAL=0" "-e" "RUST_BACKTRACE=full" "-e" "RUSTFLAGS=--cap-lints=warn" "-e" "RUSTDOCFLAGS=--cap-lints=warn" "-e" "CARGO_HOME=/opt/rustwide/cargo-home" "-e" "RUSTUP_HOME=/opt/rustwide/rustup-home" "-w" "/opt/rustwide/workdir" "-m" "1610612736" "--user" "0:0" "--network" "none" "ghcr.io/rust-lang/crates-build-env/linux@sha256:2788e3201cd34a07e3172128adcd8b3090168a8e3bcc40d7c032b9dda1df7d1c" "/opt/rustwide/cargo-home/bin/cargo" "+beta-2023-12-22" "build" "--frozen" "--message-format=json", kill_on_drop: false }`
[INFO] [stdout] 2c13297c24423737045ee9e65f8706c45e61bf763786b504597e66b8c417bb31
[INFO] running `Command { std: "docker" "start" "-a" "2c13297c24423737045ee9e65f8706c45e61bf763786b504597e66b8c417bb31", kill_on_drop: false }`
[INFO] [stderr]    Compiling YAPL v0.1.0 (/opt/rustwide/workdir)
[INFO] [stdout] warning: crate `YAPL` should have a snake case name
[INFO] [stdout]   |
[INFO] [stdout]   = help: convert the identifier to snake case: `yapl`
[INFO] [stdout]   = note: `#[warn(non_snake_case)]` on by default
[INFO] [stdout] 
[INFO] [stdout] 
[INFO] [stdout] warning: function `isPrime` should have a snake case name
[INFO] [stdout]   --> src/lib.rs:17:8
[INFO] [stdout]    |
[INFO] [stdout] 17 | pub fn isPrime(n: u64) -> bool
[INFO] [stdout]    |        ^^^^^^^ help: convert the identifier to snake case: `is_prime`
[INFO] [stdout] 
[INFO] [stdout] 
[INFO] [stdout] warning: 2 warnings emitted
[INFO] [stdout] 
[INFO] [stdout] 
[INFO] [stderr]     Finished dev [unoptimized + debuginfo] target(s) in 0.04s
[INFO] running `Command { std: "docker" "inspect" "2c13297c24423737045ee9e65f8706c45e61bf763786b504597e66b8c417bb31", kill_on_drop: false }`
[INFO] running `Command { std: "docker" "rm" "-f" "2c13297c24423737045ee9e65f8706c45e61bf763786b504597e66b8c417bb31", kill_on_drop: false }`
[INFO] [stdout] 2c13297c24423737045ee9e65f8706c45e61bf763786b504597e66b8c417bb31
[INFO] running `Command { std: "docker" "create" "-v" "/var/lib/crater-agent-workspace/builds/worker-4-tc2/target:/opt/rustwide/target:rw,Z" "-v" "/var/lib/crater-agent-workspace/builds/worker-4-tc2/source:/opt/rustwide/workdir:ro,Z" "-v" "/var/lib/crater-agent-workspace/cargo-home:/opt/rustwide/cargo-home:ro,Z" "-v" "/var/lib/crater-agent-workspace/rustup-home:/opt/rustwide/rustup-home:ro,Z" "-e" "SOURCE_DIR=/opt/rustwide/workdir" "-e" "CARGO_TARGET_DIR=/opt/rustwide/target" "-e" "CARGO_INCREMENTAL=0" "-e" "RUST_BACKTRACE=full" "-e" "RUSTFLAGS=--cap-lints=warn" "-e" "RUSTDOCFLAGS=--cap-lints=warn" "-e" "CARGO_HOME=/opt/rustwide/cargo-home" "-e" "RUSTUP_HOME=/opt/rustwide/rustup-home" "-w" "/opt/rustwide/workdir" "-m" "1610612736" "--user" "0:0" "--network" "none" "ghcr.io/rust-lang/crates-build-env/linux@sha256:2788e3201cd34a07e3172128adcd8b3090168a8e3bcc40d7c032b9dda1df7d1c" "/opt/rustwide/cargo-home/bin/cargo" "+beta-2023-12-22" "test" "--frozen" "--no-run" "--message-format=json", kill_on_drop: false }`
[INFO] [stdout] 9fdd71b283ee93138ac958f4c0dd54870b95fc214c00ca287dcccd2ca24b5fc6
[INFO] running `Command { std: "docker" "start" "-a" "9fdd71b283ee93138ac958f4c0dd54870b95fc214c00ca287dcccd2ca24b5fc6", kill_on_drop: false }`
[INFO] [stdout] warning: crate `YAPL` should have a snake case name
[INFO] [stdout]   |
[INFO] [stdout]   = help: convert the identifier to snake case: `yapl`
[INFO] [stdout]   = note: `#[warn(non_snake_case)]` on by default
[INFO] [stdout] 
[INFO] [stdout] 
[INFO] [stderr]    Compiling YAPL v0.1.0 (/opt/rustwide/workdir)
[INFO] [stdout] warning: function `isPrime` should have a snake case name
[INFO] [stdout]   --> src/lib.rs:17:8
[INFO] [stdout]    |
[INFO] [stdout] 17 | pub fn isPrime(n: u64) -> bool
[INFO] [stdout]    |        ^^^^^^^ help: convert the identifier to snake case: `is_prime`
[INFO] [stdout] 
[INFO] [stdout] 
[INFO] [stdout] warning: 2 warnings emitted
[INFO] [stdout] 
[INFO] [stdout] 
[INFO] [stdout] warning: crate `YAPL` should have a snake case name
[INFO] [stdout]   |
[INFO] [stdout]   = help: convert the identifier to snake case: `yapl`
[INFO] [stdout]   = note: `#[warn(non_snake_case)]` on by default
[INFO] [stdout] 
[INFO] [stdout] 
[INFO] [stdout] warning: function `isPrime` should have a snake case name
[INFO] [stdout]   --> src/lib.rs:17:8
[INFO] [stdout]    |
[INFO] [stdout] 17 | pub fn isPrime(n: u64) -> bool
[INFO] [stdout]    |        ^^^^^^^ help: convert the identifier to snake case: `is_prime`
[INFO] [stdout] 
[INFO] [stdout] 
[INFO] [stdout] warning: 2 warnings emitted
[INFO] [stdout] 
[INFO] [stdout] 
[INFO] [stderr]     Finished test [unoptimized + debuginfo] target(s) in 0.17s
[INFO] running `Command { std: "docker" "inspect" "9fdd71b283ee93138ac958f4c0dd54870b95fc214c00ca287dcccd2ca24b5fc6", kill_on_drop: false }`
[INFO] running `Command { std: "docker" "rm" "-f" "9fdd71b283ee93138ac958f4c0dd54870b95fc214c00ca287dcccd2ca24b5fc6", kill_on_drop: false }`
[INFO] [stdout] 9fdd71b283ee93138ac958f4c0dd54870b95fc214c00ca287dcccd2ca24b5fc6
[INFO] running `Command { std: "docker" "create" "-v" "/var/lib/crater-agent-workspace/builds/worker-4-tc2/target:/opt/rustwide/target:rw,Z" "-v" "/var/lib/crater-agent-workspace/builds/worker-4-tc2/source:/opt/rustwide/workdir:ro,Z" "-v" "/var/lib/crater-agent-workspace/cargo-home:/opt/rustwide/cargo-home:ro,Z" "-v" "/var/lib/crater-agent-workspace/rustup-home:/opt/rustwide/rustup-home:ro,Z" "-e" "SOURCE_DIR=/opt/rustwide/workdir" "-e" "CARGO_TARGET_DIR=/opt/rustwide/target" "-e" "CARGO_INCREMENTAL=0" "-e" "RUST_BACKTRACE=full" "-e" "RUSTFLAGS=--cap-lints=warn" "-e" "RUSTDOCFLAGS=--cap-lints=warn" "-e" "CARGO_HOME=/opt/rustwide/cargo-home" "-e" "RUSTUP_HOME=/opt/rustwide/rustup-home" "-w" "/opt/rustwide/workdir" "-m" "1610612736" "--user" "0:0" "--network" "none" "ghcr.io/rust-lang/crates-build-env/linux@sha256:2788e3201cd34a07e3172128adcd8b3090168a8e3bcc40d7c032b9dda1df7d1c" "/opt/rustwide/cargo-home/bin/cargo" "+beta-2023-12-22" "test" "--frozen", kill_on_drop: false }`
[INFO] [stdout] 9ec25b61a7f9e5d286c2dda44a52e9d51eedb0888eb4a9dac4f34ad0bf0cd4d6
[INFO] running `Command { std: "docker" "start" "-a" "9ec25b61a7f9e5d286c2dda44a52e9d51eedb0888eb4a9dac4f34ad0bf0cd4d6", kill_on_drop: false }`
[INFO] [stderr] warning: crate `YAPL` should have a snake case name
[INFO] [stderr]   |
[INFO] [stderr]   = help: convert the identifier to snake case: `yapl`
[INFO] [stderr]   = note: `#[warn(non_snake_case)]` on by default
[INFO] [stderr] 
[INFO] [stderr] warning: function `isPrime` should have a snake case name
[INFO] [stderr]   --> src/lib.rs:17:8
[INFO] [stderr]    |
[INFO] [stderr] 17 | pub fn isPrime(n: u64) -> bool
[INFO] [stderr]    |        ^^^^^^^ help: convert the identifier to snake case: `is_prime`
[INFO] [stderr] 
[INFO] [stderr] warning: `YAPL` (lib) generated 2 warnings
[INFO] [stderr] warning: `YAPL` (lib test) generated 2 warnings (2 duplicates)
[INFO] [stderr]     Finished test [unoptimized + debuginfo] target(s) in 0.00s
[INFO] [stderr]      Running unittests src/lib.rs (/opt/rustwide/target/debug/deps/YAPL-8ac234b0dcfd7b95)
[INFO] [stdout] 
[INFO] [stdout] running 0 tests
[INFO] [stdout] 
[INFO] [stdout] test result: ok. 0 passed; 0 failed; 0 ignored; 0 measured; 0 filtered out; finished in 0.00s
[INFO] [stdout] 
[INFO] [stderr]    Doc-tests YAPL
[INFO] [stdout] 
[INFO] [stdout] running 1 test
[INFO] [stdout] test src/lib.rs - isPrime (line 9) ... FAILED
[INFO] [stdout] 
[INFO] [stdout] failures:
[INFO] [stdout] 
[INFO] [stdout] ---- src/lib.rs - isPrime (line 9) stdout ----
[INFO] [stdout] error[E0433]: failed to resolve: use of undeclared crate or module `prime`
[INFO] [stdout]  --> src/lib.rs:12:4
[INFO] [stdout]   |
[INFO] [stdout] 5 | if(prime::isPrime(n))
[INFO] [stdout]   |    ^^^^^ use of undeclared crate or module `prime`
[INFO] [stdout] 
[INFO] [stdout] error: aborting due to 1 previous error
[INFO] [stdout] 
[INFO] [stdout] For more information about this error, try `rustc --explain E0433`.
[INFO] [stdout] Couldn't compile the test.
[INFO] [stdout] 
[INFO] [stdout] failures:
[INFO] [stdout]     src/lib.rs - isPrime (line 9)
[INFO] [stdout] 
[INFO] [stdout] test result: FAILED. 0 passed; 1 failed; 0 ignored; 0 measured; 0 filtered out; finished in 0.03s
[INFO] [stdout] 
[INFO] [stderr] error: doctest failed, to rerun pass `--doc`
[INFO] running `Command { std: "docker" "inspect" "9ec25b61a7f9e5d286c2dda44a52e9d51eedb0888eb4a9dac4f34ad0bf0cd4d6", kill_on_drop: false }`
[INFO] running `Command { std: "docker" "rm" "-f" "9ec25b61a7f9e5d286c2dda44a52e9d51eedb0888eb4a9dac4f34ad0bf0cd4d6", kill_on_drop: false }`
[INFO] [stdout] 9ec25b61a7f9e5d286c2dda44a52e9d51eedb0888eb4a9dac4f34ad0bf0cd4d6
