[INFO] fetching crate OSEXave 0.0.7...
[INFO] testing OSEXave-0.0.7 against 1.75.0 for beta-1.76-1
[INFO] extracting crate OSEXave 0.0.7 into /workspace/builds/worker-0-tc1/source
[INFO] validating manifest of crates.io crate OSEXave 0.0.7 on toolchain 1.75.0
[INFO] running `Command { std: CARGO_HOME="/workspace/cargo-home" RUSTUP_HOME="/workspace/rustup-home" "/workspace/cargo-home/bin/cargo" "+1.75.0" "metadata" "--manifest-path" "Cargo.toml" "--no-deps", kill_on_drop: false }`
[INFO] started tweaking crates.io crate OSEXave 0.0.7
[INFO] finished tweaking crates.io crate OSEXave 0.0.7
[INFO] tweaked toml for crates.io crate OSEXave 0.0.7 written to /workspace/builds/worker-0-tc1/source/Cargo.toml
[INFO] running `Command { std: CARGO_HOME="/workspace/cargo-home" RUSTUP_HOME="/workspace/rustup-home" "/workspace/cargo-home/bin/cargo" "+1.75.0" "generate-lockfile" "--manifest-path" "Cargo.toml", kill_on_drop: false }`
[INFO] running `Command { std: CARGO_HOME="/workspace/cargo-home" RUSTUP_HOME="/workspace/rustup-home" "/workspace/cargo-home/bin/cargo" "+1.75.0" "fetch" "--manifest-path" "Cargo.toml", kill_on_drop: false }`
[INFO] running `Command { std: "docker" "create" "-v" "/var/lib/crater-agent-workspace/builds/worker-0-tc1/target:/opt/rustwide/target:rw,Z" "-v" "/var/lib/crater-agent-workspace/builds/worker-0-tc1/source:/opt/rustwide/workdir:ro,Z" "-v" "/var/lib/crater-agent-workspace/cargo-home:/opt/rustwide/cargo-home:ro,Z" "-v" "/var/lib/crater-agent-workspace/rustup-home:/opt/rustwide/rustup-home:ro,Z" "-e" "SOURCE_DIR=/opt/rustwide/workdir" "-e" "CARGO_TARGET_DIR=/opt/rustwide/target" "-e" "CARGO_HOME=/opt/rustwide/cargo-home" "-e" "RUSTUP_HOME=/opt/rustwide/rustup-home" "-w" "/opt/rustwide/workdir" "-m" "1610612736" "--user" "0:0" "--network" "none" "ghcr.io/rust-lang/crates-build-env/linux@sha256:2788e3201cd34a07e3172128adcd8b3090168a8e3bcc40d7c032b9dda1df7d1c" "/opt/rustwide/cargo-home/bin/cargo" "+1.75.0" "metadata" "--no-deps" "--format-version=1", kill_on_drop: false }`
[INFO] [stdout] fecf0d006270307c11402e8d69163581d729c4098feddbbf525381d94562b88d
[INFO] running `Command { std: "docker" "start" "-a" "fecf0d006270307c11402e8d69163581d729c4098feddbbf525381d94562b88d", kill_on_drop: false }`
[INFO] running `Command { std: "docker" "inspect" "fecf0d006270307c11402e8d69163581d729c4098feddbbf525381d94562b88d", kill_on_drop: false }`
[INFO] running `Command { std: "docker" "rm" "-f" "fecf0d006270307c11402e8d69163581d729c4098feddbbf525381d94562b88d", kill_on_drop: false }`
[INFO] [stdout] fecf0d006270307c11402e8d69163581d729c4098feddbbf525381d94562b88d
[INFO] running `Command { std: "docker" "create" "-v" "/var/lib/crater-agent-workspace/builds/worker-0-tc1/target:/opt/rustwide/target:rw,Z" "-v" "/var/lib/crater-agent-workspace/builds/worker-0-tc1/source:/opt/rustwide/workdir:ro,Z" "-v" "/var/lib/crater-agent-workspace/cargo-home:/opt/rustwide/cargo-home:ro,Z" "-v" "/var/lib/crater-agent-workspace/rustup-home:/opt/rustwide/rustup-home:ro,Z" "-e" "SOURCE_DIR=/opt/rustwide/workdir" "-e" "CARGO_TARGET_DIR=/opt/rustwide/target" "-e" "CARGO_INCREMENTAL=0" "-e" "RUST_BACKTRACE=full" "-e" "RUSTFLAGS=--cap-lints=warn" "-e" "RUSTDOCFLAGS=--cap-lints=warn" "-e" "CARGO_HOME=/opt/rustwide/cargo-home" "-e" "RUSTUP_HOME=/opt/rustwide/rustup-home" "-w" "/opt/rustwide/workdir" "-m" "1610612736" "--user" "0:0" "--network" "none" "ghcr.io/rust-lang/crates-build-env/linux@sha256:2788e3201cd34a07e3172128adcd8b3090168a8e3bcc40d7c032b9dda1df7d1c" "/opt/rustwide/cargo-home/bin/cargo" "+1.75.0" "build" "--frozen" "--message-format=json", kill_on_drop: false }`
[INFO] [stdout] ba2497ca9ef5f3bd2771fef2e952d927a0ba64a0953bb795636e68c69ca9fd7f
[INFO] running `Command { std: "docker" "start" "-a" "ba2497ca9ef5f3bd2771fef2e952d927a0ba64a0953bb795636e68c69ca9fd7f", kill_on_drop: false }`
[INFO] [stderr]    Compiling OSEXave v0.0.7 (/opt/rustwide/workdir)
[INFO] [stdout] warning: unused import: `OSErrorOther`
[INFO] [stdout]   --> src/platforms/Linux/Errno_m/arch/base/mod.rs:20:30
[INFO] [stdout]    |
[INFO] [stdout] 20 | pub(self) use crate::types::{OSErrorOther};
[INFO] [stdout]    |                              ^^^^^^^^^^^^
[INFO] [stdout]    |
[INFO] [stdout]    = note: `#[warn(unused_imports)]` on by default
[INFO] [stdout] 
[INFO] [stdout] 
[INFO] [stdout] warning: unused import: `OSErrorOther`
[INFO] [stdout]   --> src/platforms/Linux/Errno_m/mod.rs:20:30
[INFO] [stdout]    |
[INFO] [stdout] 20 | pub(self) use crate::types::{OSErrorOther};
[INFO] [stdout]    |                              ^^^^^^^^^^^^
[INFO] [stdout] 
[INFO] [stdout] 
[INFO] [stdout] warning: unused import: `OSError`
[INFO] [stdout]   --> src/types/errors/other.rs:16:13
[INFO] [stdout]    |
[INFO] [stdout] 16 | use super::{OSError};
[INFO] [stdout]    |             ^^^^^^^
[INFO] [stdout] 
[INFO] [stdout] 
[INFO] [stdout] warning: unused import: `platforms::Linux`
[INFO] [stdout]   --> src/lib.rs:25:5
[INFO] [stdout]    |
[INFO] [stdout] 25 | use platforms::Linux;
[INFO] [stdout]    |     ^^^^^^^^^^^^^^^^
[INFO] [stdout] 
[INFO] [stdout] 
[INFO] [stdout] warning: unreachable pattern
[INFO] [stdout]    --> src/platforms/Linux/Errno_m/arch/base/os_error_m.rs:289:13
[INFO] [stdout]     |
[INFO] [stdout] 289 |             _ => panic!("Invalid OSError kind! (Linux)")
[INFO] [stdout]     |             ^
[INFO] [stdout]     |
[INFO] [stdout]     = note: `#[warn(unreachable_patterns)]` on by default
[INFO] [stdout] 
[INFO] [stdout] 
[INFO] [stdout] warning: unreachable pattern
[INFO] [stdout]    --> src/platforms/Linux/Errno_m/arch/base/os_error_m.rs:427:13
[INFO] [stdout]     |
[INFO] [stdout] 427 |             _ => panic!("Invalid OSError kind! (Linux)")
[INFO] [stdout]     |             ^
[INFO] [stdout] 
[INFO] [stdout] 
[INFO] [stdout] warning: unreachable pattern
[INFO] [stdout]    --> src/platforms/Linux/Errno_m/arch/base/os_error_m.rs:565:13
[INFO] [stdout]     |
[INFO] [stdout] 565 |             _ => panic!("Invalid Errno! (Linux)")
[INFO] [stdout]     |             ^
[INFO] [stdout] 
[INFO] [stdout] 
[INFO] [stdout] warning: struct `OSErrorOther` is never constructed
[INFO] [stdout]   --> src/types/errors/other.rs:18:12
[INFO] [stdout]    |
[INFO] [stdout] 18 | pub struct OSErrorOther {
[INFO] [stdout]    |            ^^^^^^^^^^^^
[INFO] [stdout]    |
[INFO] [stdout]    = note: `#[warn(dead_code)]` on by default
[INFO] [stdout] 
[INFO] [stdout] 
[INFO] [stdout] warning: associated items `new`, `code`, and `description` are never used
[INFO] [stdout]   --> src/types/errors/other.rs:24:12
[INFO] [stdout]    |
[INFO] [stdout] 23 | impl OSErrorOther {
[INFO] [stdout]    | ----------------- associated items in this implementation
[INFO] [stdout] 24 |     pub fn new(code: u32, description: &'static str) -> OSErrorOther {
[INFO] [stdout]    |            ^^^
[INFO] [stdout] ...
[INFO] [stdout] 31 |     pub fn code(&self) -> &u32 {
[INFO] [stdout]    |            ^^^^
[INFO] [stdout] ...
[INFO] [stdout] 35 |     pub fn description(&self) -> &'static str {
[INFO] [stdout]    |            ^^^^^^^^^^^
[INFO] [stdout] 
[INFO] [stdout] 
[INFO] [stdout] warning: 9 warnings emitted
[INFO] [stdout] 
[INFO] [stdout] 
[INFO] [stderr]     Finished dev [unoptimized + debuginfo] target(s) in 0.11s
[INFO] running `Command { std: "docker" "inspect" "ba2497ca9ef5f3bd2771fef2e952d927a0ba64a0953bb795636e68c69ca9fd7f", kill_on_drop: false }`
[INFO] running `Command { std: "docker" "rm" "-f" "ba2497ca9ef5f3bd2771fef2e952d927a0ba64a0953bb795636e68c69ca9fd7f", kill_on_drop: false }`
[INFO] [stdout] ba2497ca9ef5f3bd2771fef2e952d927a0ba64a0953bb795636e68c69ca9fd7f
[INFO] running `Command { std: "docker" "create" "-v" "/var/lib/crater-agent-workspace/builds/worker-0-tc1/target:/opt/rustwide/target:rw,Z" "-v" "/var/lib/crater-agent-workspace/builds/worker-0-tc1/source:/opt/rustwide/workdir:ro,Z" "-v" "/var/lib/crater-agent-workspace/cargo-home:/opt/rustwide/cargo-home:ro,Z" "-v" "/var/lib/crater-agent-workspace/rustup-home:/opt/rustwide/rustup-home:ro,Z" "-e" "SOURCE_DIR=/opt/rustwide/workdir" "-e" "CARGO_TARGET_DIR=/opt/rustwide/target" "-e" "CARGO_INCREMENTAL=0" "-e" "RUST_BACKTRACE=full" "-e" "RUSTFLAGS=--cap-lints=warn" "-e" "RUSTDOCFLAGS=--cap-lints=warn" "-e" "CARGO_HOME=/opt/rustwide/cargo-home" "-e" "RUSTUP_HOME=/opt/rustwide/rustup-home" "-w" "/opt/rustwide/workdir" "-m" "1610612736" "--user" "0:0" "--network" "none" "ghcr.io/rust-lang/crates-build-env/linux@sha256:2788e3201cd34a07e3172128adcd8b3090168a8e3bcc40d7c032b9dda1df7d1c" "/opt/rustwide/cargo-home/bin/cargo" "+1.75.0" "test" "--frozen" "--no-run" "--message-format=json", kill_on_drop: false }`
[INFO] [stdout] 200a8c74672a9384bbe5dc7d0268fb99e33b63053b07ce6b97a26db48f51559a
[INFO] running `Command { std: "docker" "start" "-a" "200a8c74672a9384bbe5dc7d0268fb99e33b63053b07ce6b97a26db48f51559a", kill_on_drop: false }`
[INFO] [stdout] warning: unused import: `OSErrorOther`
[INFO] [stdout]   --> src/platforms/Linux/Errno_m/arch/base/mod.rs:20:30
[INFO] [stdout]    |
[INFO] [stdout] 20 | pub(self) use crate::types::{OSErrorOther};
[INFO] [stdout]    |                              ^^^^^^^^^^^^
[INFO] [stdout]    |
[INFO] [stdout]    = note: `#[warn(unused_imports)]` on by default
[INFO] [stdout] 
[INFO] [stdout] 
[INFO] [stdout] warning: unused import: `OSErrorOther`
[INFO] [stdout]   --> src/platforms/Linux/Errno_m/mod.rs:20:30
[INFO] [stdout]    |
[INFO] [stdout] 20 | pub(self) use crate::types::{OSErrorOther};
[INFO] [stdout]    |                              ^^^^^^^^^^^^
[INFO] [stdout] 
[INFO] [stdout] 
[INFO] [stdout] warning: unused import: `OSError`
[INFO] [stdout]   --> src/types/errors/other.rs:16:13
[INFO] [stdout]    |
[INFO] [stdout] 16 | use super::{OSError};
[INFO] [stdout]    |             ^^^^^^^
[INFO] [stdout] 
[INFO] [stdout] 
[INFO] [stdout] warning: unused import: `platforms::Linux`
[INFO] [stdout]   --> src/lib.rs:25:5
[INFO] [stdout]    |
[INFO] [stdout] 25 | use platforms::Linux;
[INFO] [stdout]    |     ^^^^^^^^^^^^^^^^
[INFO] [stdout] 
[INFO] [stdout] 
[INFO] [stdout] warning: unreachable pattern
[INFO] [stdout]    --> src/platforms/Linux/Errno_m/arch/base/os_error_m.rs:289:13
[INFO] [stdout]     |
[INFO] [stdout] 289 |             _ => panic!("Invalid OSError kind! (Linux)")
[INFO] [stdout]     |             ^
[INFO] [stdout]     |
[INFO] [stdout]     = note: `#[warn(unreachable_patterns)]` on by default
[INFO] [stdout] 
[INFO] [stdout] 
[INFO] [stdout] warning: unreachable pattern
[INFO] [stdout]    --> src/platforms/Linux/Errno_m/arch/base/os_error_m.rs:427:13
[INFO] [stdout]     |
[INFO] [stdout] 427 |             _ => panic!("Invalid OSError kind! (Linux)")
[INFO] [stdout]     |             ^
[INFO] [stdout] 
[INFO] [stdout] 
[INFO] [stdout] warning: unreachable pattern
[INFO] [stdout]    --> src/platforms/Linux/Errno_m/arch/base/os_error_m.rs:565:13
[INFO] [stdout]     |
[INFO] [stdout] 565 |             _ => panic!("Invalid Errno! (Linux)")
[INFO] [stdout]     |             ^
[INFO] [stdout] 
[INFO] [stdout] 
[INFO] [stderr]    Compiling OSEXave v0.0.7 (/opt/rustwide/workdir)
[INFO] [stdout] warning: struct `OSErrorOther` is never constructed
[INFO] [stdout]   --> src/types/errors/other.rs:18:12
[INFO] [stdout]    |
[INFO] [stdout] 18 | pub struct OSErrorOther {
[INFO] [stdout]    |            ^^^^^^^^^^^^
[INFO] [stdout]    |
[INFO] [stdout]    = note: `#[warn(dead_code)]` on by default
[INFO] [stdout] 
[INFO] [stdout] 
[INFO] [stdout] warning: associated items `new`, `code`, and `description` are never used
[INFO] [stdout]   --> src/types/errors/other.rs:24:12
[INFO] [stdout]    |
[INFO] [stdout] 23 | impl OSErrorOther {
[INFO] [stdout]    | ----------------- associated items in this implementation
[INFO] [stdout] 24 |     pub fn new(code: u32, description: &'static str) -> OSErrorOther {
[INFO] [stdout]    |            ^^^
[INFO] [stdout] ...
[INFO] [stdout] 31 |     pub fn code(&self) -> &u32 {
[INFO] [stdout]    |            ^^^^
[INFO] [stdout] ...
[INFO] [stdout] 35 |     pub fn description(&self) -> &'static str {
[INFO] [stdout]    |            ^^^^^^^^^^^
[INFO] [stdout] 
[INFO] [stdout] 
[INFO] [stdout] warning: 9 warnings emitted
[INFO] [stdout] 
[INFO] [stdout] 
[INFO] [stdout] warning: unused import: `OSErrorOther`
[INFO] [stdout]   --> src/platforms/Linux/Errno_m/arch/base/mod.rs:20:30
[INFO] [stdout]    |
[INFO] [stdout] 20 | pub(self) use crate::types::{OSErrorOther};
[INFO] [stdout]    |                              ^^^^^^^^^^^^
[INFO] [stdout]    |
[INFO] [stdout]    = note: `#[warn(unused_imports)]` on by default
[INFO] [stdout] 
[INFO] [stdout] 
[INFO] [stdout] warning: unused import: `OSErrorOther`
[INFO] [stdout]   --> src/platforms/Linux/Errno_m/mod.rs:20:30
[INFO] [stdout]    |
[INFO] [stdout] 20 | pub(self) use crate::types::{OSErrorOther};
[INFO] [stdout]    |                              ^^^^^^^^^^^^
[INFO] [stdout] 
[INFO] [stdout] 
[INFO] [stdout] warning: unused import: `OSError`
[INFO] [stdout]   --> src/types/errors/other.rs:16:13
[INFO] [stdout]    |
[INFO] [stdout] 16 | use super::{OSError};
[INFO] [stdout]    |             ^^^^^^^
[INFO] [stdout] 
[INFO] [stdout] 
[INFO] [stdout] warning: unused import: `platforms::Linux`
[INFO] [stdout]   --> src/lib.rs:25:5
[INFO] [stdout]    |
[INFO] [stdout] 25 | use platforms::Linux;
[INFO] [stdout]    |     ^^^^^^^^^^^^^^^^
[INFO] [stdout] 
[INFO] [stdout] 
[INFO] [stdout] warning: unreachable pattern
[INFO] [stdout]    --> src/platforms/Linux/Errno_m/arch/base/os_error_m.rs:289:13
[INFO] [stdout]     |
[INFO] [stdout] 289 |             _ => panic!("Invalid OSError kind! (Linux)")
[INFO] [stdout]     |             ^
[INFO] [stdout]     |
[INFO] [stdout]     = note: `#[warn(unreachable_patterns)]` on by default
[INFO] [stdout] 
[INFO] [stdout] 
[INFO] [stdout] warning: unreachable pattern
[INFO] [stdout]    --> src/platforms/Linux/Errno_m/arch/base/os_error_m.rs:427:13
[INFO] [stdout]     |
[INFO] [stdout] 427 |             _ => panic!("Invalid OSError kind! (Linux)")
[INFO] [stdout]     |             ^
[INFO] [stdout] 
[INFO] [stdout] 
[INFO] [stdout] warning: unreachable pattern
[INFO] [stdout]    --> src/platforms/Linux/Errno_m/arch/base/os_error_m.rs:565:13
[INFO] [stdout]     |
[INFO] [stdout] 565 |             _ => panic!("Invalid Errno! (Linux)")
[INFO] [stdout]     |             ^
[INFO] [stdout] 
[INFO] [stdout] 
[INFO] [stdout] warning: struct `OSErrorOther` is never constructed
[INFO] [stdout]   --> src/types/errors/other.rs:18:12
[INFO] [stdout]    |
[INFO] [stdout] 18 | pub struct OSErrorOther {
[INFO] [stdout]    |            ^^^^^^^^^^^^
[INFO] [stdout]    |
[INFO] [stdout]    = note: `#[warn(dead_code)]` on by default
[INFO] [stdout] 
[INFO] [stdout] 
[INFO] [stdout] warning: associated items `new`, `code`, and `description` are never used
[INFO] [stdout]   --> src/types/errors/other.rs:24:12
[INFO] [stdout]    |
[INFO] [stdout] 23 | impl OSErrorOther {
[INFO] [stdout]    | ----------------- associated items in this implementation
[INFO] [stdout] 24 |     pub fn new(code: u32, description: &'static str) -> OSErrorOther {
[INFO] [stdout]    |            ^^^
[INFO] [stdout] ...
[INFO] [stdout] 31 |     pub fn code(&self) -> &u32 {
[INFO] [stdout]    |            ^^^^
[INFO] [stdout] ...
[INFO] [stdout] 35 |     pub fn description(&self) -> &'static str {
[INFO] [stdout]    |            ^^^^^^^^^^^
[INFO] [stdout] 
[INFO] [stdout] 
[INFO] [stdout] warning: 9 warnings emitted
[INFO] [stdout] 
[INFO] [stdout] 
[INFO] [stderr]     Finished test [unoptimized + debuginfo] target(s) in 0.22s
[INFO] running `Command { std: "docker" "inspect" "200a8c74672a9384bbe5dc7d0268fb99e33b63053b07ce6b97a26db48f51559a", kill_on_drop: false }`
[INFO] running `Command { std: "docker" "rm" "-f" "200a8c74672a9384bbe5dc7d0268fb99e33b63053b07ce6b97a26db48f51559a", kill_on_drop: false }`
[INFO] [stdout] 200a8c74672a9384bbe5dc7d0268fb99e33b63053b07ce6b97a26db48f51559a
[INFO] running `Command { std: "docker" "create" "-v" "/var/lib/crater-agent-workspace/builds/worker-0-tc1/target:/opt/rustwide/target:rw,Z" "-v" "/var/lib/crater-agent-workspace/builds/worker-0-tc1/source:/opt/rustwide/workdir:ro,Z" "-v" "/var/lib/crater-agent-workspace/cargo-home:/opt/rustwide/cargo-home:ro,Z" "-v" "/var/lib/crater-agent-workspace/rustup-home:/opt/rustwide/rustup-home:ro,Z" "-e" "SOURCE_DIR=/opt/rustwide/workdir" "-e" "CARGO_TARGET_DIR=/opt/rustwide/target" "-e" "CARGO_INCREMENTAL=0" "-e" "RUST_BACKTRACE=full" "-e" "RUSTFLAGS=--cap-lints=warn" "-e" "RUSTDOCFLAGS=--cap-lints=warn" "-e" "CARGO_HOME=/opt/rustwide/cargo-home" "-e" "RUSTUP_HOME=/opt/rustwide/rustup-home" "-w" "/opt/rustwide/workdir" "-m" "1610612736" "--user" "0:0" "--network" "none" "ghcr.io/rust-lang/crates-build-env/linux@sha256:2788e3201cd34a07e3172128adcd8b3090168a8e3bcc40d7c032b9dda1df7d1c" "/opt/rustwide/cargo-home/bin/cargo" "+1.75.0" "test" "--frozen", kill_on_drop: false }`
[INFO] [stdout] 1566f03838618141d250b5e7abe9651405a2619fae9a0d404456f9826c04c93c
[INFO] running `Command { std: "docker" "start" "-a" "1566f03838618141d250b5e7abe9651405a2619fae9a0d404456f9826c04c93c", kill_on_drop: false }`
[INFO] [stderr] warning: unused import: `OSErrorOther`
[INFO] [stderr]   --> src/platforms/Linux/Errno_m/arch/base/mod.rs:20:30
[INFO] [stderr]    |
[INFO] [stderr] 20 | pub(self) use crate::types::{OSErrorOther};
[INFO] [stderr]    |                              ^^^^^^^^^^^^
[INFO] [stderr]    |
[INFO] [stderr]    = note: `#[warn(unused_imports)]` on by default
[INFO] [stderr] 
[INFO] [stderr] warning: unused import: `OSErrorOther`
[INFO] [stderr]   --> src/platforms/Linux/Errno_m/mod.rs:20:30
[INFO] [stderr]    |
[INFO] [stderr] 20 | pub(self) use crate::types::{OSErrorOther};
[INFO] [stderr]    |                              ^^^^^^^^^^^^
[INFO] [stderr] 
[INFO] [stderr] warning: unused import: `OSError`
[INFO] [stderr]   --> src/types/errors/other.rs:16:13
[INFO] [stderr]    |
[INFO] [stderr] 16 | use super::{OSError};
[INFO] [stderr]    |             ^^^^^^^
[INFO] [stderr] 
[INFO] [stderr] warning: unused import: `platforms::Linux`
[INFO] [stderr]   --> src/lib.rs:25:5
[INFO] [stderr]    |
[INFO] [stderr] 25 | use platforms::Linux;
[INFO] [stderr]    |     ^^^^^^^^^^^^^^^^
[INFO] [stderr] 
[INFO] [stderr] warning: unreachable pattern
[INFO] [stderr]    --> src/platforms/Linux/Errno_m/arch/base/os_error_m.rs:289:13
[INFO] [stderr]     |
[INFO] [stderr] 289 |             _ => panic!("Invalid OSError kind! (Linux)")
[INFO] [stderr]     |             ^
[INFO] [stderr]     |
[INFO] [stderr]     = note: `#[warn(unreachable_patterns)]` on by default
[INFO] [stderr] 
[INFO] [stderr] warning: unreachable pattern
[INFO] [stderr]    --> src/platforms/Linux/Errno_m/arch/base/os_error_m.rs:427:13
[INFO] [stderr]     |
[INFO] [stderr] 427 |             _ => panic!("Invalid OSError kind! (Linux)")
[INFO] [stderr]     |             ^
[INFO] [stderr] 
[INFO] [stderr] warning: unreachable pattern
[INFO] [stderr]    --> src/platforms/Linux/Errno_m/arch/base/os_error_m.rs:565:13
[INFO] [stderr]     |
[INFO] [stderr] 565 |             _ => panic!("Invalid Errno! (Linux)")
[INFO] [stderr]     |             ^
[INFO] [stderr] 
[INFO] [stderr] warning: struct `OSErrorOther` is never constructed
[INFO] [stderr]   --> src/types/errors/other.rs:18:12
[INFO] [stderr]    |
[INFO] [stderr] 18 | pub struct OSErrorOther {
[INFO] [stderr]    |            ^^^^^^^^^^^^
[INFO] [stderr]    |
[INFO] [stderr]    = note: `#[warn(dead_code)]` on by default
[INFO] [stderr] 
[INFO] [stderr] warning: associated items `new`, `code`, and `description` are never used
[INFO] [stderr]   --> src/types/errors/other.rs:24:12
[INFO] [stderr]    |
[INFO] [stderr] 23 | impl OSErrorOther {
[INFO] [stderr]    | ----------------- associated items in this implementation
[INFO] [stderr] 24 |     pub fn new(code: u32, description: &'static str) -> OSErrorOther {
[INFO] [stderr]    |            ^^^
[INFO] [stderr] ...
[INFO] [stderr] 31 |     pub fn code(&self) -> &u32 {
[INFO] [stderr]    |            ^^^^
[INFO] [stderr] ...
[INFO] [stderr] 35 |     pub fn description(&self) -> &'static str {
[INFO] [stderr]    |            ^^^^^^^^^^^
[INFO] [stderr] 
[INFO] [stderr] warning: `OSEXave` (lib) generated 9 warnings (run `cargo fix --lib -p OSEXave` to apply 4 suggestions)
[INFO] [stderr] warning: `OSEXave` (lib test) generated 9 warnings (9 duplicates)
[INFO] [stderr]     Finished test [unoptimized + debuginfo] target(s) in 0.00s
[INFO] [stderr]      Running unittests src/lib.rs (/opt/rustwide/target/debug/deps/OSEXave-bcab299d209d9ebf)
[INFO] [stdout] 
[INFO] [stdout] running 0 tests
[INFO] [stdout] 
[INFO] [stdout] test result: ok. 0 passed; 0 failed; 0 ignored; 0 measured; 0 filtered out; finished in 0.00s
[INFO] [stdout] 
[INFO] [stderr]    Doc-tests OSEXave
[INFO] [stdout] 
[INFO] [stdout] running 5 tests
[INFO] [stdout] test src/types/errors/error_d.rs - types::errors::error_d::RawError::Kind (line 25) ... FAILED
[INFO] [stdout] test src/lib.rs - OSError::fmt (line 65) ... FAILED
[INFO] [stdout] test src/types/errors/error_d.rs - types::errors::error_d::RawError::Kind (line 47) ... FAILED
[INFO] [stdout] test src/types/errors/error_d.rs - types::errors::error_d::RawError::Kind (line 32) ... FAILED
[INFO] [stdout] test src/types/errors/error_d.rs - types::errors::error_d::RawError::Kind (line 71) ... ok
[INFO] [stdout] 
[INFO] [stdout] failures:
[INFO] [stdout] 
[INFO] [stdout] ---- src/types/errors/error_d.rs - types::errors::error_d::RawError::Kind (line 25) stdout ----
[INFO] [stdout] error[E0277]: can't compare `&str` with `RawError`
[INFO] [stdout]  --> src/types/errors/error_d.rs:28:1
[INFO] [stdout]   |
[INFO] [stdout] 6 | assert_eq!("RawOSError { code: 1, kind: EPERM, description: 'Operation not permitted' }", RawError::RawOSError(1));
[INFO] [stdout]   | ^^^^^^^^^^^^^^^^^^^^^^^^^^^^^^^^^^^^^^^^^^^^^^^^^^^^^^^^^^^^^^^^^^^^^^^^^^^^^^^^^^^^^^^^^^^^^^^^^^^^^^^^^^^^^^^^^^ no implementation for `&str == RawError`
[INFO] [stdout]   |
[INFO] [stdout]   = help: the trait `PartialEq<RawError>` is not implemented for `&str`
[INFO] [stdout]   = help: the following other types implement trait `PartialEq<Rhs>`:
[INFO] [stdout]             <str as PartialEq<Cow<'a, str>>>
[INFO] [stdout]             <str as PartialEq<OsString>>
[INFO] [stdout]             <str as PartialEq<OsStr>>
[INFO] [stdout]             <str as PartialEq<String>>
[INFO] [stdout]             <str as PartialEq>
[INFO] [stdout]             <&'a str as PartialEq<OsString>>
[INFO] [stdout]             <&'a str as PartialEq<String>>
[INFO] [stdout]             <&'b str as PartialEq<Cow<'a, str>>>
[INFO] [stdout]   = note: this error originates in the macro `assert_eq` (in Nightly builds, run with -Z macro-backtrace for more info)
[INFO] [stdout] 
[INFO] [stdout] error: aborting due to previous error
[INFO] [stdout] 
[INFO] [stdout] For more information about this error, try `rustc --explain E0277`.
[INFO] [stdout] Couldn't compile the test.
[INFO] [stdout] ---- src/lib.rs - OSError::fmt (line 65) stdout ----
[INFO] [stdout] error[E0277]: can't compare `&str` with `OSError`
[INFO] [stdout]  --> src/lib.rs:68:1
[INFO] [stdout]   |
[INFO] [stdout] 6 | assert_eq!("Operation not permitted", OSError::EPERM);
[INFO] [stdout]   | ^^^^^^^^^^^^^^^^^^^^^^^^^^^^^^^^^^^^^^^^^^^^^^^^^^^^^ no implementation for `&str == OSError`
[INFO] [stdout]   |
[INFO] [stdout]   = help: the trait `PartialEq<OSError>` is not implemented for `&str`
[INFO] [stdout]   = help: the following other types implement trait `PartialEq<Rhs>`:
[INFO] [stdout]             <str as PartialEq<Cow<'a, str>>>
[INFO] [stdout]             <str as PartialEq<OsString>>
[INFO] [stdout]             <str as PartialEq<OsStr>>
[INFO] [stdout]             <str as PartialEq<String>>
[INFO] [stdout]             <str as PartialEq>
[INFO] [stdout]             <&'a str as PartialEq<OsString>>
[INFO] [stdout]             <&'a str as PartialEq<String>>
[INFO] [stdout]             <&'b str as PartialEq<Cow<'a, str>>>
[INFO] [stdout]   = note: this error originates in the macro `assert_eq` (in Nightly builds, run with -Z macro-backtrace for more info)
[INFO] [stdout] 
[INFO] [stdout] error: aborting due to previous error
[INFO] [stdout] 
[INFO] [stdout] For more information about this error, try `rustc --explain E0277`.
[INFO] [stdout] Couldn't compile the test.
[INFO] [stdout] ---- src/types/errors/error_d.rs - types::errors::error_d::RawError::Kind (line 47) stdout ----
[INFO] [stdout] error[E0599]: no method named `raw_os_error` found for enum `RawError` in the current scope
[INFO] [stdout]   --> src/types/errors/error_d.rs:60:44
[INFO] [stdout]    |
[INFO] [stdout] 15 |             match OSError::from_code(error.raw_os_error().unwrap() as u32) {
[INFO] [stdout]    |                                            ^^^^^^^^^^^^ method not found in `RawError`
[INFO] [stdout] 
[INFO] [stdout] error: aborting due to previous error
[INFO] [stdout] 
[INFO] [stdout] For more information about this error, try `rustc --explain E0599`.
[INFO] [stdout] Couldn't compile the test.
[INFO] [stdout] ---- src/types/errors/error_d.rs - types::errors::error_d::RawError::Kind (line 32) stdout ----
[INFO] [stdout] Test executable failed (exit status: 101).
[INFO] [stdout] 
[INFO] [stdout] stderr:
[INFO] [stdout] thread 'main' panicked at src/types/errors/error_d.rs:12:24:
[INFO] [stdout] called `Result::unwrap()` on an `Err` value: Permission denied
[INFO] [stdout] stack backtrace:
[INFO] [stdout]    0:     0x55b8d46db0dc - std::backtrace_rs::backtrace::libunwind::trace::ha637c64ce894333a
[INFO] [stdout]                                at /rustc/82e1608dfa6e0b5569232559e3d385fea5a93112/library/std/src/../../backtrace/src/backtrace/libunwind.rs:104:5
[INFO] [stdout]    1:     0x55b8d46db0dc - std::backtrace_rs::backtrace::trace_unsynchronized::h47f62dea28e0c88d
[INFO] [stdout]                                at /rustc/82e1608dfa6e0b5569232559e3d385fea5a93112/library/std/src/../../backtrace/src/backtrace/mod.rs:66:5
[INFO] [stdout]    2:     0x55b8d46db0dc - std::sys_common::backtrace::_print_fmt::h9eef0abe20ede486
[INFO] [stdout]                                at /rustc/82e1608dfa6e0b5569232559e3d385fea5a93112/library/std/src/sys_common/backtrace.rs:67:5
[INFO] [stdout]    3:     0x55b8d46db0dc - <std::sys_common::backtrace::_print::DisplayBacktrace as core::fmt::Display>::fmt::hed7f999df88cc644
[INFO] [stdout]                                at /rustc/82e1608dfa6e0b5569232559e3d385fea5a93112/library/std/src/sys_common/backtrace.rs:44:22
[INFO] [stdout]    4:     0x55b8d46fa9c0 - core::fmt::rt::Argument::fmt::h1539a9308b8d058d
[INFO] [stdout]                                at /rustc/82e1608dfa6e0b5569232559e3d385fea5a93112/library/core/src/fmt/rt.rs:142:9
[INFO] [stdout]    5:     0x55b8d46fa9c0 - core::fmt::write::h3a39390d8560d9c9
[INFO] [stdout]                                at /rustc/82e1608dfa6e0b5569232559e3d385fea5a93112/library/core/src/fmt/mod.rs:1120:17
[INFO] [stdout]    6:     0x55b8d46d958f - std::io::Write::write_fmt::h5fc9997dfe05f882
[INFO] [stdout]                                at /rustc/82e1608dfa6e0b5569232559e3d385fea5a93112/library/std/src/io/mod.rs:1762:15
[INFO] [stdout]    7:     0x55b8d46daec4 - std::sys_common::backtrace::_print::h894006fb5c6f3d45
[INFO] [stdout]                                at /rustc/82e1608dfa6e0b5569232559e3d385fea5a93112/library/std/src/sys_common/backtrace.rs:47:5
[INFO] [stdout]    8:     0x55b8d46daec4 - std::sys_common::backtrace::print::h23a2d212c6fff936
[INFO] [stdout]                                at /rustc/82e1608dfa6e0b5569232559e3d385fea5a93112/library/std/src/sys_common/backtrace.rs:34:9
[INFO] [stdout]    9:     0x55b8d46dc3d7 - std::panicking::default_hook::{{closure}}::h8a1d2ee00185001a
[INFO] [stdout]   10:     0x55b8d46dc13f - std::panicking::default_hook::h6038f2eba384e475
[INFO] [stdout]                                at /rustc/82e1608dfa6e0b5569232559e3d385fea5a93112/library/std/src/panicking.rs:292:9
[INFO] [stdout]   11:     0x55b8d46dc858 - std::panicking::rust_panic_with_hook::h2b5517d590cab22e
[INFO] [stdout]                                at /rustc/82e1608dfa6e0b5569232559e3d385fea5a93112/library/std/src/panicking.rs:779:13
[INFO] [stdout]   12:     0x55b8d46dc73e - std::panicking::begin_panic_handler::{{closure}}::h233112c06e0ef43e
[INFO] [stdout]                                at /rustc/82e1608dfa6e0b5569232559e3d385fea5a93112/library/std/src/panicking.rs:657:13
[INFO] [stdout]   13:     0x55b8d46db5a6 - std::sys_common::backtrace::__rust_end_short_backtrace::h6e893f24d7ebbff8
[INFO] [stdout]                                at /rustc/82e1608dfa6e0b5569232559e3d385fea5a93112/library/std/src/sys_common/backtrace.rs:170:18
[INFO] [stdout]   14:     0x55b8d46dc4a2 - rust_begin_unwind
[INFO] [stdout]                                at /rustc/82e1608dfa6e0b5569232559e3d385fea5a93112/library/std/src/panicking.rs:645:5
[INFO] [stdout]   15:     0x55b8d46bcdf5 - core::panicking::panic_fmt::hbf0e066aabfa482c
[INFO] [stdout]                                at /rustc/82e1608dfa6e0b5569232559e3d385fea5a93112/library/core/src/panicking.rs:72:14
[INFO] [stdout]   16:     0x55b8d46bd253 - core::result::unwrap_failed::hddb4fea594200c52
[INFO] [stdout]                                at /rustc/82e1608dfa6e0b5569232559e3d385fea5a93112/library/core/src/result.rs:1653:5
[INFO] [stdout]   17:     0x55b8d46bd7cc - core::result::Result<T,E>::unwrap::hd27f4707ccbae785
[INFO] [stdout]   18:     0x55b8d46bda04 - rust_out::main::hc20c0d07e2402830
[INFO] [stdout]   19:     0x55b8d46bd663 - core::ops::function::FnOnce::call_once::hbc459743598298c4
[INFO] [stdout]   20:     0x55b8d46bd5e6 - std::sys_common::backtrace::__rust_begin_short_backtrace::h62debe7d3058b76a
[INFO] [stdout]   21:     0x55b8d46bd639 - std::rt::lang_start::{{closure}}::h8f486f3e1e6418b2
[INFO] [stdout]   22:     0x55b8d46d75d7 - core::ops::function::impls::<impl core::ops::function::FnOnce<A> for &F>::call_once::hd95060ecd5e1ca24
[INFO] [stdout]                                at /rustc/82e1608dfa6e0b5569232559e3d385fea5a93112/library/core/src/ops/function.rs:284:13
[INFO] [stdout]   23:     0x55b8d46d75d7 - std::panicking::try::do_call::h6e8cf51db32a6e4b
[INFO] [stdout]                                at /rustc/82e1608dfa6e0b5569232559e3d385fea5a93112/library/std/src/panicking.rs:552:40
[INFO] [stdout]   24:     0x55b8d46d75d7 - std::panicking::try::h3a52eefe24fe3c29
[INFO] [stdout]                                at /rustc/82e1608dfa6e0b5569232559e3d385fea5a93112/library/std/src/panicking.rs:516:19
[INFO] [stdout]   25:     0x55b8d46d75d7 - std::panic::catch_unwind::h24c28c23c02c3841
[INFO] [stdout]                                at /rustc/82e1608dfa6e0b5569232559e3d385fea5a93112/library/std/src/panic.rs:142:14
[INFO] [stdout]   26:     0x55b8d46d75d7 - std::rt::lang_start_internal::{{closure}}::h705d3c9cbc06ef47
[INFO] [stdout]                                at /rustc/82e1608dfa6e0b5569232559e3d385fea5a93112/library/std/src/rt.rs:148:48
[INFO] [stdout]   27:     0x55b8d46d75d7 - std::panicking::try::do_call::ha21f52ba13158470
[INFO] [stdout]                                at /rustc/82e1608dfa6e0b5569232559e3d385fea5a93112/library/std/src/panicking.rs:552:40
[INFO] [stdout]   28:     0x55b8d46d75d7 - std::panicking::try::h5581346bf6aeb1f8
[INFO] [stdout]                                at /rustc/82e1608dfa6e0b5569232559e3d385fea5a93112/library/std/src/panicking.rs:516:19
[INFO] [stdout]   29:     0x55b8d46d75d7 - std::panic::catch_unwind::h7919645a6b72e25b
[INFO] [stdout]                                at /rustc/82e1608dfa6e0b5569232559e3d385fea5a93112/library/std/src/panic.rs:142:14
[INFO] [stdout]   30:     0x55b8d46d75d7 - std::rt::lang_start_internal::h12de51168669836e
[INFO] [stdout]                                at /rustc/82e1608dfa6e0b5569232559e3d385fea5a93112/library/std/src/rt.rs:148:20
[INFO] [stdout]   31:     0x55b8d46bd617 - std::rt::lang_start::h2c48f91a7bf85629
[INFO] [stdout]   32:     0x55b8d46bda35 - main
[INFO] [stdout]   33:     0x7f2cff4b2d90 - <unknown>
[INFO] [stdout]   34:     0x7f2cff4b2e40 - __libc_start_main
[INFO] [stdout]   35:     0x55b8d46bd515 - _start
[INFO] [stdout]   36:                0x0 - <unknown>
[INFO] [stdout] 
[INFO] [stdout] 
[INFO] [stdout] 
[INFO] [stdout] failures:
[INFO] [stdout]     src/lib.rs - OSError::fmt (line 65)
[INFO] [stdout]     src/types/errors/error_d.rs - types::errors::error_d::RawError::Kind (line 25)
[INFO] [stdout]     src/types/errors/error_d.rs - types::errors::error_d::RawError::Kind (line 32)
[INFO] [stdout]     src/types/errors/error_d.rs - types::errors::error_d::RawError::Kind (line 47)
[INFO] [stdout] 
[INFO] [stdout] test result: FAILED. 1 passed; 4 failed; 0 ignored; 0 measured; 0 filtered out; finished in 0.16s
[INFO] [stdout] 
[INFO] [stderr] error: doctest failed, to rerun pass `--doc`
[INFO] running `Command { std: "docker" "inspect" "1566f03838618141d250b5e7abe9651405a2619fae9a0d404456f9826c04c93c", kill_on_drop: false }`
[INFO] running `Command { std: "docker" "rm" "-f" "1566f03838618141d250b5e7abe9651405a2619fae9a0d404456f9826c04c93c", kill_on_drop: false }`
[INFO] [stdout] 1566f03838618141d250b5e7abe9651405a2619fae9a0d404456f9826c04c93c
[INFO] testing OSEXave-0.0.7 against beta-2023-12-22 for beta-1.76-1
[INFO] extracting crate OSEXave 0.0.7 into /workspace/builds/worker-0-tc2/source
[INFO] validating manifest of crates.io crate OSEXave 0.0.7 on toolchain beta-2023-12-22
[INFO] running `Command { std: CARGO_HOME="/workspace/cargo-home" RUSTUP_HOME="/workspace/rustup-home" "/workspace/cargo-home/bin/cargo" "+beta-2023-12-22" "metadata" "--manifest-path" "Cargo.toml" "--no-deps", kill_on_drop: false }`
[INFO] started tweaking crates.io crate OSEXave 0.0.7
[INFO] finished tweaking crates.io crate OSEXave 0.0.7
[INFO] tweaked toml for crates.io crate OSEXave 0.0.7 written to /workspace/builds/worker-0-tc2/source/Cargo.toml
[INFO] running `Command { std: CARGO_HOME="/workspace/cargo-home" RUSTUP_HOME="/workspace/rustup-home" "/workspace/cargo-home/bin/cargo" "+beta-2023-12-22" "generate-lockfile" "--manifest-path" "Cargo.toml", kill_on_drop: false }`
[INFO] running `Command { std: CARGO_HOME="/workspace/cargo-home" RUSTUP_HOME="/workspace/rustup-home" "/workspace/cargo-home/bin/cargo" "+beta-2023-12-22" "fetch" "--manifest-path" "Cargo.toml", kill_on_drop: false }`
[INFO] running `Command { std: "docker" "create" "-v" "/var/lib/crater-agent-workspace/builds/worker-0-tc2/target:/opt/rustwide/target:rw,Z" "-v" "/var/lib/crater-agent-workspace/builds/worker-0-tc2/source:/opt/rustwide/workdir:ro,Z" "-v" "/var/lib/crater-agent-workspace/cargo-home:/opt/rustwide/cargo-home:ro,Z" "-v" "/var/lib/crater-agent-workspace/rustup-home:/opt/rustwide/rustup-home:ro,Z" "-e" "SOURCE_DIR=/opt/rustwide/workdir" "-e" "CARGO_TARGET_DIR=/opt/rustwide/target" "-e" "CARGO_HOME=/opt/rustwide/cargo-home" "-e" "RUSTUP_HOME=/opt/rustwide/rustup-home" "-w" "/opt/rustwide/workdir" "-m" "1610612736" "--user" "0:0" "--network" "none" "ghcr.io/rust-lang/crates-build-env/linux@sha256:2788e3201cd34a07e3172128adcd8b3090168a8e3bcc40d7c032b9dda1df7d1c" "/opt/rustwide/cargo-home/bin/cargo" "+beta-2023-12-22" "metadata" "--no-deps" "--format-version=1", kill_on_drop: false }`
[INFO] [stdout] 3084536b9d55a482f1752dc32895a0cda449f0b3bc85076eedb86e0a37c4c5ec
[INFO] running `Command { std: "docker" "start" "-a" "3084536b9d55a482f1752dc32895a0cda449f0b3bc85076eedb86e0a37c4c5ec", kill_on_drop: false }`
[INFO] running `Command { std: "docker" "inspect" "3084536b9d55a482f1752dc32895a0cda449f0b3bc85076eedb86e0a37c4c5ec", kill_on_drop: false }`
[INFO] running `Command { std: "docker" "rm" "-f" "3084536b9d55a482f1752dc32895a0cda449f0b3bc85076eedb86e0a37c4c5ec", kill_on_drop: false }`
[INFO] [stdout] 3084536b9d55a482f1752dc32895a0cda449f0b3bc85076eedb86e0a37c4c5ec
[INFO] running `Command { std: "docker" "create" "-v" "/var/lib/crater-agent-workspace/builds/worker-0-tc2/target:/opt/rustwide/target:rw,Z" "-v" "/var/lib/crater-agent-workspace/builds/worker-0-tc2/source:/opt/rustwide/workdir:ro,Z" "-v" "/var/lib/crater-agent-workspace/cargo-home:/opt/rustwide/cargo-home:ro,Z" "-v" "/var/lib/crater-agent-workspace/rustup-home:/opt/rustwide/rustup-home:ro,Z" "-e" "SOURCE_DIR=/opt/rustwide/workdir" "-e" "CARGO_TARGET_DIR=/opt/rustwide/target" "-e" "CARGO_INCREMENTAL=0" "-e" "RUST_BACKTRACE=full" "-e" "RUSTFLAGS=--cap-lints=warn" "-e" "RUSTDOCFLAGS=--cap-lints=warn" "-e" "CARGO_HOME=/opt/rustwide/cargo-home" "-e" "RUSTUP_HOME=/opt/rustwide/rustup-home" "-w" "/opt/rustwide/workdir" "-m" "1610612736" "--user" "0:0" "--network" "none" "ghcr.io/rust-lang/crates-build-env/linux@sha256:2788e3201cd34a07e3172128adcd8b3090168a8e3bcc40d7c032b9dda1df7d1c" "/opt/rustwide/cargo-home/bin/cargo" "+beta-2023-12-22" "build" "--frozen" "--message-format=json", kill_on_drop: false }`
[INFO] [stdout] 8a0365a4f33d98609f187b96772c9a273247efa73d9d9ff289100178d1c6eb6a
[INFO] running `Command { std: "docker" "start" "-a" "8a0365a4f33d98609f187b96772c9a273247efa73d9d9ff289100178d1c6eb6a", kill_on_drop: false }`
[INFO] [stderr]    Compiling OSEXave v0.0.7 (/opt/rustwide/workdir)
[INFO] [stdout] warning: unused import: `OSErrorOther`
[INFO] [stdout]   --> src/platforms/Linux/Errno_m/arch/base/mod.rs:20:30
[INFO] [stdout]    |
[INFO] [stdout] 20 | pub(self) use crate::types::{OSErrorOther};
[INFO] [stdout]    |                              ^^^^^^^^^^^^
[INFO] [stdout]    |
[INFO] [stdout]    = note: `#[warn(unused_imports)]` on by default
[INFO] [stdout] 
[INFO] [stdout] 
[INFO] [stdout] warning: unused import: `OSErrorOther`
[INFO] [stdout]   --> src/platforms/Linux/Errno_m/mod.rs:20:30
[INFO] [stdout]    |
[INFO] [stdout] 20 | pub(self) use crate::types::{OSErrorOther};
[INFO] [stdout]    |                              ^^^^^^^^^^^^
[INFO] [stdout] 
[INFO] [stdout] 
[INFO] [stdout] warning: unused import: `OSError`
[INFO] [stdout]   --> src/types/errors/other.rs:16:13
[INFO] [stdout]    |
[INFO] [stdout] 16 | use super::{OSError};
[INFO] [stdout]    |             ^^^^^^^
[INFO] [stdout] 
[INFO] [stdout] 
[INFO] [stdout] warning: unused import: `platforms::Linux`
[INFO] [stdout]   --> src/lib.rs:25:5
[INFO] [stdout]    |
[INFO] [stdout] 25 | use platforms::Linux;
[INFO] [stdout]    |     ^^^^^^^^^^^^^^^^
[INFO] [stdout] 
[INFO] [stdout] 
[INFO] [stdout] warning: unreachable pattern
[INFO] [stdout]    --> src/platforms/Linux/Errno_m/arch/base/os_error_m.rs:289:13
[INFO] [stdout]     |
[INFO] [stdout] 289 |             _ => panic!("Invalid OSError kind! (Linux)")
[INFO] [stdout]     |             ^
[INFO] [stdout]     |
[INFO] [stdout]     = note: `#[warn(unreachable_patterns)]` on by default
[INFO] [stdout] 
[INFO] [stdout] 
[INFO] [stdout] warning: unreachable pattern
[INFO] [stdout]    --> src/platforms/Linux/Errno_m/arch/base/os_error_m.rs:427:13
[INFO] [stdout]     |
[INFO] [stdout] 427 |             _ => panic!("Invalid OSError kind! (Linux)")
[INFO] [stdout]     |             ^
[INFO] [stdout] 
[INFO] [stdout] 
[INFO] [stdout] warning: unreachable pattern
[INFO] [stdout]    --> src/platforms/Linux/Errno_m/arch/base/os_error_m.rs:565:13
[INFO] [stdout]     |
[INFO] [stdout] 565 |             _ => panic!("Invalid Errno! (Linux)")
[INFO] [stdout]     |             ^
[INFO] [stdout] 
[INFO] [stdout] 
[INFO] [stdout] warning: struct `OSErrorOther` is never constructed
[INFO] [stdout]   --> src/types/errors/other.rs:18:12
[INFO] [stdout]    |
[INFO] [stdout] 18 | pub struct OSErrorOther {
[INFO] [stdout]    |            ^^^^^^^^^^^^
[INFO] [stdout]    |
[INFO] [stdout]    = note: `#[warn(dead_code)]` on by default
[INFO] [stdout] 
[INFO] [stdout] 
[INFO] [stdout] warning: associated items `new`, `code`, and `description` are never used
[INFO] [stdout]   --> src/types/errors/other.rs:24:12
[INFO] [stdout]    |
[INFO] [stdout] 23 | impl OSErrorOther {
[INFO] [stdout]    | ----------------- associated items in this implementation
[INFO] [stdout] 24 |     pub fn new(code: u32, description: &'static str) -> OSErrorOther {
[INFO] [stdout]    |            ^^^
[INFO] [stdout] ...
[INFO] [stdout] 31 |     pub fn code(&self) -> &u32 {
[INFO] [stdout]    |            ^^^^
[INFO] [stdout] ...
[INFO] [stdout] 35 |     pub fn description(&self) -> &'static str {
[INFO] [stdout]    |            ^^^^^^^^^^^
[INFO] [stdout] 
[INFO] [stdout] 
[INFO] [stdout] warning: 9 warnings emitted
[INFO] [stdout] 
[INFO] [stdout] 
[INFO] [stderr]     Finished dev [unoptimized + debuginfo] target(s) in 0.11s
[INFO] running `Command { std: "docker" "inspect" "8a0365a4f33d98609f187b96772c9a273247efa73d9d9ff289100178d1c6eb6a", kill_on_drop: false }`
[INFO] running `Command { std: "docker" "rm" "-f" "8a0365a4f33d98609f187b96772c9a273247efa73d9d9ff289100178d1c6eb6a", kill_on_drop: false }`
[INFO] [stdout] 8a0365a4f33d98609f187b96772c9a273247efa73d9d9ff289100178d1c6eb6a
[INFO] running `Command { std: "docker" "create" "-v" "/var/lib/crater-agent-workspace/builds/worker-0-tc2/target:/opt/rustwide/target:rw,Z" "-v" "/var/lib/crater-agent-workspace/builds/worker-0-tc2/source:/opt/rustwide/workdir:ro,Z" "-v" "/var/lib/crater-agent-workspace/cargo-home:/opt/rustwide/cargo-home:ro,Z" "-v" "/var/lib/crater-agent-workspace/rustup-home:/opt/rustwide/rustup-home:ro,Z" "-e" "SOURCE_DIR=/opt/rustwide/workdir" "-e" "CARGO_TARGET_DIR=/opt/rustwide/target" "-e" "CARGO_INCREMENTAL=0" "-e" "RUST_BACKTRACE=full" "-e" "RUSTFLAGS=--cap-lints=warn" "-e" "RUSTDOCFLAGS=--cap-lints=warn" "-e" "CARGO_HOME=/opt/rustwide/cargo-home" "-e" "RUSTUP_HOME=/opt/rustwide/rustup-home" "-w" "/opt/rustwide/workdir" "-m" "1610612736" "--user" "0:0" "--network" "none" "ghcr.io/rust-lang/crates-build-env/linux@sha256:2788e3201cd34a07e3172128adcd8b3090168a8e3bcc40d7c032b9dda1df7d1c" "/opt/rustwide/cargo-home/bin/cargo" "+beta-2023-12-22" "test" "--frozen" "--no-run" "--message-format=json", kill_on_drop: false }`
[INFO] [stdout] cee5225f67bc118178a0e5633cc153a8346691c047dafe3820bf00792982e4f7
[INFO] running `Command { std: "docker" "start" "-a" "cee5225f67bc118178a0e5633cc153a8346691c047dafe3820bf00792982e4f7", kill_on_drop: false }`
[INFO] [stdout] warning: unused import: `OSErrorOther`
[INFO] [stdout]   --> src/platforms/Linux/Errno_m/arch/base/mod.rs:20:30
[INFO] [stdout]    |
[INFO] [stdout] 20 | pub(self) use crate::types::{OSErrorOther};
[INFO] [stdout]    |                              ^^^^^^^^^^^^
[INFO] [stdout]    |
[INFO] [stdout]    = note: `#[warn(unused_imports)]` on by default
[INFO] [stdout] 
[INFO] [stdout] 
[INFO] [stdout] warning: unused import: `OSErrorOther`
[INFO] [stdout]   --> src/platforms/Linux/Errno_m/mod.rs:20:30
[INFO] [stdout]    |
[INFO] [stdout] 20 | pub(self) use crate::types::{OSErrorOther};
[INFO] [stdout]    |                              ^^^^^^^^^^^^
[INFO] [stdout] 
[INFO] [stdout] 
[INFO] [stdout] warning: unused import: `OSError`
[INFO] [stdout]   --> src/types/errors/other.rs:16:13
[INFO] [stdout]    |
[INFO] [stdout] 16 | use super::{OSError};
[INFO] [stdout]    |             ^^^^^^^
[INFO] [stdout] 
[INFO] [stdout] 
[INFO] [stdout] warning: unused import: `platforms::Linux`
[INFO] [stdout]   --> src/lib.rs:25:5
[INFO] [stdout]    |
[INFO] [stdout] 25 | use platforms::Linux;
[INFO] [stdout]    |     ^^^^^^^^^^^^^^^^
[INFO] [stdout] 
[INFO] [stdout] 
[INFO] [stdout] warning: unreachable pattern
[INFO] [stdout]    --> src/platforms/Linux/Errno_m/arch/base/os_error_m.rs:289:13
[INFO] [stdout]     |
[INFO] [stdout] 289 |             _ => panic!("Invalid OSError kind! (Linux)")
[INFO] [stdout]     |             ^
[INFO] [stdout]     |
[INFO] [stdout]     = note: `#[warn(unreachable_patterns)]` on by default
[INFO] [stdout] 
[INFO] [stdout] 
[INFO] [stdout] warning: unreachable pattern
[INFO] [stdout]    --> src/platforms/Linux/Errno_m/arch/base/os_error_m.rs:427:13
[INFO] [stdout]     |
[INFO] [stdout] 427 |             _ => panic!("Invalid OSError kind! (Linux)")
[INFO] [stdout]     |             ^
[INFO] [stdout] 
[INFO] [stdout] 
[INFO] [stdout] warning: unreachable pattern
[INFO] [stdout]    --> src/platforms/Linux/Errno_m/arch/base/os_error_m.rs:565:13
[INFO] [stdout]     |
[INFO] [stdout] 565 |             _ => panic!("Invalid Errno! (Linux)")
[INFO] [stdout]     |             ^
[INFO] [stdout] 
[INFO] [stdout] 
[INFO] [stdout] warning: struct `OSErrorOther` is never constructed
[INFO] [stdout]   --> src/types/errors/other.rs:18:12
[INFO] [stdout]    |
[INFO] [stdout] 18 | pub struct OSErrorOther {
[INFO] [stdout]    |            ^^^^^^^^^^^^
[INFO] [stdout]    |
[INFO] [stdout]    = note: `#[warn(dead_code)]` on by default
[INFO] [stdout] 
[INFO] [stdout] 
[INFO] [stdout] warning: associated items `new`, `code`, and `description` are never used
[INFO] [stdout]   --> src/types/errors/other.rs:24:12
[INFO] [stdout]    |
[INFO] [stdout] 23 | impl OSErrorOther {
[INFO] [stdout]    | ----------------- associated items in this implementation
[INFO] [stdout] 24 |     pub fn new(code: u32, description: &'static str) -> OSErrorOther {
[INFO] [stdout]    |            ^^^
[INFO] [stdout] ...
[INFO] [stdout] 31 |     pub fn code(&self) -> &u32 {
[INFO] [stdout]    |            ^^^^
[INFO] [stdout] ...
[INFO] [stdout] 35 |     pub fn description(&self) -> &'static str {
[INFO] [stdout]    |            ^^^^^^^^^^^
[INFO] [stdout] 
[INFO] [stdout] 
[INFO] [stderr]    Compiling OSEXave v0.0.7 (/opt/rustwide/workdir)
[INFO] [stdout] warning: 9 warnings emitted
[INFO] [stdout] 
[INFO] [stdout] 
[INFO] [stdout] warning: unused import: `OSErrorOther`
[INFO] [stdout]   --> src/platforms/Linux/Errno_m/arch/base/mod.rs:20:30
[INFO] [stdout]    |
[INFO] [stdout] 20 | pub(self) use crate::types::{OSErrorOther};
[INFO] [stdout]    |                              ^^^^^^^^^^^^
[INFO] [stdout]    |
[INFO] [stdout]    = note: `#[warn(unused_imports)]` on by default
[INFO] [stdout] 
[INFO] [stdout] 
[INFO] [stdout] warning: unused import: `OSErrorOther`
[INFO] [stdout]   --> src/platforms/Linux/Errno_m/mod.rs:20:30
[INFO] [stdout]    |
[INFO] [stdout] 20 | pub(self) use crate::types::{OSErrorOther};
[INFO] [stdout]    |                              ^^^^^^^^^^^^
[INFO] [stdout] 
[INFO] [stdout] 
[INFO] [stdout] warning: unused import: `OSError`
[INFO] [stdout]   --> src/types/errors/other.rs:16:13
[INFO] [stdout]    |
[INFO] [stdout] 16 | use super::{OSError};
[INFO] [stdout]    |             ^^^^^^^
[INFO] [stdout] 
[INFO] [stdout] 
[INFO] [stdout] warning: unused import: `platforms::Linux`
[INFO] [stdout]   --> src/lib.rs:25:5
[INFO] [stdout]    |
[INFO] [stdout] 25 | use platforms::Linux;
[INFO] [stdout]    |     ^^^^^^^^^^^^^^^^
[INFO] [stdout] 
[INFO] [stdout] 
[INFO] [stdout] warning: unreachable pattern
[INFO] [stdout]    --> src/platforms/Linux/Errno_m/arch/base/os_error_m.rs:289:13
[INFO] [stdout]     |
[INFO] [stdout] 289 |             _ => panic!("Invalid OSError kind! (Linux)")
[INFO] [stdout]     |             ^
[INFO] [stdout]     |
[INFO] [stdout]     = note: `#[warn(unreachable_patterns)]` on by default
[INFO] [stdout] 
[INFO] [stdout] 
[INFO] [stdout] warning: unreachable pattern
[INFO] [stdout]    --> src/platforms/Linux/Errno_m/arch/base/os_error_m.rs:427:13
[INFO] [stdout]     |
[INFO] [stdout] 427 |             _ => panic!("Invalid OSError kind! (Linux)")
[INFO] [stdout]     |             ^
[INFO] [stdout] 
[INFO] [stdout] 
[INFO] [stdout] warning: unreachable pattern
[INFO] [stdout]    --> src/platforms/Linux/Errno_m/arch/base/os_error_m.rs:565:13
[INFO] [stdout]     |
[INFO] [stdout] 565 |             _ => panic!("Invalid Errno! (Linux)")
[INFO] [stdout]     |             ^
[INFO] [stdout] 
[INFO] [stdout] 
[INFO] [stdout] warning: struct `OSErrorOther` is never constructed
[INFO] [stdout]   --> src/types/errors/other.rs:18:12
[INFO] [stdout]    |
[INFO] [stdout] 18 | pub struct OSErrorOther {
[INFO] [stdout]    |            ^^^^^^^^^^^^
[INFO] [stdout]    |
[INFO] [stdout]    = note: `#[warn(dead_code)]` on by default
[INFO] [stdout] 
[INFO] [stdout] 
[INFO] [stdout] warning: associated items `new`, `code`, and `description` are never used
[INFO] [stdout]   --> src/types/errors/other.rs:24:12
[INFO] [stdout]    |
[INFO] [stdout] 23 | impl OSErrorOther {
[INFO] [stdout]    | ----------------- associated items in this implementation
[INFO] [stdout] 24 |     pub fn new(code: u32, description: &'static str) -> OSErrorOther {
[INFO] [stdout]    |            ^^^
[INFO] [stdout] ...
[INFO] [stdout] 31 |     pub fn code(&self) -> &u32 {
[INFO] [stdout]    |            ^^^^
[INFO] [stdout] ...
[INFO] [stdout] 35 |     pub fn description(&self) -> &'static str {
[INFO] [stdout]    |            ^^^^^^^^^^^
[INFO] [stdout] 
[INFO] [stdout] 
[INFO] [stdout] warning: 9 warnings emitted
[INFO] [stdout] 
[INFO] [stdout] 
[INFO] [stderr]     Finished test [unoptimized + debuginfo] target(s) in 0.21s
[INFO] running `Command { std: "docker" "inspect" "cee5225f67bc118178a0e5633cc153a8346691c047dafe3820bf00792982e4f7", kill_on_drop: false }`
[INFO] running `Command { std: "docker" "rm" "-f" "cee5225f67bc118178a0e5633cc153a8346691c047dafe3820bf00792982e4f7", kill_on_drop: false }`
[INFO] [stdout] cee5225f67bc118178a0e5633cc153a8346691c047dafe3820bf00792982e4f7
[INFO] running `Command { std: "docker" "create" "-v" "/var/lib/crater-agent-workspace/builds/worker-0-tc2/target:/opt/rustwide/target:rw,Z" "-v" "/var/lib/crater-agent-workspace/builds/worker-0-tc2/source:/opt/rustwide/workdir:ro,Z" "-v" "/var/lib/crater-agent-workspace/cargo-home:/opt/rustwide/cargo-home:ro,Z" "-v" "/var/lib/crater-agent-workspace/rustup-home:/opt/rustwide/rustup-home:ro,Z" "-e" "SOURCE_DIR=/opt/rustwide/workdir" "-e" "CARGO_TARGET_DIR=/opt/rustwide/target" "-e" "CARGO_INCREMENTAL=0" "-e" "RUST_BACKTRACE=full" "-e" "RUSTFLAGS=--cap-lints=warn" "-e" "RUSTDOCFLAGS=--cap-lints=warn" "-e" "CARGO_HOME=/opt/rustwide/cargo-home" "-e" "RUSTUP_HOME=/opt/rustwide/rustup-home" "-w" "/opt/rustwide/workdir" "-m" "1610612736" "--user" "0:0" "--network" "none" "ghcr.io/rust-lang/crates-build-env/linux@sha256:2788e3201cd34a07e3172128adcd8b3090168a8e3bcc40d7c032b9dda1df7d1c" "/opt/rustwide/cargo-home/bin/cargo" "+beta-2023-12-22" "test" "--frozen", kill_on_drop: false }`
[INFO] [stdout] 60010c43e23f0a1beb26fa2c84cd4c102bb55eb60027d56da32bd549c9f7f439
[INFO] running `Command { std: "docker" "start" "-a" "60010c43e23f0a1beb26fa2c84cd4c102bb55eb60027d56da32bd549c9f7f439", kill_on_drop: false }`
[INFO] [stderr] warning: unused import: `OSErrorOther`
[INFO] [stderr]   --> src/platforms/Linux/Errno_m/arch/base/mod.rs:20:30
[INFO] [stderr]    |
[INFO] [stderr] 20 | pub(self) use crate::types::{OSErrorOther};
[INFO] [stderr]    |                              ^^^^^^^^^^^^
[INFO] [stderr]    |
[INFO] [stderr]    = note: `#[warn(unused_imports)]` on by default
[INFO] [stderr] 
[INFO] [stderr] warning: unused import: `OSErrorOther`
[INFO] [stderr]   --> src/platforms/Linux/Errno_m/mod.rs:20:30
[INFO] [stderr]    |
[INFO] [stderr] 20 | pub(self) use crate::types::{OSErrorOther};
[INFO] [stderr]    |                              ^^^^^^^^^^^^
[INFO] [stderr] 
[INFO] [stderr] warning: unused import: `OSError`
[INFO] [stderr]   --> src/types/errors/other.rs:16:13
[INFO] [stderr]    |
[INFO] [stderr] 16 | use super::{OSError};
[INFO] [stderr]    |             ^^^^^^^
[INFO] [stderr] 
[INFO] [stderr] warning: unused import: `platforms::Linux`
[INFO] [stderr]   --> src/lib.rs:25:5
[INFO] [stderr]    |
[INFO] [stderr] 25 | use platforms::Linux;
[INFO] [stderr]    |     ^^^^^^^^^^^^^^^^
[INFO] [stderr] 
[INFO] [stderr] warning: unreachable pattern
[INFO] [stderr]    --> src/platforms/Linux/Errno_m/arch/base/os_error_m.rs:289:13
[INFO] [stderr]     |
[INFO] [stderr] 289 |             _ => panic!("Invalid OSError kind! (Linux)")
[INFO] [stderr]     |             ^
[INFO] [stderr]     |
[INFO] [stderr]     = note: `#[warn(unreachable_patterns)]` on by default
[INFO] [stderr] 
[INFO] [stderr] warning: unreachable pattern
[INFO] [stderr]    --> src/platforms/Linux/Errno_m/arch/base/os_error_m.rs:427:13
[INFO] [stderr]     |
[INFO] [stderr] 427 |             _ => panic!("Invalid OSError kind! (Linux)")
[INFO] [stderr]     |             ^
[INFO] [stderr] 
[INFO] [stderr] warning: unreachable pattern
[INFO] [stderr]    --> src/platforms/Linux/Errno_m/arch/base/os_error_m.rs:565:13
[INFO] [stderr]     |
[INFO] [stderr] 565 |             _ => panic!("Invalid Errno! (Linux)")
[INFO] [stderr]     |             ^
[INFO] [stderr] 
[INFO] [stderr] warning: struct `OSErrorOther` is never constructed
[INFO] [stderr]   --> src/types/errors/other.rs:18:12
[INFO] [stderr]    |
[INFO] [stderr] 18 | pub struct OSErrorOther {
[INFO] [stderr]    |            ^^^^^^^^^^^^
[INFO] [stderr]    |
[INFO] [stderr]    = note: `#[warn(dead_code)]` on by default
[INFO] [stderr] 
[INFO] [stderr] warning: associated items `new`, `code`, and `description` are never used
[INFO] [stderr]   --> src/types/errors/other.rs:24:12
[INFO] [stderr]    |
[INFO] [stderr] 23 | impl OSErrorOther {
[INFO] [stderr]    | ----------------- associated items in this implementation
[INFO] [stderr] 24 |     pub fn new(code: u32, description: &'static str) -> OSErrorOther {
[INFO] [stderr]    |            ^^^
[INFO] [stderr] ...
[INFO] [stderr] 31 |     pub fn code(&self) -> &u32 {
[INFO] [stderr]    |            ^^^^
[INFO] [stderr] ...
[INFO] [stderr] 35 |     pub fn description(&self) -> &'static str {
[INFO] [stderr]    |            ^^^^^^^^^^^
[INFO] [stderr] 
[INFO] [stderr] warning: `OSEXave` (lib) generated 9 warnings (run `cargo fix --lib -p OSEXave` to apply 4 suggestions)
[INFO] [stderr] warning: `OSEXave` (lib test) generated 9 warnings (9 duplicates)
[INFO] [stderr]     Finished test [unoptimized + debuginfo] target(s) in 0.00s
[INFO] [stderr]      Running unittests src/lib.rs (/opt/rustwide/target/debug/deps/OSEXave-04a7c3ce68a6b2af)
[INFO] [stdout] 
[INFO] [stdout] running 0 tests
[INFO] [stdout] 
[INFO] [stdout] test result: ok. 0 passed; 0 failed; 0 ignored; 0 measured; 0 filtered out; finished in 0.00s
[INFO] [stdout] 
[INFO] [stderr]    Doc-tests OSEXave
[INFO] [stdout] 
[INFO] [stdout] running 5 tests
[INFO] [stdout] test src/types/errors/error_d.rs - types::errors::error_d::RawError::Kind (line 25) ... FAILED
[INFO] [stdout] test src/lib.rs - OSError::fmt (line 65) ... FAILED
[INFO] [stdout] test src/types/errors/error_d.rs - types::errors::error_d::RawError::Kind (line 47) ... FAILED
[INFO] [stdout] test src/types/errors/error_d.rs - types::errors::error_d::RawError::Kind (line 71) ... ok
[INFO] [stdout] test src/types/errors/error_d.rs - types::errors::error_d::RawError::Kind (line 32) ... FAILED
[INFO] [stdout] 
[INFO] [stdout] failures:
[INFO] [stdout] 
[INFO] [stdout] ---- src/types/errors/error_d.rs - types::errors::error_d::RawError::Kind (line 25) stdout ----
[INFO] [stdout] error[E0277]: can't compare `&str` with `RawError`
[INFO] [stdout]  --> src/types/errors/error_d.rs:28:1
[INFO] [stdout]   |
[INFO] [stdout] 6 | assert_eq!("RawOSError { code: 1, kind: EPERM, description: 'Operation not permitted' }", RawError::RawOSError(1));
[INFO] [stdout]   | ^^^^^^^^^^^^^^^^^^^^^^^^^^^^^^^^^^^^^^^^^^^^^^^^^^^^^^^^^^^^^^^^^^^^^^^^^^^^^^^^^^^^^^^^^^^^^^^^^^^^^^^^^^^^^^^^^^ no implementation for `&str == RawError`
[INFO] [stdout]   |
[INFO] [stdout]   = help: the trait `PartialEq<RawError>` is not implemented for `&str`
[INFO] [stdout]   = help: the following other types implement trait `PartialEq<Rhs>`:
[INFO] [stdout]             <str as PartialEq<Cow<'a, str>>>
[INFO] [stdout]             <str as PartialEq<OsString>>
[INFO] [stdout]             <str as PartialEq<OsStr>>
[INFO] [stdout]             <str as PartialEq<String>>
[INFO] [stdout]             <str as PartialEq>
[INFO] [stdout]             <&'a str as PartialEq<OsString>>
[INFO] [stdout]             <&'a str as PartialEq<String>>
[INFO] [stdout]             <&'b str as PartialEq<Cow<'a, str>>>
[INFO] [stdout]   = note: this error originates in the macro `assert_eq` (in Nightly builds, run with -Z macro-backtrace for more info)
[INFO] [stdout] 
[INFO] [stdout] error: aborting due to 1 previous error
[INFO] [stdout] 
[INFO] [stdout] For more information about this error, try `rustc --explain E0277`.
[INFO] [stdout] Couldn't compile the test.
[INFO] [stdout] ---- src/lib.rs - OSError::fmt (line 65) stdout ----
[INFO] [stdout] error[E0277]: can't compare `&str` with `OSError`
[INFO] [stdout]  --> src/lib.rs:68:1
[INFO] [stdout]   |
[INFO] [stdout] 6 | assert_eq!("Operation not permitted", OSError::EPERM);
[INFO] [stdout]   | ^^^^^^^^^^^^^^^^^^^^^^^^^^^^^^^^^^^^^^^^^^^^^^^^^^^^^ no implementation for `&str == OSError`
[INFO] [stdout]   |
[INFO] [stdout]   = help: the trait `PartialEq<OSError>` is not implemented for `&str`
[INFO] [stdout]   = help: the following other types implement trait `PartialEq<Rhs>`:
[INFO] [stdout]             <str as PartialEq<Cow<'a, str>>>
[INFO] [stdout]             <str as PartialEq<OsString>>
[INFO] [stdout]             <str as PartialEq<OsStr>>
[INFO] [stdout]             <str as PartialEq<String>>
[INFO] [stdout]             <str as PartialEq>
[INFO] [stdout]             <&'a str as PartialEq<OsString>>
[INFO] [stdout]             <&'a str as PartialEq<String>>
[INFO] [stdout]             <&'b str as PartialEq<Cow<'a, str>>>
[INFO] [stdout]   = note: this error originates in the macro `assert_eq` (in Nightly builds, run with -Z macro-backtrace for more info)
[INFO] [stdout] 
[INFO] [stdout] error: aborting due to 1 previous error
[INFO] [stdout] 
[INFO] [stdout] For more information about this error, try `rustc --explain E0277`.
[INFO] [stdout] Couldn't compile the test.
[INFO] [stdout] ---- src/types/errors/error_d.rs - types::errors::error_d::RawError::Kind (line 47) stdout ----
[INFO] [stdout] error[E0599]: no method named `raw_os_error` found for enum `RawError` in the current scope
[INFO] [stdout]   --> src/types/errors/error_d.rs:60:44
[INFO] [stdout]    |
[INFO] [stdout] 15 |             match OSError::from_code(error.raw_os_error().unwrap() as u32) {
[INFO] [stdout]    |                                            ^^^^^^^^^^^^ method not found in `RawError`
[INFO] [stdout] 
[INFO] [stdout] error: aborting due to 1 previous error
[INFO] [stdout] 
[INFO] [stdout] For more information about this error, try `rustc --explain E0599`.
[INFO] [stdout] Couldn't compile the test.
[INFO] [stdout] ---- src/types/errors/error_d.rs - types::errors::error_d::RawError::Kind (line 32) stdout ----
[INFO] [stdout] Test executable failed (exit status: 101).
[INFO] [stdout] 
[INFO] [stdout] stderr:
[INFO] [stdout] thread 'main' panicked at src/types/errors/error_d.rs:12:24:
[INFO] [stdout] called `Result::unwrap()` on an `Err` value: Permission denied
[INFO] [stdout] stack backtrace:
[INFO] [stdout]    0:     0x55a1cec0b1a6 - std::backtrace_rs::backtrace::libunwind::trace::h261606ad26a499c1
[INFO] [stdout]                                at /rustc/0e09125c6c3c2fd70d7de961bcf0e51575235fad/library/std/src/../../backtrace/src/backtrace/libunwind.rs:104:5
[INFO] [stdout]    1:     0x55a1cec0b1a6 - std::backtrace_rs::backtrace::trace_unsynchronized::hd183f0625477fb28
[INFO] [stdout]                                at /rustc/0e09125c6c3c2fd70d7de961bcf0e51575235fad/library/std/src/../../backtrace/src/backtrace/mod.rs:66:5
[INFO] [stdout]    2:     0x55a1cec0b1a6 - std::sys_common::backtrace::_print_fmt::hd7f8fef21b4eda67
[INFO] [stdout]                                at /rustc/0e09125c6c3c2fd70d7de961bcf0e51575235fad/library/std/src/sys_common/backtrace.rs:68:5
[INFO] [stdout]    3:     0x55a1cec0b1a6 - <std::sys_common::backtrace::_print::DisplayBacktrace as core::fmt::Display>::fmt::h623d9b51f2f453f1
[INFO] [stdout]                                at /rustc/0e09125c6c3c2fd70d7de961bcf0e51575235fad/library/std/src/sys_common/backtrace.rs:44:22
[INFO] [stdout]    4:     0x55a1cec29bd0 - core::fmt::rt::Argument::fmt::h9f417ac76a86f368
[INFO] [stdout]                                at /rustc/0e09125c6c3c2fd70d7de961bcf0e51575235fad/library/core/src/fmt/rt.rs:142:9
[INFO] [stdout]    5:     0x55a1cec29bd0 - core::fmt::write::hc9b6faf4ac2aeff7
[INFO] [stdout]                                at /rustc/0e09125c6c3c2fd70d7de961bcf0e51575235fad/library/core/src/fmt/mod.rs:1120:17
[INFO] [stdout]    6:     0x55a1cec0965f - std::io::Write::write_fmt::hfead1eee52c2e65e
[INFO] [stdout]                                at /rustc/0e09125c6c3c2fd70d7de961bcf0e51575235fad/library/std/src/io/mod.rs:1810:15
[INFO] [stdout]    7:     0x55a1cec0af84 - std::sys_common::backtrace::_print::hd5d66399c7df88a2
[INFO] [stdout]                                at /rustc/0e09125c6c3c2fd70d7de961bcf0e51575235fad/library/std/src/sys_common/backtrace.rs:47:5
[INFO] [stdout]    8:     0x55a1cec0af84 - std::sys_common::backtrace::print::he81ed2da642d37e5
[INFO] [stdout]                                at /rustc/0e09125c6c3c2fd70d7de961bcf0e51575235fad/library/std/src/sys_common/backtrace.rs:34:9
[INFO] [stdout]    9:     0x55a1cec0c4e7 - std::panicking::default_hook::{{closure}}::h85773f4fa117163d
[INFO] [stdout]   10:     0x55a1cec0c249 - std::panicking::default_hook::h6a1694a91d09b278
[INFO] [stdout]                                at /rustc/0e09125c6c3c2fd70d7de961bcf0e51575235fad/library/std/src/panicking.rs:292:9
[INFO] [stdout]   11:     0x55a1cec0c978 - std::panicking::rust_panic_with_hook::h0a7ad96e90f7145b
[INFO] [stdout]                                at /rustc/0e09125c6c3c2fd70d7de961bcf0e51575235fad/library/std/src/panicking.rs:779:13
[INFO] [stdout]   12:     0x55a1cec0c852 - std::panicking::begin_panic_handler::{{closure}}::h7919090525c6485e
[INFO] [stdout]                                at /rustc/0e09125c6c3c2fd70d7de961bcf0e51575235fad/library/std/src/panicking.rs:657:13
[INFO] [stdout]   13:     0x55a1cec0b6a6 - std::sys_common::backtrace::__rust_end_short_backtrace::hf3289479464f7dfe
[INFO] [stdout]                                at /rustc/0e09125c6c3c2fd70d7de961bcf0e51575235fad/library/std/src/sys_common/backtrace.rs:171:18
[INFO] [stdout]   14:     0x55a1cec0c5b0 - rust_begin_unwind
[INFO] [stdout]                                at /rustc/0e09125c6c3c2fd70d7de961bcf0e51575235fad/library/std/src/panicking.rs:645:5
[INFO] [stdout]   15:     0x55a1cebecdf5 - core::panicking::panic_fmt::hcc9f77c5c132af55
[INFO] [stdout]                                at /rustc/0e09125c6c3c2fd70d7de961bcf0e51575235fad/library/core/src/panicking.rs:72:14
[INFO] [stdout]   16:     0x55a1cebed263 - core::result::unwrap_failed::hbe14f498be1452f9
[INFO] [stdout]                                at /rustc/0e09125c6c3c2fd70d7de961bcf0e51575235fad/library/core/src/result.rs:1649:5
[INFO] [stdout]   17:     0x55a1cebed7e2 - core::result::Result<T,E>::unwrap::h4a3cdf7d9d4fc1e2
[INFO] [stdout]   18:     0x55a1cebeda24 - rust_out::main::h71185a25be64b52e
[INFO] [stdout]   19:     0x55a1cebed673 - core::ops::function::FnOnce::call_once::h0a5e8bc522cf7e26
[INFO] [stdout]   20:     0x55a1cebed5f6 - std::sys_common::backtrace::__rust_begin_short_backtrace::h904992c6a2208b49
[INFO] [stdout]   21:     0x55a1cebed649 - std::rt::lang_start::{{closure}}::h95a4dad7805b7c7c
[INFO] [stdout]   22:     0x55a1cec075a1 - core::ops::function::impls::<impl core::ops::function::FnOnce<A> for &F>::call_once::h4eb4c5e1620f29b0
[INFO] [stdout]                                at /rustc/0e09125c6c3c2fd70d7de961bcf0e51575235fad/library/core/src/ops/function.rs:284:13
[INFO] [stdout]   23:     0x55a1cec075a1 - std::panicking::try::do_call::h73fd26535faffcdf
[INFO] [stdout]                                at /rustc/0e09125c6c3c2fd70d7de961bcf0e51575235fad/library/std/src/panicking.rs:552:40
[INFO] [stdout]   24:     0x55a1cec075a1 - std::panicking::try::h77ff1d98f0fb9f39
[INFO] [stdout]                                at /rustc/0e09125c6c3c2fd70d7de961bcf0e51575235fad/library/std/src/panicking.rs:516:19
[INFO] [stdout]   25:     0x55a1cec075a1 - std::panic::catch_unwind::hab3caf2448b95e37
[INFO] [stdout]                                at /rustc/0e09125c6c3c2fd70d7de961bcf0e51575235fad/library/std/src/panic.rs:142:14
[INFO] [stdout]   26:     0x55a1cec075a1 - std::rt::lang_start_internal::{{closure}}::h8086711f9c783f78
[INFO] [stdout]                                at /rustc/0e09125c6c3c2fd70d7de961bcf0e51575235fad/library/std/src/rt.rs:148:48
[INFO] [stdout]   27:     0x55a1cec075a1 - std::panicking::try::do_call::hf920d4dc291cd6ca
[INFO] [stdout]                                at /rustc/0e09125c6c3c2fd70d7de961bcf0e51575235fad/library/std/src/panicking.rs:552:40
[INFO] [stdout]   28:     0x55a1cec075a1 - std::panicking::try::h2b806ccc0a85db74
[INFO] [stdout]                                at /rustc/0e09125c6c3c2fd70d7de961bcf0e51575235fad/library/std/src/panicking.rs:516:19
[INFO] [stdout]   29:     0x55a1cec075a1 - std::panic::catch_unwind::h038489539c507df2
[INFO] [stdout]                                at /rustc/0e09125c6c3c2fd70d7de961bcf0e51575235fad/library/std/src/panic.rs:142:14
[INFO] [stdout]   30:     0x55a1cec075a1 - std::rt::lang_start_internal::h28503b88912e8a5c
[INFO] [stdout]                                at /rustc/0e09125c6c3c2fd70d7de961bcf0e51575235fad/library/std/src/rt.rs:148:20
[INFO] [stdout]   31:     0x55a1cebed627 - std::rt::lang_start::h9942cc54b4d5350a
[INFO] [stdout]   32:     0x55a1cebeda55 - main
[INFO] [stdout]   33:     0x7f98a4be2d90 - <unknown>
[INFO] [stdout]   34:     0x7f98a4be2e40 - __libc_start_main
[INFO] [stdout]   35:     0x55a1cebed525 - _start
[INFO] [stdout]   36:                0x0 - <unknown>
[INFO] [stdout] 
[INFO] [stdout] 
[INFO] [stdout] 
[INFO] [stdout] failures:
[INFO] [stdout]     src/lib.rs - OSError::fmt (line 65)
[INFO] [stdout]     src/types/errors/error_d.rs - types::errors::error_d::RawError::Kind (line 25)
[INFO] [stdout]     src/types/errors/error_d.rs - types::errors::error_d::RawError::Kind (line 32)
[INFO] [stdout]     src/types/errors/error_d.rs - types::errors::error_d::RawError::Kind (line 47)
[INFO] [stdout] 
[INFO] [stdout] test result: FAILED. 1 passed; 4 failed; 0 ignored; 0 measured; 0 filtered out; finished in 0.16s
[INFO] [stdout] 
[INFO] [stderr] error: doctest failed, to rerun pass `--doc`
[INFO] running `Command { std: "docker" "inspect" "60010c43e23f0a1beb26fa2c84cd4c102bb55eb60027d56da32bd549c9f7f439", kill_on_drop: false }`
[INFO] running `Command { std: "docker" "rm" "-f" "60010c43e23f0a1beb26fa2c84cd4c102bb55eb60027d56da32bd549c9f7f439", kill_on_drop: false }`
[INFO] [stdout] 60010c43e23f0a1beb26fa2c84cd4c102bb55eb60027d56da32bd549c9f7f439
