[INFO] cloning repository https://github.com/zskamljic/tmock
[INFO] running `Command { std: "git" "-c" "credential.helper=" "-c" "credential.helper=/workspace/cargo-home/bin/git-credential-null" "clone" "--bare" "https://github.com/zskamljic/tmock" "/workspace/cache/git-repos/https%3A%2F%2Fgithub.com%2Fzskamljic%2Ftmock", kill_on_drop: false }`
[INFO] [stderr] Cloning into bare repository '/workspace/cache/git-repos/https%3A%2F%2Fgithub.com%2Fzskamljic%2Ftmock'...
[INFO] running `Command { std: "git" "rev-parse" "HEAD", kill_on_drop: false }`
[INFO] [stdout] 0257802a31ac48d53d60fda5175732b8479c23e5
[INFO] testing zskamljic/tmock against 1.75.0 for beta-1.76-1
[INFO] running `Command { std: "git" "clone" "/workspace/cache/git-repos/https%3A%2F%2Fgithub.com%2Fzskamljic%2Ftmock" "/workspace/builds/worker-7-tc1/source", kill_on_drop: false }`
[INFO] [stderr] Cloning into '/workspace/builds/worker-7-tc1/source'...
[INFO] [stderr] done.
[INFO] validating manifest of git repo https://github.com/zskamljic/tmock on toolchain 1.75.0
[INFO] running `Command { std: CARGO_HOME="/workspace/cargo-home" RUSTUP_HOME="/workspace/rustup-home" "/workspace/cargo-home/bin/cargo" "+1.75.0" "metadata" "--manifest-path" "Cargo.toml" "--no-deps", kill_on_drop: false }`
[INFO] started tweaking git repo https://github.com/zskamljic/tmock
[INFO] finished tweaking git repo https://github.com/zskamljic/tmock
[INFO] tweaked toml for git repo https://github.com/zskamljic/tmock written to /workspace/builds/worker-7-tc1/source/Cargo.toml
[INFO] crate git repo https://github.com/zskamljic/tmock already has a lockfile, it will not be regenerated
[INFO] running `Command { std: CARGO_HOME="/workspace/cargo-home" RUSTUP_HOME="/workspace/rustup-home" "/workspace/cargo-home/bin/cargo" "+1.75.0" "fetch" "--manifest-path" "Cargo.toml", kill_on_drop: false }`
[INFO] running `Command { std: "docker" "create" "-v" "/var/lib/crater-agent-workspace/builds/worker-7-tc1/target:/opt/rustwide/target:rw,Z" "-v" "/var/lib/crater-agent-workspace/builds/worker-7-tc1/source:/opt/rustwide/workdir:ro,Z" "-v" "/var/lib/crater-agent-workspace/cargo-home:/opt/rustwide/cargo-home:ro,Z" "-v" "/var/lib/crater-agent-workspace/rustup-home:/opt/rustwide/rustup-home:ro,Z" "-e" "SOURCE_DIR=/opt/rustwide/workdir" "-e" "CARGO_TARGET_DIR=/opt/rustwide/target" "-e" "CARGO_HOME=/opt/rustwide/cargo-home" "-e" "RUSTUP_HOME=/opt/rustwide/rustup-home" "-w" "/opt/rustwide/workdir" "-m" "1610612736" "--user" "0:0" "--network" "none" "ghcr.io/rust-lang/crates-build-env/linux@sha256:2788e3201cd34a07e3172128adcd8b3090168a8e3bcc40d7c032b9dda1df7d1c" "/opt/rustwide/cargo-home/bin/cargo" "+1.75.0" "metadata" "--no-deps" "--format-version=1", kill_on_drop: false }`
[INFO] [stdout] e878d7941fc88053b8ec54e93e2047f7dfec77ff464526255a9c0821cac34a85
[INFO] running `Command { std: "docker" "start" "-a" "e878d7941fc88053b8ec54e93e2047f7dfec77ff464526255a9c0821cac34a85", kill_on_drop: false }`
[INFO] running `Command { std: "docker" "inspect" "e878d7941fc88053b8ec54e93e2047f7dfec77ff464526255a9c0821cac34a85", kill_on_drop: false }`
[INFO] running `Command { std: "docker" "rm" "-f" "e878d7941fc88053b8ec54e93e2047f7dfec77ff464526255a9c0821cac34a85", kill_on_drop: false }`
[INFO] [stdout] e878d7941fc88053b8ec54e93e2047f7dfec77ff464526255a9c0821cac34a85
[INFO] running `Command { std: "docker" "create" "-v" "/var/lib/crater-agent-workspace/builds/worker-7-tc1/target:/opt/rustwide/target:rw,Z" "-v" "/var/lib/crater-agent-workspace/builds/worker-7-tc1/source:/opt/rustwide/workdir:ro,Z" "-v" "/var/lib/crater-agent-workspace/cargo-home:/opt/rustwide/cargo-home:ro,Z" "-v" "/var/lib/crater-agent-workspace/rustup-home:/opt/rustwide/rustup-home:ro,Z" "-e" "SOURCE_DIR=/opt/rustwide/workdir" "-e" "CARGO_TARGET_DIR=/opt/rustwide/target" "-e" "CARGO_INCREMENTAL=0" "-e" "RUST_BACKTRACE=full" "-e" "RUSTFLAGS=--cap-lints=warn" "-e" "RUSTDOCFLAGS=--cap-lints=warn" "-e" "CARGO_HOME=/opt/rustwide/cargo-home" "-e" "RUSTUP_HOME=/opt/rustwide/rustup-home" "-w" "/opt/rustwide/workdir" "-m" "1610612736" "--user" "0:0" "--network" "none" "ghcr.io/rust-lang/crates-build-env/linux@sha256:2788e3201cd34a07e3172128adcd8b3090168a8e3bcc40d7c032b9dda1df7d1c" "/opt/rustwide/cargo-home/bin/cargo" "+1.75.0" "build" "--frozen" "--message-format=json", kill_on_drop: false }`
[INFO] [stdout] 3e333bc2c8445175e1931b596222e8dfa0eb45cf0b3514e4ca5b459a8cb086e2
[INFO] running `Command { std: "docker" "start" "-a" "3e333bc2c8445175e1931b596222e8dfa0eb45cf0b3514e4ca5b459a8cb086e2", kill_on_drop: false }`
[INFO] [stderr]    Compiling proc-macro2 v1.0.9
[INFO] [stderr]    Compiling unicode-xid v0.2.0
[INFO] [stderr]    Compiling syn v1.0.16
[INFO] [stderr]    Compiling http v0.1.0 (/opt/rustwide/workdir/http)
[INFO] [stderr]    Compiling sha1 v0.1.0 (/opt/rustwide/workdir/sha1)
[INFO] [stderr]    Compiling bencode v0.1.0 (/opt/rustwide/workdir/bencode)
[INFO] [stderr]    Compiling rand v0.1.0 (/opt/rustwide/workdir/rand)
[INFO] [stderr]    Compiling directories v0.1.0 (/opt/rustwide/workdir/directories)
[INFO] [stderr]    Compiling watcher v0.1.0 (/opt/rustwide/workdir/watcher)
[INFO] [stdout] warning: unnecessary parentheses around assigned value
[INFO] [stdout]   --> watcher/src/unix/mod.rs:10:27
[INFO] [stdout]    |
[INFO] [stdout] 10 | pub const IN_MOVED: u32 = (IN_MOVED_FROM | IN_MOVED_TO);
[INFO] [stdout]    |                           ^                           ^
[INFO] [stdout]    |
[INFO] [stdout]    = note: `#[warn(unused_parens)]` on by default
[INFO] [stdout] help: remove these parentheses
[INFO] [stdout]    |
[INFO] [stdout] 10 - pub const IN_MOVED: u32 = (IN_MOVED_FROM | IN_MOVED_TO);
[INFO] [stdout] 10 + pub const IN_MOVED: u32 = IN_MOVED_FROM | IN_MOVED_TO;
[INFO] [stdout]    |
[INFO] [stdout] 
[INFO] [stdout] 
[INFO] [stdout] warning: unused doc comment
[INFO] [stdout]   --> watcher/src/unix/mod.rs:50:1
[INFO] [stdout]    |
[INFO] [stdout] 50 |   /// Bindings for the functions for inotify
[INFO] [stdout]    |   ^^^^^^^^^^^^^^^^^^^^^^^^^^^^^^^^^^^^^^^^^^
[INFO] [stdout] 51 | / extern "C" {
[INFO] [stdout] 52 | |     fn inotify_init() -> i32;
[INFO] [stdout] 53 | |     #[allow(improper_ctypes)]
[INFO] [stdout] 54 | |     fn inotify_add_watch(file_descriptor: i32, pathname: *const i8, mask: u32) -> i32;
[INFO] [stdout] ...  |
[INFO] [stdout] 57 | |     pub fn read(file_descriptor: i32, buffer: *mut u8, count: usize) -> i32;
[INFO] [stdout] 58 | | }
[INFO] [stdout]    | |_- rustdoc does not generate documentation for extern blocks
[INFO] [stdout]    |
[INFO] [stdout]    = help: use `//` for a plain comment
[INFO] [stdout]    = note: `#[warn(unused_doc_comments)]` on by default
[INFO] [stdout] 
[INFO] [stdout] 
[INFO] [stdout] warning: 2 warnings emitted
[INFO] [stdout] 
[INFO] [stdout] 
[INFO] [stderr]    Compiling quote v1.0.3
[INFO] [stderr]    Compiling bencode_derive v0.1.0 (/opt/rustwide/workdir/bencode_derive)
[INFO] [stderr]    Compiling torrent v0.1.0 (/opt/rustwide/workdir/torrent)
[INFO] [stderr]    Compiling mock v0.1.0 (/opt/rustwide/workdir/mock)
[INFO] [stderr]    Compiling runner v0.1.0 (/opt/rustwide/workdir/runner)
[INFO] [stderr]     Finished dev [unoptimized + debuginfo] target(s) in 3.35s
[INFO] running `Command { std: "docker" "inspect" "3e333bc2c8445175e1931b596222e8dfa0eb45cf0b3514e4ca5b459a8cb086e2", kill_on_drop: false }`
[INFO] running `Command { std: "docker" "rm" "-f" "3e333bc2c8445175e1931b596222e8dfa0eb45cf0b3514e4ca5b459a8cb086e2", kill_on_drop: false }`
[INFO] [stdout] 3e333bc2c8445175e1931b596222e8dfa0eb45cf0b3514e4ca5b459a8cb086e2
[INFO] running `Command { std: "docker" "create" "-v" "/var/lib/crater-agent-workspace/builds/worker-7-tc1/target:/opt/rustwide/target:rw,Z" "-v" "/var/lib/crater-agent-workspace/builds/worker-7-tc1/source:/opt/rustwide/workdir:ro,Z" "-v" "/var/lib/crater-agent-workspace/cargo-home:/opt/rustwide/cargo-home:ro,Z" "-v" "/var/lib/crater-agent-workspace/rustup-home:/opt/rustwide/rustup-home:ro,Z" "-e" "SOURCE_DIR=/opt/rustwide/workdir" "-e" "CARGO_TARGET_DIR=/opt/rustwide/target" "-e" "CARGO_INCREMENTAL=0" "-e" "RUST_BACKTRACE=full" "-e" "RUSTFLAGS=--cap-lints=warn" "-e" "RUSTDOCFLAGS=--cap-lints=warn" "-e" "CARGO_HOME=/opt/rustwide/cargo-home" "-e" "RUSTUP_HOME=/opt/rustwide/rustup-home" "-w" "/opt/rustwide/workdir" "-m" "1610612736" "--user" "0:0" "--network" "none" "ghcr.io/rust-lang/crates-build-env/linux@sha256:2788e3201cd34a07e3172128adcd8b3090168a8e3bcc40d7c032b9dda1df7d1c" "/opt/rustwide/cargo-home/bin/cargo" "+1.75.0" "test" "--frozen" "--no-run" "--message-format=json", kill_on_drop: false }`
[INFO] [stdout] b103f141b772ce3d718867f2721f40ff80d1edf2ca1a9ac97b82e7a559dd09c6
[INFO] running `Command { std: "docker" "start" "-a" "b103f141b772ce3d718867f2721f40ff80d1edf2ca1a9ac97b82e7a559dd09c6", kill_on_drop: false }`
[INFO] [stderr]    Compiling http v0.1.0 (/opt/rustwide/workdir/http)
[INFO] [stdout] warning: unnecessary parentheses around assigned value
[INFO] [stdout]   --> watcher/src/unix/mod.rs:10:27
[INFO] [stdout]    |
[INFO] [stdout] 10 | pub const IN_MOVED: u32 = (IN_MOVED_FROM | IN_MOVED_TO);
[INFO] [stdout]    |                           ^                           ^
[INFO] [stdout]    |
[INFO] [stdout]    = note: `#[warn(unused_parens)]` on by default
[INFO] [stdout] help: remove these parentheses
[INFO] [stdout]    |
[INFO] [stdout] 10 - pub const IN_MOVED: u32 = (IN_MOVED_FROM | IN_MOVED_TO);
[INFO] [stdout] 10 + pub const IN_MOVED: u32 = IN_MOVED_FROM | IN_MOVED_TO;
[INFO] [stdout]    |
[INFO] [stdout] 
[INFO] [stdout] 
[INFO] [stderr]    Compiling rand v0.1.0 (/opt/rustwide/workdir/rand)
[INFO] [stdout] warning: unused doc comment
[INFO] [stdout]   --> watcher/src/unix/mod.rs:50:1
[INFO] [stdout]    |
[INFO] [stdout] 50 |   /// Bindings for the functions for inotify
[INFO] [stdout]    |   ^^^^^^^^^^^^^^^^^^^^^^^^^^^^^^^^^^^^^^^^^^
[INFO] [stdout] 51 | / extern "C" {
[INFO] [stdout] 52 | |     fn inotify_init() -> i32;
[INFO] [stdout] 53 | |     #[allow(improper_ctypes)]
[INFO] [stdout] 54 | |     fn inotify_add_watch(file_descriptor: i32, pathname: *const i8, mask: u32) -> i32;
[INFO] [stdout] ...  |
[INFO] [stdout] 57 | |     pub fn read(file_descriptor: i32, buffer: *mut u8, count: usize) -> i32;
[INFO] [stdout] 58 | | }
[INFO] [stdout]    | |_- rustdoc does not generate documentation for extern blocks
[INFO] [stdout]    |
[INFO] [stdout]    = help: use `//` for a plain comment
[INFO] [stdout]    = note: `#[warn(unused_doc_comments)]` on by default
[INFO] [stdout] 
[INFO] [stdout] 
[INFO] [stderr]    Compiling watcher v0.1.0 (/opt/rustwide/workdir/watcher)
[INFO] [stdout] warning: 2 warnings emitted
[INFO] [stdout] 
[INFO] [stdout] 
[INFO] [stderr]    Compiling directories v0.1.0 (/opt/rustwide/workdir/directories)
[INFO] [stderr]    Compiling sha1 v0.1.0 (/opt/rustwide/workdir/sha1)
[INFO] [stderr]    Compiling bencode v0.1.0 (/opt/rustwide/workdir/bencode)
[INFO] [stderr]    Compiling bencode_derive v0.1.0 (/opt/rustwide/workdir/bencode_derive)
[INFO] [stdout] warning: unnecessary parentheses around assigned value
[INFO] [stdout]   --> watcher/src/unix/mod.rs:10:27
[INFO] [stdout]    |
[INFO] [stdout] 10 | pub const IN_MOVED: u32 = (IN_MOVED_FROM | IN_MOVED_TO);
[INFO] [stdout]    |                           ^                           ^
[INFO] [stdout]    |
[INFO] [stdout]    = note: `#[warn(unused_parens)]` on by default
[INFO] [stdout] help: remove these parentheses
[INFO] [stdout]    |
[INFO] [stdout] 10 - pub const IN_MOVED: u32 = (IN_MOVED_FROM | IN_MOVED_TO);
[INFO] [stdout] 10 + pub const IN_MOVED: u32 = IN_MOVED_FROM | IN_MOVED_TO;
[INFO] [stdout]    |
[INFO] [stdout] 
[INFO] [stdout] 
[INFO] [stdout] warning: unused doc comment
[INFO] [stdout]   --> watcher/src/unix/mod.rs:50:1
[INFO] [stdout]    |
[INFO] [stdout] 50 |   /// Bindings for the functions for inotify
[INFO] [stdout]    |   ^^^^^^^^^^^^^^^^^^^^^^^^^^^^^^^^^^^^^^^^^^
[INFO] [stdout] 51 | / extern "C" {
[INFO] [stdout] 52 | |     fn inotify_init() -> i32;
[INFO] [stdout] 53 | |     #[allow(improper_ctypes)]
[INFO] [stdout] 54 | |     fn inotify_add_watch(file_descriptor: i32, pathname: *const i8, mask: u32) -> i32;
[INFO] [stdout] ...  |
[INFO] [stdout] 57 | |     pub fn read(file_descriptor: i32, buffer: *mut u8, count: usize) -> i32;
[INFO] [stdout] 58 | | }
[INFO] [stdout]    | |_- rustdoc does not generate documentation for extern blocks
[INFO] [stdout]    |
[INFO] [stdout]    = help: use `//` for a plain comment
[INFO] [stdout]    = note: `#[warn(unused_doc_comments)]` on by default
[INFO] [stdout] 
[INFO] [stdout] 
[INFO] [stderr]    Compiling torrent v0.1.0 (/opt/rustwide/workdir/torrent)
[INFO] [stderr]    Compiling mock v0.1.0 (/opt/rustwide/workdir/mock)
[INFO] [stdout] warning: 2 warnings emitted
[INFO] [stdout] 
[INFO] [stdout] 
[INFO] [stderr]    Compiling runner v0.1.0 (/opt/rustwide/workdir/runner)
[INFO] [stderr]     Finished test [unoptimized + debuginfo] target(s) in 1.17s
[INFO] running `Command { std: "docker" "inspect" "b103f141b772ce3d718867f2721f40ff80d1edf2ca1a9ac97b82e7a559dd09c6", kill_on_drop: false }`
[INFO] running `Command { std: "docker" "rm" "-f" "b103f141b772ce3d718867f2721f40ff80d1edf2ca1a9ac97b82e7a559dd09c6", kill_on_drop: false }`
[INFO] [stdout] b103f141b772ce3d718867f2721f40ff80d1edf2ca1a9ac97b82e7a559dd09c6
[INFO] running `Command { std: "docker" "create" "-v" "/var/lib/crater-agent-workspace/builds/worker-7-tc1/target:/opt/rustwide/target:rw,Z" "-v" "/var/lib/crater-agent-workspace/builds/worker-7-tc1/source:/opt/rustwide/workdir:ro,Z" "-v" "/var/lib/crater-agent-workspace/cargo-home:/opt/rustwide/cargo-home:ro,Z" "-v" "/var/lib/crater-agent-workspace/rustup-home:/opt/rustwide/rustup-home:ro,Z" "-e" "SOURCE_DIR=/opt/rustwide/workdir" "-e" "CARGO_TARGET_DIR=/opt/rustwide/target" "-e" "CARGO_INCREMENTAL=0" "-e" "RUST_BACKTRACE=full" "-e" "RUSTFLAGS=--cap-lints=warn" "-e" "RUSTDOCFLAGS=--cap-lints=warn" "-e" "CARGO_HOME=/opt/rustwide/cargo-home" "-e" "RUSTUP_HOME=/opt/rustwide/rustup-home" "-w" "/opt/rustwide/workdir" "-m" "1610612736" "--user" "0:0" "--network" "none" "ghcr.io/rust-lang/crates-build-env/linux@sha256:2788e3201cd34a07e3172128adcd8b3090168a8e3bcc40d7c032b9dda1df7d1c" "/opt/rustwide/cargo-home/bin/cargo" "+1.75.0" "test" "--frozen", kill_on_drop: false }`
[INFO] [stdout] e364c7af977174ba7cd35254751194ddf29e76081c49406f5373ee6106f090fa
[INFO] running `Command { std: "docker" "start" "-a" "e364c7af977174ba7cd35254751194ddf29e76081c49406f5373ee6106f090fa", kill_on_drop: false }`
[INFO] [stderr] warning: unnecessary parentheses around assigned value
[INFO] [stderr]   --> watcher/src/unix/mod.rs:10:27
[INFO] [stderr]    |
[INFO] [stderr] 10 | pub const IN_MOVED: u32 = (IN_MOVED_FROM | IN_MOVED_TO);
[INFO] [stderr]    |                           ^                           ^
[INFO] [stderr]    |
[INFO] [stderr]    = note: `#[warn(unused_parens)]` on by default
[INFO] [stderr] help: remove these parentheses
[INFO] [stderr]    |
[INFO] [stderr] 10 - pub const IN_MOVED: u32 = (IN_MOVED_FROM | IN_MOVED_TO);
[INFO] [stderr] 10 + pub const IN_MOVED: u32 = IN_MOVED_FROM | IN_MOVED_TO;
[INFO] [stderr]    |
[INFO] [stderr] 
[INFO] [stderr] warning: unused doc comment
[INFO] [stderr]   --> watcher/src/unix/mod.rs:50:1
[INFO] [stderr]    |
[INFO] [stderr] 50 |   /// Bindings for the functions for inotify
[INFO] [stderr]    |   ^^^^^^^^^^^^^^^^^^^^^^^^^^^^^^^^^^^^^^^^^^
[INFO] [stderr] 51 | / extern "C" {
[INFO] [stderr] 52 | |     fn inotify_init() -> i32;
[INFO] [stderr] 53 | |     #[allow(improper_ctypes)]
[INFO] [stderr] 54 | |     fn inotify_add_watch(file_descriptor: i32, pathname: *const i8, mask: u32) -> i32;
[INFO] [stderr] ...  |
[INFO] [stderr] 57 | |     pub fn read(file_descriptor: i32, buffer: *mut u8, count: usize) -> i32;
[INFO] [stderr] 58 | | }
[INFO] [stderr]    | |_- rustdoc does not generate documentation for extern blocks
[INFO] [stderr]    |
[INFO] [stderr]    = help: use `//` for a plain comment
[INFO] [stderr]    = note: `#[warn(unused_doc_comments)]` on by default
[INFO] [stderr] 
[INFO] [stderr] warning: `watcher` (lib) generated 2 warnings (run `cargo fix --lib -p watcher` to apply 1 suggestion)
[INFO] [stderr] warning: `watcher` (lib test) generated 2 warnings (2 duplicates)
[INFO] [stderr]     Finished test [unoptimized + debuginfo] target(s) in 0.01s
[INFO] [stderr]      Running unittests src/lib.rs (/opt/rustwide/target/debug/deps/bencode-ce5a5a18f70368d5)
[INFO] [stdout] 
[INFO] [stdout] running 14 tests
[INFO] [stdout] test tests::read_dictionary_fails_with_non_string_keys ... ok
[INFO] [stdout] test tests::read_dictionary_suceeds_with_valid ... ok
[INFO] [stdout] test tests::read_integer_fails_non_numeric ... ok
[INFO] [stdout] test tests::read_integer_fails_without_terminator ... ok
[INFO] [stdout] test tests::load_bencoded ... ok
[INFO] [stdout] test tests::read_integer_reads_integer ... ok
[INFO] [stdout] test tests::read_integer_reads_negative_integer ... ok
[INFO] [stdout] test tests::read_list_fails_on_unknown ... ok
[INFO] [stdout] test tests::read_list_loads_empty ... ok
[INFO] [stdout] test tests::read_list_loads_list ... ok
[INFO] [stdout] test tests::read_string_fails_with_eof ... ok
[INFO] [stdout] test tests::read_string_fails_without_colon ... ok
[INFO] [stdout] test tests::read_string_succeeds_single_digit ... ok
[INFO] [stdout] test tests::read_string_suceeds_double_digit ... ok
[INFO] [stdout] 
[INFO] [stdout] test result: ok. 14 passed; 0 failed; 0 ignored; 0 measured; 0 filtered out; finished in 0.00s
[INFO] [stdout] 
[INFO] [stderr]      Running unittests src/lib.rs (/opt/rustwide/target/debug/deps/bencode_derive-b1f6872918f70d42)
[INFO] [stdout] 
[INFO] [stdout] running 0 tests
[INFO] [stdout] 
[INFO] [stdout] test result: ok. 0 passed; 0 failed; 0 ignored; 0 measured; 0 filtered out; finished in 0.00s
[INFO] [stdout] 
[INFO] [stderr]      Running unittests src/lib.rs (/opt/rustwide/target/debug/deps/directories-49ebbc3f9d20d014)
[INFO] [stdout] 
[INFO] [stdout] running 3 tests
[INFO] [stdout] test tests::must_exist_fails_on_file ... FAILED
[INFO] [stdout] test tests::must_exist_suceeds_with_existing ... FAILED
[INFO] [stdout] test tests::must_exist_creates_if_able ... FAILED
[INFO] [stdout] 
[INFO] [stdout] failures:
[INFO] [stdout] 
[INFO] [stdout] ---- tests::must_exist_fails_on_file stdout ----
[INFO] [stdout] Error: Os { code: 30, kind: ReadOnlyFilesystem, message: "Read-only file system" }
[INFO] [stdout] 
[INFO] [stdout] ---- tests::must_exist_suceeds_with_existing stdout ----
[INFO] [stdout] Error: Os { code: 30, kind: ReadOnlyFilesystem, message: "Read-only file system" }
[INFO] [stdout] 
[INFO] [stdout] ---- tests::must_exist_creates_if_able stdout ----
[INFO] [stdout] thread 'tests::must_exist_creates_if_able' panicked at directories/src/tests.rs:26:9:
[INFO] [stdout] Dir was not created
[INFO] [stdout] stack backtrace:
[INFO] [stdout]    0:     0x5611e904a2ac - std::backtrace_rs::backtrace::libunwind::trace::ha637c64ce894333a
[INFO] [stdout]                                at /rustc/82e1608dfa6e0b5569232559e3d385fea5a93112/library/std/src/../../backtrace/src/backtrace/libunwind.rs:104:5
[INFO] [stdout]    1:     0x5611e904a2ac - std::backtrace_rs::backtrace::trace_unsynchronized::h47f62dea28e0c88d
[INFO] [stdout]                                at /rustc/82e1608dfa6e0b5569232559e3d385fea5a93112/library/std/src/../../backtrace/src/backtrace/mod.rs:66:5
[INFO] [stdout]    2:     0x5611e904a2ac - std::sys_common::backtrace::_print_fmt::h9eef0abe20ede486
[INFO] [stdout]                                at /rustc/82e1608dfa6e0b5569232559e3d385fea5a93112/library/std/src/sys_common/backtrace.rs:67:5
[INFO] [stdout]    3:     0x5611e904a2ac - <std::sys_common::backtrace::_print::DisplayBacktrace as core::fmt::Display>::fmt::hed7f999df88cc644
[INFO] [stdout]                                at /rustc/82e1608dfa6e0b5569232559e3d385fea5a93112/library/std/src/sys_common/backtrace.rs:44:22
[INFO] [stdout]    4:     0x5611e9073f50 - core::fmt::rt::Argument::fmt::h1539a9308b8d058d
[INFO] [stdout]                                at /rustc/82e1608dfa6e0b5569232559e3d385fea5a93112/library/core/src/fmt/rt.rs:142:9
[INFO] [stdout]    5:     0x5611e9073f50 - core::fmt::write::h3a39390d8560d9c9
[INFO] [stdout]                                at /rustc/82e1608dfa6e0b5569232559e3d385fea5a93112/library/core/src/fmt/mod.rs:1120:17
[INFO] [stdout]    6:     0x5611e9047bff - std::io::Write::write_fmt::h040b369f3a0f9cbc
[INFO] [stdout]                                at /rustc/82e1608dfa6e0b5569232559e3d385fea5a93112/library/std/src/io/mod.rs:1762:15
[INFO] [stdout]    7:     0x5611e904a094 - std::sys_common::backtrace::_print::h894006fb5c6f3d45
[INFO] [stdout]                                at /rustc/82e1608dfa6e0b5569232559e3d385fea5a93112/library/std/src/sys_common/backtrace.rs:47:5
[INFO] [stdout]    8:     0x5611e904a094 - std::sys_common::backtrace::print::h23a2d212c6fff936
[INFO] [stdout]                                at /rustc/82e1608dfa6e0b5569232559e3d385fea5a93112/library/std/src/sys_common/backtrace.rs:34:9
[INFO] [stdout]    9:     0x5611e904bd57 - std::panicking::default_hook::{{closure}}::h8a1d2ee00185001a
[INFO] [stdout]   10:     0x5611e904ba43 - std::panicking::default_hook::h6038f2eba384e475
[INFO] [stdout]                                at /rustc/82e1608dfa6e0b5569232559e3d385fea5a93112/library/std/src/panicking.rs:289:9
[INFO] [stdout]   11:     0x5611e901be37 - <alloc::boxed::Box<F,A> as core::ops::function::Fn<Args>>::call::h0ad024c9bdc6d768
[INFO] [stdout]                                at /rustc/82e1608dfa6e0b5569232559e3d385fea5a93112/library/alloc/src/boxed.rs:2021:9
[INFO] [stdout]   12:     0x5611e901be37 - test::test_main::{{closure}}::h7500b54257359db6
[INFO] [stdout]                                at /rustc/82e1608dfa6e0b5569232559e3d385fea5a93112/library/test/src/lib.rs:138:21
[INFO] [stdout]   13:     0x5611e904c368 - <alloc::boxed::Box<F,A> as core::ops::function::Fn<Args>>::call::h1f8f335eaa9cfaee
[INFO] [stdout]                                at /rustc/82e1608dfa6e0b5569232559e3d385fea5a93112/library/alloc/src/boxed.rs:2021:9
[INFO] [stdout]   14:     0x5611e904c368 - std::panicking::rust_panic_with_hook::h2b5517d590cab22e
[INFO] [stdout]                                at /rustc/82e1608dfa6e0b5569232559e3d385fea5a93112/library/std/src/panicking.rs:783:13
[INFO] [stdout]   15:     0x5611e8fe65f8 - std::panicking::begin_panic::{{closure}}::hffc5e644e67a21c7
[INFO] [stdout]                                at /rustc/82e1608dfa6e0b5569232559e3d385fea5a93112/library/std/src/panicking.rs:687:9
[INFO] [stdout]   16:     0x5611e8fe5766 - std::sys_common::backtrace::__rust_end_short_backtrace::hf3b933ef082bc316
[INFO] [stdout]                                at /rustc/82e1608dfa6e0b5569232559e3d385fea5a93112/library/std/src/sys_common/backtrace.rs:170:18
[INFO] [stdout]   17:     0x5611e8fe6573 - std::panicking::begin_panic::h6e7191aff5d67af4
[INFO] [stdout]                                at /rustc/82e1608dfa6e0b5569232559e3d385fea5a93112/library/std/src/panicking.rs:686:12
[INFO] [stdout]   18:     0x5611e8fe81d3 - directories::tests::must_exist_creates_if_able::h26ef16526fcbecf1
[INFO] [stdout]                                at /opt/rustwide/workdir/directories/src/tests.rs:26:9
[INFO] [stdout]   19:     0x5611e8fe8127 - directories::tests::must_exist_creates_if_able::{{closure}}::h3335a35f78c8acc0
[INFO] [stdout]                                at /opt/rustwide/workdir/directories/src/tests.rs:18:36
[INFO] [stdout]   20:     0x5611e8fe6836 - core::ops::function::FnOnce::call_once::h715d630c5b47ceb9
[INFO] [stdout]                                at /rustc/82e1608dfa6e0b5569232559e3d385fea5a93112/library/core/src/ops/function.rs:250:5
[INFO] [stdout]   21:     0x5611e902148f - core::ops::function::FnOnce::call_once::h2b5d431d5046312d
[INFO] [stdout]                                at /rustc/82e1608dfa6e0b5569232559e3d385fea5a93112/library/core/src/ops/function.rs:250:5
[INFO] [stdout]   22:     0x5611e902148f - test::__rust_begin_short_backtrace::h7714669af176e207
[INFO] [stdout]                                at /rustc/82e1608dfa6e0b5569232559e3d385fea5a93112/library/test/src/lib.rs:628:18
[INFO] [stdout]   23:     0x5611e90204a5 - test::run_test_in_process::{{closure}}::h85218797dcbcec12
[INFO] [stdout]                                at /rustc/82e1608dfa6e0b5569232559e3d385fea5a93112/library/test/src/lib.rs:651:60
[INFO] [stdout]   24:     0x5611e90204a5 - <core::panic::unwind_safe::AssertUnwindSafe<F> as core::ops::function::FnOnce<()>>::call_once::h76c106ea31c14d7b
[INFO] [stdout]                                at /rustc/82e1608dfa6e0b5569232559e3d385fea5a93112/library/core/src/panic/unwind_safe.rs:272:9
[INFO] [stdout]   25:     0x5611e90204a5 - std::panicking::try::do_call::h3bd5d0f6620ee946
[INFO] [stdout]                                at /rustc/82e1608dfa6e0b5569232559e3d385fea5a93112/library/std/src/panicking.rs:552:40
[INFO] [stdout]   26:     0x5611e90204a5 - std::panicking::try::h232e535e4744fe31
[INFO] [stdout]                                at /rustc/82e1608dfa6e0b5569232559e3d385fea5a93112/library/std/src/panicking.rs:516:19
[INFO] [stdout]   27:     0x5611e90204a5 - std::panic::catch_unwind::h3ce3bd6ca8dbac68
[INFO] [stdout]                                at /rustc/82e1608dfa6e0b5569232559e3d385fea5a93112/library/std/src/panic.rs:142:14
[INFO] [stdout]   28:     0x5611e90204a5 - test::run_test_in_process::hc97b257c9621286a
[INFO] [stdout]                                at /rustc/82e1608dfa6e0b5569232559e3d385fea5a93112/library/test/src/lib.rs:651:27
[INFO] [stdout]   29:     0x5611e90204a5 - test::run_test::{{closure}}::h2aa798823a438d38
[INFO] [stdout]                                at /rustc/82e1608dfa6e0b5569232559e3d385fea5a93112/library/test/src/lib.rs:574:43
[INFO] [stdout]   30:     0x5611e8fe8766 - test::run_test::{{closure}}::h87d231c78fb59832
[INFO] [stdout]                                at /rustc/82e1608dfa6e0b5569232559e3d385fea5a93112/library/test/src/lib.rs:602:41
[INFO] [stdout]   31:     0x5611e8fe8766 - std::sys_common::backtrace::__rust_begin_short_backtrace::he6df152596625789
[INFO] [stdout]                                at /rustc/82e1608dfa6e0b5569232559e3d385fea5a93112/library/std/src/sys_common/backtrace.rs:154:18
[INFO] [stdout]   32:     0x5611e8fed817 - std::thread::Builder::spawn_unchecked_::{{closure}}::{{closure}}::ha94be15d1e0acf36
[INFO] [stdout]                                at /rustc/82e1608dfa6e0b5569232559e3d385fea5a93112/library/std/src/thread/mod.rs:529:17
[INFO] [stdout]   33:     0x5611e8fed817 - <core::panic::unwind_safe::AssertUnwindSafe<F> as core::ops::function::FnOnce<()>>::call_once::h9dc6bd6372f16606
[INFO] [stdout]                                at /rustc/82e1608dfa6e0b5569232559e3d385fea5a93112/library/core/src/panic/unwind_safe.rs:272:9
[INFO] [stdout]   34:     0x5611e8fed817 - std::panicking::try::do_call::h9057517f80303cd4
[INFO] [stdout]                                at /rustc/82e1608dfa6e0b5569232559e3d385fea5a93112/library/std/src/panicking.rs:552:40
[INFO] [stdout]   35:     0x5611e8fed817 - std::panicking::try::he3a30b11ee45340c
[INFO] [stdout]                                at /rustc/82e1608dfa6e0b5569232559e3d385fea5a93112/library/std/src/panicking.rs:516:19
[INFO] [stdout]   36:     0x5611e8fed817 - std::panic::catch_unwind::h410458cfd3528b8b
[INFO] [stdout]                                at /rustc/82e1608dfa6e0b5569232559e3d385fea5a93112/library/std/src/panic.rs:142:14
[INFO] [stdout]   37:     0x5611e8fed817 - std::thread::Builder::spawn_unchecked_::{{closure}}::h72ac3bdb567b737b
[INFO] [stdout]                                at /rustc/82e1608dfa6e0b5569232559e3d385fea5a93112/library/std/src/thread/mod.rs:528:30
[INFO] [stdout]   38:     0x5611e8fed817 - core::ops::function::FnOnce::call_once{{vtable.shim}}::h38f34da3654a8344
[INFO] [stdout]                                at /rustc/82e1608dfa6e0b5569232559e3d385fea5a93112/library/core/src/ops/function.rs:250:5
[INFO] [stdout]   39:     0x5611e9050f55 - <alloc::boxed::Box<F,A> as core::ops::function::FnOnce<Args>>::call_once::hc7eafaff61e32df9
[INFO] [stdout]                                at /rustc/82e1608dfa6e0b5569232559e3d385fea5a93112/library/alloc/src/boxed.rs:2007:9
[INFO] [stdout]   40:     0x5611e9050f55 - <alloc::boxed::Box<F,A> as core::ops::function::FnOnce<Args>>::call_once::h6ba4a5de48dd2304
[INFO] [stdout]                                at /rustc/82e1608dfa6e0b5569232559e3d385fea5a93112/library/alloc/src/boxed.rs:2007:9
[INFO] [stdout]   41:     0x5611e9050f55 - std::sys::unix::thread::Thread::new::thread_start::he469335aef763e45
[INFO] [stdout]                                at /rustc/82e1608dfa6e0b5569232559e3d385fea5a93112/library/std/src/sys/unix/thread.rs:108:17
[INFO] [stdout]   42:     0x7efeda606ac3 - <unknown>
[INFO] [stdout]   43:     0x7efeda697bf4 - __clone
[INFO] [stdout]   44:                0x0 - <unknown>
[INFO] [stdout] 
[INFO] [stdout] 
[INFO] [stdout] failures:
[INFO] [stdout]     tests::must_exist_creates_if_able
[INFO] [stdout]     tests::must_exist_fails_on_file
[INFO] [stdout]     tests::must_exist_suceeds_with_existing
[INFO] [stdout] 
[INFO] [stdout] test result: FAILED. 0 passed; 3 failed; 0 ignored; 0 measured; 0 filtered out; finished in 0.01s
[INFO] [stdout] 
[INFO] [stderr] error: test failed, to rerun pass `-p directories --lib`
[INFO] running `Command { std: "docker" "inspect" "e364c7af977174ba7cd35254751194ddf29e76081c49406f5373ee6106f090fa", kill_on_drop: false }`
[INFO] running `Command { std: "docker" "rm" "-f" "e364c7af977174ba7cd35254751194ddf29e76081c49406f5373ee6106f090fa", kill_on_drop: false }`
[INFO] [stdout] e364c7af977174ba7cd35254751194ddf29e76081c49406f5373ee6106f090fa
[INFO] testing zskamljic/tmock against beta-2023-12-22 for beta-1.76-1
[INFO] running `Command { std: "git" "clone" "/workspace/cache/git-repos/https%3A%2F%2Fgithub.com%2Fzskamljic%2Ftmock" "/workspace/builds/worker-7-tc2/source", kill_on_drop: false }`
[INFO] [stderr] Cloning into '/workspace/builds/worker-7-tc2/source'...
[INFO] [stderr] done.
[INFO] validating manifest of git repo https://github.com/zskamljic/tmock on toolchain beta-2023-12-22
[INFO] running `Command { std: CARGO_HOME="/workspace/cargo-home" RUSTUP_HOME="/workspace/rustup-home" "/workspace/cargo-home/bin/cargo" "+beta-2023-12-22" "metadata" "--manifest-path" "Cargo.toml" "--no-deps", kill_on_drop: false }`
[INFO] started tweaking git repo https://github.com/zskamljic/tmock
[INFO] finished tweaking git repo https://github.com/zskamljic/tmock
[INFO] tweaked toml for git repo https://github.com/zskamljic/tmock written to /workspace/builds/worker-7-tc2/source/Cargo.toml
[INFO] crate git repo https://github.com/zskamljic/tmock already has a lockfile, it will not be regenerated
[INFO] running `Command { std: CARGO_HOME="/workspace/cargo-home" RUSTUP_HOME="/workspace/rustup-home" "/workspace/cargo-home/bin/cargo" "+beta-2023-12-22" "fetch" "--manifest-path" "Cargo.toml", kill_on_drop: false }`
[INFO] running `Command { std: "docker" "create" "-v" "/var/lib/crater-agent-workspace/builds/worker-7-tc2/target:/opt/rustwide/target:rw,Z" "-v" "/var/lib/crater-agent-workspace/builds/worker-7-tc2/source:/opt/rustwide/workdir:ro,Z" "-v" "/var/lib/crater-agent-workspace/cargo-home:/opt/rustwide/cargo-home:ro,Z" "-v" "/var/lib/crater-agent-workspace/rustup-home:/opt/rustwide/rustup-home:ro,Z" "-e" "SOURCE_DIR=/opt/rustwide/workdir" "-e" "CARGO_TARGET_DIR=/opt/rustwide/target" "-e" "CARGO_HOME=/opt/rustwide/cargo-home" "-e" "RUSTUP_HOME=/opt/rustwide/rustup-home" "-w" "/opt/rustwide/workdir" "-m" "1610612736" "--user" "0:0" "--network" "none" "ghcr.io/rust-lang/crates-build-env/linux@sha256:2788e3201cd34a07e3172128adcd8b3090168a8e3bcc40d7c032b9dda1df7d1c" "/opt/rustwide/cargo-home/bin/cargo" "+beta-2023-12-22" "metadata" "--no-deps" "--format-version=1", kill_on_drop: false }`
[INFO] [stdout] f3a156edab8e989756719d98c968371fdcedf2eaa132c0a1501115aab5389962
[INFO] running `Command { std: "docker" "start" "-a" "f3a156edab8e989756719d98c968371fdcedf2eaa132c0a1501115aab5389962", kill_on_drop: false }`
[INFO] running `Command { std: "docker" "inspect" "f3a156edab8e989756719d98c968371fdcedf2eaa132c0a1501115aab5389962", kill_on_drop: false }`
[INFO] running `Command { std: "docker" "rm" "-f" "f3a156edab8e989756719d98c968371fdcedf2eaa132c0a1501115aab5389962", kill_on_drop: false }`
[INFO] [stdout] f3a156edab8e989756719d98c968371fdcedf2eaa132c0a1501115aab5389962
[INFO] running `Command { std: "docker" "create" "-v" "/var/lib/crater-agent-workspace/builds/worker-7-tc2/target:/opt/rustwide/target:rw,Z" "-v" "/var/lib/crater-agent-workspace/builds/worker-7-tc2/source:/opt/rustwide/workdir:ro,Z" "-v" "/var/lib/crater-agent-workspace/cargo-home:/opt/rustwide/cargo-home:ro,Z" "-v" "/var/lib/crater-agent-workspace/rustup-home:/opt/rustwide/rustup-home:ro,Z" "-e" "SOURCE_DIR=/opt/rustwide/workdir" "-e" "CARGO_TARGET_DIR=/opt/rustwide/target" "-e" "CARGO_INCREMENTAL=0" "-e" "RUST_BACKTRACE=full" "-e" "RUSTFLAGS=--cap-lints=warn" "-e" "RUSTDOCFLAGS=--cap-lints=warn" "-e" "CARGO_HOME=/opt/rustwide/cargo-home" "-e" "RUSTUP_HOME=/opt/rustwide/rustup-home" "-w" "/opt/rustwide/workdir" "-m" "1610612736" "--user" "0:0" "--network" "none" "ghcr.io/rust-lang/crates-build-env/linux@sha256:2788e3201cd34a07e3172128adcd8b3090168a8e3bcc40d7c032b9dda1df7d1c" "/opt/rustwide/cargo-home/bin/cargo" "+beta-2023-12-22" "build" "--frozen" "--message-format=json", kill_on_drop: false }`
[INFO] [stdout] 236569d511e74b76314e49e7aa74137424b765f499712d92ebc7b7c0172c0351
[INFO] running `Command { std: "docker" "start" "-a" "236569d511e74b76314e49e7aa74137424b765f499712d92ebc7b7c0172c0351", kill_on_drop: false }`
[INFO] [stderr]    Compiling proc-macro2 v1.0.9
[INFO] [stderr]    Compiling unicode-xid v0.2.0
[INFO] [stderr]    Compiling syn v1.0.16
[INFO] [stderr]    Compiling rand v0.1.0 (/opt/rustwide/workdir/rand)
[INFO] [stderr]    Compiling bencode v0.1.0 (/opt/rustwide/workdir/bencode)
[INFO] [stderr]    Compiling http v0.1.0 (/opt/rustwide/workdir/http)
[INFO] [stderr]    Compiling sha1 v0.1.0 (/opt/rustwide/workdir/sha1)
[INFO] [stderr]    Compiling directories v0.1.0 (/opt/rustwide/workdir/directories)
[INFO] [stderr]    Compiling watcher v0.1.0 (/opt/rustwide/workdir/watcher)
[INFO] [stdout] warning: unnecessary parentheses around assigned value
[INFO] [stdout]   --> watcher/src/unix/mod.rs:10:27
[INFO] [stdout]    |
[INFO] [stdout] 10 | pub const IN_MOVED: u32 = (IN_MOVED_FROM | IN_MOVED_TO);
[INFO] [stdout]    |                           ^                           ^
[INFO] [stdout]    |
[INFO] [stdout]    = note: `#[warn(unused_parens)]` on by default
[INFO] [stdout] help: remove these parentheses
[INFO] [stdout]    |
[INFO] [stdout] 10 - pub const IN_MOVED: u32 = (IN_MOVED_FROM | IN_MOVED_TO);
[INFO] [stdout] 10 + pub const IN_MOVED: u32 = IN_MOVED_FROM | IN_MOVED_TO;
[INFO] [stdout]    |
[INFO] [stdout] 
[INFO] [stdout] 
[INFO] [stdout] warning: unused doc comment
[INFO] [stdout]   --> watcher/src/unix/mod.rs:50:1
[INFO] [stdout]    |
[INFO] [stdout] 50 |   /// Bindings for the functions for inotify
[INFO] [stdout]    |   ^^^^^^^^^^^^^^^^^^^^^^^^^^^^^^^^^^^^^^^^^^
[INFO] [stdout] 51 | / extern "C" {
[INFO] [stdout] 52 | |     fn inotify_init() -> i32;
[INFO] [stdout] 53 | |     #[allow(improper_ctypes)]
[INFO] [stdout] 54 | |     fn inotify_add_watch(file_descriptor: i32, pathname: *const i8, mask: u32) -> i32;
[INFO] [stdout] ...  |
[INFO] [stdout] 57 | |     pub fn read(file_descriptor: i32, buffer: *mut u8, count: usize) -> i32;
[INFO] [stdout] 58 | | }
[INFO] [stdout]    | |_- rustdoc does not generate documentation for extern blocks
[INFO] [stdout]    |
[INFO] [stdout]    = help: use `//` for a plain comment
[INFO] [stdout]    = note: `#[warn(unused_doc_comments)]` on by default
[INFO] [stdout] 
[INFO] [stdout] 
[INFO] [stdout] warning: 2 warnings emitted
[INFO] [stdout] 
[INFO] [stdout] 
[INFO] [stderr]    Compiling quote v1.0.3
[INFO] [stderr]    Compiling bencode_derive v0.1.0 (/opt/rustwide/workdir/bencode_derive)
[INFO] [stderr]    Compiling torrent v0.1.0 (/opt/rustwide/workdir/torrent)
[INFO] [stderr]    Compiling mock v0.1.0 (/opt/rustwide/workdir/mock)
[INFO] [stderr]    Compiling runner v0.1.0 (/opt/rustwide/workdir/runner)
[INFO] [stderr]     Finished dev [unoptimized + debuginfo] target(s) in 3.40s
[INFO] running `Command { std: "docker" "inspect" "236569d511e74b76314e49e7aa74137424b765f499712d92ebc7b7c0172c0351", kill_on_drop: false }`
[INFO] running `Command { std: "docker" "rm" "-f" "236569d511e74b76314e49e7aa74137424b765f499712d92ebc7b7c0172c0351", kill_on_drop: false }`
[INFO] [stdout] 236569d511e74b76314e49e7aa74137424b765f499712d92ebc7b7c0172c0351
[INFO] running `Command { std: "docker" "create" "-v" "/var/lib/crater-agent-workspace/builds/worker-7-tc2/target:/opt/rustwide/target:rw,Z" "-v" "/var/lib/crater-agent-workspace/builds/worker-7-tc2/source:/opt/rustwide/workdir:ro,Z" "-v" "/var/lib/crater-agent-workspace/cargo-home:/opt/rustwide/cargo-home:ro,Z" "-v" "/var/lib/crater-agent-workspace/rustup-home:/opt/rustwide/rustup-home:ro,Z" "-e" "SOURCE_DIR=/opt/rustwide/workdir" "-e" "CARGO_TARGET_DIR=/opt/rustwide/target" "-e" "CARGO_INCREMENTAL=0" "-e" "RUST_BACKTRACE=full" "-e" "RUSTFLAGS=--cap-lints=warn" "-e" "RUSTDOCFLAGS=--cap-lints=warn" "-e" "CARGO_HOME=/opt/rustwide/cargo-home" "-e" "RUSTUP_HOME=/opt/rustwide/rustup-home" "-w" "/opt/rustwide/workdir" "-m" "1610612736" "--user" "0:0" "--network" "none" "ghcr.io/rust-lang/crates-build-env/linux@sha256:2788e3201cd34a07e3172128adcd8b3090168a8e3bcc40d7c032b9dda1df7d1c" "/opt/rustwide/cargo-home/bin/cargo" "+beta-2023-12-22" "test" "--frozen" "--no-run" "--message-format=json", kill_on_drop: false }`
[INFO] [stdout] 048d329115e516cc27d45198595694f71e707a1937488209351186441e2a212f
[INFO] running `Command { std: "docker" "start" "-a" "048d329115e516cc27d45198595694f71e707a1937488209351186441e2a212f", kill_on_drop: false }`
[INFO] [stderr]    Compiling http v0.1.0 (/opt/rustwide/workdir/http)
[INFO] [stdout] warning: unnecessary parentheses around assigned value
[INFO] [stdout]   --> watcher/src/unix/mod.rs:10:27
[INFO] [stdout]    |
[INFO] [stdout] 10 | pub const IN_MOVED: u32 = (IN_MOVED_FROM | IN_MOVED_TO);
[INFO] [stdout]    |                           ^                           ^
[INFO] [stdout]    |
[INFO] [stdout]    = note: `#[warn(unused_parens)]` on by default
[INFO] [stdout] help: remove these parentheses
[INFO] [stdout]    |
[INFO] [stdout] 10 - pub const IN_MOVED: u32 = (IN_MOVED_FROM | IN_MOVED_TO);
[INFO] [stdout] 10 + pub const IN_MOVED: u32 = IN_MOVED_FROM | IN_MOVED_TO;
[INFO] [stdout]    |
[INFO] [stdout] 
[INFO] [stdout] 
[INFO] [stderr]    Compiling rand v0.1.0 (/opt/rustwide/workdir/rand)
[INFO] [stdout] warning: unused doc comment
[INFO] [stdout]   --> watcher/src/unix/mod.rs:50:1
[INFO] [stdout]    |
[INFO] [stdout] 50 |   /// Bindings for the functions for inotify
[INFO] [stdout]    |   ^^^^^^^^^^^^^^^^^^^^^^^^^^^^^^^^^^^^^^^^^^
[INFO] [stdout] 51 | / extern "C" {
[INFO] [stdout] 52 | |     fn inotify_init() -> i32;
[INFO] [stdout] 53 | |     #[allow(improper_ctypes)]
[INFO] [stdout] 54 | |     fn inotify_add_watch(file_descriptor: i32, pathname: *const i8, mask: u32) -> i32;
[INFO] [stdout] ...  |
[INFO] [stdout] 57 | |     pub fn read(file_descriptor: i32, buffer: *mut u8, count: usize) -> i32;
[INFO] [stdout] 58 | | }
[INFO] [stdout]    | |_- rustdoc does not generate documentation for extern blocks
[INFO] [stdout]    |
[INFO] [stdout]    = help: use `//` for a plain comment
[INFO] [stdout]    = note: `#[warn(unused_doc_comments)]` on by default
[INFO] [stdout] 
[INFO] [stdout] 
[INFO] [stderr]    Compiling bencode v0.1.0 (/opt/rustwide/workdir/bencode)
[INFO] [stdout] warning: 2 warnings emitted
[INFO] [stdout] 
[INFO] [stdout] 
[INFO] [stderr]    Compiling sha1 v0.1.0 (/opt/rustwide/workdir/sha1)
[INFO] [stderr]    Compiling directories v0.1.0 (/opt/rustwide/workdir/directories)
[INFO] [stderr]    Compiling watcher v0.1.0 (/opt/rustwide/workdir/watcher)
[INFO] [stderr]    Compiling bencode_derive v0.1.0 (/opt/rustwide/workdir/bencode_derive)
[INFO] [stdout] warning: unnecessary parentheses around assigned value
[INFO] [stdout]   --> watcher/src/unix/mod.rs:10:27
[INFO] [stdout]    |
[INFO] [stdout] 10 | pub const IN_MOVED: u32 = (IN_MOVED_FROM | IN_MOVED_TO);
[INFO] [stdout]    |                           ^                           ^
[INFO] [stdout]    |
[INFO] [stdout]    = note: `#[warn(unused_parens)]` on by default
[INFO] [stdout] help: remove these parentheses
[INFO] [stdout]    |
[INFO] [stdout] 10 - pub const IN_MOVED: u32 = (IN_MOVED_FROM | IN_MOVED_TO);
[INFO] [stdout] 10 + pub const IN_MOVED: u32 = IN_MOVED_FROM | IN_MOVED_TO;
[INFO] [stdout]    |
[INFO] [stdout] 
[INFO] [stdout] 
[INFO] [stdout] warning: unused doc comment
[INFO] [stdout]   --> watcher/src/unix/mod.rs:50:1
[INFO] [stdout]    |
[INFO] [stdout] 50 |   /// Bindings for the functions for inotify
[INFO] [stdout]    |   ^^^^^^^^^^^^^^^^^^^^^^^^^^^^^^^^^^^^^^^^^^
[INFO] [stdout] 51 | / extern "C" {
[INFO] [stdout] 52 | |     fn inotify_init() -> i32;
[INFO] [stdout] 53 | |     #[allow(improper_ctypes)]
[INFO] [stdout] 54 | |     fn inotify_add_watch(file_descriptor: i32, pathname: *const i8, mask: u32) -> i32;
[INFO] [stdout] ...  |
[INFO] [stdout] 57 | |     pub fn read(file_descriptor: i32, buffer: *mut u8, count: usize) -> i32;
[INFO] [stdout] 58 | | }
[INFO] [stdout]    | |_- rustdoc does not generate documentation for extern blocks
[INFO] [stdout]    |
[INFO] [stdout]    = help: use `//` for a plain comment
[INFO] [stdout]    = note: `#[warn(unused_doc_comments)]` on by default
[INFO] [stdout] 
[INFO] [stdout] 
[INFO] [stderr]    Compiling torrent v0.1.0 (/opt/rustwide/workdir/torrent)
[INFO] [stdout] warning: 2 warnings emitted
[INFO] [stdout] 
[INFO] [stdout] 
[INFO] [stderr]    Compiling mock v0.1.0 (/opt/rustwide/workdir/mock)
[INFO] [stderr]    Compiling runner v0.1.0 (/opt/rustwide/workdir/runner)
[INFO] [stderr]     Finished test [unoptimized + debuginfo] target(s) in 1.17s
[INFO] running `Command { std: "docker" "inspect" "048d329115e516cc27d45198595694f71e707a1937488209351186441e2a212f", kill_on_drop: false }`
[INFO] running `Command { std: "docker" "rm" "-f" "048d329115e516cc27d45198595694f71e707a1937488209351186441e2a212f", kill_on_drop: false }`
[INFO] [stdout] 048d329115e516cc27d45198595694f71e707a1937488209351186441e2a212f
[INFO] running `Command { std: "docker" "create" "-v" "/var/lib/crater-agent-workspace/builds/worker-7-tc2/target:/opt/rustwide/target:rw,Z" "-v" "/var/lib/crater-agent-workspace/builds/worker-7-tc2/source:/opt/rustwide/workdir:ro,Z" "-v" "/var/lib/crater-agent-workspace/cargo-home:/opt/rustwide/cargo-home:ro,Z" "-v" "/var/lib/crater-agent-workspace/rustup-home:/opt/rustwide/rustup-home:ro,Z" "-e" "SOURCE_DIR=/opt/rustwide/workdir" "-e" "CARGO_TARGET_DIR=/opt/rustwide/target" "-e" "CARGO_INCREMENTAL=0" "-e" "RUST_BACKTRACE=full" "-e" "RUSTFLAGS=--cap-lints=warn" "-e" "RUSTDOCFLAGS=--cap-lints=warn" "-e" "CARGO_HOME=/opt/rustwide/cargo-home" "-e" "RUSTUP_HOME=/opt/rustwide/rustup-home" "-w" "/opt/rustwide/workdir" "-m" "1610612736" "--user" "0:0" "--network" "none" "ghcr.io/rust-lang/crates-build-env/linux@sha256:2788e3201cd34a07e3172128adcd8b3090168a8e3bcc40d7c032b9dda1df7d1c" "/opt/rustwide/cargo-home/bin/cargo" "+beta-2023-12-22" "test" "--frozen", kill_on_drop: false }`
[INFO] [stdout] 4a5dabd58c40fe12be43fb03450bf49d4605449f6e1b0cd0d74fbadafc6063f1
[INFO] running `Command { std: "docker" "start" "-a" "4a5dabd58c40fe12be43fb03450bf49d4605449f6e1b0cd0d74fbadafc6063f1", kill_on_drop: false }`
[INFO] [stderr] warning: unnecessary parentheses around assigned value
[INFO] [stderr]   --> watcher/src/unix/mod.rs:10:27
[INFO] [stderr]    |
[INFO] [stderr] 10 | pub const IN_MOVED: u32 = (IN_MOVED_FROM | IN_MOVED_TO);
[INFO] [stderr]    |                           ^                           ^
[INFO] [stderr]    |
[INFO] [stderr]    = note: `#[warn(unused_parens)]` on by default
[INFO] [stderr] help: remove these parentheses
[INFO] [stderr]    |
[INFO] [stderr] 10 - pub const IN_MOVED: u32 = (IN_MOVED_FROM | IN_MOVED_TO);
[INFO] [stderr] 10 + pub const IN_MOVED: u32 = IN_MOVED_FROM | IN_MOVED_TO;
[INFO] [stderr]    |
[INFO] [stderr] 
[INFO] [stderr] warning: unused doc comment
[INFO] [stderr]   --> watcher/src/unix/mod.rs:50:1
[INFO] [stderr]    |
[INFO] [stderr] 50 |   /// Bindings for the functions for inotify
[INFO] [stderr]    |   ^^^^^^^^^^^^^^^^^^^^^^^^^^^^^^^^^^^^^^^^^^
[INFO] [stderr] 51 | / extern "C" {
[INFO] [stderr] 52 | |     fn inotify_init() -> i32;
[INFO] [stderr] 53 | |     #[allow(improper_ctypes)]
[INFO] [stderr] 54 | |     fn inotify_add_watch(file_descriptor: i32, pathname: *const i8, mask: u32) -> i32;
[INFO] [stderr] ...  |
[INFO] [stderr] 57 | |     pub fn read(file_descriptor: i32, buffer: *mut u8, count: usize) -> i32;
[INFO] [stderr] 58 | | }
[INFO] [stderr]    | |_- rustdoc does not generate documentation for extern blocks
[INFO] [stderr]    |
[INFO] [stderr]    = help: use `//` for a plain comment
[INFO] [stderr]    = note: `#[warn(unused_doc_comments)]` on by default
[INFO] [stderr] 
[INFO] [stderr] warning: `watcher` (lib) generated 2 warnings (run `cargo fix --lib -p watcher` to apply 1 suggestion)
[INFO] [stderr] warning: `watcher` (lib test) generated 2 warnings (2 duplicates)
[INFO] [stderr]     Finished test [unoptimized + debuginfo] target(s) in 0.01s
[INFO] [stderr]      Running unittests src/lib.rs (/opt/rustwide/target/debug/deps/bencode-d410d9204097ff03)
[INFO] [stdout] 
[INFO] [stdout] running 14 tests
[INFO] [stdout] test tests::read_dictionary_suceeds_with_valid ... ok
[INFO] [stdout] test tests::read_dictionary_fails_with_non_string_keys ... ok
[INFO] [stdout] test tests::read_integer_fails_without_terminator ... ok
[INFO] [stdout] test tests::read_integer_fails_non_numeric ... ok
[INFO] [stdout] test tests::read_integer_reads_integer ... ok
[INFO] [stdout] test tests::read_integer_reads_negative_integer ... ok
[INFO] [stdout] test tests::read_list_fails_on_unknown ... ok
[INFO] [stdout] test tests::load_bencoded ... ok
[INFO] [stdout] test tests::read_list_loads_empty ... ok
[INFO] [stdout] test tests::read_list_loads_list ... ok
[INFO] [stdout] test tests::read_string_fails_with_eof ... ok
[INFO] [stdout] test tests::read_string_fails_without_colon ... ok
[INFO] [stdout] test tests::read_string_succeeds_single_digit ... ok
[INFO] [stdout] test tests::read_string_suceeds_double_digit ... ok
[INFO] [stdout] 
[INFO] [stdout] test result: ok. 14 passed; 0 failed; 0 ignored; 0 measured; 0 filtered out; finished in 0.00s
[INFO] [stdout] 
[INFO] [stderr]      Running unittests src/lib.rs (/opt/rustwide/target/debug/deps/bencode_derive-88656dd58299c4ee)
[INFO] [stdout] 
[INFO] [stdout] running 0 tests
[INFO] [stdout] 
[INFO] [stdout] test result: ok. 0 passed; 0 failed; 0 ignored; 0 measured; 0 filtered out; finished in 0.00s
[INFO] [stdout] 
[INFO] [stderr]      Running unittests src/lib.rs (/opt/rustwide/target/debug/deps/directories-fa8d34c354c59bf7)
[INFO] [stdout] 
[INFO] [stdout] running 3 tests
[INFO] [stdout] test tests::must_exist_fails_on_file ... FAILED
[INFO] [stdout] test tests::must_exist_suceeds_with_existing ... FAILED
[INFO] [stdout] test tests::must_exist_creates_if_able ... FAILED
[INFO] [stdout] 
[INFO] [stdout] failures:
[INFO] [stdout] 
[INFO] [stdout] ---- tests::must_exist_fails_on_file stdout ----
[INFO] [stdout] Error: Os { code: 30, kind: ReadOnlyFilesystem, message: "Read-only file system" }
[INFO] [stdout] 
[INFO] [stdout] ---- tests::must_exist_suceeds_with_existing stdout ----
[INFO] [stdout] Error: Os { code: 30, kind: ReadOnlyFilesystem, message: "Read-only file system" }
[INFO] [stdout] 
[INFO] [stdout] ---- tests::must_exist_creates_if_able stdout ----
[INFO] [stdout] thread 'tests::must_exist_creates_if_able' panicked at directories/src/tests.rs:26:9:
[INFO] [stdout] Dir was not created
[INFO] [stdout] stack backtrace:
[INFO] [stdout]    0:     0x55ed9965d956 - std::backtrace_rs::backtrace::libunwind::trace::h261606ad26a499c1
[INFO] [stdout]                                at /rustc/0e09125c6c3c2fd70d7de961bcf0e51575235fad/library/std/src/../../backtrace/src/backtrace/libunwind.rs:104:5
[INFO] [stdout]    1:     0x55ed9965d956 - std::backtrace_rs::backtrace::trace_unsynchronized::hd183f0625477fb28
[INFO] [stdout]                                at /rustc/0e09125c6c3c2fd70d7de961bcf0e51575235fad/library/std/src/../../backtrace/src/backtrace/mod.rs:66:5
[INFO] [stdout]    2:     0x55ed9965d956 - std::sys_common::backtrace::_print_fmt::hd7f8fef21b4eda67
[INFO] [stdout]                                at /rustc/0e09125c6c3c2fd70d7de961bcf0e51575235fad/library/std/src/sys_common/backtrace.rs:68:5
[INFO] [stdout]    3:     0x55ed9965d956 - <std::sys_common::backtrace::_print::DisplayBacktrace as core::fmt::Display>::fmt::h623d9b51f2f453f1
[INFO] [stdout]                                at /rustc/0e09125c6c3c2fd70d7de961bcf0e51575235fad/library/std/src/sys_common/backtrace.rs:44:22
[INFO] [stdout]    4:     0x55ed99686900 - core::fmt::rt::Argument::fmt::h9f417ac76a86f368
[INFO] [stdout]                                at /rustc/0e09125c6c3c2fd70d7de961bcf0e51575235fad/library/core/src/fmt/rt.rs:142:9
[INFO] [stdout]    5:     0x55ed99686900 - core::fmt::write::hc9b6faf4ac2aeff7
[INFO] [stdout]                                at /rustc/0e09125c6c3c2fd70d7de961bcf0e51575235fad/library/core/src/fmt/mod.rs:1120:17
[INFO] [stdout]    6:     0x55ed9965b35f - std::io::Write::write_fmt::he04625a3a989fec3
[INFO] [stdout]                                at /rustc/0e09125c6c3c2fd70d7de961bcf0e51575235fad/library/std/src/io/mod.rs:1810:15
[INFO] [stdout]    7:     0x55ed9965d734 - std::sys_common::backtrace::_print::hd5d66399c7df88a2
[INFO] [stdout]                                at /rustc/0e09125c6c3c2fd70d7de961bcf0e51575235fad/library/std/src/sys_common/backtrace.rs:47:5
[INFO] [stdout]    8:     0x55ed9965d734 - std::sys_common::backtrace::print::he81ed2da642d37e5
[INFO] [stdout]                                at /rustc/0e09125c6c3c2fd70d7de961bcf0e51575235fad/library/std/src/sys_common/backtrace.rs:34:9
[INFO] [stdout]    9:     0x55ed9965f4a7 - std::panicking::default_hook::{{closure}}::h85773f4fa117163d
[INFO] [stdout]   10:     0x55ed9965f18d - std::panicking::default_hook::h6a1694a91d09b278
[INFO] [stdout]                                at /rustc/0e09125c6c3c2fd70d7de961bcf0e51575235fad/library/std/src/panicking.rs:289:9
[INFO] [stdout]   11:     0x55ed9962ed47 - <alloc::boxed::Box<F,A> as core::ops::function::Fn<Args>>::call::h616ac37fa3cd6c8f
[INFO] [stdout]                                at /rustc/0e09125c6c3c2fd70d7de961bcf0e51575235fad/library/alloc/src/boxed.rs:2029:9
[INFO] [stdout]   12:     0x55ed9962ed47 - test::test_main::{{closure}}::h00d84697cefdcbb6
[INFO] [stdout]                                at /rustc/0e09125c6c3c2fd70d7de961bcf0e51575235fad/library/test/src/lib.rs:138:21
[INFO] [stdout]   13:     0x55ed9965fac6 - <alloc::boxed::Box<F,A> as core::ops::function::Fn<Args>>::call::hcb3fe3b9bb537ba8
[INFO] [stdout]                                at /rustc/0e09125c6c3c2fd70d7de961bcf0e51575235fad/library/alloc/src/boxed.rs:2029:9
[INFO] [stdout]   14:     0x55ed9965fac6 - std::panicking::rust_panic_with_hook::h0a7ad96e90f7145b
[INFO] [stdout]                                at /rustc/0e09125c6c3c2fd70d7de961bcf0e51575235fad/library/std/src/panicking.rs:783:13
[INFO] [stdout]   15:     0x55ed995f85a8 - std::panicking::begin_panic::{{closure}}::h2a6920b2a7125801
[INFO] [stdout]                                at /rustc/0e09125c6c3c2fd70d7de961bcf0e51575235fad/library/std/src/panicking.rs:687:9
[INFO] [stdout]   16:     0x55ed995f7766 - std::sys_common::backtrace::__rust_end_short_backtrace::h107cd8591248704d
[INFO] [stdout]                                at /rustc/0e09125c6c3c2fd70d7de961bcf0e51575235fad/library/std/src/sys_common/backtrace.rs:171:18
[INFO] [stdout]   17:     0x55ed995f8523 - std::panicking::begin_panic::h5d4cb5e16cc83dfc
[INFO] [stdout]                                at /rustc/0e09125c6c3c2fd70d7de961bcf0e51575235fad/library/std/src/panicking.rs:686:12
[INFO] [stdout]   18:     0x55ed995fa153 - directories::tests::must_exist_creates_if_able::h3b8d226fbea0bba1
[INFO] [stdout]                                at /opt/rustwide/workdir/directories/src/tests.rs:26:9
[INFO] [stdout]   19:     0x55ed995fa0a7 - directories::tests::must_exist_creates_if_able::{{closure}}::hcf4f92c55c2257de
[INFO] [stdout]                                at /opt/rustwide/workdir/directories/src/tests.rs:18:36
[INFO] [stdout]   20:     0x55ed995f87f6 - core::ops::function::FnOnce::call_once::hc65b7fda12bcc039
[INFO] [stdout]                                at /rustc/0e09125c6c3c2fd70d7de961bcf0e51575235fad/library/core/src/ops/function.rs:250:5
[INFO] [stdout]   21:     0x55ed9963461f - core::ops::function::FnOnce::call_once::hd64d26f405258157
[INFO] [stdout]                                at /rustc/0e09125c6c3c2fd70d7de961bcf0e51575235fad/library/core/src/ops/function.rs:250:5
[INFO] [stdout]   22:     0x55ed9963461f - test::__rust_begin_short_backtrace::he21b0b7a6d731bf9
[INFO] [stdout]                                at /rustc/0e09125c6c3c2fd70d7de961bcf0e51575235fad/library/test/src/lib.rs:627:18
[INFO] [stdout]   23:     0x55ed996333a1 - test::run_test_in_process::{{closure}}::hf5c73986d7bdfde2
[INFO] [stdout]                                at /rustc/0e09125c6c3c2fd70d7de961bcf0e51575235fad/library/test/src/lib.rs:650:60
[INFO] [stdout]   24:     0x55ed996333a1 - <core::panic::unwind_safe::AssertUnwindSafe<F> as core::ops::function::FnOnce<()>>::call_once::h330011ad032aadc0
[INFO] [stdout]                                at /rustc/0e09125c6c3c2fd70d7de961bcf0e51575235fad/library/core/src/panic/unwind_safe.rs:272:9
[INFO] [stdout]   25:     0x55ed996333a1 - std::panicking::try::do_call::he61b0a958b795a41
[INFO] [stdout]                                at /rustc/0e09125c6c3c2fd70d7de961bcf0e51575235fad/library/std/src/panicking.rs:552:40
[INFO] [stdout]   26:     0x55ed996333a1 - std::panicking::try::h7309da130f906eb7
[INFO] [stdout]                                at /rustc/0e09125c6c3c2fd70d7de961bcf0e51575235fad/library/std/src/panicking.rs:516:19
[INFO] [stdout]   27:     0x55ed996333a1 - std::panic::catch_unwind::hc5c3a06fdaf0a92a
[INFO] [stdout]                                at /rustc/0e09125c6c3c2fd70d7de961bcf0e51575235fad/library/std/src/panic.rs:142:14
[INFO] [stdout]   28:     0x55ed996333a1 - test::run_test_in_process::h7e7b7c71c3324e0f
[INFO] [stdout]                                at /rustc/0e09125c6c3c2fd70d7de961bcf0e51575235fad/library/test/src/lib.rs:650:27
[INFO] [stdout]   29:     0x55ed996333a1 - test::run_test::{{closure}}::h1f509f28f5cf20b1
[INFO] [stdout]                                at /rustc/0e09125c6c3c2fd70d7de961bcf0e51575235fad/library/test/src/lib.rs:573:43
[INFO] [stdout]   30:     0x55ed995fa6d6 - test::run_test::{{closure}}::h1754218abf443f6d
[INFO] [stdout]                                at /rustc/0e09125c6c3c2fd70d7de961bcf0e51575235fad/library/test/src/lib.rs:601:41
[INFO] [stdout]   31:     0x55ed995fa6d6 - std::sys_common::backtrace::__rust_begin_short_backtrace::h2ee174b9d5954948
[INFO] [stdout]                                at /rustc/0e09125c6c3c2fd70d7de961bcf0e51575235fad/library/std/src/sys_common/backtrace.rs:155:18
[INFO] [stdout]   32:     0x55ed995ff737 - std::thread::Builder::spawn_unchecked_::{{closure}}::{{closure}}::hf60bee9c1a17ef09
[INFO] [stdout]                                at /rustc/0e09125c6c3c2fd70d7de961bcf0e51575235fad/library/std/src/thread/mod.rs:529:17
[INFO] [stdout]   33:     0x55ed995ff737 - <core::panic::unwind_safe::AssertUnwindSafe<F> as core::ops::function::FnOnce<()>>::call_once::h33d0dddec5216160
[INFO] [stdout]                                at /rustc/0e09125c6c3c2fd70d7de961bcf0e51575235fad/library/core/src/panic/unwind_safe.rs:272:9
[INFO] [stdout]   34:     0x55ed995ff737 - std::panicking::try::do_call::h144b3048b546f835
[INFO] [stdout]                                at /rustc/0e09125c6c3c2fd70d7de961bcf0e51575235fad/library/std/src/panicking.rs:552:40
[INFO] [stdout]   35:     0x55ed995ff737 - std::panicking::try::h978244d04646189f
[INFO] [stdout]                                at /rustc/0e09125c6c3c2fd70d7de961bcf0e51575235fad/library/std/src/panicking.rs:516:19
[INFO] [stdout]   36:     0x55ed995ff737 - std::panic::catch_unwind::hdf436369d188fe86
[INFO] [stdout]                                at /rustc/0e09125c6c3c2fd70d7de961bcf0e51575235fad/library/std/src/panic.rs:142:14
[INFO] [stdout]   37:     0x55ed995ff737 - std::thread::Builder::spawn_unchecked_::{{closure}}::h87329cbdd33c79ec
[INFO] [stdout]                                at /rustc/0e09125c6c3c2fd70d7de961bcf0e51575235fad/library/std/src/thread/mod.rs:528:30
[INFO] [stdout]   38:     0x55ed995ff737 - core::ops::function::FnOnce::call_once{{vtable.shim}}::h401abbe67897d450
[INFO] [stdout]                                at /rustc/0e09125c6c3c2fd70d7de961bcf0e51575235fad/library/core/src/ops/function.rs:250:5
[INFO] [stdout]   39:     0x55ed996646d5 - <alloc::boxed::Box<F,A> as core::ops::function::FnOnce<Args>>::call_once::h5d7c8f150ab9c84c
[INFO] [stdout]                                at /rustc/0e09125c6c3c2fd70d7de961bcf0e51575235fad/library/alloc/src/boxed.rs:2015:9
[INFO] [stdout]   40:     0x55ed996646d5 - <alloc::boxed::Box<F,A> as core::ops::function::FnOnce<Args>>::call_once::h570d5b005c242c15
[INFO] [stdout]                                at /rustc/0e09125c6c3c2fd70d7de961bcf0e51575235fad/library/alloc/src/boxed.rs:2015:9
[INFO] [stdout]   41:     0x55ed996646d5 - std::sys::unix::thread::Thread::new::thread_start::h36b0a20c0b2361ad
[INFO] [stdout]                                at /rustc/0e09125c6c3c2fd70d7de961bcf0e51575235fad/library/std/src/sys/unix/thread.rs:108:17
[INFO] [stdout]   42:     0x7f4fbcc3bac3 - <unknown>
[INFO] [stdout]   43:     0x7f4fbccccbf4 - __clone
[INFO] [stdout]   44:                0x0 - <unknown>
[INFO] [stdout] 
[INFO] [stdout] 
[INFO] [stdout] failures:
[INFO] [stdout]     tests::must_exist_creates_if_able
[INFO] [stdout]     tests::must_exist_fails_on_file
[INFO] [stdout]     tests::must_exist_suceeds_with_existing
[INFO] [stdout] 
[INFO] [stdout] test result: FAILED. 0 passed; 3 failed; 0 ignored; 0 measured; 0 filtered out; finished in 0.01s
[INFO] [stdout] 
[INFO] [stderr] error: test failed, to rerun pass `-p directories --lib`
[INFO] running `Command { std: "docker" "inspect" "4a5dabd58c40fe12be43fb03450bf49d4605449f6e1b0cd0d74fbadafc6063f1", kill_on_drop: false }`
[INFO] running `Command { std: "docker" "rm" "-f" "4a5dabd58c40fe12be43fb03450bf49d4605449f6e1b0cd0d74fbadafc6063f1", kill_on_drop: false }`
[INFO] [stdout] 4a5dabd58c40fe12be43fb03450bf49d4605449f6e1b0cd0d74fbadafc6063f1
