[INFO] cloning repository https://github.com/zhooda/rusty-iconz
[INFO] running `Command { std: "git" "-c" "credential.helper=" "-c" "credential.helper=/workspace/cargo-home/bin/git-credential-null" "clone" "--bare" "https://github.com/zhooda/rusty-iconz" "/workspace/cache/git-repos/https%3A%2F%2Fgithub.com%2Fzhooda%2Frusty-iconz", kill_on_drop: false }`
[INFO] [stderr] Cloning into bare repository '/workspace/cache/git-repos/https%3A%2F%2Fgithub.com%2Fzhooda%2Frusty-iconz'...
[INFO] running `Command { std: "git" "rev-parse" "HEAD", kill_on_drop: false }`
[INFO] [stdout] 27a6f73c88ccfcc3d7a76d4d9f85fecc6a5c30d3
[INFO] testing zhooda/rusty-iconz against 1.75.0 for beta-1.76-1
[INFO] running `Command { std: "git" "clone" "/workspace/cache/git-repos/https%3A%2F%2Fgithub.com%2Fzhooda%2Frusty-iconz" "/workspace/builds/worker-5-tc1/source", kill_on_drop: false }`
[INFO] [stderr] Cloning into '/workspace/builds/worker-5-tc1/source'...
[INFO] [stderr] done.
[INFO] validating manifest of git repo https://github.com/zhooda/rusty-iconz on toolchain 1.75.0
[INFO] running `Command { std: CARGO_HOME="/workspace/cargo-home" RUSTUP_HOME="/workspace/rustup-home" "/workspace/cargo-home/bin/cargo" "+1.75.0" "metadata" "--manifest-path" "Cargo.toml" "--no-deps", kill_on_drop: false }`
[INFO] started tweaking git repo https://github.com/zhooda/rusty-iconz
[INFO] finished tweaking git repo https://github.com/zhooda/rusty-iconz
[INFO] tweaked toml for git repo https://github.com/zhooda/rusty-iconz written to /workspace/builds/worker-5-tc1/source/Cargo.toml
[INFO] crate git repo https://github.com/zhooda/rusty-iconz already has a lockfile, it will not be regenerated
[INFO] running `Command { std: CARGO_HOME="/workspace/cargo-home" RUSTUP_HOME="/workspace/rustup-home" "/workspace/cargo-home/bin/cargo" "+1.75.0" "fetch" "--manifest-path" "Cargo.toml", kill_on_drop: false }`
[INFO] running `Command { std: "docker" "create" "-v" "/var/lib/crater-agent-workspace/builds/worker-5-tc1/target:/opt/rustwide/target:rw,Z" "-v" "/var/lib/crater-agent-workspace/builds/worker-5-tc1/source:/opt/rustwide/workdir:ro,Z" "-v" "/var/lib/crater-agent-workspace/cargo-home:/opt/rustwide/cargo-home:ro,Z" "-v" "/var/lib/crater-agent-workspace/rustup-home:/opt/rustwide/rustup-home:ro,Z" "-e" "SOURCE_DIR=/opt/rustwide/workdir" "-e" "CARGO_TARGET_DIR=/opt/rustwide/target" "-e" "CARGO_HOME=/opt/rustwide/cargo-home" "-e" "RUSTUP_HOME=/opt/rustwide/rustup-home" "-w" "/opt/rustwide/workdir" "-m" "1610612736" "--user" "0:0" "--network" "none" "ghcr.io/rust-lang/crates-build-env/linux@sha256:2788e3201cd34a07e3172128adcd8b3090168a8e3bcc40d7c032b9dda1df7d1c" "/opt/rustwide/cargo-home/bin/cargo" "+1.75.0" "metadata" "--no-deps" "--format-version=1", kill_on_drop: false }`
[INFO] [stdout] 8269a8b39d1eb3329c16af394b9f95cdb926c1aecc23adf29d1d18d37f4e907e
[INFO] running `Command { std: "docker" "start" "-a" "8269a8b39d1eb3329c16af394b9f95cdb926c1aecc23adf29d1d18d37f4e907e", kill_on_drop: false }`
[INFO] running `Command { std: "docker" "inspect" "8269a8b39d1eb3329c16af394b9f95cdb926c1aecc23adf29d1d18d37f4e907e", kill_on_drop: false }`
[INFO] running `Command { std: "docker" "rm" "-f" "8269a8b39d1eb3329c16af394b9f95cdb926c1aecc23adf29d1d18d37f4e907e", kill_on_drop: false }`
[INFO] [stdout] 8269a8b39d1eb3329c16af394b9f95cdb926c1aecc23adf29d1d18d37f4e907e
[INFO] running `Command { std: "docker" "create" "-v" "/var/lib/crater-agent-workspace/builds/worker-5-tc1/target:/opt/rustwide/target:rw,Z" "-v" "/var/lib/crater-agent-workspace/builds/worker-5-tc1/source:/opt/rustwide/workdir:ro,Z" "-v" "/var/lib/crater-agent-workspace/cargo-home:/opt/rustwide/cargo-home:ro,Z" "-v" "/var/lib/crater-agent-workspace/rustup-home:/opt/rustwide/rustup-home:ro,Z" "-e" "SOURCE_DIR=/opt/rustwide/workdir" "-e" "CARGO_TARGET_DIR=/opt/rustwide/target" "-e" "CARGO_INCREMENTAL=0" "-e" "RUST_BACKTRACE=full" "-e" "RUSTFLAGS=--cap-lints=warn" "-e" "RUSTDOCFLAGS=--cap-lints=warn" "-e" "CARGO_HOME=/opt/rustwide/cargo-home" "-e" "RUSTUP_HOME=/opt/rustwide/rustup-home" "-w" "/opt/rustwide/workdir" "-m" "1610612736" "--user" "0:0" "--network" "none" "ghcr.io/rust-lang/crates-build-env/linux@sha256:2788e3201cd34a07e3172128adcd8b3090168a8e3bcc40d7c032b9dda1df7d1c" "/opt/rustwide/cargo-home/bin/cargo" "+1.75.0" "build" "--frozen" "--message-format=json", kill_on_drop: false }`
[INFO] [stdout] 24c6b8183414c131220cc31157985af908f52aa94d6e71c0efd74871d779bfff
[INFO] running `Command { std: "docker" "start" "-a" "24c6b8183414c131220cc31157985af908f52aa94d6e71c0efd74871d779bfff", kill_on_drop: false }`
[INFO] [stderr]    Compiling autocfg v1.0.0
[INFO] [stderr]    Compiling libc v0.2.71
[INFO] [stderr]    Compiling cfg-if v0.1.10
[INFO] [stderr]    Compiling lazy_static v1.4.0
[INFO] [stderr]    Compiling maybe-uninit v2.0.0
[INFO] [stderr]    Compiling proc-macro2 v1.0.18
[INFO] [stderr]    Compiling byteorder v1.3.4
[INFO] [stderr]    Compiling unicode-xid v0.2.0
[INFO] [stderr]    Compiling scopeguard v1.1.0
[INFO] [stderr]    Compiling adler32 v1.0.4
[INFO] [stderr]    Compiling bitflags v1.2.1
[INFO] [stderr]    Compiling proc-macro2 v0.4.30
[INFO] [stderr]    Compiling rayon-core v1.7.0
[INFO] [stderr]    Compiling crossbeam-utils v0.7.2
[INFO] [stderr]    Compiling memoffset v0.5.4
[INFO] [stderr]    Compiling crossbeam-epoch v0.8.2
[INFO] [stderr]    Compiling num-traits v0.2.11
[INFO] [stderr]    Compiling num-integer v0.1.42
[INFO] [stderr]    Compiling unicode-xid v0.1.0
[INFO] [stderr]    Compiling syn v1.0.31
[INFO] [stderr]    Compiling quote v1.0.7
[INFO] [stderr]    Compiling crossbeam-queue v0.2.2
[INFO] [stderr]    Compiling num_cpus v1.13.0
[INFO] [stderr]    Compiling syn v0.15.44
[INFO] [stderr]    Compiling crc32fast v1.2.0
[INFO] [stderr]    Compiling crossbeam-deque v0.7.3
[INFO] [stderr]    Compiling quote v0.6.13
[INFO] [stderr]    Compiling atty v0.2.14
[INFO] [stderr]    Compiling num-iter v0.1.40
[INFO] [stderr]    Compiling num-rational v0.2.4
[INFO] [stderr]    Compiling either v1.5.3
[INFO] [stderr]    Compiling lzw v0.10.0
[INFO] [stderr]    Compiling unicode-width v0.1.7
[INFO] [stderr]    Compiling unicode-segmentation v1.6.0
[INFO] [stderr]    Compiling ryu v1.0.5
[INFO] [stderr]    Compiling serde v1.0.111
[INFO] [stderr]    Compiling rayon v1.3.0
[INFO] [stderr]    Compiling textwrap v0.11.0
[INFO] [stderr]    Compiling deflate v0.8.4
[INFO] [stderr]    Compiling heck v0.3.1
[INFO] [stderr]    Compiling miniz_oxide v0.3.6
[INFO] [stderr]    Compiling inflate v0.4.5
[INFO] [stderr]    Compiling color_quant v1.0.1
[INFO] [stderr]    Compiling ansi_term v0.11.0
[INFO] [stderr]    Compiling vec_map v0.8.2
[INFO] [stderr]    Compiling serde_json v1.0.55
[INFO] [stderr]    Compiling strsim v0.8.0
[INFO] [stderr]    Compiling tiff v0.4.0
[INFO] [stderr]    Compiling png v0.16.4
[INFO] [stderr]    Compiling clap v2.33.1
[INFO] [stderr]    Compiling gif v0.10.3
[INFO] [stderr]    Compiling itoa v0.4.5
[INFO] [stderr]    Compiling scoped_threadpool v0.1.9
[INFO] [stderr]    Compiling bytemuck v1.2.0
[INFO] [stderr]    Compiling colored v1.9.3
[INFO] [stderr]    Compiling structopt-derive v0.2.18
[INFO] [stderr]    Compiling jpeg-decoder v0.1.19
[INFO] [stderr]    Compiling serde_derive v1.0.111
[INFO] [stderr]    Compiling image v0.23.4
[INFO] [stderr]    Compiling structopt v0.2.18
[INFO] [stderr]    Compiling iconz v0.2.2 (/opt/rustwide/workdir)
[INFO] [stdout] warning: named argument `errmsg` is not used by name
[INFO] [stdout]   --> src/main.rs:30:54
[INFO] [stdout]    |
[INFO] [stdout] 30 |         eprintln!("{} The file path {} was invalid", errmsg=errmsg.red().bold(), src=source.clone().blue().underline());
[INFO] [stdout]    |                    --                                ^^^^^^ this named argument is referred to by position in formatting string
[INFO] [stdout]    |                    |
[INFO] [stdout]    |                    this formatting argument uses named argument `errmsg` by position
[INFO] [stdout]    |
[INFO] [stdout]    = note: `#[warn(named_arguments_used_positionally)]` on by default
[INFO] [stdout] help: use the named argument by name to avoid ambiguity
[INFO] [stdout]    |
[INFO] [stdout] 30 |         eprintln!("{errmsg} The file path {} was invalid", errmsg=errmsg.red().bold(), src=source.clone().blue().underline());
[INFO] [stdout]    |                     ++++++
[INFO] [stdout] 
[INFO] [stdout] 
[INFO] [stdout] warning: named argument `src` is not used by name
[INFO] [stdout]   --> src/main.rs:30:82
[INFO] [stdout]    |
[INFO] [stdout] 30 |         eprintln!("{} The file path {} was invalid", errmsg=errmsg.red().bold(), src=source.clone().blue().underline());
[INFO] [stdout]    |                                     --                                           ^^^ this named argument is referred to by position in formatting string
[INFO] [stdout]    |                                     |
[INFO] [stdout]    |                                     this formatting argument uses named argument `src` by position
[INFO] [stdout]    |
[INFO] [stdout] help: use the named argument by name to avoid ambiguity
[INFO] [stdout]    |
[INFO] [stdout] 30 |         eprintln!("{} The file path {src} was invalid", errmsg=errmsg.red().bold(), src=source.clone().blue().underline());
[INFO] [stdout]    |                                      +++
[INFO] [stdout] 
[INFO] [stdout] 
[INFO] [stdout] warning: found module declaration for lib.rs
[INFO] [stdout]  --> src/main.rs:7:1
[INFO] [stdout]   |
[INFO] [stdout] 7 | mod lib;
[INFO] [stdout]   | ^^^^^^^^
[INFO] [stdout]   |
[INFO] [stdout]   = note: lib.rs is the root of this crate's library target
[INFO] [stdout]   = help: to refer to it from other targets, use the library's name as the path
[INFO] [stdout]   = note: `#[warn(special_module_name)]` on by default
[INFO] [stdout] 
[INFO] [stdout] 
[INFO] [stdout] warning: 3 warnings emitted
[INFO] [stdout] 
[INFO] [stdout] 
[INFO] [stderr]     Finished dev [unoptimized + debuginfo] target(s) in 15.33s
[INFO] running `Command { std: "docker" "inspect" "24c6b8183414c131220cc31157985af908f52aa94d6e71c0efd74871d779bfff", kill_on_drop: false }`
[INFO] running `Command { std: "docker" "rm" "-f" "24c6b8183414c131220cc31157985af908f52aa94d6e71c0efd74871d779bfff", kill_on_drop: false }`
[INFO] [stdout] 24c6b8183414c131220cc31157985af908f52aa94d6e71c0efd74871d779bfff
[INFO] running `Command { std: "docker" "create" "-v" "/var/lib/crater-agent-workspace/builds/worker-5-tc1/target:/opt/rustwide/target:rw,Z" "-v" "/var/lib/crater-agent-workspace/builds/worker-5-tc1/source:/opt/rustwide/workdir:ro,Z" "-v" "/var/lib/crater-agent-workspace/cargo-home:/opt/rustwide/cargo-home:ro,Z" "-v" "/var/lib/crater-agent-workspace/rustup-home:/opt/rustwide/rustup-home:ro,Z" "-e" "SOURCE_DIR=/opt/rustwide/workdir" "-e" "CARGO_TARGET_DIR=/opt/rustwide/target" "-e" "CARGO_INCREMENTAL=0" "-e" "RUST_BACKTRACE=full" "-e" "RUSTFLAGS=--cap-lints=warn" "-e" "RUSTDOCFLAGS=--cap-lints=warn" "-e" "CARGO_HOME=/opt/rustwide/cargo-home" "-e" "RUSTUP_HOME=/opt/rustwide/rustup-home" "-w" "/opt/rustwide/workdir" "-m" "1610612736" "--user" "0:0" "--network" "none" "ghcr.io/rust-lang/crates-build-env/linux@sha256:2788e3201cd34a07e3172128adcd8b3090168a8e3bcc40d7c032b9dda1df7d1c" "/opt/rustwide/cargo-home/bin/cargo" "+1.75.0" "test" "--frozen" "--no-run" "--message-format=json", kill_on_drop: false }`
[INFO] [stdout] cd816809000a75c3989ad2718f8c99144a13eb76d35581998add7cf1522d0098
[INFO] running `Command { std: "docker" "start" "-a" "cd816809000a75c3989ad2718f8c99144a13eb76d35581998add7cf1522d0098", kill_on_drop: false }`
[INFO] [stderr]    Compiling iconz v0.2.2 (/opt/rustwide/workdir)
[INFO] [stdout] warning: named argument `errmsg` is not used by name
[INFO] [stdout]   --> src/main.rs:30:54
[INFO] [stdout]    |
[INFO] [stdout] 30 |         eprintln!("{} The file path {} was invalid", errmsg=errmsg.red().bold(), src=source.clone().blue().underline());
[INFO] [stdout]    |                    --                                ^^^^^^ this named argument is referred to by position in formatting string
[INFO] [stdout]    |                    |
[INFO] [stdout]    |                    this formatting argument uses named argument `errmsg` by position
[INFO] [stdout]    |
[INFO] [stdout]    = note: `#[warn(named_arguments_used_positionally)]` on by default
[INFO] [stdout] help: use the named argument by name to avoid ambiguity
[INFO] [stdout]    |
[INFO] [stdout] 30 |         eprintln!("{errmsg} The file path {} was invalid", errmsg=errmsg.red().bold(), src=source.clone().blue().underline());
[INFO] [stdout]    |                     ++++++
[INFO] [stdout] 
[INFO] [stdout] 
[INFO] [stdout] warning: named argument `src` is not used by name
[INFO] [stdout]   --> src/main.rs:30:82
[INFO] [stdout]    |
[INFO] [stdout] 30 |         eprintln!("{} The file path {} was invalid", errmsg=errmsg.red().bold(), src=source.clone().blue().underline());
[INFO] [stdout]    |                                     --                                           ^^^ this named argument is referred to by position in formatting string
[INFO] [stdout]    |                                     |
[INFO] [stdout]    |                                     this formatting argument uses named argument `src` by position
[INFO] [stdout]    |
[INFO] [stdout] help: use the named argument by name to avoid ambiguity
[INFO] [stdout]    |
[INFO] [stdout] 30 |         eprintln!("{} The file path {src} was invalid", errmsg=errmsg.red().bold(), src=source.clone().blue().underline());
[INFO] [stdout]    |                                      +++
[INFO] [stdout] 
[INFO] [stdout] 
[INFO] [stdout] warning: found module declaration for lib.rs
[INFO] [stdout]  --> src/main.rs:7:1
[INFO] [stdout]   |
[INFO] [stdout] 7 | mod lib;
[INFO] [stdout]   | ^^^^^^^^
[INFO] [stdout]   |
[INFO] [stdout]   = note: lib.rs is the root of this crate's library target
[INFO] [stdout]   = help: to refer to it from other targets, use the library's name as the path
[INFO] [stdout]   = note: `#[warn(special_module_name)]` on by default
[INFO] [stdout] 
[INFO] [stdout] 
[INFO] [stdout] warning: 3 warnings emitted
[INFO] [stdout] 
[INFO] [stdout] 
[INFO] [stderr]     Finished test [unoptimized + debuginfo] target(s) in 0.89s
[INFO] running `Command { std: "docker" "inspect" "cd816809000a75c3989ad2718f8c99144a13eb76d35581998add7cf1522d0098", kill_on_drop: false }`
[INFO] running `Command { std: "docker" "rm" "-f" "cd816809000a75c3989ad2718f8c99144a13eb76d35581998add7cf1522d0098", kill_on_drop: false }`
[INFO] [stdout] cd816809000a75c3989ad2718f8c99144a13eb76d35581998add7cf1522d0098
[INFO] running `Command { std: "docker" "create" "-v" "/var/lib/crater-agent-workspace/builds/worker-5-tc1/target:/opt/rustwide/target:rw,Z" "-v" "/var/lib/crater-agent-workspace/builds/worker-5-tc1/source:/opt/rustwide/workdir:ro,Z" "-v" "/var/lib/crater-agent-workspace/cargo-home:/opt/rustwide/cargo-home:ro,Z" "-v" "/var/lib/crater-agent-workspace/rustup-home:/opt/rustwide/rustup-home:ro,Z" "-e" "SOURCE_DIR=/opt/rustwide/workdir" "-e" "CARGO_TARGET_DIR=/opt/rustwide/target" "-e" "CARGO_INCREMENTAL=0" "-e" "RUST_BACKTRACE=full" "-e" "RUSTFLAGS=--cap-lints=warn" "-e" "RUSTDOCFLAGS=--cap-lints=warn" "-e" "CARGO_HOME=/opt/rustwide/cargo-home" "-e" "RUSTUP_HOME=/opt/rustwide/rustup-home" "-w" "/opt/rustwide/workdir" "-m" "1610612736" "--user" "0:0" "--network" "none" "ghcr.io/rust-lang/crates-build-env/linux@sha256:2788e3201cd34a07e3172128adcd8b3090168a8e3bcc40d7c032b9dda1df7d1c" "/opt/rustwide/cargo-home/bin/cargo" "+1.75.0" "test" "--frozen", kill_on_drop: false }`
[INFO] [stdout] 1e0ac3da785ab81b8791c60663d2424ee739abee4f74e5bf4402e93d80e2f9b9
[INFO] running `Command { std: "docker" "start" "-a" "1e0ac3da785ab81b8791c60663d2424ee739abee4f74e5bf4402e93d80e2f9b9", kill_on_drop: false }`
[INFO] [stderr] warning: named argument `errmsg` is not used by name
[INFO] [stderr]   --> src/main.rs:30:54
[INFO] [stderr]    |
[INFO] [stderr] 30 |         eprintln!("{} The file path {} was invalid", errmsg=errmsg.red().bold(), src=source.clone().blue().underline());
[INFO] [stderr]    |                    --                                ^^^^^^ this named argument is referred to by position in formatting string
[INFO] [stderr]    |                    |
[INFO] [stderr]    |                    this formatting argument uses named argument `errmsg` by position
[INFO] [stderr]    |
[INFO] [stderr]    = note: `#[warn(named_arguments_used_positionally)]` on by default
[INFO] [stderr] help: use the named argument by name to avoid ambiguity
[INFO] [stderr]    |
[INFO] [stderr] 30 |         eprintln!("{errmsg} The file path {} was invalid", errmsg=errmsg.red().bold(), src=source.clone().blue().underline());
[INFO] [stderr]    |                     ++++++
[INFO] [stderr] 
[INFO] [stderr] warning: named argument `src` is not used by name
[INFO] [stderr]   --> src/main.rs:30:82
[INFO] [stderr]    |
[INFO] [stderr] 30 |         eprintln!("{} The file path {} was invalid", errmsg=errmsg.red().bold(), src=source.clone().blue().underline());
[INFO] [stderr]    |                                     --                                           ^^^ this named argument is referred to by position in formatting string
[INFO] [stderr]    |                                     |
[INFO] [stderr]    |                                     this formatting argument uses named argument `src` by position
[INFO] [stderr]    |
[INFO] [stderr] help: use the named argument by name to avoid ambiguity
[INFO] [stderr]    |
[INFO] [stderr] 30 |         eprintln!("{} The file path {src} was invalid", errmsg=errmsg.red().bold(), src=source.clone().blue().underline());
[INFO] [stderr]    |                                      +++
[INFO] [stderr] 
[INFO] [stderr] warning: found module declaration for lib.rs
[INFO] [stderr]  --> src/main.rs:7:1
[INFO] [stderr]   |
[INFO] [stderr] 7 | mod lib;
[INFO] [stderr]   | ^^^^^^^^
[INFO] [stderr]   |
[INFO] [stderr]   = note: lib.rs is the root of this crate's library target
[INFO] [stderr]   = help: to refer to it from other targets, use the library's name as the path
[INFO] [stderr]   = note: `#[warn(special_module_name)]` on by default
[INFO] [stderr] 
[INFO] [stderr] warning: `iconz` (bin "iconz" test) generated 3 warnings
[INFO] [stderr]     Finished test [unoptimized + debuginfo] target(s) in 0.05s
[INFO] [stderr]      Running unittests src/lib.rs (/opt/rustwide/target/debug/deps/iconz-fbf2b53abbf4b151)
[INFO] [stdout] 
[INFO] [stdout] running 0 tests
[INFO] [stdout] 
[INFO] [stdout] test result: ok. 0 passed; 0 failed; 0 ignored; 0 measured; 0 filtered out; finished in 0.00s
[INFO] [stdout] 
[INFO] [stderr]      Running unittests src/main.rs (/opt/rustwide/target/debug/deps/iconz-f361e38158643134)
[INFO] [stdout] 
[INFO] [stdout] running 3 tests
[INFO] [stdout] test iconz_tests::test_buffer ... ok
[INFO] [stdout] test iconz_tests::test_name ... FAILED
[INFO] [stdout] test iconz_tests::test_resize ... FAILED
[INFO] [stdout] 
[INFO] [stdout] failures:
[INFO] [stdout] 
[INFO] [stdout] ---- iconz_tests::test_name stdout ----
[INFO] [stdout] thread 'iconz_tests::test_name' panicked at src/lib.rs:16:26:
[INFO] [stdout] Could not save file: IoError(Os { code: 30, kind: ReadOnlyFilesystem, message: "Read-only file system" })
[INFO] [stdout] stack backtrace:
[INFO] [stdout]    0:     0x55f1cd3d673c - std::backtrace_rs::backtrace::libunwind::trace::ha637c64ce894333a
[INFO] [stdout]                                at /rustc/82e1608dfa6e0b5569232559e3d385fea5a93112/library/std/src/../../backtrace/src/backtrace/libunwind.rs:104:5
[INFO] [stdout]    1:     0x55f1cd3d673c - std::backtrace_rs::backtrace::trace_unsynchronized::h47f62dea28e0c88d
[INFO] [stdout]                                at /rustc/82e1608dfa6e0b5569232559e3d385fea5a93112/library/std/src/../../backtrace/src/backtrace/mod.rs:66:5
[INFO] [stdout]    2:     0x55f1cd3d673c - std::sys_common::backtrace::_print_fmt::h9eef0abe20ede486
[INFO] [stdout]                                at /rustc/82e1608dfa6e0b5569232559e3d385fea5a93112/library/std/src/sys_common/backtrace.rs:67:5
[INFO] [stdout]    3:     0x55f1cd3d673c - <std::sys_common::backtrace::_print::DisplayBacktrace as core::fmt::Display>::fmt::hed7f999df88cc644
[INFO] [stdout]                                at /rustc/82e1608dfa6e0b5569232559e3d385fea5a93112/library/std/src/sys_common/backtrace.rs:44:22
[INFO] [stdout]    4:     0x55f1cd401380 - core::fmt::rt::Argument::fmt::h1539a9308b8d058d
[INFO] [stdout]                                at /rustc/82e1608dfa6e0b5569232559e3d385fea5a93112/library/core/src/fmt/rt.rs:142:9
[INFO] [stdout]    5:     0x55f1cd401380 - core::fmt::write::h3a39390d8560d9c9
[INFO] [stdout]                                at /rustc/82e1608dfa6e0b5569232559e3d385fea5a93112/library/core/src/fmt/mod.rs:1120:17
[INFO] [stdout]    6:     0x55f1cd3d3f3f - std::io::Write::write_fmt::h040b369f3a0f9cbc
[INFO] [stdout]                                at /rustc/82e1608dfa6e0b5569232559e3d385fea5a93112/library/std/src/io/mod.rs:1762:15
[INFO] [stdout]    7:     0x55f1cd3d6524 - std::sys_common::backtrace::_print::h894006fb5c6f3d45
[INFO] [stdout]                                at /rustc/82e1608dfa6e0b5569232559e3d385fea5a93112/library/std/src/sys_common/backtrace.rs:47:5
[INFO] [stdout]    8:     0x55f1cd3d6524 - std::sys_common::backtrace::print::h23a2d212c6fff936
[INFO] [stdout]                                at /rustc/82e1608dfa6e0b5569232559e3d385fea5a93112/library/std/src/sys_common/backtrace.rs:34:9
[INFO] [stdout]    9:     0x55f1cd3d81e7 - std::panicking::default_hook::{{closure}}::h8a1d2ee00185001a
[INFO] [stdout]   10:     0x55f1cd3d7ed3 - std::panicking::default_hook::h6038f2eba384e475
[INFO] [stdout]                                at /rustc/82e1608dfa6e0b5569232559e3d385fea5a93112/library/std/src/panicking.rs:289:9
[INFO] [stdout]   11:     0x55f1cd1297d7 - <alloc::boxed::Box<F,A> as core::ops::function::Fn<Args>>::call::h0ad024c9bdc6d768
[INFO] [stdout]                                at /rustc/82e1608dfa6e0b5569232559e3d385fea5a93112/library/alloc/src/boxed.rs:2021:9
[INFO] [stdout]   12:     0x55f1cd1297d7 - test::test_main::{{closure}}::h7500b54257359db6
[INFO] [stdout]                                at /rustc/82e1608dfa6e0b5569232559e3d385fea5a93112/library/test/src/lib.rs:138:21
[INFO] [stdout]   13:     0x55f1cd3d87f8 - <alloc::boxed::Box<F,A> as core::ops::function::Fn<Args>>::call::h1f8f335eaa9cfaee
[INFO] [stdout]                                at /rustc/82e1608dfa6e0b5569232559e3d385fea5a93112/library/alloc/src/boxed.rs:2021:9
[INFO] [stdout]   14:     0x55f1cd3d87f8 - std::panicking::rust_panic_with_hook::h2b5517d590cab22e
[INFO] [stdout]                                at /rustc/82e1608dfa6e0b5569232559e3d385fea5a93112/library/std/src/panicking.rs:783:13
[INFO] [stdout]   15:     0x55f1cd3d854e - std::panicking::begin_panic_handler::{{closure}}::h233112c06e0ef43e
[INFO] [stdout]                                at /rustc/82e1608dfa6e0b5569232559e3d385fea5a93112/library/std/src/panicking.rs:657:13
[INFO] [stdout]   16:     0x55f1cd3d6c06 - std::sys_common::backtrace::__rust_end_short_backtrace::h6e893f24d7ebbff8
[INFO] [stdout]                                at /rustc/82e1608dfa6e0b5569232559e3d385fea5a93112/library/std/src/sys_common/backtrace.rs:170:18
[INFO] [stdout]   17:     0x55f1cd3d82b2 - rust_begin_unwind
[INFO] [stdout]                                at /rustc/82e1608dfa6e0b5569232559e3d385fea5a93112/library/std/src/panicking.rs:645:5
[INFO] [stdout]   18:     0x55f1cd0f3145 - core::panicking::panic_fmt::hbf0e066aabfa482c
[INFO] [stdout]                                at /rustc/82e1608dfa6e0b5569232559e3d385fea5a93112/library/core/src/panicking.rs:72:14
[INFO] [stdout]   19:     0x55f1cd0f36d3 - core::result::unwrap_failed::hddb4fea594200c52
[INFO] [stdout]                                at /rustc/82e1608dfa6e0b5569232559e3d385fea5a93112/library/core/src/result.rs:1653:5
[INFO] [stdout]   20:     0x55f1cd0f437b - core::result::Result<T,E>::expect::h4a139cba04558317
[INFO] [stdout]                                at /rustc/82e1608dfa6e0b5569232559e3d385fea5a93112/library/core/src/result.rs:1034:23
[INFO] [stdout]   21:     0x55f1cd0f553b - iconz::lib::resize::hdee1473e64d6bbf4
[INFO] [stdout]                                at /opt/rustwide/workdir/src/lib.rs:16:5
[INFO] [stdout]   22:     0x55f1cd0f5b4c - iconz::iconz_tests::test_name::h8d1dca18acb8c2f7
[INFO] [stdout]                                at /opt/rustwide/workdir/src/main.rs:67:9
[INFO] [stdout]   23:     0x55f1cd0f59f7 - iconz::iconz_tests::test_name::{{closure}}::hbb82a2627f816277
[INFO] [stdout]                                at /opt/rustwide/workdir/src/main.rs:65:19
[INFO] [stdout]   24:     0x55f1cd0f3fb6 - core::ops::function::FnOnce::call_once::h12dad482f0eb2ea1
[INFO] [stdout]                                at /rustc/82e1608dfa6e0b5569232559e3d385fea5a93112/library/core/src/ops/function.rs:250:5
[INFO] [stdout]   25:     0x55f1cd12ee2f - core::ops::function::FnOnce::call_once::h2b5d431d5046312d
[INFO] [stdout]                                at /rustc/82e1608dfa6e0b5569232559e3d385fea5a93112/library/core/src/ops/function.rs:250:5
[INFO] [stdout]   26:     0x55f1cd12ee2f - test::__rust_begin_short_backtrace::h7714669af176e207
[INFO] [stdout]                                at /rustc/82e1608dfa6e0b5569232559e3d385fea5a93112/library/test/src/lib.rs:628:18
[INFO] [stdout]   27:     0x55f1cd12de45 - test::run_test_in_process::{{closure}}::h85218797dcbcec12
[INFO] [stdout]                                at /rustc/82e1608dfa6e0b5569232559e3d385fea5a93112/library/test/src/lib.rs:651:60
[INFO] [stdout]   28:     0x55f1cd12de45 - <core::panic::unwind_safe::AssertUnwindSafe<F> as core::ops::function::FnOnce<()>>::call_once::h76c106ea31c14d7b
[INFO] [stdout]                                at /rustc/82e1608dfa6e0b5569232559e3d385fea5a93112/library/core/src/panic/unwind_safe.rs:272:9
[INFO] [stdout]   29:     0x55f1cd12de45 - std::panicking::try::do_call::h3bd5d0f6620ee946
[INFO] [stdout]                                at /rustc/82e1608dfa6e0b5569232559e3d385fea5a93112/library/std/src/panicking.rs:552:40
[INFO] [stdout]   30:     0x55f1cd12de45 - std::panicking::try::h232e535e4744fe31
[INFO] [stdout]                                at /rustc/82e1608dfa6e0b5569232559e3d385fea5a93112/library/std/src/panicking.rs:516:19
[INFO] [stdout]   31:     0x55f1cd12de45 - std::panic::catch_unwind::h3ce3bd6ca8dbac68
[INFO] [stdout]                                at /rustc/82e1608dfa6e0b5569232559e3d385fea5a93112/library/std/src/panic.rs:142:14
[INFO] [stdout]   32:     0x55f1cd12de45 - test::run_test_in_process::hc97b257c9621286a
[INFO] [stdout]                                at /rustc/82e1608dfa6e0b5569232559e3d385fea5a93112/library/test/src/lib.rs:651:27
[INFO] [stdout]   33:     0x55f1cd12de45 - test::run_test::{{closure}}::h2aa798823a438d38
[INFO] [stdout]                                at /rustc/82e1608dfa6e0b5569232559e3d385fea5a93112/library/test/src/lib.rs:574:43
[INFO] [stdout]   34:     0x55f1cd0f6106 - test::run_test::{{closure}}::h87d231c78fb59832
[INFO] [stdout]                                at /rustc/82e1608dfa6e0b5569232559e3d385fea5a93112/library/test/src/lib.rs:602:41
[INFO] [stdout]   35:     0x55f1cd0f6106 - std::sys_common::backtrace::__rust_begin_short_backtrace::he6df152596625789
[INFO] [stdout]                                at /rustc/82e1608dfa6e0b5569232559e3d385fea5a93112/library/std/src/sys_common/backtrace.rs:154:18
[INFO] [stdout]   36:     0x55f1cd0fb1b7 - std::thread::Builder::spawn_unchecked_::{{closure}}::{{closure}}::ha94be15d1e0acf36
[INFO] [stdout]                                at /rustc/82e1608dfa6e0b5569232559e3d385fea5a93112/library/std/src/thread/mod.rs:529:17
[INFO] [stdout]   37:     0x55f1cd0fb1b7 - <core::panic::unwind_safe::AssertUnwindSafe<F> as core::ops::function::FnOnce<()>>::call_once::h9dc6bd6372f16606
[INFO] [stdout]                                at /rustc/82e1608dfa6e0b5569232559e3d385fea5a93112/library/core/src/panic/unwind_safe.rs:272:9
[INFO] [stdout]   38:     0x55f1cd0fb1b7 - std::panicking::try::do_call::h9057517f80303cd4
[INFO] [stdout]                                at /rustc/82e1608dfa6e0b5569232559e3d385fea5a93112/library/std/src/panicking.rs:552:40
[INFO] [stdout]   39:     0x55f1cd0fb1b7 - std::panicking::try::he3a30b11ee45340c
[INFO] [stdout]                                at /rustc/82e1608dfa6e0b5569232559e3d385fea5a93112/library/std/src/panicking.rs:516:19
[INFO] [stdout]   40:     0x55f1cd0fb1b7 - std::panic::catch_unwind::h410458cfd3528b8b
[INFO] [stdout]                                at /rustc/82e1608dfa6e0b5569232559e3d385fea5a93112/library/std/src/panic.rs:142:14
[INFO] [stdout]   41:     0x55f1cd0fb1b7 - std::thread::Builder::spawn_unchecked_::{{closure}}::h72ac3bdb567b737b
[INFO] [stdout]                                at /rustc/82e1608dfa6e0b5569232559e3d385fea5a93112/library/std/src/thread/mod.rs:528:30
[INFO] [stdout]   42:     0x55f1cd0fb1b7 - core::ops::function::FnOnce::call_once{{vtable.shim}}::h38f34da3654a8344
[INFO] [stdout]                                at /rustc/82e1608dfa6e0b5569232559e3d385fea5a93112/library/core/src/ops/function.rs:250:5
[INFO] [stdout]   43:     0x55f1cd3dd395 - <alloc::boxed::Box<F,A> as core::ops::function::FnOnce<Args>>::call_once::hc7eafaff61e32df9
[INFO] [stdout]                                at /rustc/82e1608dfa6e0b5569232559e3d385fea5a93112/library/alloc/src/boxed.rs:2007:9
[INFO] [stdout]   44:     0x55f1cd3dd395 - <alloc::boxed::Box<F,A> as core::ops::function::FnOnce<Args>>::call_once::h6ba4a5de48dd2304
[INFO] [stdout]                                at /rustc/82e1608dfa6e0b5569232559e3d385fea5a93112/library/alloc/src/boxed.rs:2007:9
[INFO] [stdout]   45:     0x55f1cd3dd395 - std::sys::unix::thread::Thread::new::thread_start::he469335aef763e45
[INFO] [stdout]                                at /rustc/82e1608dfa6e0b5569232559e3d385fea5a93112/library/std/src/sys/unix/thread.rs:108:17
[INFO] [stdout]   46:     0x7f942a332ac3 - <unknown>
[INFO] [stdout]   47:     0x7f942a3c3bf4 - __clone
[INFO] [stdout]   48:                0x0 - <unknown>
[INFO] [stdout] 
[INFO] [stdout] ---- iconz_tests::test_resize stdout ----
[INFO] [stdout] thread 'iconz_tests::test_resize' panicked at src/lib.rs:16:26:
[INFO] [stdout] Could not save file: IoError(Os { code: 30, kind: ReadOnlyFilesystem, message: "Read-only file system" })
[INFO] [stdout] stack backtrace:
[INFO] [stdout]    0:     0x55f1cd3d673c - std::backtrace_rs::backtrace::libunwind::trace::ha637c64ce894333a
[INFO] [stdout]                                at /rustc/82e1608dfa6e0b5569232559e3d385fea5a93112/library/std/src/../../backtrace/src/backtrace/libunwind.rs:104:5
[INFO] [stdout]    1:     0x55f1cd3d673c - std::backtrace_rs::backtrace::trace_unsynchronized::h47f62dea28e0c88d
[INFO] [stdout]                                at /rustc/82e1608dfa6e0b5569232559e3d385fea5a93112/library/std/src/../../backtrace/src/backtrace/mod.rs:66:5
[INFO] [stdout]    2:     0x55f1cd3d673c - std::sys_common::backtrace::_print_fmt::h9eef0abe20ede486
[INFO] [stdout]                                at /rustc/82e1608dfa6e0b5569232559e3d385fea5a93112/library/std/src/sys_common/backtrace.rs:67:5
[INFO] [stdout]    3:     0x55f1cd3d673c - <std::sys_common::backtrace::_print::DisplayBacktrace as core::fmt::Display>::fmt::hed7f999df88cc644
[INFO] [stdout]                                at /rustc/82e1608dfa6e0b5569232559e3d385fea5a93112/library/std/src/sys_common/backtrace.rs:44:22
[INFO] [stdout]    4:     0x55f1cd401380 - core::fmt::rt::Argument::fmt::h1539a9308b8d058d
[INFO] [stdout]                                at /rustc/82e1608dfa6e0b5569232559e3d385fea5a93112/library/core/src/fmt/rt.rs:142:9
[INFO] [stdout]    5:     0x55f1cd401380 - core::fmt::write::h3a39390d8560d9c9
[INFO] [stdout]                                at /rustc/82e1608dfa6e0b5569232559e3d385fea5a93112/library/core/src/fmt/mod.rs:1120:17
[INFO] [stdout]    6:     0x55f1cd3d3f3f - std::io::Write::write_fmt::h040b369f3a0f9cbc
[INFO] [stdout]                                at /rustc/82e1608dfa6e0b5569232559e3d385fea5a93112/library/std/src/io/mod.rs:1762:15
[INFO] [stdout]    7:     0x55f1cd3d6524 - std::sys_common::backtrace::_print::h894006fb5c6f3d45
[INFO] [stdout]                                at /rustc/82e1608dfa6e0b5569232559e3d385fea5a93112/library/std/src/sys_common/backtrace.rs:47:5
[INFO] [stdout]    8:     0x55f1cd3d6524 - std::sys_common::backtrace::print::h23a2d212c6fff936
[INFO] [stdout]                                at /rustc/82e1608dfa6e0b5569232559e3d385fea5a93112/library/std/src/sys_common/backtrace.rs:34:9
[INFO] [stdout]    9:     0x55f1cd3d81e7 - std::panicking::default_hook::{{closure}}::h8a1d2ee00185001a
[INFO] [stdout]   10:     0x55f1cd3d7ed3 - std::panicking::default_hook::h6038f2eba384e475
[INFO] [stdout]                                at /rustc/82e1608dfa6e0b5569232559e3d385fea5a93112/library/std/src/panicking.rs:289:9
[INFO] [stdout]   11:     0x55f1cd1297d7 - <alloc::boxed::Box<F,A> as core::ops::function::Fn<Args>>::call::h0ad024c9bdc6d768
[INFO] [stdout]                                at /rustc/82e1608dfa6e0b5569232559e3d385fea5a93112/library/alloc/src/boxed.rs:2021:9
[INFO] [stdout]   12:     0x55f1cd1297d7 - test::test_main::{{closure}}::h7500b54257359db6
[INFO] [stdout]                                at /rustc/82e1608dfa6e0b5569232559e3d385fea5a93112/library/test/src/lib.rs:138:21
[INFO] [stdout]   13:     0x55f1cd3d87f8 - <alloc::boxed::Box<F,A> as core::ops::function::Fn<Args>>::call::h1f8f335eaa9cfaee
[INFO] [stdout]                                at /rustc/82e1608dfa6e0b5569232559e3d385fea5a93112/library/alloc/src/boxed.rs:2021:9
[INFO] [stdout]   14:     0x55f1cd3d87f8 - std::panicking::rust_panic_with_hook::h2b5517d590cab22e
[INFO] [stdout]                                at /rustc/82e1608dfa6e0b5569232559e3d385fea5a93112/library/std/src/panicking.rs:783:13
[INFO] [stdout]   15:     0x55f1cd3d854e - std::panicking::begin_panic_handler::{{closure}}::h233112c06e0ef43e
[INFO] [stdout]                                at /rustc/82e1608dfa6e0b5569232559e3d385fea5a93112/library/std/src/panicking.rs:657:13
[INFO] [stdout]   16:     0x55f1cd3d6c06 - std::sys_common::backtrace::__rust_end_short_backtrace::h6e893f24d7ebbff8
[INFO] [stdout]                                at /rustc/82e1608dfa6e0b5569232559e3d385fea5a93112/library/std/src/sys_common/backtrace.rs:170:18
[INFO] [stdout]   17:     0x55f1cd3d82b2 - rust_begin_unwind
[INFO] [stdout]                                at /rustc/82e1608dfa6e0b5569232559e3d385fea5a93112/library/std/src/panicking.rs:645:5
[INFO] [stdout]   18:     0x55f1cd0f3145 - core::panicking::panic_fmt::hbf0e066aabfa482c
[INFO] [stdout]                                at /rustc/82e1608dfa6e0b5569232559e3d385fea5a93112/library/core/src/panicking.rs:72:14
[INFO] [stdout]   19:     0x55f1cd0f36d3 - core::result::unwrap_failed::hddb4fea594200c52
[INFO] [stdout]                                at /rustc/82e1608dfa6e0b5569232559e3d385fea5a93112/library/core/src/result.rs:1653:5
[INFO] [stdout]   20:     0x55f1cd0f437b - core::result::Result<T,E>::expect::h4a139cba04558317
[INFO] [stdout]                                at /rustc/82e1608dfa6e0b5569232559e3d385fea5a93112/library/core/src/result.rs:1034:23
[INFO] [stdout]   21:     0x55f1cd0f553b - iconz::lib::resize::hdee1473e64d6bbf4
[INFO] [stdout]                                at /opt/rustwide/workdir/src/lib.rs:16:5
[INFO] [stdout]   22:     0x55f1cd0f583c - iconz::iconz_tests::test_resize::ha859d038e61a661c
[INFO] [stdout]                                at /opt/rustwide/workdir/src/main.rs:59:9
[INFO] [stdout]   23:     0x55f1cd0f5717 - iconz::iconz_tests::test_resize::{{closure}}::h9229429536e8a78d
[INFO] [stdout]                                at /opt/rustwide/workdir/src/main.rs:56:21
[INFO] [stdout]   24:     0x55f1cd0f40c6 - core::ops::function::FnOnce::call_once::hf299136e47b3ef7c
[INFO] [stdout]                                at /rustc/82e1608dfa6e0b5569232559e3d385fea5a93112/library/core/src/ops/function.rs:250:5
[INFO] [stdout]   25:     0x55f1cd12ee2f - core::ops::function::FnOnce::call_once::h2b5d431d5046312d
[INFO] [stdout]                                at /rustc/82e1608dfa6e0b5569232559e3d385fea5a93112/library/core/src/ops/function.rs:250:5
[INFO] [stdout]   26:     0x55f1cd12ee2f - test::__rust_begin_short_backtrace::h7714669af176e207
[INFO] [stdout]                                at /rustc/82e1608dfa6e0b5569232559e3d385fea5a93112/library/test/src/lib.rs:628:18
[INFO] [stdout]   27:     0x55f1cd12de45 - test::run_test_in_process::{{closure}}::h85218797dcbcec12
[INFO] [stdout]                                at /rustc/82e1608dfa6e0b5569232559e3d385fea5a93112/library/test/src/lib.rs:651:60
[INFO] [stdout]   28:     0x55f1cd12de45 - <core::panic::unwind_safe::AssertUnwindSafe<F> as core::ops::function::FnOnce<()>>::call_once::h76c106ea31c14d7b
[INFO] [stdout]                                at /rustc/82e1608dfa6e0b5569232559e3d385fea5a93112/library/core/src/panic/unwind_safe.rs:272:9
[INFO] [stdout]   29:     0x55f1cd12de45 - std::panicking::try::do_call::h3bd5d0f6620ee946
[INFO] [stdout]                                at /rustc/82e1608dfa6e0b5569232559e3d385fea5a93112/library/std/src/panicking.rs:552:40
[INFO] [stdout]   30:     0x55f1cd12de45 - std::panicking::try::h232e535e4744fe31
[INFO] [stdout]                                at /rustc/82e1608dfa6e0b5569232559e3d385fea5a93112/library/std/src/panicking.rs:516:19
[INFO] [stdout]   31:     0x55f1cd12de45 - std::panic::catch_unwind::h3ce3bd6ca8dbac68
[INFO] [stdout]                                at /rustc/82e1608dfa6e0b5569232559e3d385fea5a93112/library/std/src/panic.rs:142:14
[INFO] [stdout]   32:     0x55f1cd12de45 - test::run_test_in_process::hc97b257c9621286a
[INFO] [stdout]                                at /rustc/82e1608dfa6e0b5569232559e3d385fea5a93112/library/test/src/lib.rs:651:27
[INFO] [stdout]   33:     0x55f1cd12de45 - test::run_test::{{closure}}::h2aa798823a438d38
[INFO] [stdout]                                at /rustc/82e1608dfa6e0b5569232559e3d385fea5a93112/library/test/src/lib.rs:574:43
[INFO] [stdout]   34:     0x55f1cd0f6106 - test::run_test::{{closure}}::h87d231c78fb59832
[INFO] [stdout]                                at /rustc/82e1608dfa6e0b5569232559e3d385fea5a93112/library/test/src/lib.rs:602:41
[INFO] [stdout]   35:     0x55f1cd0f6106 - std::sys_common::backtrace::__rust_begin_short_backtrace::he6df152596625789
[INFO] [stdout]                                at /rustc/82e1608dfa6e0b5569232559e3d385fea5a93112/library/std/src/sys_common/backtrace.rs:154:18
[INFO] [stdout]   36:     0x55f1cd0fb1b7 - std::thread::Builder::spawn_unchecked_::{{closure}}::{{closure}}::ha94be15d1e0acf36
[INFO] [stdout]                                at /rustc/82e1608dfa6e0b5569232559e3d385fea5a93112/library/std/src/thread/mod.rs:529:17
[INFO] [stdout]   37:     0x55f1cd0fb1b7 - <core::panic::unwind_safe::AssertUnwindSafe<F> as core::ops::function::FnOnce<()>>::call_once::h9dc6bd6372f16606
[INFO] [stdout]                                at /rustc/82e1608dfa6e0b5569232559e3d385fea5a93112/library/core/src/panic/unwind_safe.rs:272:9
[INFO] [stdout]   38:     0x55f1cd0fb1b7 - std::panicking::try::do_call::h9057517f80303cd4
[INFO] [stdout]                                at /rustc/82e1608dfa6e0b5569232559e3d385fea5a93112/library/std/src/panicking.rs:552:40
[INFO] [stdout]   39:     0x55f1cd0fb1b7 - std::panicking::try::he3a30b11ee45340c
[INFO] [stdout]                                at /rustc/82e1608dfa6e0b5569232559e3d385fea5a93112/library/std/src/panicking.rs:516:19
[INFO] [stdout]   40:     0x55f1cd0fb1b7 - std::panic::catch_unwind::h410458cfd3528b8b
[INFO] [stdout]                                at /rustc/82e1608dfa6e0b5569232559e3d385fea5a93112/library/std/src/panic.rs:142:14
[INFO] [stdout]   41:     0x55f1cd0fb1b7 - std::thread::Builder::spawn_unchecked_::{{closure}}::h72ac3bdb567b737b
[INFO] [stdout]                                at /rustc/82e1608dfa6e0b5569232559e3d385fea5a93112/library/std/src/thread/mod.rs:528:30
[INFO] [stdout]   42:     0x55f1cd0fb1b7 - core::ops::function::FnOnce::call_once{{vtable.shim}}::h38f34da3654a8344
[INFO] [stdout]                                at /rustc/82e1608dfa6e0b5569232559e3d385fea5a93112/library/core/src/ops/function.rs:250:5
[INFO] [stdout]   43:     0x55f1cd3dd395 - <alloc::boxed::Box<F,A> as core::ops::function::FnOnce<Args>>::call_once::hc7eafaff61e32df9
[INFO] [stdout]                                at /rustc/82e1608dfa6e0b5569232559e3d385fea5a93112/library/alloc/src/boxed.rs:2007:9
[INFO] [stdout]   44:     0x55f1cd3dd395 - <alloc::boxed::Box<F,A> as core::ops::function::FnOnce<Args>>::call_once::h6ba4a5de48dd2304
[INFO] [stdout]                                at /rustc/82e1608dfa6e0b5569232559e3d385fea5a93112/library/alloc/src/boxed.rs:2007:9
[INFO] [stdout]   45:     0x55f1cd3dd395 - std::sys::unix::thread::Thread::new::thread_start::he469335aef763e45
[INFO] [stdout]                                at /rustc/82e1608dfa6e0b5569232559e3d385fea5a93112/library/std/src/sys/unix/thread.rs:108:17
[INFO] [stdout]   46:     0x7f942a332ac3 - <unknown>
[INFO] [stdout]   47:     0x7f942a3c3bf4 - __clone
[INFO] [stdout]   48:                0x0 - <unknown>
[INFO] [stdout] 
[INFO] [stdout] 
[INFO] [stdout] failures:
[INFO] [stdout]     iconz_tests::test_name
[INFO] [stdout]     iconz_tests::test_resize
[INFO] [stdout] 
[INFO] [stdout] test result: FAILED. 1 passed; 2 failed; 0 ignored; 0 measured; 0 filtered out; finished in 1.40s
[INFO] [stdout] 
[INFO] [stderr] error: test failed, to rerun pass `--bin iconz`
[INFO] running `Command { std: "docker" "inspect" "1e0ac3da785ab81b8791c60663d2424ee739abee4f74e5bf4402e93d80e2f9b9", kill_on_drop: false }`
[INFO] running `Command { std: "docker" "rm" "-f" "1e0ac3da785ab81b8791c60663d2424ee739abee4f74e5bf4402e93d80e2f9b9", kill_on_drop: false }`
[INFO] [stdout] 1e0ac3da785ab81b8791c60663d2424ee739abee4f74e5bf4402e93d80e2f9b9
