[INFO] cloning repository https://github.com/zhangyufei2022/rust-test
[INFO] running `Command { std: "git" "-c" "credential.helper=" "-c" "credential.helper=/workspace/cargo-home/bin/git-credential-null" "clone" "--bare" "https://github.com/zhangyufei2022/rust-test" "/workspace/cache/git-repos/https%3A%2F%2Fgithub.com%2Fzhangyufei2022%2Frust-test", kill_on_drop: false }`
[INFO] [stderr] Cloning into bare repository '/workspace/cache/git-repos/https%3A%2F%2Fgithub.com%2Fzhangyufei2022%2Frust-test'...
[INFO] running `Command { std: "git" "rev-parse" "HEAD", kill_on_drop: false }`
[INFO] [stdout] bb2a4e8f850d2f92526b42b5b25ca386fb73919b
[INFO] testing zhangyufei2022/rust-test against 1.75.0 for beta-1.76-1
[INFO] running `Command { std: "git" "clone" "/workspace/cache/git-repos/https%3A%2F%2Fgithub.com%2Fzhangyufei2022%2Frust-test" "/workspace/builds/worker-5-tc1/source", kill_on_drop: false }`
[INFO] [stderr] Cloning into '/workspace/builds/worker-5-tc1/source'...
[INFO] [stderr] done.
[INFO] validating manifest of git repo https://github.com/zhangyufei2022/rust-test on toolchain 1.75.0
[INFO] running `Command { std: CARGO_HOME="/workspace/cargo-home" RUSTUP_HOME="/workspace/rustup-home" "/workspace/cargo-home/bin/cargo" "+1.75.0" "metadata" "--manifest-path" "Cargo.toml" "--no-deps", kill_on_drop: false }`
[INFO] removed /workspace/builds/worker-5-tc1/source/.cargo/config.toml
[INFO] started tweaking git repo https://github.com/zhangyufei2022/rust-test
[INFO] removed 0 missing examples
[INFO] finished tweaking git repo https://github.com/zhangyufei2022/rust-test
[INFO] tweaked toml for git repo https://github.com/zhangyufei2022/rust-test written to /workspace/builds/worker-5-tc1/source/Cargo.toml
[INFO] crate git repo https://github.com/zhangyufei2022/rust-test already has a lockfile, it will not be regenerated
[INFO] running `Command { std: CARGO_HOME="/workspace/cargo-home" RUSTUP_HOME="/workspace/rustup-home" "/workspace/cargo-home/bin/cargo" "+1.75.0" "fetch" "--manifest-path" "Cargo.toml", kill_on_drop: false }`
[INFO] running `Command { std: "docker" "create" "-v" "/var/lib/crater-agent-workspace/builds/worker-5-tc1/target:/opt/rustwide/target:rw,Z" "-v" "/var/lib/crater-agent-workspace/builds/worker-5-tc1/source:/opt/rustwide/workdir:ro,Z" "-v" "/var/lib/crater-agent-workspace/cargo-home:/opt/rustwide/cargo-home:ro,Z" "-v" "/var/lib/crater-agent-workspace/rustup-home:/opt/rustwide/rustup-home:ro,Z" "-e" "SOURCE_DIR=/opt/rustwide/workdir" "-e" "CARGO_TARGET_DIR=/opt/rustwide/target" "-e" "CARGO_HOME=/opt/rustwide/cargo-home" "-e" "RUSTUP_HOME=/opt/rustwide/rustup-home" "-w" "/opt/rustwide/workdir" "-m" "1610612736" "--user" "0:0" "--network" "none" "ghcr.io/rust-lang/crates-build-env/linux@sha256:2788e3201cd34a07e3172128adcd8b3090168a8e3bcc40d7c032b9dda1df7d1c" "/opt/rustwide/cargo-home/bin/cargo" "+1.75.0" "metadata" "--no-deps" "--format-version=1", kill_on_drop: false }`
[INFO] [stdout] 4d620251040a32aff7f74198951a116854b24fe506cfb7082d644dcd56ffb444
[INFO] running `Command { std: "docker" "start" "-a" "4d620251040a32aff7f74198951a116854b24fe506cfb7082d644dcd56ffb444", kill_on_drop: false }`
[INFO] running `Command { std: "docker" "inspect" "4d620251040a32aff7f74198951a116854b24fe506cfb7082d644dcd56ffb444", kill_on_drop: false }`
[INFO] running `Command { std: "docker" "rm" "-f" "4d620251040a32aff7f74198951a116854b24fe506cfb7082d644dcd56ffb444", kill_on_drop: false }`
[INFO] [stdout] 4d620251040a32aff7f74198951a116854b24fe506cfb7082d644dcd56ffb444
[INFO] running `Command { std: "docker" "create" "-v" "/var/lib/crater-agent-workspace/builds/worker-5-tc1/target:/opt/rustwide/target:rw,Z" "-v" "/var/lib/crater-agent-workspace/builds/worker-5-tc1/source:/opt/rustwide/workdir:ro,Z" "-v" "/var/lib/crater-agent-workspace/cargo-home:/opt/rustwide/cargo-home:ro,Z" "-v" "/var/lib/crater-agent-workspace/rustup-home:/opt/rustwide/rustup-home:ro,Z" "-e" "SOURCE_DIR=/opt/rustwide/workdir" "-e" "CARGO_TARGET_DIR=/opt/rustwide/target" "-e" "CARGO_INCREMENTAL=0" "-e" "RUST_BACKTRACE=full" "-e" "RUSTFLAGS=--cap-lints=warn" "-e" "RUSTDOCFLAGS=--cap-lints=warn" "-e" "CARGO_HOME=/opt/rustwide/cargo-home" "-e" "RUSTUP_HOME=/opt/rustwide/rustup-home" "-w" "/opt/rustwide/workdir" "-m" "1610612736" "--user" "0:0" "--network" "none" "ghcr.io/rust-lang/crates-build-env/linux@sha256:2788e3201cd34a07e3172128adcd8b3090168a8e3bcc40d7c032b9dda1df7d1c" "/opt/rustwide/cargo-home/bin/cargo" "+1.75.0" "build" "--frozen" "--message-format=json", kill_on_drop: false }`
[INFO] [stdout] 459520db72f17512c665e766da32fbf9406c552b846579e04aa1c35eb36c57ad
[INFO] running `Command { std: "docker" "start" "-a" "459520db72f17512c665e766da32fbf9406c552b846579e04aa1c35eb36c57ad", kill_on_drop: false }`
[INFO] [stderr]    Compiling autocfg v1.1.0
[INFO] [stderr]    Compiling libc v0.2.146
[INFO] [stderr]    Compiling proc-macro2 v1.0.59
[INFO] [stderr]    Compiling unicode-ident v1.0.9
[INFO] [stderr]    Compiling quote v1.0.28
[INFO] [stderr]    Compiling futures-core v0.3.28
[INFO] [stderr]    Compiling memchr v2.5.0
[INFO] [stderr]    Compiling futures-task v0.3.28
[INFO] [stderr]    Compiling futures-channel v0.3.28
[INFO] [stderr]    Compiling futures-sink v0.3.28
[INFO] [stderr]    Compiling futures-util v0.3.28
[INFO] [stderr]    Compiling cfg-if v1.0.0
[INFO] [stderr]    Compiling pin-project-lite v0.2.9
[INFO] [stderr]    Compiling parking_lot_core v0.9.8
[INFO] [stderr]    Compiling pin-utils v0.1.0
[INFO] [stderr]    Compiling futures-io v0.3.28
[INFO] [stderr]    Compiling smallvec v1.10.0
[INFO] [stderr]    Compiling scopeguard v1.1.0
[INFO] [stderr]    Compiling iana-time-zone v0.1.56
[INFO] [stderr]    Compiling once_cell v1.18.0
[INFO] [stderr]    Compiling bytes v1.4.0
[INFO] [stderr]    Compiling thread_local v1.1.7
[INFO] [stderr]    Compiling slab v0.4.8
[INFO] [stderr]    Compiling lock_api v0.4.10
[INFO] [stderr]    Compiling num-traits v0.2.15
[INFO] [stderr]    Compiling tokio v1.28.2
[INFO] [stderr]    Compiling syn v2.0.18
[INFO] [stderr]    Compiling mio v0.8.8
[INFO] [stderr]    Compiling num_cpus v1.15.0
[INFO] [stderr]    Compiling time v0.1.45
[INFO] [stderr]    Compiling socket2 v0.4.9
[INFO] [stderr]    Compiling signal-hook-registry v1.4.1
[INFO] [stderr]    Compiling parking_lot v0.12.1
[INFO] [stderr]    Compiling chrono v0.4.26
[INFO] [stderr]    Compiling futures-macro v0.3.28
[INFO] [stderr]    Compiling tokio-macros v2.1.0
[INFO] [stderr]    Compiling futures-executor v0.3.28
[INFO] [stderr]    Compiling futures v0.3.28
[INFO] [stderr]    Compiling hello-world v0.1.0 (/opt/rustwide/workdir)
[INFO] [stderr]     Finished dev [unoptimized + debuginfo] target(s) in 7.30s
[INFO] running `Command { std: "docker" "inspect" "459520db72f17512c665e766da32fbf9406c552b846579e04aa1c35eb36c57ad", kill_on_drop: false }`
[INFO] running `Command { std: "docker" "rm" "-f" "459520db72f17512c665e766da32fbf9406c552b846579e04aa1c35eb36c57ad", kill_on_drop: false }`
[INFO] [stdout] 459520db72f17512c665e766da32fbf9406c552b846579e04aa1c35eb36c57ad
[INFO] running `Command { std: "docker" "create" "-v" "/var/lib/crater-agent-workspace/builds/worker-5-tc1/target:/opt/rustwide/target:rw,Z" "-v" "/var/lib/crater-agent-workspace/builds/worker-5-tc1/source:/opt/rustwide/workdir:ro,Z" "-v" "/var/lib/crater-agent-workspace/cargo-home:/opt/rustwide/cargo-home:ro,Z" "-v" "/var/lib/crater-agent-workspace/rustup-home:/opt/rustwide/rustup-home:ro,Z" "-e" "SOURCE_DIR=/opt/rustwide/workdir" "-e" "CARGO_TARGET_DIR=/opt/rustwide/target" "-e" "CARGO_INCREMENTAL=0" "-e" "RUST_BACKTRACE=full" "-e" "RUSTFLAGS=--cap-lints=warn" "-e" "RUSTDOCFLAGS=--cap-lints=warn" "-e" "CARGO_HOME=/opt/rustwide/cargo-home" "-e" "RUSTUP_HOME=/opt/rustwide/rustup-home" "-w" "/opt/rustwide/workdir" "-m" "1610612736" "--user" "0:0" "--network" "none" "ghcr.io/rust-lang/crates-build-env/linux@sha256:2788e3201cd34a07e3172128adcd8b3090168a8e3bcc40d7c032b9dda1df7d1c" "/opt/rustwide/cargo-home/bin/cargo" "+1.75.0" "test" "--frozen" "--no-run" "--message-format=json", kill_on_drop: false }`
[INFO] [stdout] 1899403cbf8ba3b268ad213a824c1442dcd55be4888d77aef6029e0daed0a978
[INFO] running `Command { std: "docker" "start" "-a" "1899403cbf8ba3b268ad213a824c1442dcd55be4888d77aef6029e0daed0a978", kill_on_drop: false }`
[INFO] [stderr]    Compiling hello-world v0.1.0 (/opt/rustwide/workdir)
[INFO] [stderr]     Finished test [unoptimized + debuginfo] target(s) in 2.14s
[INFO] running `Command { std: "docker" "inspect" "1899403cbf8ba3b268ad213a824c1442dcd55be4888d77aef6029e0daed0a978", kill_on_drop: false }`
[INFO] running `Command { std: "docker" "rm" "-f" "1899403cbf8ba3b268ad213a824c1442dcd55be4888d77aef6029e0daed0a978", kill_on_drop: false }`
[INFO] [stdout] 1899403cbf8ba3b268ad213a824c1442dcd55be4888d77aef6029e0daed0a978
[INFO] running `Command { std: "docker" "create" "-v" "/var/lib/crater-agent-workspace/builds/worker-5-tc1/target:/opt/rustwide/target:rw,Z" "-v" "/var/lib/crater-agent-workspace/builds/worker-5-tc1/source:/opt/rustwide/workdir:ro,Z" "-v" "/var/lib/crater-agent-workspace/cargo-home:/opt/rustwide/cargo-home:ro,Z" "-v" "/var/lib/crater-agent-workspace/rustup-home:/opt/rustwide/rustup-home:ro,Z" "-e" "SOURCE_DIR=/opt/rustwide/workdir" "-e" "CARGO_TARGET_DIR=/opt/rustwide/target" "-e" "CARGO_INCREMENTAL=0" "-e" "RUST_BACKTRACE=full" "-e" "RUSTFLAGS=--cap-lints=warn" "-e" "RUSTDOCFLAGS=--cap-lints=warn" "-e" "CARGO_HOME=/opt/rustwide/cargo-home" "-e" "RUSTUP_HOME=/opt/rustwide/rustup-home" "-w" "/opt/rustwide/workdir" "-m" "1610612736" "--user" "0:0" "--network" "none" "ghcr.io/rust-lang/crates-build-env/linux@sha256:2788e3201cd34a07e3172128adcd8b3090168a8e3bcc40d7c032b9dda1df7d1c" "/opt/rustwide/cargo-home/bin/cargo" "+1.75.0" "test" "--frozen", kill_on_drop: false }`
[INFO] [stdout] 6cc1a89509dc2875d2509005798fa65ec0ff21f85716ea41e610543ec7a27a68
[INFO] running `Command { std: "docker" "start" "-a" "6cc1a89509dc2875d2509005798fa65ec0ff21f85716ea41e610543ec7a27a68", kill_on_drop: false }`
[INFO] [stderr]     Finished test [unoptimized + debuginfo] target(s) in 0.05s
[INFO] [stderr]      Running unittests src/lib.rs (/opt/rustwide/target/debug/deps/hello_world-fd7293198990c3c5)
[INFO] [stdout] 
[INFO] [stdout] running 121 tests
[INFO] [stdout] test async_await::tests::test_await ... ok
[INFO] [stdout] test async_await::tests::test_async_move ... ok
[INFO] [stdout] test async_await::tests::test_async_await ... ok
[INFO] [stdout] test basic_types::tests::test_expression ... ok
[INFO] [stdout] test async_await::tests::test_async_blocks ... ok
[INFO] [stdout] test async_await::tests::test_future ... ok
[INFO] [stdout] test basic_types::tests::test_type ... ok
[INFO] [stdout] test basic_types::tests::test_unit_type ... ok
[INFO] [stdout] test async_await::tests::test_stream ... ok
[INFO] [stdout] test closure::tests::test_closure_trait ... ok
[INFO] [stdout] test closure::tests::test_fn_type ... ok
[INFO] [stdout] test closure::tests::test_fnmut ... ok
[INFO] [stdout] test closure::tests::test_fnonce ... ok
[INFO] [stdout] test closure::tests::test_return_closure ... ok
[INFO] [stdout] test compound_types::tests::test_array ... ok
[INFO] [stdout] test compound_types::tests::test_enum ... ok
[INFO] [stdout] test compound_types::tests::test_struct ... ok
[INFO] [stdout] test compound_types::tests::test_tuple ... ok
[INFO] [stdout] test flow_control::tests::test_double_loops ... ok
[INFO] [stdout] test format::tests::main ... ok
[INFO] [stdout] test compound_types::tests::test_string ... ok
[INFO] [stdout] test format::tests::test_float ... ok
[INFO] [stdout] test flow_control::tests::test_break ... ok
[INFO] [stdout] test format::tests::test_numbers ... ok
[INFO] [stdout] test format::tests::test_named_param ... ok
[INFO] [stdout] test format::tests::test_get_value ... ok
[INFO] [stdout] test format::tests::test_position_param ... ok
[INFO] [stdout] test format::tests::test_string_align ... ok
[INFO] [stdout] test generics::tests::test_generics_fn ... ok
[INFO] [stdout] test generics::tests::test_const_generics ... ok
[INFO] [stdout] test hashmap::tests::test_ownership ... ok
[INFO] [stdout] test hashmap::tests::test_query ... ok
[INFO] [stdout] test iterator::tests::test_consume ... ok
[INFO] [stdout] test iterator::tests::test_my_iterator ... ok
[INFO] [stdout] test leetcode::max_profit::tests::test ... ok
[INFO] [stdout] test iterator::tests::test_vector ... ok
[INFO] [stdout] test lifetime::tests::test_lifetime_in_fn ... ok
[INFO] [stdout] test iterator::tests::test_next ... ok
[INFO] [stdout] test lifetime::tests::test_reborrow ... ok
[INFO] [stdout] test generics::tests::test_generics_struct ... ok
[INFO] [stdout] test linked_list::first_list::test::test_list ... ok
[INFO] [stdout] test leetcode::remove_duplicates::tests::test ... ok
[INFO] [stdout] test linked_list::second_list::test::peek ... ok
[INFO] [stdout] test linked_list::second_list::test::test_into_iter ... ok
[INFO] [stdout] test lifetime::tests::test_static_lifetime ... ok
[INFO] [stdout] test linked_list::second_list::test::test_iter_mut ... ok
[INFO] [stdout] test linked_list::third_list::tests::test_iter_mut ... ok
[INFO] [stdout] test lifetime::tests::test_lifetime_in_stuct ... ok
[INFO] [stdout] test linked_list::second_list::test::test_iter ... ok
[INFO] [stdout] test method::tests::test_method ... ok
[INFO] [stdout] test lifetime::tests::test_static_with_box ... ok
[INFO] [stdout] test linked_list::third_list::tests::test_basic ... ok
[INFO] [stdout] test minigrep::tests::case_insensitive ... ok
[INFO] [stdout] test compound_types::tests::test_mem ... ok
[INFO] [stdout] test basic_types::tests::test_float ... ok
[INFO] [stdout] test linked_list::second_list::test::test_list ... ok
[INFO] [stdout] test linked_list::third_list::tests::test_iter ... ok
[INFO] [stdout] test newtype::tests::test_newtype ... ok
[INFO] [stdout] test method::tests::test_associate_function ... ok
[INFO] [stdout] test newtype::tests::test_sized ... ok
[INFO] [stdout] test minigrep::tests::case_sensitive ... ok
[INFO] [stdout] test compound_types::tests::test_slice ... ok
[INFO] [stdout] test newtype::tests::test_type_alias ... ok
[INFO] [stdout] test ownership::tests::test_copy ... ok
[INFO] [stdout] test pattern_match::tests::test_mut_reference ... ok
[INFO] [stdout] test pattern_match::tests::test_if_let ... ok
[INFO] [stdout] test result_panic::tests::test_panic ... ok
[INFO] [stdout] test pattern_match::tests::test_shadowing ... ok
[INFO] [stdout] test ownership::tests::test_move_ownership ... ok
[INFO] [stdout] test pattern_match::tests::test_match ... ok
[INFO] [stdout] test ownership::tests::test_partial_move ... ok
[INFO] [stdout] test pattern_match::tests::test_banding ... ok
[INFO] [stdout] test result_panic::tests::test_map_and_then ... ok
[INFO] [stdout] test ownership::tests::test_reference ... ok
[INFO] [stdout] test result_panic::tests::test_return_err ... ok
[INFO] [stdout] test result_panic::tests::test_unwrap ... ok
[INFO] [stdout] test self_reference::tests::test_change_mem ... ok
[INFO] [stdout] test smart_pointers::tests::test_cell_and_refcell ... ok
[INFO] [stdout] test self_reference::tests::test_pin ... ok
[INFO] [stdout] test self_reference::tests::test_self_ref ... ok
[INFO] [stdout] test smart_pointers::tests::test_deref ... ok
[INFO] [stdout] test thread::tests::test_condvar ... ok
[INFO] [stdout] test thread::tests::test_thread_local ... ok
[INFO] [stdout] test traits::tests::test_call_method ... ok
[INFO] [stdout] test traits::tests::test_impl ... ok
[INFO] [stdout] test thread::tests::test_rwlock ... ok
[INFO] [stdout] test smart_pointers::tests::test_box ... ok
[INFO] [stdout] test traits::tests::test_return_impl_trait ... ok
[INFO] [stdout] test traits::tests::test_supertrait ... ok
[INFO] [stdout] test traits::tests::test_trait_as_para ... ok
[INFO] [stdout] test smart_pointers::tests::test_rc_and_arc ... ok
[INFO] [stdout] test thread::tests::test_msg_pass_multi_type ... ok
[INFO] [stdout] test type_conversion::tests::test_display ... ok
[INFO] [stdout] test traits::tests::test_trait_object ... ok
[INFO] [stdout] test type_conversion::tests::test_as ... ok
[INFO] [stdout] test type_conversion::tests::test_impl_from ... ok
[INFO] [stdout] test type_conversion::tests::test_from_into ... ok
[INFO] [stdout] test type_conversion::tests::test_fromstr ... ok
[INFO] [stdout] test type_conversion::tests::test_tryfrom ... ok
[INFO] [stdout] test thread::tests::test_mutex ... ok
[INFO] [stdout] test var::tests::test_destructuring ... ok
[INFO] [stdout] test thread::tests::test_msg_pass ... ok
[INFO] [stdout] test var::tests::test_scope ... ok
[INFO] [stdout] test vec::tests::test_capacity ... ok
[INFO] [stdout] test vec::tests::test_different_types ... ok
[INFO] [stdout] test vec::tests::test_from_and_into ... ok
[INFO] [stdout] test vec::tests::test_slice ... ok
[INFO] [stdout] test vec::tests::test_vector_methods ... ok
[INFO] [stdout] test weak_and_circle_reference::tests::test_circle_ref ... ok
[INFO] [stdout] test var::tests::test_shadowing ... ok
[INFO] [stdout] test vec::tests::test_vector_index ... ok
[INFO] [stdout] test thread::tests::test_barrier ... ok
[INFO] [stdout] test weak_and_circle_reference::tests::test_circle_ref_with_weak ... ok
[INFO] [stdout] test weak_and_circle_reference::tests::test_weak ... ok
[INFO] [stdout] test weak_and_circle_reference::tests::test_tree ... ok
[INFO] [stdout] test linked_list::first_list::test::test_long_list ... ok
[INFO] [stdout] test linked_list::second_list::test::test_long_list ... ok
[INFO] [stdout] test hashmap::tests::test_update ... FAILED
[INFO] [stdout] test smart_pointers::tests::test_refcell_panic - should panic ... ok
[INFO] [stdout] test thread::tests::test_semaphore ... ok
[INFO] [stdout] test thread::tests::test_condvar2 ... ok
[INFO] [stdout] 
[INFO] [stdout] failures:
[INFO] [stdout] 
[INFO] [stdout] ---- hashmap::tests::test_update stdout ----
[INFO] [stdout] thread 'hashmap::tests::test_update' panicked at src/hashmap.rs:32:9:
[INFO] [stdout] assertion `left == right` failed
[INFO] [stdout]   left: 50
[INFO] [stdout]  right: 5
[INFO] [stdout] stack backtrace:
[INFO] [stdout]    0:     0x55a492425aac - std::backtrace_rs::backtrace::libunwind::trace::ha637c64ce894333a
[INFO] [stdout]                                at /rustc/82e1608dfa6e0b5569232559e3d385fea5a93112/library/std/src/../../backtrace/src/backtrace/libunwind.rs:104:5
[INFO] [stdout]    1:     0x55a492425aac - std::backtrace_rs::backtrace::trace_unsynchronized::h47f62dea28e0c88d
[INFO] [stdout]                                at /rustc/82e1608dfa6e0b5569232559e3d385fea5a93112/library/std/src/../../backtrace/src/backtrace/mod.rs:66:5
[INFO] [stdout]    2:     0x55a492425aac - std::sys_common::backtrace::_print_fmt::h9eef0abe20ede486
[INFO] [stdout]                                at /rustc/82e1608dfa6e0b5569232559e3d385fea5a93112/library/std/src/sys_common/backtrace.rs:67:5
[INFO] [stdout]    3:     0x55a492425aac - <std::sys_common::backtrace::_print::DisplayBacktrace as core::fmt::Display>::fmt::hed7f999df88cc644
[INFO] [stdout]                                at /rustc/82e1608dfa6e0b5569232559e3d385fea5a93112/library/std/src/sys_common/backtrace.rs:44:22
[INFO] [stdout]    4:     0x55a492451510 - core::fmt::rt::Argument::fmt::h1539a9308b8d058d
[INFO] [stdout]                                at /rustc/82e1608dfa6e0b5569232559e3d385fea5a93112/library/core/src/fmt/rt.rs:142:9
[INFO] [stdout]    5:     0x55a492451510 - core::fmt::write::h3a39390d8560d9c9
[INFO] [stdout]                                at /rustc/82e1608dfa6e0b5569232559e3d385fea5a93112/library/core/src/fmt/mod.rs:1120:17
[INFO] [stdout]    6:     0x55a492422e5f - std::io::Write::write_fmt::h040b369f3a0f9cbc
[INFO] [stdout]                                at /rustc/82e1608dfa6e0b5569232559e3d385fea5a93112/library/std/src/io/mod.rs:1762:15
[INFO] [stdout]    7:     0x55a492425894 - std::sys_common::backtrace::_print::h894006fb5c6f3d45
[INFO] [stdout]                                at /rustc/82e1608dfa6e0b5569232559e3d385fea5a93112/library/std/src/sys_common/backtrace.rs:47:5
[INFO] [stdout]    8:     0x55a492425894 - std::sys_common::backtrace::print::h23a2d212c6fff936
[INFO] [stdout]                                at /rustc/82e1608dfa6e0b5569232559e3d385fea5a93112/library/std/src/sys_common/backtrace.rs:34:9
[INFO] [stdout]    9:     0x55a492427557 - std::panicking::default_hook::{{closure}}::h8a1d2ee00185001a
[INFO] [stdout]   10:     0x55a492427243 - std::panicking::default_hook::h6038f2eba384e475
[INFO] [stdout]                                at /rustc/82e1608dfa6e0b5569232559e3d385fea5a93112/library/std/src/panicking.rs:289:9
[INFO] [stdout]   11:     0x55a49231af17 - <alloc::boxed::Box<F,A> as core::ops::function::Fn<Args>>::call::h0ad024c9bdc6d768
[INFO] [stdout]                                at /rustc/82e1608dfa6e0b5569232559e3d385fea5a93112/library/alloc/src/boxed.rs:2021:9
[INFO] [stdout]   12:     0x55a49231af17 - test::test_main::{{closure}}::h7500b54257359db6
[INFO] [stdout]                                at /rustc/82e1608dfa6e0b5569232559e3d385fea5a93112/library/test/src/lib.rs:138:21
[INFO] [stdout]   13:     0x55a492427b68 - <alloc::boxed::Box<F,A> as core::ops::function::Fn<Args>>::call::h1f8f335eaa9cfaee
[INFO] [stdout]                                at /rustc/82e1608dfa6e0b5569232559e3d385fea5a93112/library/alloc/src/boxed.rs:2021:9
[INFO] [stdout]   14:     0x55a492427b68 - std::panicking::rust_panic_with_hook::h2b5517d590cab22e
[INFO] [stdout]                                at /rustc/82e1608dfa6e0b5569232559e3d385fea5a93112/library/std/src/panicking.rs:783:13
[INFO] [stdout]   15:     0x55a4924278be - std::panicking::begin_panic_handler::{{closure}}::h233112c06e0ef43e
[INFO] [stdout]                                at /rustc/82e1608dfa6e0b5569232559e3d385fea5a93112/library/std/src/panicking.rs:657:13
[INFO] [stdout]   16:     0x55a492425f76 - std::sys_common::backtrace::__rust_end_short_backtrace::h6e893f24d7ebbff8
[INFO] [stdout]                                at /rustc/82e1608dfa6e0b5569232559e3d385fea5a93112/library/std/src/sys_common/backtrace.rs:170:18
[INFO] [stdout]   17:     0x55a492427622 - rust_begin_unwind
[INFO] [stdout]                                at /rustc/82e1608dfa6e0b5569232559e3d385fea5a93112/library/std/src/panicking.rs:645:5
[INFO] [stdout]   18:     0x55a492244dd5 - core::panicking::panic_fmt::hbf0e066aabfa482c
[INFO] [stdout]                                at /rustc/82e1608dfa6e0b5569232559e3d385fea5a93112/library/core/src/panicking.rs:72:14
[INFO] [stdout]   19:     0x55a4922451eb - core::panicking::assert_failed_inner::h0bba8b7c26ee4492
[INFO] [stdout]   20:     0x55a4923f837e - core::panicking::assert_failed::hff8aac442f635ade
[INFO] [stdout]                                at /rustc/82e1608dfa6e0b5569232559e3d385fea5a93112/library/core/src/panicking.rs:279:5
[INFO] [stdout]   21:     0x55a492296596 - hello_world::hashmap::tests::test_update::h94410dedf28d2618
[INFO] [stdout]                                at /opt/rustwide/workdir/src/hashmap.rs:32:9
[INFO] [stdout]   22:     0x55a492295eb7 - hello_world::hashmap::tests::test_update::{{closure}}::h45268c939546787e
[INFO] [stdout]                                at /opt/rustwide/workdir/src/hashmap.rs:7:21
[INFO] [stdout]   23:     0x55a4922abc86 - core::ops::function::FnOnce::call_once::he43cd06fd30c320c
[INFO] [stdout]                                at /rustc/82e1608dfa6e0b5569232559e3d385fea5a93112/library/core/src/ops/function.rs:250:5
[INFO] [stdout]   24:     0x55a49232056f - core::ops::function::FnOnce::call_once::h2b5d431d5046312d
[INFO] [stdout]                                at /rustc/82e1608dfa6e0b5569232559e3d385fea5a93112/library/core/src/ops/function.rs:250:5
[INFO] [stdout]   25:     0x55a49232056f - test::__rust_begin_short_backtrace::h7714669af176e207
[INFO] [stdout]                                at /rustc/82e1608dfa6e0b5569232559e3d385fea5a93112/library/test/src/lib.rs:628:18
[INFO] [stdout]   26:     0x55a49231f585 - test::run_test_in_process::{{closure}}::h85218797dcbcec12
[INFO] [stdout]                                at /rustc/82e1608dfa6e0b5569232559e3d385fea5a93112/library/test/src/lib.rs:651:60
[INFO] [stdout]   27:     0x55a49231f585 - <core::panic::unwind_safe::AssertUnwindSafe<F> as core::ops::function::FnOnce<()>>::call_once::h76c106ea31c14d7b
[INFO] [stdout]                                at /rustc/82e1608dfa6e0b5569232559e3d385fea5a93112/library/core/src/panic/unwind_safe.rs:272:9
[INFO] [stdout]   28:     0x55a49231f585 - std::panicking::try::do_call::h3bd5d0f6620ee946
[INFO] [stdout]                                at /rustc/82e1608dfa6e0b5569232559e3d385fea5a93112/library/std/src/panicking.rs:552:40
[INFO] [stdout]   29:     0x55a49231f585 - std::panicking::try::h232e535e4744fe31
[INFO] [stdout]                                at /rustc/82e1608dfa6e0b5569232559e3d385fea5a93112/library/std/src/panicking.rs:516:19
[INFO] [stdout]   30:     0x55a49231f585 - std::panic::catch_unwind::h3ce3bd6ca8dbac68
[INFO] [stdout]                                at /rustc/82e1608dfa6e0b5569232559e3d385fea5a93112/library/std/src/panic.rs:142:14
[INFO] [stdout]   31:     0x55a49231f585 - test::run_test_in_process::hc97b257c9621286a
[INFO] [stdout]                                at /rustc/82e1608dfa6e0b5569232559e3d385fea5a93112/library/test/src/lib.rs:651:27
[INFO] [stdout]   32:     0x55a49231f585 - test::run_test::{{closure}}::h2aa798823a438d38
[INFO] [stdout]                                at /rustc/82e1608dfa6e0b5569232559e3d385fea5a93112/library/test/src/lib.rs:574:43
[INFO] [stdout]   33:     0x55a4922e7846 - test::run_test::{{closure}}::h87d231c78fb59832
[INFO] [stdout]                                at /rustc/82e1608dfa6e0b5569232559e3d385fea5a93112/library/test/src/lib.rs:602:41
[INFO] [stdout]   34:     0x55a4922e7846 - std::sys_common::backtrace::__rust_begin_short_backtrace::he6df152596625789
[INFO] [stdout]                                at /rustc/82e1608dfa6e0b5569232559e3d385fea5a93112/library/std/src/sys_common/backtrace.rs:154:18
[INFO] [stdout]   35:     0x55a4922ec8f7 - std::thread::Builder::spawn_unchecked_::{{closure}}::{{closure}}::ha94be15d1e0acf36
[INFO] [stdout]                                at /rustc/82e1608dfa6e0b5569232559e3d385fea5a93112/library/std/src/thread/mod.rs:529:17
[INFO] [stdout]   36:     0x55a4922ec8f7 - <core::panic::unwind_safe::AssertUnwindSafe<F> as core::ops::function::FnOnce<()>>::call_once::h9dc6bd6372f16606
[INFO] [stdout]                                at /rustc/82e1608dfa6e0b5569232559e3d385fea5a93112/library/core/src/panic/unwind_safe.rs:272:9
[INFO] [stdout]   37:     0x55a4922ec8f7 - std::panicking::try::do_call::h9057517f80303cd4
[INFO] [stdout]                                at /rustc/82e1608dfa6e0b5569232559e3d385fea5a93112/library/std/src/panicking.rs:552:40
[INFO] [stdout]   38:     0x55a4922ec8f7 - std::panicking::try::he3a30b11ee45340c
[INFO] [stdout]                                at /rustc/82e1608dfa6e0b5569232559e3d385fea5a93112/library/std/src/panicking.rs:516:19
[INFO] [stdout]   39:     0x55a4922ec8f7 - std::panic::catch_unwind::h410458cfd3528b8b
[INFO] [stdout]                                at /rustc/82e1608dfa6e0b5569232559e3d385fea5a93112/library/std/src/panic.rs:142:14
[INFO] [stdout]   40:     0x55a4922ec8f7 - std::thread::Builder::spawn_unchecked_::{{closure}}::h72ac3bdb567b737b
[INFO] [stdout]                                at /rustc/82e1608dfa6e0b5569232559e3d385fea5a93112/library/std/src/thread/mod.rs:528:30
[INFO] [stdout]   41:     0x55a4922ec8f7 - core::ops::function::FnOnce::call_once{{vtable.shim}}::h38f34da3654a8344
[INFO] [stdout]                                at /rustc/82e1608dfa6e0b5569232559e3d385fea5a93112/library/core/src/ops/function.rs:250:5
[INFO] [stdout]   42:     0x55a49242c775 - <alloc::boxed::Box<F,A> as core::ops::function::FnOnce<Args>>::call_once::hc7eafaff61e32df9
[INFO] [stdout]                                at /rustc/82e1608dfa6e0b5569232559e3d385fea5a93112/library/alloc/src/boxed.rs:2007:9
[INFO] [stdout]   43:     0x55a49242c775 - <alloc::boxed::Box<F,A> as core::ops::function::FnOnce<Args>>::call_once::h6ba4a5de48dd2304
[INFO] [stdout]                                at /rustc/82e1608dfa6e0b5569232559e3d385fea5a93112/library/alloc/src/boxed.rs:2007:9
[INFO] [stdout]   44:     0x55a49242c775 - std::sys::unix::thread::Thread::new::thread_start::he469335aef763e45
[INFO] [stdout]                                at /rustc/82e1608dfa6e0b5569232559e3d385fea5a93112/library/std/src/sys/unix/thread.rs:108:17
[INFO] [stdout]   45:     0x7f843a333ac3 - <unknown>
[INFO] [stdout]   46:     0x7f843a3c4bf4 - __clone
[INFO] [stdout]   47:                0x0 - <unknown>
[INFO] [stdout] 
[INFO] [stdout] 
[INFO] [stdout] failures:
[INFO] [stdout]     hashmap::tests::test_update
[INFO] [stdout] 
[INFO] [stdout] test result: FAILED. 120 passed; 1 failed; 0 ignored; 0 measured; 0 filtered out; finished in 3.03s
[INFO] [stdout] 
[INFO] [stderr] error: test failed, to rerun pass `--lib`
[INFO] running `Command { std: "docker" "inspect" "6cc1a89509dc2875d2509005798fa65ec0ff21f85716ea41e610543ec7a27a68", kill_on_drop: false }`
[INFO] running `Command { std: "docker" "rm" "-f" "6cc1a89509dc2875d2509005798fa65ec0ff21f85716ea41e610543ec7a27a68", kill_on_drop: false }`
[INFO] [stdout] 6cc1a89509dc2875d2509005798fa65ec0ff21f85716ea41e610543ec7a27a68
