[INFO] cloning repository https://github.com/zestyasuo/rustgldrawer
[INFO] running `Command { std: "git" "-c" "credential.helper=" "-c" "credential.helper=/workspace/cargo-home/bin/git-credential-null" "clone" "--bare" "https://github.com/zestyasuo/rustgldrawer" "/workspace/cache/git-repos/https%3A%2F%2Fgithub.com%2Fzestyasuo%2Frustgldrawer", kill_on_drop: false }`
[INFO] [stderr] Cloning into bare repository '/workspace/cache/git-repos/https%3A%2F%2Fgithub.com%2Fzestyasuo%2Frustgldrawer'...
[INFO] running `Command { std: "git" "rev-parse" "HEAD", kill_on_drop: false }`
[INFO] [stdout] afdb402fb9decf8483cd714dd54d7750a3ee04c1
[INFO] testing zestyasuo/rustgldrawer against 1.75.0 for beta-1.76-1
[INFO] running `Command { std: "git" "clone" "/workspace/cache/git-repos/https%3A%2F%2Fgithub.com%2Fzestyasuo%2Frustgldrawer" "/workspace/builds/worker-2-tc1/source", kill_on_drop: false }`
[INFO] [stderr] Cloning into '/workspace/builds/worker-2-tc1/source'...
[INFO] [stderr] done.
[INFO] validating manifest of git repo https://github.com/zestyasuo/rustgldrawer on toolchain 1.75.0
[INFO] running `Command { std: CARGO_HOME="/workspace/cargo-home" RUSTUP_HOME="/workspace/rustup-home" "/workspace/cargo-home/bin/cargo" "+1.75.0" "metadata" "--manifest-path" "Cargo.toml" "--no-deps", kill_on_drop: false }`
[INFO] started tweaking git repo https://github.com/zestyasuo/rustgldrawer
[INFO] finished tweaking git repo https://github.com/zestyasuo/rustgldrawer
[INFO] tweaked toml for git repo https://github.com/zestyasuo/rustgldrawer written to /workspace/builds/worker-2-tc1/source/Cargo.toml
[INFO] crate git repo https://github.com/zestyasuo/rustgldrawer already has a lockfile, it will not be regenerated
[INFO] running `Command { std: CARGO_HOME="/workspace/cargo-home" RUSTUP_HOME="/workspace/rustup-home" "/workspace/cargo-home/bin/cargo" "+1.75.0" "fetch" "--manifest-path" "Cargo.toml", kill_on_drop: false }`
[INFO] [stderr]  Downloading crates ...
[INFO] [stderr]   Downloaded glfw v0.54.0
[INFO] running `Command { std: "docker" "create" "-v" "/var/lib/crater-agent-workspace/builds/worker-2-tc1/target:/opt/rustwide/target:rw,Z" "-v" "/var/lib/crater-agent-workspace/builds/worker-2-tc1/source:/opt/rustwide/workdir:ro,Z" "-v" "/var/lib/crater-agent-workspace/cargo-home:/opt/rustwide/cargo-home:ro,Z" "-v" "/var/lib/crater-agent-workspace/rustup-home:/opt/rustwide/rustup-home:ro,Z" "-e" "SOURCE_DIR=/opt/rustwide/workdir" "-e" "CARGO_TARGET_DIR=/opt/rustwide/target" "-e" "CARGO_HOME=/opt/rustwide/cargo-home" "-e" "RUSTUP_HOME=/opt/rustwide/rustup-home" "-w" "/opt/rustwide/workdir" "-m" "1610612736" "--user" "0:0" "--network" "none" "ghcr.io/rust-lang/crates-build-env/linux@sha256:2788e3201cd34a07e3172128adcd8b3090168a8e3bcc40d7c032b9dda1df7d1c" "/opt/rustwide/cargo-home/bin/cargo" "+1.75.0" "metadata" "--no-deps" "--format-version=1", kill_on_drop: false }`
[INFO] [stdout] be287184060f821319b86412c80f0fb92f29f38147e4e7221a4e553cbbf7008b
[INFO] running `Command { std: "docker" "start" "-a" "be287184060f821319b86412c80f0fb92f29f38147e4e7221a4e553cbbf7008b", kill_on_drop: false }`
[INFO] running `Command { std: "docker" "inspect" "be287184060f821319b86412c80f0fb92f29f38147e4e7221a4e553cbbf7008b", kill_on_drop: false }`
[INFO] running `Command { std: "docker" "rm" "-f" "be287184060f821319b86412c80f0fb92f29f38147e4e7221a4e553cbbf7008b", kill_on_drop: false }`
[INFO] [stdout] be287184060f821319b86412c80f0fb92f29f38147e4e7221a4e553cbbf7008b
[INFO] running `Command { std: "docker" "create" "-v" "/var/lib/crater-agent-workspace/builds/worker-2-tc1/target:/opt/rustwide/target:rw,Z" "-v" "/var/lib/crater-agent-workspace/builds/worker-2-tc1/source:/opt/rustwide/workdir:ro,Z" "-v" "/var/lib/crater-agent-workspace/cargo-home:/opt/rustwide/cargo-home:ro,Z" "-v" "/var/lib/crater-agent-workspace/rustup-home:/opt/rustwide/rustup-home:ro,Z" "-e" "SOURCE_DIR=/opt/rustwide/workdir" "-e" "CARGO_TARGET_DIR=/opt/rustwide/target" "-e" "CARGO_INCREMENTAL=0" "-e" "RUST_BACKTRACE=full" "-e" "RUSTFLAGS=--cap-lints=warn" "-e" "RUSTDOCFLAGS=--cap-lints=warn" "-e" "CARGO_HOME=/opt/rustwide/cargo-home" "-e" "RUSTUP_HOME=/opt/rustwide/rustup-home" "-w" "/opt/rustwide/workdir" "-m" "1610612736" "--user" "0:0" "--network" "none" "ghcr.io/rust-lang/crates-build-env/linux@sha256:2788e3201cd34a07e3172128adcd8b3090168a8e3bcc40d7c032b9dda1df7d1c" "/opt/rustwide/cargo-home/bin/cargo" "+1.75.0" "build" "--frozen" "--message-format=json", kill_on_drop: false }`
[INFO] [stdout] d83b241ddd900f28072152af58d0de94b551b0c68869c652c002d47081a605de
[INFO] running `Command { std: "docker" "start" "-a" "d83b241ddd900f28072152af58d0de94b551b0c68869c652c002d47081a605de", kill_on_drop: false }`
[INFO] [stderr]    Compiling libc v0.2.151
[INFO] [stderr]    Compiling khronos_api v3.1.0
[INFO] [stderr]    Compiling proc-macro2 v1.0.74
[INFO] [stderr]    Compiling autocfg v1.1.0
[INFO] [stderr]    Compiling unicode-ident v1.0.12
[INFO] [stderr]    Compiling xml-rs v0.8.19
[INFO] [stderr]    Compiling rustix v0.38.28
[INFO] [stderr]    Compiling memchr v2.7.1
[INFO] [stderr]    Compiling log v0.4.20
[INFO] [stderr]    Compiling linux-raw-sys v0.4.12
[INFO] [stderr]    Compiling num-traits v0.2.17
[INFO] [stderr]    Compiling regex-syntax v0.8.2
[INFO] [stderr]    Compiling aho-corasick v1.1.2
[INFO] [stderr]    Compiling gl_generator v0.14.0
[INFO] [stderr]    Compiling quote v1.0.35
[INFO] [stderr]    Compiling cc v1.0.83
[INFO] [stderr]    Compiling bitflags v2.4.1
[INFO] [stderr]    Compiling syn v2.0.46
[INFO] [stderr]    Compiling cgmath v0.18.0
[INFO] [stderr]    Compiling gl v0.14.0
[INFO] [stderr]    Compiling thiserror v1.0.56
[INFO] [stderr]    Compiling cmake v0.1.50
[INFO] [stderr]    Compiling regex-automata v0.4.3
[INFO] [stderr]    Compiling approx v0.4.0
[INFO] [stderr]    Compiling is-terminal v0.4.10
[INFO] [stderr]    Compiling bitflags v1.3.2
[INFO] [stderr]    Compiling humantime v2.1.0
[INFO] [stderr]    Compiling termcolor v1.4.0
[INFO] [stderr]    Compiling glfw-sys v4.0.0+3.3.5
[INFO] [stderr]    Compiling raw-window-handle v0.5.2
[INFO] [stderr]    Compiling thiserror-impl v1.0.56
[INFO] [stderr]    Compiling regex v1.10.2
[INFO] [stderr]    Compiling env_logger v0.10.1
[INFO] [stderr]    Compiling glfw v0.54.0
[INFO] [stderr]    Compiling rustgldrawer v0.1.0 (/opt/rustwide/workdir)
[INFO] [stderr]     Finished dev [unoptimized + debuginfo] target(s) in 16.84s
[INFO] running `Command { std: "docker" "inspect" "d83b241ddd900f28072152af58d0de94b551b0c68869c652c002d47081a605de", kill_on_drop: false }`
[INFO] running `Command { std: "docker" "rm" "-f" "d83b241ddd900f28072152af58d0de94b551b0c68869c652c002d47081a605de", kill_on_drop: false }`
[INFO] [stdout] d83b241ddd900f28072152af58d0de94b551b0c68869c652c002d47081a605de
[INFO] running `Command { std: "docker" "create" "-v" "/var/lib/crater-agent-workspace/builds/worker-2-tc1/target:/opt/rustwide/target:rw,Z" "-v" "/var/lib/crater-agent-workspace/builds/worker-2-tc1/source:/opt/rustwide/workdir:ro,Z" "-v" "/var/lib/crater-agent-workspace/cargo-home:/opt/rustwide/cargo-home:ro,Z" "-v" "/var/lib/crater-agent-workspace/rustup-home:/opt/rustwide/rustup-home:ro,Z" "-e" "SOURCE_DIR=/opt/rustwide/workdir" "-e" "CARGO_TARGET_DIR=/opt/rustwide/target" "-e" "CARGO_INCREMENTAL=0" "-e" "RUST_BACKTRACE=full" "-e" "RUSTFLAGS=--cap-lints=warn" "-e" "RUSTDOCFLAGS=--cap-lints=warn" "-e" "CARGO_HOME=/opt/rustwide/cargo-home" "-e" "RUSTUP_HOME=/opt/rustwide/rustup-home" "-w" "/opt/rustwide/workdir" "-m" "1610612736" "--user" "0:0" "--network" "none" "ghcr.io/rust-lang/crates-build-env/linux@sha256:2788e3201cd34a07e3172128adcd8b3090168a8e3bcc40d7c032b9dda1df7d1c" "/opt/rustwide/cargo-home/bin/cargo" "+1.75.0" "test" "--frozen" "--no-run" "--message-format=json", kill_on_drop: false }`
[INFO] [stdout] c80ba6ab3997c0e122659a46733820839f58ad0b48977687ebb1b7ae248b9703
[INFO] running `Command { std: "docker" "start" "-a" "c80ba6ab3997c0e122659a46733820839f58ad0b48977687ebb1b7ae248b9703", kill_on_drop: false }`
[INFO] [stderr]    Compiling rustgldrawer v0.1.0 (/opt/rustwide/workdir)
[INFO] [stderr]     Finished test [unoptimized + debuginfo] target(s) in 0.44s
[INFO] running `Command { std: "docker" "inspect" "c80ba6ab3997c0e122659a46733820839f58ad0b48977687ebb1b7ae248b9703", kill_on_drop: false }`
[INFO] running `Command { std: "docker" "rm" "-f" "c80ba6ab3997c0e122659a46733820839f58ad0b48977687ebb1b7ae248b9703", kill_on_drop: false }`
[INFO] [stdout] c80ba6ab3997c0e122659a46733820839f58ad0b48977687ebb1b7ae248b9703
[INFO] running `Command { std: "docker" "create" "-v" "/var/lib/crater-agent-workspace/builds/worker-2-tc1/target:/opt/rustwide/target:rw,Z" "-v" "/var/lib/crater-agent-workspace/builds/worker-2-tc1/source:/opt/rustwide/workdir:ro,Z" "-v" "/var/lib/crater-agent-workspace/cargo-home:/opt/rustwide/cargo-home:ro,Z" "-v" "/var/lib/crater-agent-workspace/rustup-home:/opt/rustwide/rustup-home:ro,Z" "-e" "SOURCE_DIR=/opt/rustwide/workdir" "-e" "CARGO_TARGET_DIR=/opt/rustwide/target" "-e" "CARGO_INCREMENTAL=0" "-e" "RUST_BACKTRACE=full" "-e" "RUSTFLAGS=--cap-lints=warn" "-e" "RUSTDOCFLAGS=--cap-lints=warn" "-e" "CARGO_HOME=/opt/rustwide/cargo-home" "-e" "RUSTUP_HOME=/opt/rustwide/rustup-home" "-w" "/opt/rustwide/workdir" "-m" "1610612736" "--user" "0:0" "--network" "none" "ghcr.io/rust-lang/crates-build-env/linux@sha256:2788e3201cd34a07e3172128adcd8b3090168a8e3bcc40d7c032b9dda1df7d1c" "/opt/rustwide/cargo-home/bin/cargo" "+1.75.0" "test" "--frozen", kill_on_drop: false }`
[INFO] [stdout] 57a1b2bfe6450d569618583149f7c8bb2f850adfe1dfe63d332961353441cb1b
[INFO] running `Command { std: "docker" "start" "-a" "57a1b2bfe6450d569618583149f7c8bb2f850adfe1dfe63d332961353441cb1b", kill_on_drop: false }`
[INFO] [stderr]     Finished test [unoptimized + debuginfo] target(s) in 0.04s
[INFO] [stderr]      Running unittests src/lib.rs (/opt/rustwide/target/debug/deps/rustgldrawer-690f69c888cb081f)
[INFO] [stdout] 
[INFO] [stdout] running 0 tests
[INFO] [stdout] 
[INFO] [stdout] test result: ok. 0 passed; 0 failed; 0 ignored; 0 measured; 0 filtered out; finished in 0.00s
[INFO] [stdout] 
[INFO] [stderr]    Doc-tests rustgldrawer
[INFO] [stdout] 
[INFO] [stdout] running 4 tests
[INFO] [stdout] test src/graphics/glwrapper.rs - graphics::glwrapper::Vao (line 18) ... FAILED
[INFO] [stdout] test src/graphics/glwrapper.rs - graphics::glwrapper::ShaderProgram (line 152) ... FAILED
[INFO] [stdout] test src/graphics/glwrapper.rs - graphics::glwrapper::VertexAttribute (line 113) ... FAILED
[INFO] [stderr] error: doctest failed, to rerun pass `--doc`
[INFO] [stdout] test src/graphics/glwrapper.rs - graphics::glwrapper::BufferObject (line 53) ... FAILED
[INFO] [stdout] 
[INFO] [stdout] failures:
[INFO] [stdout] 
[INFO] [stdout] ---- src/graphics/glwrapper.rs - graphics::glwrapper::Vao (line 18) stdout ----
[INFO] [stdout] error[E0433]: failed to resolve: use of undeclared type `Vao`
[INFO] [stdout]  --> src/graphics/glwrapper.rs:19:11
[INFO] [stdout]   |
[INFO] [stdout] 3 | let vao = Vao::new();
[INFO] [stdout]   |           ^^^ use of undeclared type `Vao`
[INFO] [stdout]   |
[INFO] [stdout] help: consider importing this struct
[INFO] [stdout]   |
[INFO] [stdout] 2 + use rustgldrawer::graphics::glwrapper::Vao;
[INFO] [stdout]   |
[INFO] [stdout] 
[INFO] [stdout] error: aborting due to previous error
[INFO] [stdout] 
[INFO] [stdout] For more information about this error, try `rustc --explain E0433`.
[INFO] [stdout] Couldn't compile the test.
[INFO] [stdout] ---- src/graphics/glwrapper.rs - graphics::glwrapper::ShaderProgram (line 152) stdout ----
[INFO] [stdout] error[E0433]: failed to resolve: use of undeclared type `ShaderProgram`
[INFO] [stdout]  --> src/graphics/glwrapper.rs:153:15
[INFO] [stdout]   |
[INFO] [stdout] 3 | let program = ShaderProgram::new("/path/to/vertexShader.glsl", "/path/to/fragmentShader.glsl");
[INFO] [stdout]   |               ^^^^^^^^^^^^^ use of undeclared type `ShaderProgram`
[INFO] [stdout]   |
[INFO] [stdout] help: consider importing this struct
[INFO] [stdout]   |
[INFO] [stdout] 2 + use rustgldrawer::graphics::glwrapper::ShaderProgram;
[INFO] [stdout]   |
[INFO] [stdout] 
[INFO] [stdout] error[E0425]: cannot find value `some_matrix` in this scope
[INFO] [stdout]  --> src/graphics/glwrapper.rs:158:44
[INFO] [stdout]   |
[INFO] [stdout] 8 | program.set_matrix4fv_uniform("transform", some_matrix);
[INFO] [stdout]   |                                            ^^^^^^^^^^^ not found in this scope
[INFO] [stdout] 
[INFO] [stdout] error: aborting due to 2 previous errors
[INFO] [stdout] 
[INFO] [stdout] Some errors have detailed explanations: E0425, E0433.
[INFO] [stdout] For more information about an error, try `rustc --explain E0425`.
[INFO] [stdout] Couldn't compile the test.
[INFO] [stdout] ---- src/graphics/glwrapper.rs - graphics::glwrapper::VertexAttribute (line 113) stdout ----
[INFO] [stdout] error[E0433]: failed to resolve: use of undeclared type `VertexAttribute`
[INFO] [stdout]  --> src/graphics/glwrapper.rs:114:26
[INFO] [stdout]   |
[INFO] [stdout] 3 | let position_attribute = VertexAttribute::new(0, 3, gl::FLOAT, gl::FALSE, 3 * mem::size_of::<GLfloat>() as GLsizei, ptr::null());
[INFO] [stdout]   |                          ^^^^^^^^^^^^^^^ use of undeclared type `VertexAttribute`
[INFO] [stdout]   |
[INFO] [stdout] help: consider importing this struct
[INFO] [stdout]   |
[INFO] [stdout] 2 + use rustgldrawer::graphics::glwrapper::VertexAttribute;
[INFO] [stdout]   |
[INFO] [stdout] 
[INFO] [stdout] error[E0433]: failed to resolve: use of undeclared crate or module `mem`
[INFO] [stdout]  --> src/graphics/glwrapper.rs:114:79
[INFO] [stdout]   |
[INFO] [stdout] 3 | let position_attribute = VertexAttribute::new(0, 3, gl::FLOAT, gl::FALSE, 3 * mem::size_of::<GLfloat>() as GLsizei, ptr::null());
[INFO] [stdout]   |                                                                               ^^^ use of undeclared crate or module `mem`
[INFO] [stdout]   |
[INFO] [stdout] help: consider importing one of these items
[INFO] [stdout]   |
[INFO] [stdout] 2 + use core::mem;
[INFO] [stdout]   |
[INFO] [stdout] 2 + use std::mem;
[INFO] [stdout]   |
[INFO] [stdout] 
[INFO] [stdout] error[E0412]: cannot find type `GLfloat` in this scope
[INFO] [stdout]  --> src/graphics/glwrapper.rs:114:94
[INFO] [stdout]   |
[INFO] [stdout] 3 | let position_attribute = VertexAttribute::new(0, 3, gl::FLOAT, gl::FALSE, 3 * mem::size_of::<GLfloat>() as GLsizei, ptr::null());
[INFO] [stdout]   |                                                                                              ^^^^^^^ not found in this scope
[INFO] [stdout]   |
[INFO] [stdout] help: consider importing this type alias
[INFO] [stdout]   |
[INFO] [stdout] 2 + use gl::types::GLfloat;
[INFO] [stdout]   |
[INFO] [stdout] 
[INFO] [stdout] error[E0412]: cannot find type `GLsizei` in this scope
[INFO] [stdout]  --> src/graphics/glwrapper.rs:114:108
[INFO] [stdout]   |
[INFO] [stdout] 3 | let position_attribute = VertexAttribute::new(0, 3, gl::FLOAT, gl::FALSE, 3 * mem::size_of::<GLfloat>() as GLsizei, ptr::null());
[INFO] [stdout]   |                                                                                                            ^^^^^^^ not found in this scope
[INFO] [stdout]   |
[INFO] [stdout] help: consider importing this type alias
[INFO] [stdout]   |
[INFO] [stdout] 2 + use gl::types::GLsizei;
[INFO] [stdout]   |
[INFO] [stdout] 
[INFO] [stdout] error[E0433]: failed to resolve: use of undeclared crate or module `ptr`
[INFO] [stdout]  --> src/graphics/glwrapper.rs:114:117
[INFO] [stdout]   |
[INFO] [stdout] 3 | let position_attribute = VertexAttribute::new(0, 3, gl::FLOAT, gl::FALSE, 3 * mem::size_of::<GLfloat>() as GLsizei, ptr::null());
[INFO] [stdout]   |                                                                                                                     ^^^ use of undeclared crate or module `ptr`
[INFO] [stdout]   |
[INFO] [stdout] help: a builtin type with a similar name exists
[INFO] [stdout]   |
[INFO] [stdout] 3 | let position_attribute = VertexAttribute::new(0, 3, gl::FLOAT, gl::FALSE, 3 * mem::size_of::<GLfloat>() as GLsizei, str::null());
[INFO] [stdout]   |                                                                                                                     ~~~
[INFO] [stdout] help: consider importing one of these items
[INFO] [stdout]   |
[INFO] [stdout] 2 + use core::ptr;
[INFO] [stdout]   |
[INFO] [stdout] 2 + use std::ptr;
[INFO] [stdout]   |
[INFO] [stdout] 
[INFO] [stdout] error: aborting due to 5 previous errors
[INFO] [stdout] 
[INFO] [stdout] Some errors have detailed explanations: E0412, E0433.
[INFO] [stdout] For more information about an error, try `rustc --explain E0412`.
[INFO] [stdout] Couldn't compile the test.
[INFO] [stdout] ---- src/graphics/glwrapper.rs - graphics::glwrapper::BufferObject (line 53) stdout ----
[INFO] [stdout] error[E0433]: failed to resolve: use of undeclared type `BufferObject`
[INFO] [stdout]  --> src/graphics/glwrapper.rs:54:11
[INFO] [stdout]   |
[INFO] [stdout] 3 | let vbo = BufferObject::new(gl::ARRAY_BUFFER, gl::STATIC_DRAW);
[INFO] [stdout]   |           ^^^^^^^^^^^^ use of undeclared type `BufferObject`
[INFO] [stdout]   |
[INFO] [stdout] help: consider importing this struct
[INFO] [stdout]   |
[INFO] [stdout] 2 + use rustgldrawer::graphics::glwrapper::BufferObject;
[INFO] [stdout]   |
[INFO] [stdout] 
[INFO] [stdout] error[E0425]: cannot find value `float32_array` in this scope
[INFO] [stdout]  --> src/graphics/glwrapper.rs:57:21
[INFO] [stdout]   |
[INFO] [stdout] 6 | vbo.store_f32_data(&float32_array);
[INFO] [stdout]   |                     ^^^^^^^^^^^^^ not found in this scope
[INFO] [stdout] 
[INFO] [stdout] error: aborting due to 2 previous errors
[INFO] [stdout] 
[INFO] [stdout] Some errors have detailed explanations: E0425, E0433.
[INFO] [stdout] For more information about an error, try `rustc --explain E0425`.
[INFO] [stdout] Couldn't compile the test.
[INFO] [stdout] 
[INFO] [stdout] failures:
[INFO] [stdout]     src/graphics/glwrapper.rs - graphics::glwrapper::BufferObject (line 53)
[INFO] [stdout]     src/graphics/glwrapper.rs - graphics::glwrapper::ShaderProgram (line 152)
[INFO] [stdout]     src/graphics/glwrapper.rs - graphics::glwrapper::Vao (line 18)
[INFO] [stdout]     src/graphics/glwrapper.rs - graphics::glwrapper::VertexAttribute (line 113)
[INFO] [stdout] 
[INFO] [stdout] test result: FAILED. 0 passed; 4 failed; 0 ignored; 0 measured; 0 filtered out; finished in 0.12s
[INFO] [stdout] 
[INFO] running `Command { std: "docker" "inspect" "57a1b2bfe6450d569618583149f7c8bb2f850adfe1dfe63d332961353441cb1b", kill_on_drop: false }`
[INFO] running `Command { std: "docker" "rm" "-f" "57a1b2bfe6450d569618583149f7c8bb2f850adfe1dfe63d332961353441cb1b", kill_on_drop: false }`
[INFO] [stdout] 57a1b2bfe6450d569618583149f7c8bb2f850adfe1dfe63d332961353441cb1b
[INFO] testing zestyasuo/rustgldrawer against beta-2023-12-22 for beta-1.76-1
[INFO] running `Command { std: "git" "clone" "/workspace/cache/git-repos/https%3A%2F%2Fgithub.com%2Fzestyasuo%2Frustgldrawer" "/workspace/builds/worker-2-tc2/source", kill_on_drop: false }`
[INFO] [stderr] Cloning into '/workspace/builds/worker-2-tc2/source'...
[INFO] [stderr] done.
[INFO] validating manifest of git repo https://github.com/zestyasuo/rustgldrawer on toolchain beta-2023-12-22
[INFO] running `Command { std: CARGO_HOME="/workspace/cargo-home" RUSTUP_HOME="/workspace/rustup-home" "/workspace/cargo-home/bin/cargo" "+beta-2023-12-22" "metadata" "--manifest-path" "Cargo.toml" "--no-deps", kill_on_drop: false }`
[INFO] started tweaking git repo https://github.com/zestyasuo/rustgldrawer
[INFO] finished tweaking git repo https://github.com/zestyasuo/rustgldrawer
[INFO] tweaked toml for git repo https://github.com/zestyasuo/rustgldrawer written to /workspace/builds/worker-2-tc2/source/Cargo.toml
[INFO] crate git repo https://github.com/zestyasuo/rustgldrawer already has a lockfile, it will not be regenerated
[INFO] running `Command { std: CARGO_HOME="/workspace/cargo-home" RUSTUP_HOME="/workspace/rustup-home" "/workspace/cargo-home/bin/cargo" "+beta-2023-12-22" "fetch" "--manifest-path" "Cargo.toml", kill_on_drop: false }`
[INFO] running `Command { std: "docker" "create" "-v" "/var/lib/crater-agent-workspace/builds/worker-2-tc2/target:/opt/rustwide/target:rw,Z" "-v" "/var/lib/crater-agent-workspace/builds/worker-2-tc2/source:/opt/rustwide/workdir:ro,Z" "-v" "/var/lib/crater-agent-workspace/cargo-home:/opt/rustwide/cargo-home:ro,Z" "-v" "/var/lib/crater-agent-workspace/rustup-home:/opt/rustwide/rustup-home:ro,Z" "-e" "SOURCE_DIR=/opt/rustwide/workdir" "-e" "CARGO_TARGET_DIR=/opt/rustwide/target" "-e" "CARGO_HOME=/opt/rustwide/cargo-home" "-e" "RUSTUP_HOME=/opt/rustwide/rustup-home" "-w" "/opt/rustwide/workdir" "-m" "1610612736" "--user" "0:0" "--network" "none" "ghcr.io/rust-lang/crates-build-env/linux@sha256:2788e3201cd34a07e3172128adcd8b3090168a8e3bcc40d7c032b9dda1df7d1c" "/opt/rustwide/cargo-home/bin/cargo" "+beta-2023-12-22" "metadata" "--no-deps" "--format-version=1", kill_on_drop: false }`
[INFO] [stdout] 466912c8c83010ba92d4498341371ae09b9941c7af1c4f87793837c92215000a
[INFO] running `Command { std: "docker" "start" "-a" "466912c8c83010ba92d4498341371ae09b9941c7af1c4f87793837c92215000a", kill_on_drop: false }`
[INFO] running `Command { std: "docker" "inspect" "466912c8c83010ba92d4498341371ae09b9941c7af1c4f87793837c92215000a", kill_on_drop: false }`
[INFO] running `Command { std: "docker" "rm" "-f" "466912c8c83010ba92d4498341371ae09b9941c7af1c4f87793837c92215000a", kill_on_drop: false }`
[INFO] [stdout] 466912c8c83010ba92d4498341371ae09b9941c7af1c4f87793837c92215000a
[INFO] running `Command { std: "docker" "create" "-v" "/var/lib/crater-agent-workspace/builds/worker-2-tc2/target:/opt/rustwide/target:rw,Z" "-v" "/var/lib/crater-agent-workspace/builds/worker-2-tc2/source:/opt/rustwide/workdir:ro,Z" "-v" "/var/lib/crater-agent-workspace/cargo-home:/opt/rustwide/cargo-home:ro,Z" "-v" "/var/lib/crater-agent-workspace/rustup-home:/opt/rustwide/rustup-home:ro,Z" "-e" "SOURCE_DIR=/opt/rustwide/workdir" "-e" "CARGO_TARGET_DIR=/opt/rustwide/target" "-e" "CARGO_INCREMENTAL=0" "-e" "RUST_BACKTRACE=full" "-e" "RUSTFLAGS=--cap-lints=warn" "-e" "RUSTDOCFLAGS=--cap-lints=warn" "-e" "CARGO_HOME=/opt/rustwide/cargo-home" "-e" "RUSTUP_HOME=/opt/rustwide/rustup-home" "-w" "/opt/rustwide/workdir" "-m" "1610612736" "--user" "0:0" "--network" "none" "ghcr.io/rust-lang/crates-build-env/linux@sha256:2788e3201cd34a07e3172128adcd8b3090168a8e3bcc40d7c032b9dda1df7d1c" "/opt/rustwide/cargo-home/bin/cargo" "+beta-2023-12-22" "build" "--frozen" "--message-format=json", kill_on_drop: false }`
[INFO] [stdout] aa0ee2bfd649b2fb4134e2c8f360323a6fe0c95307df7672998b6767660b273b
[INFO] running `Command { std: "docker" "start" "-a" "aa0ee2bfd649b2fb4134e2c8f360323a6fe0c95307df7672998b6767660b273b", kill_on_drop: false }`
[INFO] [stderr]    Compiling libc v0.2.151
[INFO] [stderr]    Compiling khronos_api v3.1.0
[INFO] [stderr]    Compiling proc-macro2 v1.0.74
[INFO] [stderr]    Compiling autocfg v1.1.0
[INFO] [stderr]    Compiling unicode-ident v1.0.12
[INFO] [stderr]    Compiling memchr v2.7.1
[INFO] [stderr]    Compiling log v0.4.20
[INFO] [stderr]    Compiling rustix v0.38.28
[INFO] [stderr]    Compiling xml-rs v0.8.19
[INFO] [stderr]    Compiling linux-raw-sys v0.4.12
[INFO] [stderr]    Compiling num-traits v0.2.17
[INFO] [stderr]    Compiling regex-syntax v0.8.2
[INFO] [stderr]    Compiling bitflags v2.4.1
[INFO] [stderr]    Compiling aho-corasick v1.1.2
[INFO] [stderr]    Compiling gl_generator v0.14.0
[INFO] [stderr]    Compiling quote v1.0.35
[INFO] [stderr]    Compiling cc v1.0.83
[INFO] [stderr]    Compiling thiserror v1.0.56
[INFO] [stderr]    Compiling syn v2.0.46
[INFO] [stderr]    Compiling cgmath v0.18.0
[INFO] [stderr]    Compiling is-terminal v0.4.10
[INFO] [stderr]    Compiling raw-window-handle v0.5.2
[INFO] [stderr]    Compiling cmake v0.1.50
[INFO] [stderr]    Compiling gl v0.14.0
[INFO] [stderr]    Compiling regex-automata v0.4.3
[INFO] [stderr]    Compiling approx v0.4.0
[INFO] [stderr]    Compiling bitflags v1.3.2
[INFO] [stderr]    Compiling humantime v2.1.0
[INFO] [stderr]    Compiling termcolor v1.4.0
[INFO] [stderr]    Compiling glfw-sys v4.0.0+3.3.5
[INFO] [stderr]    Compiling thiserror-impl v1.0.56
[INFO] [stderr]    Compiling regex v1.10.2
[INFO] [stderr]    Compiling env_logger v0.10.1
[INFO] [stderr]    Compiling glfw v0.54.0
[INFO] [stderr]    Compiling rustgldrawer v0.1.0 (/opt/rustwide/workdir)
[INFO] [stderr]     Finished dev [unoptimized + debuginfo] target(s) in 17.06s
[INFO] running `Command { std: "docker" "inspect" "aa0ee2bfd649b2fb4134e2c8f360323a6fe0c95307df7672998b6767660b273b", kill_on_drop: false }`
[INFO] running `Command { std: "docker" "rm" "-f" "aa0ee2bfd649b2fb4134e2c8f360323a6fe0c95307df7672998b6767660b273b", kill_on_drop: false }`
[INFO] [stdout] aa0ee2bfd649b2fb4134e2c8f360323a6fe0c95307df7672998b6767660b273b
[INFO] running `Command { std: "docker" "create" "-v" "/var/lib/crater-agent-workspace/builds/worker-2-tc2/target:/opt/rustwide/target:rw,Z" "-v" "/var/lib/crater-agent-workspace/builds/worker-2-tc2/source:/opt/rustwide/workdir:ro,Z" "-v" "/var/lib/crater-agent-workspace/cargo-home:/opt/rustwide/cargo-home:ro,Z" "-v" "/var/lib/crater-agent-workspace/rustup-home:/opt/rustwide/rustup-home:ro,Z" "-e" "SOURCE_DIR=/opt/rustwide/workdir" "-e" "CARGO_TARGET_DIR=/opt/rustwide/target" "-e" "CARGO_INCREMENTAL=0" "-e" "RUST_BACKTRACE=full" "-e" "RUSTFLAGS=--cap-lints=warn" "-e" "RUSTDOCFLAGS=--cap-lints=warn" "-e" "CARGO_HOME=/opt/rustwide/cargo-home" "-e" "RUSTUP_HOME=/opt/rustwide/rustup-home" "-w" "/opt/rustwide/workdir" "-m" "1610612736" "--user" "0:0" "--network" "none" "ghcr.io/rust-lang/crates-build-env/linux@sha256:2788e3201cd34a07e3172128adcd8b3090168a8e3bcc40d7c032b9dda1df7d1c" "/opt/rustwide/cargo-home/bin/cargo" "+beta-2023-12-22" "test" "--frozen" "--no-run" "--message-format=json", kill_on_drop: false }`
[INFO] [stdout] aee1321435a5daa454dfbae55d27a872cc99eb1531dbba3ecf17cf223415e201
[INFO] running `Command { std: "docker" "start" "-a" "aee1321435a5daa454dfbae55d27a872cc99eb1531dbba3ecf17cf223415e201", kill_on_drop: false }`
[INFO] [stderr]    Compiling rustgldrawer v0.1.0 (/opt/rustwide/workdir)
[INFO] [stderr]     Finished test [unoptimized + debuginfo] target(s) in 0.39s
[INFO] running `Command { std: "docker" "inspect" "aee1321435a5daa454dfbae55d27a872cc99eb1531dbba3ecf17cf223415e201", kill_on_drop: false }`
[INFO] running `Command { std: "docker" "rm" "-f" "aee1321435a5daa454dfbae55d27a872cc99eb1531dbba3ecf17cf223415e201", kill_on_drop: false }`
[INFO] [stdout] aee1321435a5daa454dfbae55d27a872cc99eb1531dbba3ecf17cf223415e201
[INFO] running `Command { std: "docker" "create" "-v" "/var/lib/crater-agent-workspace/builds/worker-2-tc2/target:/opt/rustwide/target:rw,Z" "-v" "/var/lib/crater-agent-workspace/builds/worker-2-tc2/source:/opt/rustwide/workdir:ro,Z" "-v" "/var/lib/crater-agent-workspace/cargo-home:/opt/rustwide/cargo-home:ro,Z" "-v" "/var/lib/crater-agent-workspace/rustup-home:/opt/rustwide/rustup-home:ro,Z" "-e" "SOURCE_DIR=/opt/rustwide/workdir" "-e" "CARGO_TARGET_DIR=/opt/rustwide/target" "-e" "CARGO_INCREMENTAL=0" "-e" "RUST_BACKTRACE=full" "-e" "RUSTFLAGS=--cap-lints=warn" "-e" "RUSTDOCFLAGS=--cap-lints=warn" "-e" "CARGO_HOME=/opt/rustwide/cargo-home" "-e" "RUSTUP_HOME=/opt/rustwide/rustup-home" "-w" "/opt/rustwide/workdir" "-m" "1610612736" "--user" "0:0" "--network" "none" "ghcr.io/rust-lang/crates-build-env/linux@sha256:2788e3201cd34a07e3172128adcd8b3090168a8e3bcc40d7c032b9dda1df7d1c" "/opt/rustwide/cargo-home/bin/cargo" "+beta-2023-12-22" "test" "--frozen", kill_on_drop: false }`
[INFO] [stdout] 4a285f00c969668788f44089d11748f2276a247c547cba69b88f5906fea8bb11
[INFO] running `Command { std: "docker" "start" "-a" "4a285f00c969668788f44089d11748f2276a247c547cba69b88f5906fea8bb11", kill_on_drop: false }`
[INFO] [stderr]     Finished test [unoptimized + debuginfo] target(s) in 0.04s
[INFO] [stderr]      Running unittests src/lib.rs (/opt/rustwide/target/debug/deps/rustgldrawer-6e4c6e632d247c71)
[INFO] [stdout] 
[INFO] [stdout] running 0 tests
[INFO] [stdout] 
[INFO] [stdout] test result: ok. 0 passed; 0 failed; 0 ignored; 0 measured; 0 filtered out; finished in 0.00s
[INFO] [stdout] 
[INFO] [stderr]    Doc-tests rustgldrawer
[INFO] [stdout] 
[INFO] [stdout] running 4 tests
[INFO] [stdout] test src/graphics/glwrapper.rs - graphics::glwrapper::Vao (line 18) ... FAILED
[INFO] [stdout] test src/graphics/glwrapper.rs - graphics::glwrapper::BufferObject (line 53) ... FAILED
[INFO] [stdout] test src/graphics/glwrapper.rs - graphics::glwrapper::ShaderProgram (line 152) ... FAILED
[INFO] [stdout] test src/graphics/glwrapper.rs - graphics::glwrapper::VertexAttribute (line 113) ... FAILED
[INFO] [stdout] 
[INFO] [stdout] failures:
[INFO] [stdout] 
[INFO] [stdout] ---- src/graphics/glwrapper.rs - graphics::glwrapper::Vao (line 18) stdout ----
[INFO] [stdout] error[E0433]: failed to resolve: use of undeclared type `Vao`
[INFO] [stdout]  --> src/graphics/glwrapper.rs:19:11
[INFO] [stdout]   |
[INFO] [stdout] 3 | let vao = Vao::new();
[INFO] [stdout]   |           ^^^ use of undeclared type `Vao`
[INFO] [stdout]   |
[INFO] [stdout] help: consider importing this struct
[INFO] [stdout]   |
[INFO] [stdout] 2 + use rustgldrawer::graphics::glwrapper::Vao;
[INFO] [stdout]   |
[INFO] [stdout] 
[INFO] [stdout] error: aborting due to 1 previous error
[INFO] [stdout] 
[INFO] [stdout] For more information about this error, try `rustc --explain E0433`.
[INFO] [stdout] Couldn't compile the test.
[INFO] [stdout] ---- src/graphics/glwrapper.rs - graphics::glwrapper::BufferObject (line 53) stdout ----
[INFO] [stdout] error[E0433]: failed to resolve: use of undeclared type `BufferObject`
[INFO] [stdout]  --> src/graphics/glwrapper.rs:54:11
[INFO] [stdout]   |
[INFO] [stdout] 3 | let vbo = BufferObject::new(gl::ARRAY_BUFFER, gl::STATIC_DRAW);
[INFO] [stdout]   |           ^^^^^^^^^^^^ use of undeclared type `BufferObject`
[INFO] [stdout]   |
[INFO] [stdout] help: consider importing this struct
[INFO] [stdout]   |
[INFO] [stdout] 2 + use rustgldrawer::graphics::glwrapper::BufferObject;
[INFO] [stdout]   |
[INFO] [stdout] 
[INFO] [stdout] error[E0425]: cannot find value `float32_array` in this scope
[INFO] [stdout]  --> src/graphics/glwrapper.rs:57:21
[INFO] [stdout]   |
[INFO] [stdout] 6 | vbo.store_f32_data(&float32_array);
[INFO] [stdout]   |                     ^^^^^^^^^^^^^ not found in this scope
[INFO] [stdout] 
[INFO] [stdout] error: aborting due to 2 previous errors
[INFO] [stdout] 
[INFO] [stdout] Some errors have detailed explanations: E0425, E0433.
[INFO] [stdout] For more information about an error, try `rustc --explain E0425`.
[INFO] [stdout] Couldn't compile the test.
[INFO] [stdout] ---- src/graphics/glwrapper.rs - graphics::glwrapper::ShaderProgram (line 152) stdout ----
[INFO] [stdout] error[E0433]: failed to resolve: use of undeclared type `ShaderProgram`
[INFO] [stdout]  --> src/graphics/glwrapper.rs:153:15
[INFO] [stdout]   |
[INFO] [stdout] 3 | let program = ShaderProgram::new("/path/to/vertexShader.glsl", "/path/to/fragmentShader.glsl");
[INFO] [stdout]   |               ^^^^^^^^^^^^^ use of undeclared type `ShaderProgram`
[INFO] [stdout]   |
[INFO] [stdout] help: consider importing this struct
[INFO] [stdout]   |
[INFO] [stdout] 2 + use rustgldrawer::graphics::glwrapper::ShaderProgram;
[INFO] [stdout]   |
[INFO] [stdout] 
[INFO] [stdout] error[E0425]: cannot find value `some_matrix` in this scope
[INFO] [stdout]  --> src/graphics/glwrapper.rs:158:44
[INFO] [stdout]   |
[INFO] [stdout] 8 | program.set_matrix4fv_uniform("transform", some_matrix);
[INFO] [stdout]   |                                            ^^^^^^^^^^^ not found in this scope
[INFO] [stdout] 
[INFO] [stdout] error: aborting due to 2 previous errors
[INFO] [stdout] 
[INFO] [stdout] Some errors have detailed explanations: E0425, E0433.
[INFO] [stdout] For more information about an error, try `rustc --explain E0425`.
[INFO] [stdout] Couldn't compile the test.
[INFO] [stdout] ---- src/graphics/glwrapper.rs - graphics::glwrapper::VertexAttribute (line 113) stdout ----
[INFO] [stdout] error[E0433]: failed to resolve: use of undeclared type `VertexAttribute`
[INFO] [stdout]  --> src/graphics/glwrapper.rs:114:26
[INFO] [stdout]   |
[INFO] [stdout] 3 | let position_attribute = VertexAttribute::new(0, 3, gl::FLOAT, gl::FALSE, 3 * mem::size_of::<GLfloat>() as GLsizei, ptr::null());
[INFO] [stdout]   |                          ^^^^^^^^^^^^^^^ use of undeclared type `VertexAttribute`
[INFO] [stdout]   |
[INFO] [stdout] help: consider importing this struct
[INFO] [stdout]   |
[INFO] [stdout] 2 + use rustgldrawer::graphics::glwrapper::VertexAttribute;
[INFO] [stdout]   |
[INFO] [stdout] 
[INFO] [stdout] error[E0433]: failed to resolve: use of undeclared crate or module `mem`
[INFO] [stdout]  --> src/graphics/glwrapper.rs:114:79
[INFO] [stdout]   |
[INFO] [stdout] 3 | let position_attribute = VertexAttribute::new(0, 3, gl::FLOAT, gl::FALSE, 3 * mem::size_of::<GLfloat>() as GLsizei, ptr::null());
[INFO] [stdout]   |                                                                               ^^^ use of undeclared crate or module `mem`
[INFO] [stdout]   |
[INFO] [stdout] help: consider importing one of these items
[INFO] [stdout]   |
[INFO] [stdout] 2 + use core::mem;
[INFO] [stdout]   |
[INFO] [stdout] 2 + use std::mem;
[INFO] [stdout]   |
[INFO] [stdout] 
[INFO] [stdout] error[E0412]: cannot find type `GLfloat` in this scope
[INFO] [stdout]  --> src/graphics/glwrapper.rs:114:94
[INFO] [stdout]   |
[INFO] [stdout] 3 | let position_attribute = VertexAttribute::new(0, 3, gl::FLOAT, gl::FALSE, 3 * mem::size_of::<GLfloat>() as GLsizei, ptr::null());
[INFO] [stdout]   |                                                                                              ^^^^^^^ not found in this scope
[INFO] [stdout]   |
[INFO] [stdout] help: consider importing this type alias
[INFO] [stdout]   |
[INFO] [stdout] 2 + use gl::types::GLfloat;
[INFO] [stdout]   |
[INFO] [stdout] 
[INFO] [stdout] error[E0412]: cannot find type `GLsizei` in this scope
[INFO] [stdout]  --> src/graphics/glwrapper.rs:114:108
[INFO] [stdout]   |
[INFO] [stdout] 3 | let position_attribute = VertexAttribute::new(0, 3, gl::FLOAT, gl::FALSE, 3 * mem::size_of::<GLfloat>() as GLsizei, ptr::null());
[INFO] [stdout]   |                                                                                                            ^^^^^^^ not found in this scope
[INFO] [stdout]   |
[INFO] [stdout] help: consider importing this type alias
[INFO] [stdout]   |
[INFO] [stdout] 2 + use gl::types::GLsizei;
[INFO] [stdout]   |
[INFO] [stdout] 
[INFO] [stdout] error[E0433]: failed to resolve: use of undeclared crate or module `ptr`
[INFO] [stdout]  --> src/graphics/glwrapper.rs:114:117
[INFO] [stdout]   |
[INFO] [stdout] 3 | let position_attribute = VertexAttribute::new(0, 3, gl::FLOAT, gl::FALSE, 3 * mem::size_of::<GLfloat>() as GLsizei, ptr::null());
[INFO] [stdout]   |                                                                                                                     ^^^ use of undeclared crate or module `ptr`
[INFO] [stdout]   |
[INFO] [stdout] help: a builtin type with a similar name exists
[INFO] [stdout]   |
[INFO] [stdout] 3 | let position_attribute = VertexAttribute::new(0, 3, gl::FLOAT, gl::FALSE, 3 * mem::size_of::<GLfloat>() as GLsizei, str::null());
[INFO] [stdout]   |                                                                                                                     ~~~
[INFO] [stdout] help: consider importing one of these items
[INFO] [stdout]   |
[INFO] [stdout] 2 + use core::ptr;
[INFO] [stdout]   |
[INFO] [stdout] 2 + use std::ptr;
[INFO] [stdout]   |
[INFO] [stdout] 
[INFO] [stdout] error: aborting due to 5 previous errors
[INFO] [stdout] 
[INFO] [stdout] Some errors have detailed explanations: E0412, E0433.
[INFO] [stdout] For more information about an error, try `rustc --explain E0412`.
[INFO] [stdout] Couldn't compile the test.
[INFO] [stdout] 
[INFO] [stdout] failures:
[INFO] [stdout]     src/graphics/glwrapper.rs - graphics::glwrapper::BufferObject (line 53)
[INFO] [stdout]     src/graphics/glwrapper.rs - graphics::glwrapper::ShaderProgram (line 152)
[INFO] [stdout]     src/graphics/glwrapper.rs - graphics::glwrapper::Vao (line 18)
[INFO] [stdout]     src/graphics/glwrapper.rs - graphics::glwrapper::VertexAttribute (line 113)
[INFO] [stdout] 
[INFO] [stdout] test result: FAILED. 0 passed; 4 failed; 0 ignored; 0 measured; 0 filtered out; finished in 0.08s
[INFO] [stdout] 
[INFO] [stderr] error: doctest failed, to rerun pass `--doc`
[INFO] running `Command { std: "docker" "inspect" "4a285f00c969668788f44089d11748f2276a247c547cba69b88f5906fea8bb11", kill_on_drop: false }`
[INFO] running `Command { std: "docker" "rm" "-f" "4a285f00c969668788f44089d11748f2276a247c547cba69b88f5906fea8bb11", kill_on_drop: false }`
[INFO] [stdout] 4a285f00c969668788f44089d11748f2276a247c547cba69b88f5906fea8bb11
