[INFO] cloning repository https://github.com/zaki-yama-labs/rust-bicycle-book-wordcount
[INFO] running `Command { std: "git" "-c" "credential.helper=" "-c" "credential.helper=/workspace/cargo-home/bin/git-credential-null" "clone" "--bare" "https://github.com/zaki-yama-labs/rust-bicycle-book-wordcount" "/workspace/cache/git-repos/https%3A%2F%2Fgithub.com%2Fzaki-yama-labs%2Frust-bicycle-book-wordcount", kill_on_drop: false }`
[INFO] [stderr] Cloning into bare repository '/workspace/cache/git-repos/https%3A%2F%2Fgithub.com%2Fzaki-yama-labs%2Frust-bicycle-book-wordcount'...
[INFO] running `Command { std: "git" "rev-parse" "HEAD", kill_on_drop: false }`
[INFO] [stdout] 922a6f03fda59747eff1561ee947732d96bd7897
[INFO] testing zaki-yama-labs/rust-bicycle-book-wordcount against 1.75.0 for beta-1.76-1
[INFO] running `Command { std: "git" "clone" "/workspace/cache/git-repos/https%3A%2F%2Fgithub.com%2Fzaki-yama-labs%2Frust-bicycle-book-wordcount" "/workspace/builds/worker-2-tc1/source", kill_on_drop: false }`
[INFO] [stderr] Cloning into '/workspace/builds/worker-2-tc1/source'...
[INFO] [stderr] done.
[INFO] validating manifest of git repo https://github.com/zaki-yama-labs/rust-bicycle-book-wordcount on toolchain 1.75.0
[INFO] running `Command { std: CARGO_HOME="/workspace/cargo-home" RUSTUP_HOME="/workspace/rustup-home" "/workspace/cargo-home/bin/cargo" "+1.75.0" "metadata" "--manifest-path" "Cargo.toml" "--no-deps", kill_on_drop: false }`
[INFO] started tweaking git repo https://github.com/zaki-yama-labs/rust-bicycle-book-wordcount
[INFO] finished tweaking git repo https://github.com/zaki-yama-labs/rust-bicycle-book-wordcount
[INFO] tweaked toml for git repo https://github.com/zaki-yama-labs/rust-bicycle-book-wordcount written to /workspace/builds/worker-2-tc1/source/Cargo.toml
[INFO] crate git repo https://github.com/zaki-yama-labs/rust-bicycle-book-wordcount already has a lockfile, it will not be regenerated
[INFO] running `Command { std: CARGO_HOME="/workspace/cargo-home" RUSTUP_HOME="/workspace/rustup-home" "/workspace/cargo-home/bin/cargo" "+1.75.0" "fetch" "--manifest-path" "Cargo.toml", kill_on_drop: false }`
[INFO] running `Command { std: "docker" "create" "-v" "/var/lib/crater-agent-workspace/builds/worker-2-tc1/target:/opt/rustwide/target:rw,Z" "-v" "/var/lib/crater-agent-workspace/builds/worker-2-tc1/source:/opt/rustwide/workdir:ro,Z" "-v" "/var/lib/crater-agent-workspace/cargo-home:/opt/rustwide/cargo-home:ro,Z" "-v" "/var/lib/crater-agent-workspace/rustup-home:/opt/rustwide/rustup-home:ro,Z" "-e" "SOURCE_DIR=/opt/rustwide/workdir" "-e" "CARGO_TARGET_DIR=/opt/rustwide/target" "-e" "CARGO_HOME=/opt/rustwide/cargo-home" "-e" "RUSTUP_HOME=/opt/rustwide/rustup-home" "-w" "/opt/rustwide/workdir" "-m" "1610612736" "--user" "0:0" "--network" "none" "ghcr.io/rust-lang/crates-build-env/linux@sha256:2788e3201cd34a07e3172128adcd8b3090168a8e3bcc40d7c032b9dda1df7d1c" "/opt/rustwide/cargo-home/bin/cargo" "+1.75.0" "metadata" "--no-deps" "--format-version=1", kill_on_drop: false }`
[INFO] [stdout] 991e46c6acf6ec41d88a77a3e1a205d9abac02dacb8cf49d8e9752077d78f3a1
[INFO] running `Command { std: "docker" "start" "-a" "991e46c6acf6ec41d88a77a3e1a205d9abac02dacb8cf49d8e9752077d78f3a1", kill_on_drop: false }`
[INFO] running `Command { std: "docker" "inspect" "991e46c6acf6ec41d88a77a3e1a205d9abac02dacb8cf49d8e9752077d78f3a1", kill_on_drop: false }`
[INFO] running `Command { std: "docker" "rm" "-f" "991e46c6acf6ec41d88a77a3e1a205d9abac02dacb8cf49d8e9752077d78f3a1", kill_on_drop: false }`
[INFO] [stdout] 991e46c6acf6ec41d88a77a3e1a205d9abac02dacb8cf49d8e9752077d78f3a1
[INFO] running `Command { std: "docker" "create" "-v" "/var/lib/crater-agent-workspace/builds/worker-2-tc1/target:/opt/rustwide/target:rw,Z" "-v" "/var/lib/crater-agent-workspace/builds/worker-2-tc1/source:/opt/rustwide/workdir:ro,Z" "-v" "/var/lib/crater-agent-workspace/cargo-home:/opt/rustwide/cargo-home:ro,Z" "-v" "/var/lib/crater-agent-workspace/rustup-home:/opt/rustwide/rustup-home:ro,Z" "-e" "SOURCE_DIR=/opt/rustwide/workdir" "-e" "CARGO_TARGET_DIR=/opt/rustwide/target" "-e" "CARGO_INCREMENTAL=0" "-e" "RUST_BACKTRACE=full" "-e" "RUSTFLAGS=--cap-lints=warn" "-e" "RUSTDOCFLAGS=--cap-lints=warn" "-e" "CARGO_HOME=/opt/rustwide/cargo-home" "-e" "RUSTUP_HOME=/opt/rustwide/rustup-home" "-w" "/opt/rustwide/workdir" "-m" "1610612736" "--user" "0:0" "--network" "none" "ghcr.io/rust-lang/crates-build-env/linux@sha256:2788e3201cd34a07e3172128adcd8b3090168a8e3bcc40d7c032b9dda1df7d1c" "/opt/rustwide/cargo-home/bin/cargo" "+1.75.0" "build" "--frozen" "--message-format=json", kill_on_drop: false }`
[INFO] [stdout] 33d7cce1021960b21361b3e9b692ca0cafe17cd8d7e79ae046e4ec1bde2be3db
[INFO] running `Command { std: "docker" "start" "-a" "33d7cce1021960b21361b3e9b692ca0cafe17cd8d7e79ae046e4ec1bde2be3db", kill_on_drop: false }`
[INFO] [stderr]    Compiling memchr v2.3.3
[INFO] [stderr]    Compiling lazy_static v1.4.0
[INFO] [stderr]    Compiling regex-syntax v0.6.18
[INFO] [stderr]    Compiling thread_local v1.0.1
[INFO] [stderr]    Compiling aho-corasick v0.7.13
[INFO] [stderr]    Compiling regex v1.3.9
[INFO] [stderr]    Compiling zaki-yama-bicycle-book-wordcount v0.1.1 (/opt/rustwide/workdir)
[INFO] [stdout] warning: unused import: `std::io`
[INFO] [stdout]    --> src/lib.rs:101:5
[INFO] [stdout]     |
[INFO] [stdout] 101 | use std::io;
[INFO] [stdout]     |     ^^^^^^^
[INFO] [stdout]     |
[INFO] [stdout]     = note: `#[warn(unused_imports)]` on by default
[INFO] [stdout] 
[INFO] [stdout] 
[INFO] [stdout] warning: unused macro definition: `assert_map`
[INFO] [stdout]    --> src/lib.rs:136:14
[INFO] [stdout]     |
[INFO] [stdout] 136 | macro_rules! assert_map {
[INFO] [stdout]     |              ^^^^^^^^^^
[INFO] [stdout]     |
[INFO] [stdout]     = note: `#[warn(unused_macros)]` on by default
[INFO] [stdout] 
[INFO] [stdout] 
[INFO] [stdout] warning: 2 warnings emitted
[INFO] [stdout] 
[INFO] [stdout] 
[INFO] [stderr]     Finished dev [unoptimized + debuginfo] target(s) in 2.90s
[INFO] running `Command { std: "docker" "inspect" "33d7cce1021960b21361b3e9b692ca0cafe17cd8d7e79ae046e4ec1bde2be3db", kill_on_drop: false }`
[INFO] running `Command { std: "docker" "rm" "-f" "33d7cce1021960b21361b3e9b692ca0cafe17cd8d7e79ae046e4ec1bde2be3db", kill_on_drop: false }`
[INFO] [stdout] 33d7cce1021960b21361b3e9b692ca0cafe17cd8d7e79ae046e4ec1bde2be3db
[INFO] running `Command { std: "docker" "create" "-v" "/var/lib/crater-agent-workspace/builds/worker-2-tc1/target:/opt/rustwide/target:rw,Z" "-v" "/var/lib/crater-agent-workspace/builds/worker-2-tc1/source:/opt/rustwide/workdir:ro,Z" "-v" "/var/lib/crater-agent-workspace/cargo-home:/opt/rustwide/cargo-home:ro,Z" "-v" "/var/lib/crater-agent-workspace/rustup-home:/opt/rustwide/rustup-home:ro,Z" "-e" "SOURCE_DIR=/opt/rustwide/workdir" "-e" "CARGO_TARGET_DIR=/opt/rustwide/target" "-e" "CARGO_INCREMENTAL=0" "-e" "RUST_BACKTRACE=full" "-e" "RUSTFLAGS=--cap-lints=warn" "-e" "RUSTDOCFLAGS=--cap-lints=warn" "-e" "CARGO_HOME=/opt/rustwide/cargo-home" "-e" "RUSTUP_HOME=/opt/rustwide/rustup-home" "-w" "/opt/rustwide/workdir" "-m" "1610612736" "--user" "0:0" "--network" "none" "ghcr.io/rust-lang/crates-build-env/linux@sha256:2788e3201cd34a07e3172128adcd8b3090168a8e3bcc40d7c032b9dda1df7d1c" "/opt/rustwide/cargo-home/bin/cargo" "+1.75.0" "test" "--frozen" "--no-run" "--message-format=json", kill_on_drop: false }`
[INFO] [stdout] 44e20b4cfc9cce38511d033f846199d0a848ad0d243e8bbfe2ee6d8977c26f7d
[INFO] running `Command { std: "docker" "start" "-a" "44e20b4cfc9cce38511d033f846199d0a848ad0d243e8bbfe2ee6d8977c26f7d", kill_on_drop: false }`
[INFO] [stdout] warning: unused import: `std::io`
[INFO] [stdout]    --> src/lib.rs:101:5
[INFO] [stdout]     |
[INFO] [stdout] 101 | use std::io;
[INFO] [stdout]     |     ^^^^^^^
[INFO] [stdout]     |
[INFO] [stdout]     = note: `#[warn(unused_imports)]` on by default
[INFO] [stdout] 
[INFO] [stdout] 
[INFO] [stdout] warning: unused macro definition: `assert_map`
[INFO] [stdout]    --> src/lib.rs:136:14
[INFO] [stdout]     |
[INFO] [stdout] 136 | macro_rules! assert_map {
[INFO] [stdout]     |              ^^^^^^^^^^
[INFO] [stdout]     |
[INFO] [stdout]     = note: `#[warn(unused_macros)]` on by default
[INFO] [stdout] 
[INFO] [stdout] 
[INFO] [stdout] warning: 2 warnings emitted
[INFO] [stdout] 
[INFO] [stdout] 
[INFO] [stderr]    Compiling zaki-yama-bicycle-book-wordcount v0.1.1 (/opt/rustwide/workdir)
[INFO] [stderr]     Finished test [unoptimized + debuginfo] target(s) in 0.48s
[INFO] running `Command { std: "docker" "inspect" "44e20b4cfc9cce38511d033f846199d0a848ad0d243e8bbfe2ee6d8977c26f7d", kill_on_drop: false }`
[INFO] running `Command { std: "docker" "rm" "-f" "44e20b4cfc9cce38511d033f846199d0a848ad0d243e8bbfe2ee6d8977c26f7d", kill_on_drop: false }`
[INFO] [stdout] 44e20b4cfc9cce38511d033f846199d0a848ad0d243e8bbfe2ee6d8977c26f7d
[INFO] running `Command { std: "docker" "create" "-v" "/var/lib/crater-agent-workspace/builds/worker-2-tc1/target:/opt/rustwide/target:rw,Z" "-v" "/var/lib/crater-agent-workspace/builds/worker-2-tc1/source:/opt/rustwide/workdir:ro,Z" "-v" "/var/lib/crater-agent-workspace/cargo-home:/opt/rustwide/cargo-home:ro,Z" "-v" "/var/lib/crater-agent-workspace/rustup-home:/opt/rustwide/rustup-home:ro,Z" "-e" "SOURCE_DIR=/opt/rustwide/workdir" "-e" "CARGO_TARGET_DIR=/opt/rustwide/target" "-e" "CARGO_INCREMENTAL=0" "-e" "RUST_BACKTRACE=full" "-e" "RUSTFLAGS=--cap-lints=warn" "-e" "RUSTDOCFLAGS=--cap-lints=warn" "-e" "CARGO_HOME=/opt/rustwide/cargo-home" "-e" "RUSTUP_HOME=/opt/rustwide/rustup-home" "-w" "/opt/rustwide/workdir" "-m" "1610612736" "--user" "0:0" "--network" "none" "ghcr.io/rust-lang/crates-build-env/linux@sha256:2788e3201cd34a07e3172128adcd8b3090168a8e3bcc40d7c032b9dda1df7d1c" "/opt/rustwide/cargo-home/bin/cargo" "+1.75.0" "test" "--frozen", kill_on_drop: false }`
[INFO] [stdout] 79eb1548203c8cf46e3556923852d6fed557201a379de998c56f29a21c3ab710
[INFO] running `Command { std: "docker" "start" "-a" "79eb1548203c8cf46e3556923852d6fed557201a379de998c56f29a21c3ab710", kill_on_drop: false }`
[INFO] [stderr] warning: unused import: `std::io`
[INFO] [stderr]    --> src/lib.rs:101:5
[INFO] [stderr]     |
[INFO] [stderr] 101 | use std::io;
[INFO] [stderr]     |     ^^^^^^^
[INFO] [stderr]     |
[INFO] [stderr]     = note: `#[warn(unused_imports)]` on by default
[INFO] [stderr] 
[INFO] [stderr] warning: unused macro definition: `assert_map`
[INFO] [stderr]    --> src/lib.rs:136:14
[INFO] [stderr]     |
[INFO] [stderr] 136 | macro_rules! assert_map {
[INFO] [stderr]     |              ^^^^^^^^^^
[INFO] [stderr]     |
[INFO] [stderr]     = note: `#[warn(unused_macros)]` on by default
[INFO] [stderr] 
[INFO] [stderr] warning: `zaki-yama-bicycle-book-wordcount` (lib) generated 2 warnings (run `cargo fix --lib -p zaki-yama-bicycle-book-wordcount` to apply 1 suggestion)
[INFO] [stderr]     Finished test [unoptimized + debuginfo] target(s) in 0.00s
[INFO] [stderr]      Running unittests src/lib.rs (/opt/rustwide/target/debug/deps/zaki_yama_bicycle_book_wordcount-838836b0cd20f4af)
[INFO] [stdout] 
[INFO] [stdout] running 5 tests
[INFO] [stdout] test result_test ... FAILED
[INFO] [stdout] test word_count_works ... ok
[INFO] [stdout] test word_count_works2 ... ok
[INFO] [stdout] test word_count_works3 ... ok
[INFO] [stdout] test word_count_do_not_contain_unknown_words - should panic ... ok
[INFO] [stdout] 
[INFO] [stdout] failures:
[INFO] [stdout] 
[INFO] [stdout] ---- result_test stdout ----
[INFO] [stdout] Error: Os { code: 30, kind: ReadOnlyFilesystem, message: "Read-only file system" }
[INFO] [stdout] 
[INFO] [stdout] 
[INFO] [stdout] failures:
[INFO] [stdout]     result_test
[INFO] [stdout] 
[INFO] [stdout] test result: FAILED. 4 passed; 1 failed; 0 ignored; 0 measured; 0 filtered out; finished in 0.02s
[INFO] [stdout] 
[INFO] [stderr] error: test failed, to rerun pass `--lib`
[INFO] running `Command { std: "docker" "inspect" "79eb1548203c8cf46e3556923852d6fed557201a379de998c56f29a21c3ab710", kill_on_drop: false }`
[INFO] running `Command { std: "docker" "rm" "-f" "79eb1548203c8cf46e3556923852d6fed557201a379de998c56f29a21c3ab710", kill_on_drop: false }`
[INFO] [stdout] 79eb1548203c8cf46e3556923852d6fed557201a379de998c56f29a21c3ab710
[INFO] testing zaki-yama-labs/rust-bicycle-book-wordcount against beta-2023-12-22 for beta-1.76-1
[INFO] running `Command { std: "git" "clone" "/workspace/cache/git-repos/https%3A%2F%2Fgithub.com%2Fzaki-yama-labs%2Frust-bicycle-book-wordcount" "/workspace/builds/worker-2-tc2/source", kill_on_drop: false }`
[INFO] [stderr] Cloning into '/workspace/builds/worker-2-tc2/source'...
[INFO] [stderr] done.
[INFO] validating manifest of git repo https://github.com/zaki-yama-labs/rust-bicycle-book-wordcount on toolchain beta-2023-12-22
[INFO] running `Command { std: CARGO_HOME="/workspace/cargo-home" RUSTUP_HOME="/workspace/rustup-home" "/workspace/cargo-home/bin/cargo" "+beta-2023-12-22" "metadata" "--manifest-path" "Cargo.toml" "--no-deps", kill_on_drop: false }`
[INFO] started tweaking git repo https://github.com/zaki-yama-labs/rust-bicycle-book-wordcount
[INFO] finished tweaking git repo https://github.com/zaki-yama-labs/rust-bicycle-book-wordcount
[INFO] tweaked toml for git repo https://github.com/zaki-yama-labs/rust-bicycle-book-wordcount written to /workspace/builds/worker-2-tc2/source/Cargo.toml
[INFO] crate git repo https://github.com/zaki-yama-labs/rust-bicycle-book-wordcount already has a lockfile, it will not be regenerated
[INFO] running `Command { std: CARGO_HOME="/workspace/cargo-home" RUSTUP_HOME="/workspace/rustup-home" "/workspace/cargo-home/bin/cargo" "+beta-2023-12-22" "fetch" "--manifest-path" "Cargo.toml", kill_on_drop: false }`
[INFO] running `Command { std: "docker" "create" "-v" "/var/lib/crater-agent-workspace/builds/worker-2-tc2/target:/opt/rustwide/target:rw,Z" "-v" "/var/lib/crater-agent-workspace/builds/worker-2-tc2/source:/opt/rustwide/workdir:ro,Z" "-v" "/var/lib/crater-agent-workspace/cargo-home:/opt/rustwide/cargo-home:ro,Z" "-v" "/var/lib/crater-agent-workspace/rustup-home:/opt/rustwide/rustup-home:ro,Z" "-e" "SOURCE_DIR=/opt/rustwide/workdir" "-e" "CARGO_TARGET_DIR=/opt/rustwide/target" "-e" "CARGO_HOME=/opt/rustwide/cargo-home" "-e" "RUSTUP_HOME=/opt/rustwide/rustup-home" "-w" "/opt/rustwide/workdir" "-m" "1610612736" "--user" "0:0" "--network" "none" "ghcr.io/rust-lang/crates-build-env/linux@sha256:2788e3201cd34a07e3172128adcd8b3090168a8e3bcc40d7c032b9dda1df7d1c" "/opt/rustwide/cargo-home/bin/cargo" "+beta-2023-12-22" "metadata" "--no-deps" "--format-version=1", kill_on_drop: false }`
[INFO] [stdout] 8e540ab7d1bb4fd8cd92741d036e56b092aa05085d3ad2294ec46966fa58735e
[INFO] running `Command { std: "docker" "start" "-a" "8e540ab7d1bb4fd8cd92741d036e56b092aa05085d3ad2294ec46966fa58735e", kill_on_drop: false }`
[INFO] running `Command { std: "docker" "inspect" "8e540ab7d1bb4fd8cd92741d036e56b092aa05085d3ad2294ec46966fa58735e", kill_on_drop: false }`
[INFO] running `Command { std: "docker" "rm" "-f" "8e540ab7d1bb4fd8cd92741d036e56b092aa05085d3ad2294ec46966fa58735e", kill_on_drop: false }`
[INFO] [stdout] 8e540ab7d1bb4fd8cd92741d036e56b092aa05085d3ad2294ec46966fa58735e
[INFO] running `Command { std: "docker" "create" "-v" "/var/lib/crater-agent-workspace/builds/worker-2-tc2/target:/opt/rustwide/target:rw,Z" "-v" "/var/lib/crater-agent-workspace/builds/worker-2-tc2/source:/opt/rustwide/workdir:ro,Z" "-v" "/var/lib/crater-agent-workspace/cargo-home:/opt/rustwide/cargo-home:ro,Z" "-v" "/var/lib/crater-agent-workspace/rustup-home:/opt/rustwide/rustup-home:ro,Z" "-e" "SOURCE_DIR=/opt/rustwide/workdir" "-e" "CARGO_TARGET_DIR=/opt/rustwide/target" "-e" "CARGO_INCREMENTAL=0" "-e" "RUST_BACKTRACE=full" "-e" "RUSTFLAGS=--cap-lints=warn" "-e" "RUSTDOCFLAGS=--cap-lints=warn" "-e" "CARGO_HOME=/opt/rustwide/cargo-home" "-e" "RUSTUP_HOME=/opt/rustwide/rustup-home" "-w" "/opt/rustwide/workdir" "-m" "1610612736" "--user" "0:0" "--network" "none" "ghcr.io/rust-lang/crates-build-env/linux@sha256:2788e3201cd34a07e3172128adcd8b3090168a8e3bcc40d7c032b9dda1df7d1c" "/opt/rustwide/cargo-home/bin/cargo" "+beta-2023-12-22" "build" "--frozen" "--message-format=json", kill_on_drop: false }`
[INFO] [stdout] 47647e02eba545cc142cc7764a01202a73ed019dbffdc0dc320ffd80d8d3dc70
[INFO] running `Command { std: "docker" "start" "-a" "47647e02eba545cc142cc7764a01202a73ed019dbffdc0dc320ffd80d8d3dc70", kill_on_drop: false }`
[INFO] [stderr]    Compiling memchr v2.3.3
[INFO] [stderr]    Compiling lazy_static v1.4.0
[INFO] [stderr]    Compiling regex-syntax v0.6.18
[INFO] [stderr]    Compiling thread_local v1.0.1
[INFO] [stderr]    Compiling aho-corasick v0.7.13
[INFO] [stderr]    Compiling regex v1.3.9
[INFO] [stderr]    Compiling zaki-yama-bicycle-book-wordcount v0.1.1 (/opt/rustwide/workdir)
[INFO] [stdout] warning: unused import: `std::io`
[INFO] [stdout]    --> src/lib.rs:101:5
[INFO] [stdout]     |
[INFO] [stdout] 101 | use std::io;
[INFO] [stdout]     |     ^^^^^^^
[INFO] [stdout]     |
[INFO] [stdout]     = note: `#[warn(unused_imports)]` on by default
[INFO] [stdout] 
[INFO] [stdout] 
[INFO] [stdout] warning: unused macro definition: `assert_map`
[INFO] [stdout]    --> src/lib.rs:136:14
[INFO] [stdout]     |
[INFO] [stdout] 136 | macro_rules! assert_map {
[INFO] [stdout]     |              ^^^^^^^^^^
[INFO] [stdout]     |
[INFO] [stdout]     = note: `#[warn(unused_macros)]` on by default
[INFO] [stdout] 
[INFO] [stdout] 
[INFO] [stdout] warning: 2 warnings emitted
[INFO] [stdout] 
[INFO] [stdout] 
[INFO] [stderr]     Finished dev [unoptimized + debuginfo] target(s) in 3.04s
[INFO] running `Command { std: "docker" "inspect" "47647e02eba545cc142cc7764a01202a73ed019dbffdc0dc320ffd80d8d3dc70", kill_on_drop: false }`
[INFO] running `Command { std: "docker" "rm" "-f" "47647e02eba545cc142cc7764a01202a73ed019dbffdc0dc320ffd80d8d3dc70", kill_on_drop: false }`
[INFO] [stdout] 47647e02eba545cc142cc7764a01202a73ed019dbffdc0dc320ffd80d8d3dc70
[INFO] running `Command { std: "docker" "create" "-v" "/var/lib/crater-agent-workspace/builds/worker-2-tc2/target:/opt/rustwide/target:rw,Z" "-v" "/var/lib/crater-agent-workspace/builds/worker-2-tc2/source:/opt/rustwide/workdir:ro,Z" "-v" "/var/lib/crater-agent-workspace/cargo-home:/opt/rustwide/cargo-home:ro,Z" "-v" "/var/lib/crater-agent-workspace/rustup-home:/opt/rustwide/rustup-home:ro,Z" "-e" "SOURCE_DIR=/opt/rustwide/workdir" "-e" "CARGO_TARGET_DIR=/opt/rustwide/target" "-e" "CARGO_INCREMENTAL=0" "-e" "RUST_BACKTRACE=full" "-e" "RUSTFLAGS=--cap-lints=warn" "-e" "RUSTDOCFLAGS=--cap-lints=warn" "-e" "CARGO_HOME=/opt/rustwide/cargo-home" "-e" "RUSTUP_HOME=/opt/rustwide/rustup-home" "-w" "/opt/rustwide/workdir" "-m" "1610612736" "--user" "0:0" "--network" "none" "ghcr.io/rust-lang/crates-build-env/linux@sha256:2788e3201cd34a07e3172128adcd8b3090168a8e3bcc40d7c032b9dda1df7d1c" "/opt/rustwide/cargo-home/bin/cargo" "+beta-2023-12-22" "test" "--frozen" "--no-run" "--message-format=json", kill_on_drop: false }`
[INFO] [stdout] 1921a92f18a227216465bc2df0b42f2f987d34791fbb9f9a4c48b463c3e4eb81
[INFO] running `Command { std: "docker" "start" "-a" "1921a92f18a227216465bc2df0b42f2f987d34791fbb9f9a4c48b463c3e4eb81", kill_on_drop: false }`
[INFO] [stdout] warning: unused import: `std::io`
[INFO] [stdout]    --> src/lib.rs:101:5
[INFO] [stdout]     |
[INFO] [stdout] 101 | use std::io;
[INFO] [stdout]     |     ^^^^^^^
[INFO] [stdout]     |
[INFO] [stdout]     = note: `#[warn(unused_imports)]` on by default
[INFO] [stdout] 
[INFO] [stdout] 
[INFO] [stdout] warning: unused macro definition: `assert_map`
[INFO] [stdout]    --> src/lib.rs:136:14
[INFO] [stdout]     |
[INFO] [stdout] 136 | macro_rules! assert_map {
[INFO] [stdout]     |              ^^^^^^^^^^
[INFO] [stdout]     |
[INFO] [stdout]     = note: `#[warn(unused_macros)]` on by default
[INFO] [stdout] 
[INFO] [stdout] 
[INFO] [stderr]    Compiling zaki-yama-bicycle-book-wordcount v0.1.1 (/opt/rustwide/workdir)
[INFO] [stdout] warning: 2 warnings emitted
[INFO] [stdout] 
[INFO] [stdout] 
[INFO] [stderr]     Finished test [unoptimized + debuginfo] target(s) in 0.47s
[INFO] running `Command { std: "docker" "inspect" "1921a92f18a227216465bc2df0b42f2f987d34791fbb9f9a4c48b463c3e4eb81", kill_on_drop: false }`
[INFO] running `Command { std: "docker" "rm" "-f" "1921a92f18a227216465bc2df0b42f2f987d34791fbb9f9a4c48b463c3e4eb81", kill_on_drop: false }`
[INFO] [stdout] 1921a92f18a227216465bc2df0b42f2f987d34791fbb9f9a4c48b463c3e4eb81
[INFO] running `Command { std: "docker" "create" "-v" "/var/lib/crater-agent-workspace/builds/worker-2-tc2/target:/opt/rustwide/target:rw,Z" "-v" "/var/lib/crater-agent-workspace/builds/worker-2-tc2/source:/opt/rustwide/workdir:ro,Z" "-v" "/var/lib/crater-agent-workspace/cargo-home:/opt/rustwide/cargo-home:ro,Z" "-v" "/var/lib/crater-agent-workspace/rustup-home:/opt/rustwide/rustup-home:ro,Z" "-e" "SOURCE_DIR=/opt/rustwide/workdir" "-e" "CARGO_TARGET_DIR=/opt/rustwide/target" "-e" "CARGO_INCREMENTAL=0" "-e" "RUST_BACKTRACE=full" "-e" "RUSTFLAGS=--cap-lints=warn" "-e" "RUSTDOCFLAGS=--cap-lints=warn" "-e" "CARGO_HOME=/opt/rustwide/cargo-home" "-e" "RUSTUP_HOME=/opt/rustwide/rustup-home" "-w" "/opt/rustwide/workdir" "-m" "1610612736" "--user" "0:0" "--network" "none" "ghcr.io/rust-lang/crates-build-env/linux@sha256:2788e3201cd34a07e3172128adcd8b3090168a8e3bcc40d7c032b9dda1df7d1c" "/opt/rustwide/cargo-home/bin/cargo" "+beta-2023-12-22" "test" "--frozen", kill_on_drop: false }`
[INFO] [stdout] a98913ec1a131ef98a19f57682a3ca15ef25bda9d5a4bb12b0341157e875278d
[INFO] running `Command { std: "docker" "start" "-a" "a98913ec1a131ef98a19f57682a3ca15ef25bda9d5a4bb12b0341157e875278d", kill_on_drop: false }`
[INFO] [stderr] warning: unused import: `std::io`
[INFO] [stderr]    --> src/lib.rs:101:5
[INFO] [stderr]     |
[INFO] [stderr] 101 | use std::io;
[INFO] [stderr]     |     ^^^^^^^
[INFO] [stderr]     |
[INFO] [stderr]     = note: `#[warn(unused_imports)]` on by default
[INFO] [stderr] 
[INFO] [stderr] warning: unused macro definition: `assert_map`
[INFO] [stderr]    --> src/lib.rs:136:14
[INFO] [stderr]     |
[INFO] [stderr] 136 | macro_rules! assert_map {
[INFO] [stderr]     |              ^^^^^^^^^^
[INFO] [stderr]     |
[INFO] [stderr]     = note: `#[warn(unused_macros)]` on by default
[INFO] [stderr] 
[INFO] [stderr] warning: `zaki-yama-bicycle-book-wordcount` (lib) generated 2 warnings (run `cargo fix --lib -p zaki-yama-bicycle-book-wordcount` to apply 1 suggestion)
[INFO] [stderr]     Finished test [unoptimized + debuginfo] target(s) in 0.01s
[INFO] [stderr]      Running unittests src/lib.rs (/opt/rustwide/target/debug/deps/zaki_yama_bicycle_book_wordcount-7be52d972e470797)
[INFO] [stdout] 
[INFO] [stdout] running 5 tests
[INFO] [stdout] test result_test ... FAILED
[INFO] [stdout] test word_count_works3 ... ok
[INFO] [stdout] test word_count_works ... ok
[INFO] [stdout] test word_count_works2 ... ok
[INFO] [stdout] test word_count_do_not_contain_unknown_words - should panic ... ok
[INFO] [stdout] 
[INFO] [stdout] failures:
[INFO] [stdout] 
[INFO] [stdout] ---- result_test stdout ----
[INFO] [stdout] Error: Os { code: 30, kind: ReadOnlyFilesystem, message: "Read-only file system" }
[INFO] [stdout] 
[INFO] [stdout] 
[INFO] [stdout] failures:
[INFO] [stdout]     result_test
[INFO] [stdout] 
[INFO] [stdout] test result: FAILED. 4 passed; 1 failed; 0 ignored; 0 measured; 0 filtered out; finished in 0.01s
[INFO] [stdout] 
[INFO] [stderr] error: test failed, to rerun pass `--lib`
[INFO] running `Command { std: "docker" "inspect" "a98913ec1a131ef98a19f57682a3ca15ef25bda9d5a4bb12b0341157e875278d", kill_on_drop: false }`
[INFO] running `Command { std: "docker" "rm" "-f" "a98913ec1a131ef98a19f57682a3ca15ef25bda9d5a4bb12b0341157e875278d", kill_on_drop: false }`
[INFO] [stdout] a98913ec1a131ef98a19f57682a3ca15ef25bda9d5a4bb12b0341157e875278d
