[INFO] cloning repository https://github.com/zada-fi/rust-backend
[INFO] running `Command { std: "git" "-c" "credential.helper=" "-c" "credential.helper=/workspace/cargo-home/bin/git-credential-null" "clone" "--bare" "https://github.com/zada-fi/rust-backend" "/workspace/cache/git-repos/https%3A%2F%2Fgithub.com%2Fzada-fi%2Frust-backend", kill_on_drop: false }`
[INFO] [stderr] Cloning into bare repository '/workspace/cache/git-repos/https%3A%2F%2Fgithub.com%2Fzada-fi%2Frust-backend'...
[INFO] running `Command { std: "git" "rev-parse" "HEAD", kill_on_drop: false }`
[INFO] [stdout] 17ed246f0d4e551551cc9624eb1cf9d7f6849dd2
[INFO] testing zada-fi/rust-backend against 1.75.0 for beta-1.76-1
[INFO] running `Command { std: "git" "clone" "/workspace/cache/git-repos/https%3A%2F%2Fgithub.com%2Fzada-fi%2Frust-backend" "/workspace/builds/worker-5-tc1/source", kill_on_drop: false }`
[INFO] [stderr] Cloning into '/workspace/builds/worker-5-tc1/source'...
[INFO] [stderr] done.
[INFO] validating manifest of git repo https://github.com/zada-fi/rust-backend on toolchain 1.75.0
[INFO] running `Command { std: CARGO_HOME="/workspace/cargo-home" RUSTUP_HOME="/workspace/rustup-home" "/workspace/cargo-home/bin/cargo" "+1.75.0" "metadata" "--manifest-path" "Cargo.toml" "--no-deps", kill_on_drop: false }`
[INFO] started tweaking git repo https://github.com/zada-fi/rust-backend
[INFO] finished tweaking git repo https://github.com/zada-fi/rust-backend
[INFO] tweaked toml for git repo https://github.com/zada-fi/rust-backend written to /workspace/builds/worker-5-tc1/source/Cargo.toml
[INFO] crate git repo https://github.com/zada-fi/rust-backend already has a lockfile, it will not be regenerated
[INFO] running `Command { std: CARGO_HOME="/workspace/cargo-home" RUSTUP_HOME="/workspace/rustup-home" "/workspace/cargo-home/bin/cargo" "+1.75.0" "fetch" "--manifest-path" "Cargo.toml", kill_on_drop: false }`
[INFO] [stderr]     Updating crates.io index
[INFO] [stderr]  Downloading crates ...
[INFO] [stderr]   Downloaded rbatis-macro-driver v4.3.0
[INFO] [stderr]   Downloaded rbs v4.3.2
[INFO] [stderr]   Downloaded fastdate v0.1.38
[INFO] [stderr]   Downloaded rbatis-codegen v4.3.0
[INFO] [stderr]   Downloaded rbatis v4.3.0
[INFO] [stderr]   Downloaded rbdc v4.3.3
[INFO] [stderr]   Downloaded rbdc-pg v4.3.0
[INFO] running `Command { std: "docker" "create" "-v" "/var/lib/crater-agent-workspace/builds/worker-5-tc1/target:/opt/rustwide/target:rw,Z" "-v" "/var/lib/crater-agent-workspace/builds/worker-5-tc1/source:/opt/rustwide/workdir:ro,Z" "-v" "/var/lib/crater-agent-workspace/cargo-home:/opt/rustwide/cargo-home:ro,Z" "-v" "/var/lib/crater-agent-workspace/rustup-home:/opt/rustwide/rustup-home:ro,Z" "-e" "SOURCE_DIR=/opt/rustwide/workdir" "-e" "CARGO_TARGET_DIR=/opt/rustwide/target" "-e" "CARGO_HOME=/opt/rustwide/cargo-home" "-e" "RUSTUP_HOME=/opt/rustwide/rustup-home" "-w" "/opt/rustwide/workdir" "-m" "1610612736" "--user" "0:0" "--network" "none" "ghcr.io/rust-lang/crates-build-env/linux@sha256:2788e3201cd34a07e3172128adcd8b3090168a8e3bcc40d7c032b9dda1df7d1c" "/opt/rustwide/cargo-home/bin/cargo" "+1.75.0" "metadata" "--no-deps" "--format-version=1", kill_on_drop: false }`
[INFO] [stdout] dccb27f7884fd50307798d2770ad7569141f9d5616ea20017342d08b51922144
[INFO] running `Command { std: "docker" "start" "-a" "dccb27f7884fd50307798d2770ad7569141f9d5616ea20017342d08b51922144", kill_on_drop: false }`
[INFO] running `Command { std: "docker" "inspect" "dccb27f7884fd50307798d2770ad7569141f9d5616ea20017342d08b51922144", kill_on_drop: false }`
[INFO] running `Command { std: "docker" "rm" "-f" "dccb27f7884fd50307798d2770ad7569141f9d5616ea20017342d08b51922144", kill_on_drop: false }`
[INFO] [stdout] dccb27f7884fd50307798d2770ad7569141f9d5616ea20017342d08b51922144
[INFO] running `Command { std: "docker" "create" "-v" "/var/lib/crater-agent-workspace/builds/worker-5-tc1/target:/opt/rustwide/target:rw,Z" "-v" "/var/lib/crater-agent-workspace/builds/worker-5-tc1/source:/opt/rustwide/workdir:ro,Z" "-v" "/var/lib/crater-agent-workspace/cargo-home:/opt/rustwide/cargo-home:ro,Z" "-v" "/var/lib/crater-agent-workspace/rustup-home:/opt/rustwide/rustup-home:ro,Z" "-e" "SOURCE_DIR=/opt/rustwide/workdir" "-e" "CARGO_TARGET_DIR=/opt/rustwide/target" "-e" "CARGO_INCREMENTAL=0" "-e" "RUST_BACKTRACE=full" "-e" "RUSTFLAGS=--cap-lints=warn" "-e" "RUSTDOCFLAGS=--cap-lints=warn" "-e" "CARGO_HOME=/opt/rustwide/cargo-home" "-e" "RUSTUP_HOME=/opt/rustwide/rustup-home" "-w" "/opt/rustwide/workdir" "-m" "1610612736" "--user" "0:0" "--network" "none" "ghcr.io/rust-lang/crates-build-env/linux@sha256:2788e3201cd34a07e3172128adcd8b3090168a8e3bcc40d7c032b9dda1df7d1c" "/opt/rustwide/cargo-home/bin/cargo" "+1.75.0" "build" "--frozen" "--message-format=json", kill_on_drop: false }`
[INFO] [stdout] c0042e34db7a5dd6482a3c4938f6921b22422451ce8808f9a04bc2f36eabaed8
[INFO] running `Command { std: "docker" "start" "-a" "c0042e34db7a5dd6482a3c4938f6921b22422451ce8808f9a04bc2f36eabaed8", kill_on_drop: false }`
[INFO] [stderr]    Compiling autocfg v1.1.0
[INFO] [stderr]    Compiling proc-macro2 v1.0.56
[INFO] [stderr]    Compiling unicode-ident v1.0.8
[INFO] [stderr]    Compiling quote v1.0.26
[INFO] [stderr]    Compiling cfg-if v1.0.0
[INFO] [stderr]    Compiling libc v0.2.142
[INFO] [stderr]    Compiling log v0.4.17
[INFO] [stderr]    Compiling serde_derive v1.0.160
[INFO] [stderr]    Compiling version_check v0.9.4
[INFO] [stderr]    Compiling bytes v1.4.0
[INFO] [stderr]    Compiling pin-project-lite v0.2.9
[INFO] [stderr]    Compiling memchr v2.5.0
[INFO] [stderr]    Compiling once_cell v1.17.1
[INFO] [stderr]    Compiling serde v1.0.160
[INFO] [stderr]    Compiling itoa v1.0.6
[INFO] [stderr]    Compiling scopeguard v1.1.0
[INFO] [stderr]    Compiling futures-core v0.3.28
[INFO] [stderr]    Compiling lock_api v0.4.9
[INFO] [stderr]    Compiling parking_lot_core v0.9.7
[INFO] [stderr]    Compiling syn v2.0.15
[INFO] [stderr]    Compiling smallvec v1.10.0
[INFO] [stderr]    Compiling jobserver v0.1.26
[INFO] [stderr]    Compiling cc v1.0.79
[INFO] [stderr]    Compiling syn v1.0.109
[INFO] [stderr]    Compiling futures-sink v0.3.28
[INFO] [stderr]    Compiling tokio v1.28.0
[INFO] [stderr]    Compiling typenum v1.16.0
[INFO] [stderr]    Compiling generic-array v0.14.7
[INFO] [stderr]    Compiling pkg-config v0.3.26
[INFO] [stderr]    Compiling slab v0.4.8
[INFO] [stderr]    Compiling futures-task v0.3.28
[INFO] [stderr]    Compiling getrandom v0.2.9
[INFO] [stderr]    Compiling socket2 v0.4.9
[INFO] [stderr]    Compiling signal-hook-registry v1.4.1
[INFO] [stderr]    Compiling mio v0.8.6
[INFO] [stderr]    Compiling parking_lot v0.12.1
[INFO] [stderr]    Compiling num_cpus v1.15.0
[INFO] [stderr]    Compiling futures-channel v0.3.28
[INFO] [stderr]    Compiling indexmap v1.9.3
[INFO] [stderr]    Compiling futures-io v0.3.28
[INFO] [stderr]    Compiling futures-util v0.3.28
[INFO] [stderr]    Compiling rand_core v0.6.4
[INFO] [stderr]    Compiling ppv-lite86 v0.2.17
[INFO] [stderr]    Compiling pin-utils v0.1.0
[INFO] [stderr]    Compiling futures v0.1.31
[INFO] [stderr]    Compiling aho-corasick v1.0.1
[INFO] [stderr]    Compiling regex-syntax v0.7.1
[INFO] [stderr]    Compiling serde_json v1.0.96
[INFO] [stderr]    Compiling rand_chacha v0.3.1
[INFO] [stderr]    Compiling ryu v1.0.13
[INFO] [stderr]    Compiling byteorder v1.4.3
[INFO] [stderr]    Compiling paste v1.0.12
[INFO] [stderr]    Compiling rand v0.8.5
[INFO] [stderr]    Compiling ahash v0.7.6
[INFO] [stderr]    Compiling num-traits v0.2.15
[INFO] [stderr]    Compiling tinyvec_macros v0.1.1
[INFO] [stderr]    Compiling tinyvec v1.6.0
[INFO] [stderr]    Compiling thiserror v1.0.40
[INFO] [stderr]    Compiling percent-encoding v2.2.0
[INFO] [stderr]    Compiling regex v1.8.1
[INFO] [stderr]    Compiling fnv v1.0.7
[INFO] [stderr]    Compiling http v0.2.9
[INFO] [stderr]    Compiling unicode-normalization v0.1.22
[INFO] [stderr]    Compiling unicode-bidi v0.3.13
[INFO] [stderr]    Compiling tokio-macros v2.1.0
[INFO] [stderr]    Compiling futures-macro v0.3.28
[INFO] [stderr]    Compiling thiserror-impl v1.0.40
[INFO] [stderr]    Compiling bitflags v1.3.2
[INFO] [stderr]    Compiling hashbrown v0.12.3
[INFO] [stderr]    Compiling tracing-core v0.1.30
[INFO] [stderr]    Compiling tracing v0.1.38
[INFO] [stderr]    Compiling form_urlencoded v1.1.0
[INFO] [stderr]    Compiling ring v0.16.20
[INFO] [stderr]    Compiling base64 v0.21.0
[INFO] [stderr]    Compiling idna v0.3.0
[INFO] [stderr]    Compiling block-buffer v0.10.4
[INFO] [stderr]    Compiling crypto-common v0.1.6
[INFO] [stderr]    Compiling openssl-sys v0.9.87
[INFO] [stderr]    Compiling subtle v2.4.1
[INFO] [stderr]    Compiling digest v0.10.6
[INFO] [stderr]    Compiling url v2.3.1
[INFO] [stderr]    Compiling env_logger v0.8.4
[INFO] [stderr]    Compiling spin v0.5.2
[INFO] [stderr]    Compiling httparse v1.8.0
[INFO] [stderr]    Compiling untrusted v0.7.1
[INFO] [stderr]    Compiling ucd-trie v0.1.5
[INFO] [stderr]    Compiling cpufeatures v0.2.7
[INFO] [stderr]    Compiling pest v2.6.0
[INFO] [stderr]    Compiling crunchy v0.2.2
[INFO] [stderr]    Compiling toml_datetime v0.6.1
[INFO] [stderr]    Compiling winnow v0.4.1
[INFO] [stderr]    Compiling static_assertions v1.1.0
[INFO] [stderr]    Compiling crossbeam-utils v0.8.15
[INFO] [stderr]    Compiling async-trait v0.1.68
[INFO] [stderr]    Compiling radium v0.6.2
[INFO] [stderr]    Compiling tokio-util v0.7.8
[INFO] [stderr]    Compiling pest_meta v2.6.0
[INFO] [stderr]    Compiling zstd-sys v2.0.8+zstd.1.5.5
[INFO] [stderr]    Compiling num-integer v0.1.45
[INFO] [stderr]    Compiling toml_edit v0.19.8
[INFO] [stderr]    Compiling rustc-hex v2.1.0
[INFO] [stderr]    Compiling httpdate v1.0.2
[INFO] [stderr]    Compiling openssl v0.10.52
[INFO] [stderr]    Compiling foreign-types-shared v0.1.1
[INFO] [stderr]    Compiling foreign-types v0.3.2
[INFO] [stderr]    Compiling pest_generator v2.6.0
[INFO] [stderr]    Compiling h2 v0.3.18
[INFO] [stderr]    Compiling proc-macro-crate v1.3.1
[INFO] [stderr]    Compiling openssl-macros v0.1.1
[INFO] [stderr]    Compiling memoffset v0.8.0
[INFO] [stderr]    Compiling native-tls v0.2.11
[INFO] [stderr]    Compiling funty v1.1.0
[INFO] [stderr]    Compiling tap v1.0.1
[INFO] [stderr]    Compiling wyz v0.2.0
[INFO] [stderr]    Compiling bitvec v0.20.4
[INFO] [stderr]    Compiling parity-scale-codec-derive v2.3.1
[INFO] [stderr]    Compiling pest_derive v2.6.0
[INFO] [stderr]    Compiling rlp v0.5.2
[INFO] [stderr]    Compiling impl-trait-for-tuples v0.2.2
[INFO] [stderr]    Compiling bytestring v1.3.0
[INFO] [stderr]    Compiling num-bigint v0.4.3
[INFO] [stderr]    Compiling crossbeam-epoch v0.9.14
[INFO] [stderr]    Compiling byte-slice-cast v1.2.2
[INFO] [stderr]    Compiling crc32fast v1.3.2
[INFO] [stderr]    Compiling block-padding v0.2.1
[INFO] [stderr]    Compiling mime v0.3.17
[INFO] [stderr]    Compiling openssl-probe v0.1.5
[INFO] [stderr]    Compiling zstd-safe v6.0.5+zstd.1.5.4
[INFO] [stderr]    Compiling arrayvec v0.7.2
[INFO] [stderr]    Compiling alloc-no-stdlib v2.0.4
[INFO] [stderr]    Compiling tiny-keccak v2.0.2
[INFO] [stderr]    Compiling hex v0.4.3
[INFO] [stderr]    Compiling local-waker v0.1.3
[INFO] [stderr]    Compiling rustls v0.20.8
[INFO] [stderr]    Compiling alloc-stdlib v0.2.2
[INFO] [stderr]    Compiling block-buffer v0.9.0
[INFO] [stderr]    Compiling impl-rlp v0.3.0
[INFO] [stderr]    Compiling serde_bytes v0.11.9
[INFO] [stderr]    Compiling impl-serde v0.3.2
[INFO] [stderr]    Compiling fixed-hash v0.7.0
[INFO] [stderr]    Compiling webpki v0.22.0
[INFO] [stderr]    Compiling sct v0.7.0
[INFO] [stderr]    Compiling futures-executor v0.3.28
[INFO] [stderr]    Compiling sha1 v0.10.5
[INFO] [stderr]    Compiling quickcheck v1.0.3
[INFO] [stderr]    Compiling pin-project-internal v1.0.12
[INFO] [stderr]    Compiling actix-macros v0.2.3
[INFO] [stderr]    Compiling rmp v0.8.11
[INFO] [stderr]    Compiling digest v0.9.0
[INFO] [stderr]    Compiling ahash v0.8.3
[INFO] [stderr]    Compiling encoding_rs v0.8.32
[INFO] [stderr]    Compiling time-core v0.1.0
[INFO] [stderr]    Compiling adler v1.0.2
[INFO] [stderr]    Compiling opaque-debug v0.3.0
[INFO] [stderr]    Compiling crossbeam-queue v0.3.8
[INFO] [stderr]    Compiling convert_case v0.4.0
[INFO] [stderr]    Compiling try-lock v0.2.4
[INFO] [stderr]    Compiling want v0.3.0
[INFO] [stderr]    Compiling miniz_oxide v0.6.2
[INFO] [stderr]    Compiling derive_more v0.99.17
[INFO] [stderr]    Compiling time-macros v0.2.8
[INFO] [stderr]    Compiling actix-rt v2.8.0
[INFO] [stderr]    Compiling rbs v4.3.2
[INFO] [stderr]    Compiling pin-project v1.0.12
[INFO] [stderr]    Compiling futures v0.3.28
[INFO] [stderr]    Compiling parity-scale-codec v2.3.1
[INFO] [stderr]    Compiling brotli-decompressor v2.3.4
[INFO] [stderr]    Compiling uint v0.9.5
[INFO] [stderr]    Compiling actix-utils v3.0.1
[INFO] [stderr]    Compiling serde_urlencoded v0.7.1
[INFO] [stderr]    Compiling impl-codec v0.5.1
[INFO] [stderr]    Compiling rustls-webpki v0.100.1
[INFO] [stderr]    Compiling http-body v0.4.5
[INFO] [stderr]    Compiling actix-service v2.0.2
[INFO] [stderr]    Compiling secp256k1-sys v0.4.2
[INFO] [stderr]    Compiling cookie v0.16.2
[INFO] [stderr]    Compiling deadpool-runtime v0.1.2
[INFO] [stderr]    Compiling tower-service v0.3.2
[INFO] [stderr]    Compiling retain_mut v0.1.9
[INFO] [stderr]    Compiling deadpool v0.9.5
[INFO] [stderr]    Compiling brotli v3.3.4
[INFO] [stderr]    Compiling hyper v0.14.26
[INFO] [stderr]    Compiling html_parser v0.6.3
[INFO] [stderr]    Compiling tokio-rustls v0.23.4
[INFO] [stderr]    Compiling webpki-roots v0.23.0
[INFO] [stderr]    Compiling primitive-types v0.10.1
[INFO] [stderr]    Compiling ethbloom v0.11.1
[INFO] [stderr]    Compiling flate2 v1.0.25
[INFO] [stderr]    Compiling time v0.3.20
[INFO] [stderr]    Compiling crossbeam-deque v0.8.3
[INFO] [stderr]    Compiling actix-router v0.5.1
[INFO] [stderr]    Compiling tokio-native-tls v0.3.1
[INFO] [stderr]    Compiling local-channel v0.1.3
[INFO] [stderr]    Compiling fastdate v0.1.38
[INFO] [stderr]    Compiling crossbeam-channel v0.5.8
[INFO] [stderr]    Compiling actix-codec v0.5.0
[INFO] [stderr]    Compiling rustls-pemfile v1.0.2
[INFO] [stderr]    Compiling hashlink v0.8.1
[INFO] [stderr]    Compiling uuid v1.3.1
[INFO] [stderr]    Compiling spin v0.9.8
[INFO] [stderr]    Compiling num-rational v0.4.1
[INFO] [stderr]    Compiling num-iter v0.1.43
[INFO] [stderr]    Compiling language-tags v0.3.2
[INFO] [stderr]    Compiling keccak v0.1.3
[INFO] [stderr]    Compiling base64 v0.13.1
[INFO] [stderr]    Compiling sha3 v0.9.1
[INFO] [stderr]    Compiling flume v0.10.14
[INFO] [stderr]    Compiling rbdc v4.3.3
[INFO] [stderr]    Compiling hyper-tls v0.5.0
[INFO] [stderr]    Compiling actix-web-codegen v4.2.0
[INFO] [stderr]    Compiling crossbeam v0.8.2
[INFO] [stderr]    Compiling ethereum-types v0.12.1
[INFO] [stderr]    Compiling rbatis-codegen v4.3.0
[INFO] [stderr]    Compiling actix-server v2.2.0
[INFO] [stderr]    Compiling sha-1 v0.9.8
[INFO] [stderr]    Compiling headers-core v0.2.0
[INFO] [stderr]    Compiling dirs-sys v0.3.7
[INFO] [stderr]    Compiling ipnet v2.7.2
[INFO] [stderr]    Compiling anyhow v1.0.70
[INFO] [stderr]    Compiling matches v0.1.10
[INFO] [stderr]    Compiling idna v0.2.3
[INFO] [stderr]    Compiling reqwest v0.11.16
[INFO] [stderr]    Compiling dirs v4.0.0
[INFO] [stderr]    Compiling rbatis-macro-driver v4.3.0
[INFO] [stderr]    Compiling headers v0.3.8
[INFO] [stderr]    Compiling soketto v0.7.1
[INFO] [stderr]    Compiling ethabi v16.0.0
[INFO] [stderr]    Compiling dark-std v0.2.3
[INFO] [stderr]    Compiling bigdecimal v0.3.0
[INFO] [stderr]    Compiling jsonrpc-core v18.0.0
[INFO] [stderr]    Compiling web3-async-native-tls v0.4.0
[INFO] [stderr]    Compiling num-complex v0.4.3
[INFO] [stderr]    Compiling tokio-util v0.6.10
[INFO] [stderr]    Compiling tokio-stream v0.1.14
[INFO] [stderr]    Compiling nix v0.26.2
[INFO] [stderr]    Compiling sha2 v0.10.6
[INFO] [stderr]    Compiling md-5 v0.10.5
[INFO] [stderr]    Compiling hmac v0.12.1
[INFO] [stderr]    Compiling stringprep v0.1.2
[INFO] [stderr]    Compiling atoi v2.0.0
[INFO] [stderr]    Compiling whoami v1.4.0
[INFO] [stderr]    Compiling futures-timer v3.0.2
[INFO] [stderr]    Compiling either v1.8.1
[INFO] [stderr]    Compiling num v0.4.0
[INFO] [stderr]    Compiling rbatis v4.3.0
[INFO] [stderr]    Compiling rbdc-pg v4.3.0
[INFO] [stderr]    Compiling ctrlc v3.2.5
[INFO] [stderr]    Compiling envy v0.4.2
[INFO] [stderr]    Compiling dotenvy v0.15.7
[INFO] [stderr]    Compiling secp256k1 v0.21.3
[INFO] [stderr]    Compiling web3 v0.18.0
[INFO] [stderr]    Compiling zstd v0.12.3+zstd.1.5.2
[INFO] [stderr]    Compiling actix-http v3.3.1
[INFO] [stderr]    Compiling actix-web v4.3.1
[INFO] [stderr]    Compiling actix-cors v0.6.4
[INFO] [stderr]    Compiling rust-backend v0.1.0 (/opt/rustwide/workdir)
[INFO] [stdout] warning: unused imports: `Address`, `ParamType`, `decode`
[INFO] [stdout]  --> src/watcher/watch.rs:2:14
[INFO] [stdout]   |
[INFO] [stdout] 2 | use ethabi::{decode, ParamType, Address};
[INFO] [stdout]   |              ^^^^^^  ^^^^^^^^^  ^^^^^^^
[INFO] [stdout]   |
[INFO] [stdout]   = note: `#[warn(unused_imports)]` on by default
[INFO] [stdout] 
[INFO] [stdout] 
[INFO] [stdout] warning: unused import: `transports::http`
[INFO] [stdout]  --> src/watcher/watch.rs:5:5
[INFO] [stdout]   |
[INFO] [stdout] 5 |     transports::http,
[INFO] [stdout]   |     ^^^^^^^^^^^^^^^^
[INFO] [stdout] 
[INFO] [stdout] 
[INFO] [stdout] warning: unused import: `Event`
[INFO] [stdout]   --> src/watcher/watch.rs:10:25
[INFO] [stdout]    |
[INFO] [stdout] 10 | use crate::db::tables::{Event, PoolInfo, LastSyncBlock, Token};
[INFO] [stdout]    |                         ^^^^^
[INFO] [stdout] 
[INFO] [stdout] 
[INFO] [stdout] warning: unused imports: `Bytes`, `CallRequest`
[INFO] [stdout]   --> src/watcher/watch.rs:12:31
[INFO] [stdout]    |
[INFO] [stdout] 12 | use web3::types::{H160, H256, CallRequest, Bytes};
[INFO] [stdout]    |                               ^^^^^^^^^^^  ^^^^^
[INFO] [stdout] 
[INFO] [stdout] 
[INFO] [stdout] warning: unused import: `TryInto`
[INFO] [stdout]   --> src/watcher/watch.rs:14:29
[INFO] [stdout]    |
[INFO] [stdout] 14 | use std::convert::{TryFrom, TryInto};
[INFO] [stdout]    |                             ^^^^^^^
[INFO] [stdout] 
[INFO] [stdout] 
[INFO] [stdout] warning: unused import: `web3::ethabi::Uint`
[INFO] [stdout]   --> src/watcher/watch.rs:15:5
[INFO] [stdout]    |
[INFO] [stdout] 15 | use web3::ethabi::Uint;
[INFO] [stdout]    |     ^^^^^^^^^^^^^^^^^^
[INFO] [stdout] 
[INFO] [stdout] 
[INFO] [stdout] warning: unused import: `std::cmp::min`
[INFO] [stdout]   --> src/watcher/watch.rs:17:5
[INFO] [stdout]    |
[INFO] [stdout] 17 | use std::cmp::min;
[INFO] [stdout]    |     ^^^^^^^^^^^^^
[INFO] [stdout] 
[INFO] [stdout] 
[INFO] [stdout] warning: unused import: `num::BigUint`
[INFO] [stdout]   --> src/watcher/watch.rs:21:5
[INFO] [stdout]    |
[INFO] [stdout] 21 | use num::BigUint;
[INFO] [stdout]    |     ^^^^^^^^^^^^
[INFO] [stdout] 
[INFO] [stdout] 
[INFO] [stdout] warning: unused doc comment
[INFO] [stdout]    --> src/watcher/watch.rs:119:13
[INFO] [stdout]     |
[INFO] [stdout] 119 | /             /// ignore the error
[INFO] [stdout] 120 | |             /// todo: should use another task to save in batches
[INFO] [stdout]     | |________________________________________________________________^
[INFO] [stdout] 121 |               db::save_token(&mut self.db,new_token).await;
[INFO] [stdout]     |               -------------------------------------------- rustdoc does not generate documentation for expressions
[INFO] [stdout]     |
[INFO] [stdout]     = help: use `//` for a plain comment
[INFO] [stdout]     = note: `#[warn(unused_doc_comments)]` on by default
[INFO] [stdout] 
[INFO] [stdout] 
[INFO] [stdout] warning: unused doc comment
[INFO] [stdout]    --> src/watcher/watch.rs:210:13
[INFO] [stdout]     |
[INFO] [stdout] 210 |             /// todo: should use another task to save in batches
[INFO] [stdout]     |             ^^^^^^^^^^^^^^^^^^^^^^^^^^^^^^^^^^^^^^^^^^^^^^^^^^^^
[INFO] [stdout] 211 |             db::save_pool(&mut self.db,&pool).await?;
[INFO] [stdout]     |             ---------------------------------------- rustdoc does not generate documentation for expressions
[INFO] [stdout]     |
[INFO] [stdout]     = help: use `//` for a plain comment
[INFO] [stdout] 
[INFO] [stdout] 
[INFO] [stdout] warning: unnecessary parentheses around function argument
[INFO] [stdout]    --> src/watcher/watch.rs:276:53
[INFO] [stdout]     |
[INFO] [stdout] 276 |             end_block = cmp::min(chain_block_number,(start_block + sync_step));
[INFO] [stdout]     |                                                     ^                       ^
[INFO] [stdout]     |
[INFO] [stdout]     = note: `#[warn(unused_parens)]` on by default
[INFO] [stdout] help: remove these parentheses
[INFO] [stdout]     |
[INFO] [stdout] 276 -             end_block = cmp::min(chain_block_number,(start_block + sync_step));
[INFO] [stdout] 276 +             end_block = cmp::min(chain_block_number,start_block + sync_step);
[INFO] [stdout]     |
[INFO] [stdout] 
[INFO] [stdout] 
[INFO] [stdout] warning: unused import: `rbatis::rbdc::common::datetime::DateTime`
[INFO] [stdout]  --> src/db/tables.rs:1:5
[INFO] [stdout]   |
[INFO] [stdout] 1 | use rbatis::rbdc::common::datetime::DateTime;
[INFO] [stdout]   |     ^^^^^^^^^^^^^^^^^^^^^^^^^^^^^^^^^^^^^^^^
[INFO] [stdout] 
[INFO] [stdout] 
[INFO] [stdout] warning: unused import: `num::BigUint`
[INFO] [stdout]  --> src/db/tables.rs:2:5
[INFO] [stdout]   |
[INFO] [stdout] 2 | use num::BigUint;
[INFO] [stdout]   |     ^^^^^^^^^^^^
[INFO] [stdout] 
[INFO] [stdout] 
[INFO] [stdout] warning: value assigned to `end_block` is never read
[INFO] [stdout]    --> src/watcher/watch.rs:273:17
[INFO] [stdout]     |
[INFO] [stdout] 273 |         let mut end_block = start_block;
[INFO] [stdout]     |                 ^^^^^^^^^
[INFO] [stdout]     |
[INFO] [stdout]     = help: maybe it is overwritten before being read?
[INFO] [stdout]     = note: `#[warn(unused_assignments)]` on by default
[INFO] [stdout] 
[INFO] [stdout] 
[INFO] [stdout] warning: variable does not need to be mutable
[INFO] [stdout]    --> src/watcher/watch.rs:319:9
[INFO] [stdout]     |
[INFO] [stdout] 319 |     let mut watcher = ChainWatcher::new(config, db).await.unwrap();
[INFO] [stdout]     |         ----^^^^^^^
[INFO] [stdout]     |         |
[INFO] [stdout]     |         help: remove this `mut`
[INFO] [stdout]     |
[INFO] [stdout]     = note: `#[warn(unused_mut)]` on by default
[INFO] [stdout] 
[INFO] [stdout] 
[INFO] [stdout] warning: variable does not need to be mutable
[INFO] [stdout]    --> src/watcher/event.rs:138:13
[INFO] [stdout]     |
[INFO] [stdout] 138 |         let mut dec_ev = decode(
[INFO] [stdout]     |             ----^^^^^^
[INFO] [stdout]     |             |
[INFO] [stdout]     |             help: remove this `mut`
[INFO] [stdout] 
[INFO] [stdout] 
[INFO] [stdout] warning: unreachable pattern
[INFO] [stdout]    --> src/watcher/event.rs:229:13
[INFO] [stdout]     |
[INFO] [stdout] 229 |             _ => {
[INFO] [stdout]     |             ^
[INFO] [stdout]     |
[INFO] [stdout]     = note: `#[warn(unreachable_patterns)]` on by default
[INFO] [stdout] 
[INFO] [stdout] 
[INFO] [stdout] warning: variable does not need to be mutable
[INFO] [stdout]    --> src/watcher/event.rs:165:21
[INFO] [stdout]     |
[INFO] [stdout] 165 |                 let mut dec_ev = decode(
[INFO] [stdout]     |                     ----^^^^^^
[INFO] [stdout]     |                     |
[INFO] [stdout]     |                     help: remove this `mut`
[INFO] [stdout] 
[INFO] [stdout] 
[INFO] [stdout] warning: variable does not need to be mutable
[INFO] [stdout]    --> src/watcher/event.rs:180:21
[INFO] [stdout]     |
[INFO] [stdout] 180 |                 let mut dec_ev = decode(
[INFO] [stdout]     |                     ----^^^^^^
[INFO] [stdout]     |                     |
[INFO] [stdout]     |                     help: remove this `mut`
[INFO] [stdout] 
[INFO] [stdout] 
[INFO] [stdout] warning: variable does not need to be mutable
[INFO] [stdout]    --> src/watcher/event.rs:196:21
[INFO] [stdout]     |
[INFO] [stdout] 196 |                 let mut dec_ev = decode(
[INFO] [stdout]     |                     ----^^^^^^
[INFO] [stdout]     |                     |
[INFO] [stdout]     |                     help: remove this `mut`
[INFO] [stdout] 
[INFO] [stdout] 
[INFO] [stdout] warning: variable does not need to be mutable
[INFO] [stdout]    --> src/watcher/event.rs:216:21
[INFO] [stdout]     |
[INFO] [stdout] 216 |                 let mut dec_ev = decode(
[INFO] [stdout]     |                     ----^^^^^^
[INFO] [stdout]     |                     |
[INFO] [stdout]     |                     help: remove this `mut`
[INFO] [stdout] 
[INFO] [stdout] 
[INFO] [stdout] warning: function `save_events` is never used
[INFO] [stdout]   --> src/db/mod.rs:33:21
[INFO] [stdout]    |
[INFO] [stdout] 33 | pub(crate) async fn save_events(rb: &Rbatis, events: Vec<Event>) -> anyhow::Result<()> {
[INFO] [stdout]    |                     ^^^^^^^^^^^
[INFO] [stdout]    |
[INFO] [stdout]    = note: `#[warn(dead_code)]` on by default
[INFO] [stdout] 
[INFO] [stdout] 
[INFO] [stdout] warning: function `update_pool` is never used
[INFO] [stdout]   --> src/db/mod.rs:51:21
[INFO] [stdout]    |
[INFO] [stdout] 51 | pub(crate) async fn update_pool(rb: &mut Rbatis,new_pool: PoolInfo) -> anyhow::Result<()> {
[INFO] [stdout]    |                     ^^^^^^^^^^^
[INFO] [stdout] 
[INFO] [stdout] 
[INFO] [stdout] warning: unused `Result` that must be used
[INFO] [stdout]    --> src/watcher/watch.rs:121:13
[INFO] [stdout]     |
[INFO] [stdout] 121 |             db::save_token(&mut self.db,new_token).await;
[INFO] [stdout]     |             ^^^^^^^^^^^^^^^^^^^^^^^^^^^^^^^^^^^^^^^^^^^^
[INFO] [stdout]     |
[INFO] [stdout]     = note: this `Result` may be an `Err` variant, which should be handled
[INFO] [stdout]     = note: `#[warn(unused_must_use)]` on by default
[INFO] [stdout] help: use `let _ = ...` to ignore the resulting value
[INFO] [stdout]     |
[INFO] [stdout] 121 |             let _ = db::save_token(&mut self.db,new_token).await;
[INFO] [stdout]     |             +++++++
[INFO] [stdout] 
[INFO] [stdout] 
[INFO] [stdout] warning: structure field `amount0In` should have a snake case name
[INFO] [stdout]   --> src/watcher/event.rs:43:9
[INFO] [stdout]    |
[INFO] [stdout] 43 |     pub amount0In: Uint,
[INFO] [stdout]    |         ^^^^^^^^^ help: convert the identifier to snake case: `amount0_in`
[INFO] [stdout]    |
[INFO] [stdout]    = note: `#[warn(non_snake_case)]` on by default
[INFO] [stdout] 
[INFO] [stdout] 
[INFO] [stdout] warning: structure field `amount1In` should have a snake case name
[INFO] [stdout]   --> src/watcher/event.rs:44:9
[INFO] [stdout]    |
[INFO] [stdout] 44 |     pub amount1In: Uint,
[INFO] [stdout]    |         ^^^^^^^^^ help: convert the identifier to snake case: `amount1_in`
[INFO] [stdout] 
[INFO] [stdout] 
[INFO] [stdout] warning: structure field `amount0Out` should have a snake case name
[INFO] [stdout]   --> src/watcher/event.rs:45:9
[INFO] [stdout]    |
[INFO] [stdout] 45 |     pub amount0Out: Uint,
[INFO] [stdout]    |         ^^^^^^^^^^ help: convert the identifier to snake case: `amount0_out`
[INFO] [stdout] 
[INFO] [stdout] 
[INFO] [stdout] warning: structure field `amount1Out` should have a snake case name
[INFO] [stdout]   --> src/watcher/event.rs:46:9
[INFO] [stdout]    |
[INFO] [stdout] 46 |     pub amount1Out: Uint,
[INFO] [stdout]    |         ^^^^^^^^^^ help: convert the identifier to snake case: `amount1_out`
[INFO] [stdout] 
[INFO] [stdout] 
[INFO] [stdout] warning: 28 warnings emitted
[INFO] [stdout] 
[INFO] [stdout] 
[INFO] [stderr]     Finished dev [unoptimized + debuginfo] target(s) in 51.19s
[INFO] running `Command { std: "docker" "inspect" "c0042e34db7a5dd6482a3c4938f6921b22422451ce8808f9a04bc2f36eabaed8", kill_on_drop: false }`
[INFO] running `Command { std: "docker" "rm" "-f" "c0042e34db7a5dd6482a3c4938f6921b22422451ce8808f9a04bc2f36eabaed8", kill_on_drop: false }`
[INFO] [stdout] c0042e34db7a5dd6482a3c4938f6921b22422451ce8808f9a04bc2f36eabaed8
[INFO] running `Command { std: "docker" "create" "-v" "/var/lib/crater-agent-workspace/builds/worker-5-tc1/target:/opt/rustwide/target:rw,Z" "-v" "/var/lib/crater-agent-workspace/builds/worker-5-tc1/source:/opt/rustwide/workdir:ro,Z" "-v" "/var/lib/crater-agent-workspace/cargo-home:/opt/rustwide/cargo-home:ro,Z" "-v" "/var/lib/crater-agent-workspace/rustup-home:/opt/rustwide/rustup-home:ro,Z" "-e" "SOURCE_DIR=/opt/rustwide/workdir" "-e" "CARGO_TARGET_DIR=/opt/rustwide/target" "-e" "CARGO_INCREMENTAL=0" "-e" "RUST_BACKTRACE=full" "-e" "RUSTFLAGS=--cap-lints=warn" "-e" "RUSTDOCFLAGS=--cap-lints=warn" "-e" "CARGO_HOME=/opt/rustwide/cargo-home" "-e" "RUSTUP_HOME=/opt/rustwide/rustup-home" "-w" "/opt/rustwide/workdir" "-m" "1610612736" "--user" "0:0" "--network" "none" "ghcr.io/rust-lang/crates-build-env/linux@sha256:2788e3201cd34a07e3172128adcd8b3090168a8e3bcc40d7c032b9dda1df7d1c" "/opt/rustwide/cargo-home/bin/cargo" "+1.75.0" "test" "--frozen" "--no-run" "--message-format=json", kill_on_drop: false }`
[INFO] [stdout] b9ff3f0e63bb6d92766a6a57e6a9fe24ac6dc45c471ad65c15c060c1e91c6ae8
[INFO] running `Command { std: "docker" "start" "-a" "b9ff3f0e63bb6d92766a6a57e6a9fe24ac6dc45c471ad65c15c060c1e91c6ae8", kill_on_drop: false }`
[INFO] [stderr]    Compiling rust-backend v0.1.0 (/opt/rustwide/workdir)
[INFO] [stdout] warning: unused imports: `Address`, `ParamType`, `decode`
[INFO] [stdout]  --> src/watcher/watch.rs:2:14
[INFO] [stdout]   |
[INFO] [stdout] 2 | use ethabi::{decode, ParamType, Address};
[INFO] [stdout]   |              ^^^^^^  ^^^^^^^^^  ^^^^^^^
[INFO] [stdout]   |
[INFO] [stdout]   = note: `#[warn(unused_imports)]` on by default
[INFO] [stdout] 
[INFO] [stdout] 
[INFO] [stdout] warning: unused import: `transports::http`
[INFO] [stdout]  --> src/watcher/watch.rs:5:5
[INFO] [stdout]   |
[INFO] [stdout] 5 |     transports::http,
[INFO] [stdout]   |     ^^^^^^^^^^^^^^^^
[INFO] [stdout] 
[INFO] [stdout] 
[INFO] [stdout] warning: unused import: `Event`
[INFO] [stdout]   --> src/watcher/watch.rs:10:25
[INFO] [stdout]    |
[INFO] [stdout] 10 | use crate::db::tables::{Event, PoolInfo, LastSyncBlock, Token};
[INFO] [stdout]    |                         ^^^^^
[INFO] [stdout] 
[INFO] [stdout] 
[INFO] [stdout] warning: unused imports: `Bytes`, `CallRequest`
[INFO] [stdout]   --> src/watcher/watch.rs:12:31
[INFO] [stdout]    |
[INFO] [stdout] 12 | use web3::types::{H160, H256, CallRequest, Bytes};
[INFO] [stdout]    |                               ^^^^^^^^^^^  ^^^^^
[INFO] [stdout] 
[INFO] [stdout] 
[INFO] [stdout] warning: unused import: `TryInto`
[INFO] [stdout]   --> src/watcher/watch.rs:14:29
[INFO] [stdout]    |
[INFO] [stdout] 14 | use std::convert::{TryFrom, TryInto};
[INFO] [stdout]    |                             ^^^^^^^
[INFO] [stdout] 
[INFO] [stdout] 
[INFO] [stdout] warning: unused import: `web3::ethabi::Uint`
[INFO] [stdout]   --> src/watcher/watch.rs:15:5
[INFO] [stdout]    |
[INFO] [stdout] 15 | use web3::ethabi::Uint;
[INFO] [stdout]    |     ^^^^^^^^^^^^^^^^^^
[INFO] [stdout] 
[INFO] [stdout] 
[INFO] [stdout] warning: unused import: `std::cmp::min`
[INFO] [stdout]   --> src/watcher/watch.rs:17:5
[INFO] [stdout]    |
[INFO] [stdout] 17 | use std::cmp::min;
[INFO] [stdout]    |     ^^^^^^^^^^^^^
[INFO] [stdout] 
[INFO] [stdout] 
[INFO] [stdout] warning: unused import: `num::BigUint`
[INFO] [stdout]   --> src/watcher/watch.rs:21:5
[INFO] [stdout]    |
[INFO] [stdout] 21 | use num::BigUint;
[INFO] [stdout]    |     ^^^^^^^^^^^^
[INFO] [stdout] 
[INFO] [stdout] 
[INFO] [stdout] warning: unused doc comment
[INFO] [stdout]    --> src/watcher/watch.rs:119:13
[INFO] [stdout]     |
[INFO] [stdout] 119 | /             /// ignore the error
[INFO] [stdout] 120 | |             /// todo: should use another task to save in batches
[INFO] [stdout]     | |________________________________________________________________^
[INFO] [stdout] 121 |               db::save_token(&mut self.db,new_token).await;
[INFO] [stdout]     |               -------------------------------------------- rustdoc does not generate documentation for expressions
[INFO] [stdout]     |
[INFO] [stdout]     = help: use `//` for a plain comment
[INFO] [stdout]     = note: `#[warn(unused_doc_comments)]` on by default
[INFO] [stdout] 
[INFO] [stdout] 
[INFO] [stdout] warning: unused doc comment
[INFO] [stdout]    --> src/watcher/watch.rs:210:13
[INFO] [stdout]     |
[INFO] [stdout] 210 |             /// todo: should use another task to save in batches
[INFO] [stdout]     |             ^^^^^^^^^^^^^^^^^^^^^^^^^^^^^^^^^^^^^^^^^^^^^^^^^^^^
[INFO] [stdout] 211 |             db::save_pool(&mut self.db,&pool).await?;
[INFO] [stdout]     |             ---------------------------------------- rustdoc does not generate documentation for expressions
[INFO] [stdout]     |
[INFO] [stdout]     = help: use `//` for a plain comment
[INFO] [stdout] 
[INFO] [stdout] 
[INFO] [stdout] warning: unnecessary parentheses around function argument
[INFO] [stdout]    --> src/watcher/watch.rs:276:53
[INFO] [stdout]     |
[INFO] [stdout] 276 |             end_block = cmp::min(chain_block_number,(start_block + sync_step));
[INFO] [stdout]     |                                                     ^                       ^
[INFO] [stdout]     |
[INFO] [stdout]     = note: `#[warn(unused_parens)]` on by default
[INFO] [stdout] help: remove these parentheses
[INFO] [stdout]     |
[INFO] [stdout] 276 -             end_block = cmp::min(chain_block_number,(start_block + sync_step));
[INFO] [stdout] 276 +             end_block = cmp::min(chain_block_number,start_block + sync_step);
[INFO] [stdout]     |
[INFO] [stdout] 
[INFO] [stdout] 
[INFO] [stdout] warning: unused import: `rbatis::rbdc::common::datetime::DateTime`
[INFO] [stdout]  --> src/db/tables.rs:1:5
[INFO] [stdout]   |
[INFO] [stdout] 1 | use rbatis::rbdc::common::datetime::DateTime;
[INFO] [stdout]   |     ^^^^^^^^^^^^^^^^^^^^^^^^^^^^^^^^^^^^^^^^
[INFO] [stdout] 
[INFO] [stdout] 
[INFO] [stdout] warning: unused import: `num::BigUint`
[INFO] [stdout]  --> src/db/tables.rs:2:5
[INFO] [stdout]   |
[INFO] [stdout] 2 | use num::BigUint;
[INFO] [stdout]   |     ^^^^^^^^^^^^
[INFO] [stdout] 
[INFO] [stdout] 
[INFO] [stdout] warning: value assigned to `end_block` is never read
[INFO] [stdout]    --> src/watcher/watch.rs:273:17
[INFO] [stdout]     |
[INFO] [stdout] 273 |         let mut end_block = start_block;
[INFO] [stdout]     |                 ^^^^^^^^^
[INFO] [stdout]     |
[INFO] [stdout]     = help: maybe it is overwritten before being read?
[INFO] [stdout]     = note: `#[warn(unused_assignments)]` on by default
[INFO] [stdout] 
[INFO] [stdout] 
[INFO] [stdout] warning: variable does not need to be mutable
[INFO] [stdout]    --> src/watcher/watch.rs:319:9
[INFO] [stdout]     |
[INFO] [stdout] 319 |     let mut watcher = ChainWatcher::new(config, db).await.unwrap();
[INFO] [stdout]     |         ----^^^^^^^
[INFO] [stdout]     |         |
[INFO] [stdout]     |         help: remove this `mut`
[INFO] [stdout]     |
[INFO] [stdout]     = note: `#[warn(unused_mut)]` on by default
[INFO] [stdout] 
[INFO] [stdout] 
[INFO] [stdout] warning: variable does not need to be mutable
[INFO] [stdout]    --> src/watcher/event.rs:138:13
[INFO] [stdout]     |
[INFO] [stdout] 138 |         let mut dec_ev = decode(
[INFO] [stdout]     |             ----^^^^^^
[INFO] [stdout]     |             |
[INFO] [stdout]     |             help: remove this `mut`
[INFO] [stdout] 
[INFO] [stdout] 
[INFO] [stdout] warning: unreachable pattern
[INFO] [stdout]    --> src/watcher/event.rs:229:13
[INFO] [stdout]     |
[INFO] [stdout] 229 |             _ => {
[INFO] [stdout]     |             ^
[INFO] [stdout]     |
[INFO] [stdout]     = note: `#[warn(unreachable_patterns)]` on by default
[INFO] [stdout] 
[INFO] [stdout] 
[INFO] [stdout] warning: variable does not need to be mutable
[INFO] [stdout]    --> src/watcher/event.rs:165:21
[INFO] [stdout]     |
[INFO] [stdout] 165 |                 let mut dec_ev = decode(
[INFO] [stdout]     |                     ----^^^^^^
[INFO] [stdout]     |                     |
[INFO] [stdout]     |                     help: remove this `mut`
[INFO] [stdout] 
[INFO] [stdout] 
[INFO] [stdout] warning: variable does not need to be mutable
[INFO] [stdout]    --> src/watcher/event.rs:180:21
[INFO] [stdout]     |
[INFO] [stdout] 180 |                 let mut dec_ev = decode(
[INFO] [stdout]     |                     ----^^^^^^
[INFO] [stdout]     |                     |
[INFO] [stdout]     |                     help: remove this `mut`
[INFO] [stdout] 
[INFO] [stdout] 
[INFO] [stdout] warning: variable does not need to be mutable
[INFO] [stdout]    --> src/watcher/event.rs:196:21
[INFO] [stdout]     |
[INFO] [stdout] 196 |                 let mut dec_ev = decode(
[INFO] [stdout]     |                     ----^^^^^^
[INFO] [stdout]     |                     |
[INFO] [stdout]     |                     help: remove this `mut`
[INFO] [stdout] 
[INFO] [stdout] 
[INFO] [stdout] warning: variable does not need to be mutable
[INFO] [stdout]    --> src/watcher/event.rs:216:21
[INFO] [stdout]     |
[INFO] [stdout] 216 |                 let mut dec_ev = decode(
[INFO] [stdout]     |                     ----^^^^^^
[INFO] [stdout]     |                     |
[INFO] [stdout]     |                     help: remove this `mut`
[INFO] [stdout] 
[INFO] [stdout] 
[INFO] [stdout] warning: unused variable: `count_column`
[INFO] [stdout]    --> src/db/mod.rs:196:13
[INFO] [stdout]     |
[INFO] [stdout] 196 |         let count_column = "total_swap_count".to_string();
[INFO] [stdout]     |             ^^^^^^^^^^^^ help: if this is intentional, prefix it with an underscore: `_count_column`
[INFO] [stdout]     |
[INFO] [stdout]     = note: `#[warn(unused_variables)]` on by default
[INFO] [stdout] 
[INFO] [stdout] 
[INFO] [stdout] warning: function `save_events` is never used
[INFO] [stdout]   --> src/db/mod.rs:33:21
[INFO] [stdout]    |
[INFO] [stdout] 33 | pub(crate) async fn save_events(rb: &Rbatis, events: Vec<Event>) -> anyhow::Result<()> {
[INFO] [stdout]    |                     ^^^^^^^^^^^
[INFO] [stdout]    |
[INFO] [stdout]    = note: `#[warn(dead_code)]` on by default
[INFO] [stdout] 
[INFO] [stdout] 
[INFO] [stdout] warning: function `update_pool` is never used
[INFO] [stdout]   --> src/db/mod.rs:51:21
[INFO] [stdout]    |
[INFO] [stdout] 51 | pub(crate) async fn update_pool(rb: &mut Rbatis,new_pool: PoolInfo) -> anyhow::Result<()> {
[INFO] [stdout]    |                     ^^^^^^^^^^^
[INFO] [stdout] 
[INFO] [stdout] 
[INFO] [stdout] warning: unused `Result` that must be used
[INFO] [stdout]    --> src/watcher/watch.rs:121:13
[INFO] [stdout]     |
[INFO] [stdout] 121 |             db::save_token(&mut self.db,new_token).await;
[INFO] [stdout]     |             ^^^^^^^^^^^^^^^^^^^^^^^^^^^^^^^^^^^^^^^^^^^^
[INFO] [stdout]     |
[INFO] [stdout]     = note: this `Result` may be an `Err` variant, which should be handled
[INFO] [stdout]     = note: `#[warn(unused_must_use)]` on by default
[INFO] [stdout] help: use `let _ = ...` to ignore the resulting value
[INFO] [stdout]     |
[INFO] [stdout] 121 |             let _ = db::save_token(&mut self.db,new_token).await;
[INFO] [stdout]     |             +++++++
[INFO] [stdout] 
[INFO] [stdout] 
[INFO] [stdout] warning: structure field `amount0In` should have a snake case name
[INFO] [stdout]   --> src/watcher/event.rs:43:9
[INFO] [stdout]    |
[INFO] [stdout] 43 |     pub amount0In: Uint,
[INFO] [stdout]    |         ^^^^^^^^^ help: convert the identifier to snake case: `amount0_in`
[INFO] [stdout]    |
[INFO] [stdout]    = note: `#[warn(non_snake_case)]` on by default
[INFO] [stdout] 
[INFO] [stdout] 
[INFO] [stdout] warning: structure field `amount1In` should have a snake case name
[INFO] [stdout]   --> src/watcher/event.rs:44:9
[INFO] [stdout]    |
[INFO] [stdout] 44 |     pub amount1In: Uint,
[INFO] [stdout]    |         ^^^^^^^^^ help: convert the identifier to snake case: `amount1_in`
[INFO] [stdout] 
[INFO] [stdout] 
[INFO] [stdout] warning: structure field `amount0Out` should have a snake case name
[INFO] [stdout]   --> src/watcher/event.rs:45:9
[INFO] [stdout]    |
[INFO] [stdout] 45 |     pub amount0Out: Uint,
[INFO] [stdout]    |         ^^^^^^^^^^ help: convert the identifier to snake case: `amount0_out`
[INFO] [stdout] 
[INFO] [stdout] 
[INFO] [stdout] warning: structure field `amount1Out` should have a snake case name
[INFO] [stdout]   --> src/watcher/event.rs:46:9
[INFO] [stdout]    |
[INFO] [stdout] 46 |     pub amount1Out: Uint,
[INFO] [stdout]    |         ^^^^^^^^^^ help: convert the identifier to snake case: `amount1_out`
[INFO] [stdout] 
[INFO] [stdout] 
[INFO] [stdout] warning: 29 warnings emitted
[INFO] [stdout] 
[INFO] [stdout] 
[INFO] [stderr]     Finished test [unoptimized + debuginfo] target(s) in 6.76s
[INFO] running `Command { std: "docker" "inspect" "b9ff3f0e63bb6d92766a6a57e6a9fe24ac6dc45c471ad65c15c060c1e91c6ae8", kill_on_drop: false }`
[INFO] running `Command { std: "docker" "rm" "-f" "b9ff3f0e63bb6d92766a6a57e6a9fe24ac6dc45c471ad65c15c060c1e91c6ae8", kill_on_drop: false }`
[INFO] [stdout] b9ff3f0e63bb6d92766a6a57e6a9fe24ac6dc45c471ad65c15c060c1e91c6ae8
[INFO] running `Command { std: "docker" "create" "-v" "/var/lib/crater-agent-workspace/builds/worker-5-tc1/target:/opt/rustwide/target:rw,Z" "-v" "/var/lib/crater-agent-workspace/builds/worker-5-tc1/source:/opt/rustwide/workdir:ro,Z" "-v" "/var/lib/crater-agent-workspace/cargo-home:/opt/rustwide/cargo-home:ro,Z" "-v" "/var/lib/crater-agent-workspace/rustup-home:/opt/rustwide/rustup-home:ro,Z" "-e" "SOURCE_DIR=/opt/rustwide/workdir" "-e" "CARGO_TARGET_DIR=/opt/rustwide/target" "-e" "CARGO_INCREMENTAL=0" "-e" "RUST_BACKTRACE=full" "-e" "RUSTFLAGS=--cap-lints=warn" "-e" "RUSTDOCFLAGS=--cap-lints=warn" "-e" "CARGO_HOME=/opt/rustwide/cargo-home" "-e" "RUSTUP_HOME=/opt/rustwide/rustup-home" "-w" "/opt/rustwide/workdir" "-m" "1610612736" "--user" "0:0" "--network" "none" "ghcr.io/rust-lang/crates-build-env/linux@sha256:2788e3201cd34a07e3172128adcd8b3090168a8e3bcc40d7c032b9dda1df7d1c" "/opt/rustwide/cargo-home/bin/cargo" "+1.75.0" "test" "--frozen", kill_on_drop: false }`
[INFO] [stdout] 54718f4c503b1832c6a7c27bb2f747aaf8beb80452cea529c159cd7a8b088037
[INFO] running `Command { std: "docker" "start" "-a" "54718f4c503b1832c6a7c27bb2f747aaf8beb80452cea529c159cd7a8b088037", kill_on_drop: false }`
[INFO] [stderr] warning: unused imports: `Address`, `ParamType`, `decode`
[INFO] [stderr]  --> src/watcher/watch.rs:2:14
[INFO] [stderr]   |
[INFO] [stderr] 2 | use ethabi::{decode, ParamType, Address};
[INFO] [stderr]   |              ^^^^^^  ^^^^^^^^^  ^^^^^^^
[INFO] [stderr]   |
[INFO] [stderr]   = note: `#[warn(unused_imports)]` on by default
[INFO] [stderr] 
[INFO] [stderr] warning: unused import: `transports::http`
[INFO] [stderr]  --> src/watcher/watch.rs:5:5
[INFO] [stderr]   |
[INFO] [stderr] 5 |     transports::http,
[INFO] [stderr]   |     ^^^^^^^^^^^^^^^^
[INFO] [stderr] 
[INFO] [stderr] warning: unused import: `Event`
[INFO] [stderr]   --> src/watcher/watch.rs:10:25
[INFO] [stderr]    |
[INFO] [stderr] 10 | use crate::db::tables::{Event, PoolInfo, LastSyncBlock, Token};
[INFO] [stderr]    |                         ^^^^^
[INFO] [stderr] 
[INFO] [stderr] warning: unused imports: `Bytes`, `CallRequest`
[INFO] [stderr]   --> src/watcher/watch.rs:12:31
[INFO] [stderr]    |
[INFO] [stderr] 12 | use web3::types::{H160, H256, CallRequest, Bytes};
[INFO] [stderr]    |                               ^^^^^^^^^^^  ^^^^^
[INFO] [stderr] 
[INFO] [stderr] warning: unused import: `TryInto`
[INFO] [stderr]   --> src/watcher/watch.rs:14:29
[INFO] [stderr]    |
[INFO] [stderr] 14 | use std::convert::{TryFrom, TryInto};
[INFO] [stderr]    |                             ^^^^^^^
[INFO] [stderr] 
[INFO] [stderr] warning: unused import: `web3::ethabi::Uint`
[INFO] [stderr]   --> src/watcher/watch.rs:15:5
[INFO] [stderr]    |
[INFO] [stderr] 15 | use web3::ethabi::Uint;
[INFO] [stderr]    |     ^^^^^^^^^^^^^^^^^^
[INFO] [stderr] 
[INFO] [stderr] warning: unused import: `std::cmp::min`
[INFO] [stderr]   --> src/watcher/watch.rs:17:5
[INFO] [stderr]    |
[INFO] [stderr] 17 | use std::cmp::min;
[INFO] [stderr]    |     ^^^^^^^^^^^^^
[INFO] [stderr] 
[INFO] [stderr] warning: unused import: `num::BigUint`
[INFO] [stderr]   --> src/watcher/watch.rs:21:5
[INFO] [stderr]    |
[INFO] [stderr] 21 | use num::BigUint;
[INFO] [stderr]    |     ^^^^^^^^^^^^
[INFO] [stderr] 
[INFO] [stderr] warning: unused doc comment
[INFO] [stderr]    --> src/watcher/watch.rs:119:13
[INFO] [stderr]     |
[INFO] [stderr] 119 | /             /// ignore the error
[INFO] [stderr] 120 | |             /// todo: should use another task to save in batches
[INFO] [stderr]     | |________________________________________________________________^
[INFO] [stderr] 121 |               db::save_token(&mut self.db,new_token).await;
[INFO] [stderr]     |               -------------------------------------------- rustdoc does not generate documentation for expressions
[INFO] [stderr]     |
[INFO] [stderr]     = help: use `//` for a plain comment
[INFO] [stderr]     = note: `#[warn(unused_doc_comments)]` on by default
[INFO] [stderr] 
[INFO] [stderr] warning: unused doc comment
[INFO] [stderr]    --> src/watcher/watch.rs:210:13
[INFO] [stderr]     |
[INFO] [stderr] 210 |             /// todo: should use another task to save in batches
[INFO] [stderr]     |             ^^^^^^^^^^^^^^^^^^^^^^^^^^^^^^^^^^^^^^^^^^^^^^^^^^^^
[INFO] [stderr] 211 |             db::save_pool(&mut self.db,&pool).await?;
[INFO] [stderr]     |             ---------------------------------------- rustdoc does not generate documentation for expressions
[INFO] [stderr]     |
[INFO] [stderr]     = help: use `//` for a plain comment
[INFO] [stderr] 
[INFO] [stderr] warning: unnecessary parentheses around function argument
[INFO] [stderr]    --> src/watcher/watch.rs:276:53
[INFO] [stderr]     |
[INFO] [stderr] 276 |             end_block = cmp::min(chain_block_number,(start_block + sync_step));
[INFO] [stderr]     |                                                     ^                       ^
[INFO] [stderr]     |
[INFO] [stderr]     = note: `#[warn(unused_parens)]` on by default
[INFO] [stderr] help: remove these parentheses
[INFO] [stderr]     |
[INFO] [stderr] 276 -             end_block = cmp::min(chain_block_number,(start_block + sync_step));
[INFO] [stderr] 276 +             end_block = cmp::min(chain_block_number,start_block + sync_step);
[INFO] [stderr]     |
[INFO] [stderr] 
[INFO] [stderr] warning: unused import: `rbatis::rbdc::common::datetime::DateTime`
[INFO] [stderr]  --> src/db/tables.rs:1:5
[INFO] [stderr]   |
[INFO] [stderr] 1 | use rbatis::rbdc::common::datetime::DateTime;
[INFO] [stderr]   |     ^^^^^^^^^^^^^^^^^^^^^^^^^^^^^^^^^^^^^^^^
[INFO] [stderr] 
[INFO] [stderr] warning: unused import: `num::BigUint`
[INFO] [stderr]  --> src/db/tables.rs:2:5
[INFO] [stderr]   |
[INFO] [stderr] 2 | use num::BigUint;
[INFO] [stderr]   |     ^^^^^^^^^^^^
[INFO] [stderr] 
[INFO] [stderr] warning: value assigned to `end_block` is never read
[INFO] [stderr]    --> src/watcher/watch.rs:273:17
[INFO] [stderr]     |
[INFO] [stderr] 273 |         let mut end_block = start_block;
[INFO] [stderr]     |                 ^^^^^^^^^
[INFO] [stderr]     |
[INFO] [stderr]     = help: maybe it is overwritten before being read?
[INFO] [stderr]     = note: `#[warn(unused_assignments)]` on by default
[INFO] [stderr] 
[INFO] [stderr] warning: variable does not need to be mutable
[INFO] [stderr]    --> src/watcher/watch.rs:319:9
[INFO] [stderr]     |
[INFO] [stderr] 319 |     let mut watcher = ChainWatcher::new(config, db).await.unwrap();
[INFO] [stderr]     |         ----^^^^^^^
[INFO] [stderr]     |         |
[INFO] [stderr]     |         help: remove this `mut`
[INFO] [stderr]     |
[INFO] [stderr]     = note: `#[warn(unused_mut)]` on by default
[INFO] [stderr] 
[INFO] [stderr] warning: variable does not need to be mutable
[INFO] [stderr]    --> src/watcher/event.rs:138:13
[INFO] [stderr]     |
[INFO] [stderr] 138 |         let mut dec_ev = decode(
[INFO] [stderr]     |             ----^^^^^^
[INFO] [stderr]     |             |
[INFO] [stderr]     |             help: remove this `mut`
[INFO] [stderr] 
[INFO] [stderr] warning: unreachable pattern
[INFO] [stderr]    --> src/watcher/event.rs:229:13
[INFO] [stderr]     |
[INFO] [stderr] 229 |             _ => {
[INFO] [stderr]     |             ^
[INFO] [stderr]     |
[INFO] [stderr]     = note: `#[warn(unreachable_patterns)]` on by default
[INFO] [stderr] 
[INFO] [stderr] warning: variable does not need to be mutable
[INFO] [stderr]    --> src/watcher/event.rs:165:21
[INFO] [stderr]     |
[INFO] [stderr] 165 |                 let mut dec_ev = decode(
[INFO] [stderr]     |                     ----^^^^^^
[INFO] [stderr]     |                     |
[INFO] [stderr]     |                     help: remove this `mut`
[INFO] [stderr] 
[INFO] [stderr] warning: variable does not need to be mutable
[INFO] [stderr]    --> src/watcher/event.rs:180:21
[INFO] [stderr]     |
[INFO] [stderr] 180 |                 let mut dec_ev = decode(
[INFO] [stderr]     |                     ----^^^^^^
[INFO] [stderr]     |                     |
[INFO] [stderr]     |                     help: remove this `mut`
[INFO] [stderr] 
[INFO] [stderr] warning: variable does not need to be mutable
[INFO] [stderr]    --> src/watcher/event.rs:196:21
[INFO] [stderr]     |
[INFO] [stderr] 196 |                 let mut dec_ev = decode(
[INFO] [stderr]     |                     ----^^^^^^
[INFO] [stderr]     |                     |
[INFO] [stderr]     |                     help: remove this `mut`
[INFO] [stderr] 
[INFO] [stderr] warning: variable does not need to be mutable
[INFO] [stderr]    --> src/watcher/event.rs:216:21
[INFO] [stderr]     |
[INFO] [stderr] 216 |                 let mut dec_ev = decode(
[INFO] [stderr]     |                     ----^^^^^^
[INFO] [stderr]     |                     |
[INFO] [stderr]     |                     help: remove this `mut`
[INFO] [stderr] 
[INFO] [stderr] warning: unused variable: `count_column`
[INFO] [stderr]    --> src/db/mod.rs:196:13
[INFO] [stderr]     |
[INFO] [stderr] 196 |         let count_column = "total_swap_count".to_string();
[INFO] [stderr]     |             ^^^^^^^^^^^^ help: if this is intentional, prefix it with an underscore: `_count_column`
[INFO] [stderr]     |
[INFO] [stderr]     = note: `#[warn(unused_variables)]` on by default
[INFO] [stderr] 
[INFO] [stderr] warning: function `save_events` is never used
[INFO] [stderr]   --> src/db/mod.rs:33:21
[INFO] [stderr]    |
[INFO] [stderr] 33 | pub(crate) async fn save_events(rb: &Rbatis, events: Vec<Event>) -> anyhow::Result<()> {
[INFO] [stderr]    |                     ^^^^^^^^^^^
[INFO] [stderr]    |
[INFO] [stderr]    = note: `#[warn(dead_code)]` on by default
[INFO] [stderr] 
[INFO] [stderr] warning: function `update_pool` is never used
[INFO] [stderr]   --> src/db/mod.rs:51:21
[INFO] [stderr]    |
[INFO] [stderr] 51 | pub(crate) async fn update_pool(rb: &mut Rbatis,new_pool: PoolInfo) -> anyhow::Result<()> {
[INFO] [stderr]    |                     ^^^^^^^^^^^
[INFO] [stderr] 
[INFO] [stderr] warning: unused `Result` that must be used
[INFO] [stderr]    --> src/watcher/watch.rs:121:13
[INFO] [stderr]     |
[INFO] [stderr] 121 |             db::save_token(&mut self.db,new_token).await;
[INFO] [stderr]     |             ^^^^^^^^^^^^^^^^^^^^^^^^^^^^^^^^^^^^^^^^^^^^
[INFO] [stderr]     |
[INFO] [stderr]     = note: this `Result` may be an `Err` variant, which should be handled
[INFO] [stderr]     = note: `#[warn(unused_must_use)]` on by default
[INFO] [stderr] help: use `let _ = ...` to ignore the resulting value
[INFO] [stderr]     |
[INFO] [stderr] 121 |             let _ = db::save_token(&mut self.db,new_token).await;
[INFO] [stderr]     |             +++++++
[INFO] [stderr] 
[INFO] [stderr] warning: structure field `amount0In` should have a snake case name
[INFO] [stderr]   --> src/watcher/event.rs:43:9
[INFO] [stderr]    |
[INFO] [stderr] 43 |     pub amount0In: Uint,
[INFO] [stderr]    |         ^^^^^^^^^ help: convert the identifier to snake case: `amount0_in`
[INFO] [stderr]    |
[INFO] [stderr]    = note: `#[warn(non_snake_case)]` on by default
[INFO] [stderr] 
[INFO] [stderr] warning: structure field `amount1In` should have a snake case name
[INFO] [stderr]   --> src/watcher/event.rs:44:9
[INFO] [stderr]    |
[INFO] [stderr] 44 |     pub amount1In: Uint,
[INFO] [stderr]    |         ^^^^^^^^^ help: convert the identifier to snake case: `amount1_in`
[INFO] [stderr] 
[INFO] [stderr] warning: structure field `amount0Out` should have a snake case name
[INFO] [stderr]   --> src/watcher/event.rs:45:9
[INFO] [stderr]    |
[INFO] [stderr] 45 |     pub amount0Out: Uint,
[INFO] [stderr]    |         ^^^^^^^^^^ help: convert the identifier to snake case: `amount0_out`
[INFO] [stderr] 
[INFO] [stderr] warning: structure field `amount1Out` should have a snake case name
[INFO] [stderr]   --> src/watcher/event.rs:46:9
[INFO] [stderr]    |
[INFO] [stderr] 46 |     pub amount1Out: Uint,
[INFO] [stderr]    |         ^^^^^^^^^^ help: convert the identifier to snake case: `amount1_out`
[INFO] [stderr] 
[INFO] [stderr] warning: `rust-backend` (bin "rust-backend" test) generated 29 warnings (run `cargo fix --bin "rust-backend" --tests` to apply 18 suggestions)
[INFO] [stderr]     Finished test [unoptimized + debuginfo] target(s) in 0.15s
[INFO] [stderr]      Running unittests src/main.rs (/opt/rustwide/target/debug/deps/rust_backend-f824484ee8ba4285)
[INFO] [stdout] 
[INFO] [stdout] running 2 tests
[INFO] [stdout] test db::test::test_update_account ... FAILED
[INFO] [stdout] test db::test::test_update_decimal ... FAILED
[INFO] [stdout] 
[INFO] [stdout] failures:
[INFO] [stdout] 
[INFO] [stdout] ---- db::test::test_update_account stdout ----
[INFO] [stdout] thread 'db::test::test_update_account' panicked at src/db/mod.rs:200:20:
[INFO] [stdout] called `Result::unwrap()` on an `Err` value: E("Backend(E(\"Cannot assign requested address (os error 99)\"))")
[INFO] [stdout] stack backtrace:
[INFO] [stdout]    0:     0x55ee506008cc - std::backtrace_rs::backtrace::libunwind::trace::ha637c64ce894333a
[INFO] [stdout]                                at /rustc/82e1608dfa6e0b5569232559e3d385fea5a93112/library/std/src/../../backtrace/src/backtrace/libunwind.rs:104:5
[INFO] [stdout]    1:     0x55ee506008cc - std::backtrace_rs::backtrace::trace_unsynchronized::h47f62dea28e0c88d
[INFO] [stdout]                                at /rustc/82e1608dfa6e0b5569232559e3d385fea5a93112/library/std/src/../../backtrace/src/backtrace/mod.rs:66:5
[INFO] [stdout]    2:     0x55ee506008cc - std::sys_common::backtrace::_print_fmt::h9eef0abe20ede486
[INFO] [stdout]                                at /rustc/82e1608dfa6e0b5569232559e3d385fea5a93112/library/std/src/sys_common/backtrace.rs:67:5
[INFO] [stdout]    3:     0x55ee506008cc - <std::sys_common::backtrace::_print::DisplayBacktrace as core::fmt::Display>::fmt::hed7f999df88cc644
[INFO] [stdout]                                at /rustc/82e1608dfa6e0b5569232559e3d385fea5a93112/library/std/src/sys_common/backtrace.rs:44:22
[INFO] [stdout]    4:     0x55ee5062ebc0 - core::fmt::rt::Argument::fmt::h1539a9308b8d058d
[INFO] [stdout]                                at /rustc/82e1608dfa6e0b5569232559e3d385fea5a93112/library/core/src/fmt/rt.rs:142:9
[INFO] [stdout]    5:     0x55ee5062ebc0 - core::fmt::write::h3a39390d8560d9c9
[INFO] [stdout]                                at /rustc/82e1608dfa6e0b5569232559e3d385fea5a93112/library/core/src/fmt/mod.rs:1120:17
[INFO] [stdout]    6:     0x55ee505fd88f - std::io::Write::write_fmt::h040b369f3a0f9cbc
[INFO] [stdout]                                at /rustc/82e1608dfa6e0b5569232559e3d385fea5a93112/library/std/src/io/mod.rs:1762:15
[INFO] [stdout]    7:     0x55ee506006b4 - std::sys_common::backtrace::_print::h894006fb5c6f3d45
[INFO] [stdout]                                at /rustc/82e1608dfa6e0b5569232559e3d385fea5a93112/library/std/src/sys_common/backtrace.rs:47:5
[INFO] [stdout]    8:     0x55ee506006b4 - std::sys_common::backtrace::print::h23a2d212c6fff936
[INFO] [stdout]                                at /rustc/82e1608dfa6e0b5569232559e3d385fea5a93112/library/std/src/sys_common/backtrace.rs:34:9
[INFO] [stdout]    9:     0x55ee50602377 - std::panicking::default_hook::{{closure}}::h8a1d2ee00185001a
[INFO] [stdout]   10:     0x55ee50602063 - std::panicking::default_hook::h6038f2eba384e475
[INFO] [stdout]                                at /rustc/82e1608dfa6e0b5569232559e3d385fea5a93112/library/std/src/panicking.rs:289:9
[INFO] [stdout]   11:     0x55ee502a6037 - <alloc::boxed::Box<F,A> as core::ops::function::Fn<Args>>::call::h0ad024c9bdc6d768
[INFO] [stdout]                                at /rustc/82e1608dfa6e0b5569232559e3d385fea5a93112/library/alloc/src/boxed.rs:2021:9
[INFO] [stdout]   12:     0x55ee502a6037 - test::test_main::{{closure}}::h7500b54257359db6
[INFO] [stdout]                                at /rustc/82e1608dfa6e0b5569232559e3d385fea5a93112/library/test/src/lib.rs:138:21
[INFO] [stdout]   13:     0x55ee50602988 - <alloc::boxed::Box<F,A> as core::ops::function::Fn<Args>>::call::h1f8f335eaa9cfaee
[INFO] [stdout]                                at /rustc/82e1608dfa6e0b5569232559e3d385fea5a93112/library/alloc/src/boxed.rs:2021:9
[INFO] [stdout]   14:     0x55ee50602988 - std::panicking::rust_panic_with_hook::h2b5517d590cab22e
[INFO] [stdout]                                at /rustc/82e1608dfa6e0b5569232559e3d385fea5a93112/library/std/src/panicking.rs:783:13
[INFO] [stdout]   15:     0x55ee506026de - std::panicking::begin_panic_handler::{{closure}}::h233112c06e0ef43e
[INFO] [stdout]                                at /rustc/82e1608dfa6e0b5569232559e3d385fea5a93112/library/std/src/panicking.rs:657:13
[INFO] [stdout]   16:     0x55ee50600d96 - std::sys_common::backtrace::__rust_end_short_backtrace::h6e893f24d7ebbff8
[INFO] [stdout]                                at /rustc/82e1608dfa6e0b5569232559e3d385fea5a93112/library/std/src/sys_common/backtrace.rs:170:18
[INFO] [stdout]   17:     0x55ee50602442 - rust_begin_unwind
[INFO] [stdout]                                at /rustc/82e1608dfa6e0b5569232559e3d385fea5a93112/library/std/src/panicking.rs:645:5
[INFO] [stdout]   18:     0x55ee5013d485 - core::panicking::panic_fmt::hbf0e066aabfa482c
[INFO] [stdout]                                at /rustc/82e1608dfa6e0b5569232559e3d385fea5a93112/library/core/src/panicking.rs:72:14
[INFO] [stdout]   19:     0x55ee5013da53 - core::result::unwrap_failed::hddb4fea594200c52
[INFO] [stdout]                                at /rustc/82e1608dfa6e0b5569232559e3d385fea5a93112/library/core/src/result.rs:1653:5
[INFO] [stdout]   20:     0x55ee50140655 - core::result::Result<T,E>::unwrap::h4640a5102717ad8c
[INFO] [stdout]                                at /rustc/82e1608dfa6e0b5569232559e3d385fea5a93112/library/core/src/result.rs:1077:23
[INFO] [stdout]   21:     0x55ee50147881 - rust_backend::db::test::test_update_account::{{closure}}::h8104b154f09a4c98
[INFO] [stdout]                                at /opt/rustwide/workdir/src/db/mod.rs:198:9
[INFO] [stdout]   22:     0x55ee50145908 - <core::pin::Pin<P> as core::future::future::Future>::poll::h7569de8a830b6efa
[INFO] [stdout]                                at /rustc/82e1608dfa6e0b5569232559e3d385fea5a93112/library/core/src/future/future.rs:125:9
[INFO] [stdout]   23:     0x55ee5014595b - <core::pin::Pin<P> as core::future::future::Future>::poll::hf0e97745b4628884
[INFO] [stdout]                                at /rustc/82e1608dfa6e0b5569232559e3d385fea5a93112/library/core/src/future/future.rs:125:9
[INFO] [stdout]   24:     0x55ee50144a34 - tokio::runtime::scheduler::current_thread::CoreGuard::block_on::{{closure}}::{{closure}}::{{closure}}::h861b37f62e801144
[INFO] [stdout]                                at /opt/rustwide/cargo-home/registry/src/index.crates.io-6f17d22bba15001f/tokio-1.28.0/src/runtime/scheduler/current_thread.rs:541:57
[INFO] [stdout]   25:     0x55ee5014491a - tokio::runtime::coop::with_budget::hd9fefd9d38fcf742
[INFO] [stdout]                                at /opt/rustwide/cargo-home/registry/src/index.crates.io-6f17d22bba15001f/tokio-1.28.0/src/runtime/coop.rs:107:5
[INFO] [stdout]   26:     0x55ee5014491a - tokio::runtime::coop::budget::h3b78bd9fdc817c04
[INFO] [stdout]                                at /opt/rustwide/cargo-home/registry/src/index.crates.io-6f17d22bba15001f/tokio-1.28.0/src/runtime/coop.rs:73:5
[INFO] [stdout]   27:     0x55ee5014491a - tokio::runtime::scheduler::current_thread::CoreGuard::block_on::{{closure}}::{{closure}}::h5b21662a891e58fe
[INFO] [stdout]                                at /opt/rustwide/cargo-home/registry/src/index.crates.io-6f17d22bba15001f/tokio-1.28.0/src/runtime/scheduler/current_thread.rs:541:25
[INFO] [stdout]   28:     0x55ee5014341c - tokio::runtime::scheduler::current_thread::Context::enter::h63c7306261cdabe4
[INFO] [stdout]                                at /opt/rustwide/cargo-home/registry/src/index.crates.io-6f17d22bba15001f/tokio-1.28.0/src/runtime/scheduler/current_thread.rs:350:19
[INFO] [stdout]   29:     0x55ee50143f0a - tokio::runtime::scheduler::current_thread::CoreGuard::block_on::{{closure}}::h3485169c09a05c2d
[INFO] [stdout]                                at /opt/rustwide/cargo-home/registry/src/index.crates.io-6f17d22bba15001f/tokio-1.28.0/src/runtime/scheduler/current_thread.rs:540:36
[INFO] [stdout]   30:     0x55ee50143c1b - tokio::runtime::scheduler::current_thread::CoreGuard::enter::{{closure}}::hdd1dae95c6f0076d
[INFO] [stdout]                                at /opt/rustwide/cargo-home/registry/src/index.crates.io-6f17d22bba15001f/tokio-1.28.0/src/runtime/scheduler/current_thread.rs:615:57
[INFO] [stdout]   31:     0x55ee50141628 - tokio::macros::scoped_tls::ScopedKey<T>::set::h3a8200eaa69ebba2
[INFO] [stdout]                                at /opt/rustwide/cargo-home/registry/src/index.crates.io-6f17d22bba15001f/tokio-1.28.0/src/macros/scoped_tls.rs:61:9
[INFO] [stdout]   32:     0x55ee501439af - tokio::runtime::scheduler::current_thread::CoreGuard::enter::hef44283dd1b0081c
[INFO] [stdout]                                at /opt/rustwide/cargo-home/registry/src/index.crates.io-6f17d22bba15001f/tokio-1.28.0/src/runtime/scheduler/current_thread.rs:615:27
[INFO] [stdout]   33:     0x55ee50143c4d - tokio::runtime::scheduler::current_thread::CoreGuard::block_on::h3156b39b4e3bb07b
[INFO] [stdout]                                at /opt/rustwide/cargo-home/registry/src/index.crates.io-6f17d22bba15001f/tokio-1.28.0/src/runtime/scheduler/current_thread.rs:530:19
[INFO] [stdout]   34:     0x55ee50142bcd - tokio::runtime::scheduler::current_thread::CurrentThread::block_on::hcacb1ec516fcc477
[INFO] [stdout]                                at /opt/rustwide/cargo-home/registry/src/index.crates.io-6f17d22bba15001f/tokio-1.28.0/src/runtime/scheduler/current_thread.rs:154:24
[INFO] [stdout]   35:     0x55ee501428bd - tokio::runtime::runtime::Runtime::block_on::hd5c9c7cca3722632
[INFO] [stdout]                                at /opt/rustwide/cargo-home/registry/src/index.crates.io-6f17d22bba15001f/tokio-1.28.0/src/runtime/runtime.rs:302:47
[INFO] [stdout]   36:     0x55ee5014726c - rust_backend::db::test::test_update_account::h5cd9bb958be543fa
[INFO] [stdout]                                at /opt/rustwide/workdir/src/db/mod.rs:198:9
[INFO] [stdout]   37:     0x55ee501470f7 - rust_backend::db::test::test_update_account::{{closure}}::he098406d4cfd3500
[INFO] [stdout]                                at /opt/rustwide/workdir/src/db/mod.rs:186:35
[INFO] [stdout]   38:     0x55ee5013f826 - core::ops::function::FnOnce::call_once::h941b7392bf416754
[INFO] [stdout]                                at /rustc/82e1608dfa6e0b5569232559e3d385fea5a93112/library/core/src/ops/function.rs:250:5
[INFO] [stdout]   39:     0x55ee502ab68f - core::ops::function::FnOnce::call_once::h2b5d431d5046312d
[INFO] [stdout]                                at /rustc/82e1608dfa6e0b5569232559e3d385fea5a93112/library/core/src/ops/function.rs:250:5
[INFO] [stdout]   40:     0x55ee502ab68f - test::__rust_begin_short_backtrace::h7714669af176e207
[INFO] [stdout]                                at /rustc/82e1608dfa6e0b5569232559e3d385fea5a93112/library/test/src/lib.rs:628:18
[INFO] [stdout]   41:     0x55ee502aa6a5 - test::run_test_in_process::{{closure}}::h85218797dcbcec12
[INFO] [stdout]                                at /rustc/82e1608dfa6e0b5569232559e3d385fea5a93112/library/test/src/lib.rs:651:60
[INFO] [stdout]   42:     0x55ee502aa6a5 - <core::panic::unwind_safe::AssertUnwindSafe<F> as core::ops::function::FnOnce<()>>::call_once::h76c106ea31c14d7b
[INFO] [stdout]                                at /rustc/82e1608dfa6e0b5569232559e3d385fea5a93112/library/core/src/panic/unwind_safe.rs:272:9
[INFO] [stdout]   43:     0x55ee502aa6a5 - std::panicking::try::do_call::h3bd5d0f6620ee946
[INFO] [stdout]                                at /rustc/82e1608dfa6e0b5569232559e3d385fea5a93112/library/std/src/panicking.rs:552:40
[INFO] [stdout]   44:     0x55ee502aa6a5 - std::panicking::try::h232e535e4744fe31
[INFO] [stdout]                                at /rustc/82e1608dfa6e0b5569232559e3d385fea5a93112/library/std/src/panicking.rs:516:19
[INFO] [stdout]   45:     0x55ee502aa6a5 - std::panic::catch_unwind::h3ce3bd6ca8dbac68
[INFO] [stdout]                                at /rustc/82e1608dfa6e0b5569232559e3d385fea5a93112/library/std/src/panic.rs:142:14
[INFO] [stdout]   46:     0x55ee502aa6a5 - test::run_test_in_process::hc97b257c9621286a
[INFO] [stdout]                                at /rustc/82e1608dfa6e0b5569232559e3d385fea5a93112/library/test/src/lib.rs:651:27
[INFO] [stdout]   47:     0x55ee502aa6a5 - test::run_test::{{closure}}::h2aa798823a438d38
[INFO] [stdout]                                at /rustc/82e1608dfa6e0b5569232559e3d385fea5a93112/library/test/src/lib.rs:574:43
[INFO] [stdout]   48:     0x55ee50272966 - test::run_test::{{closure}}::h87d231c78fb59832
[INFO] [stdout]                                at /rustc/82e1608dfa6e0b5569232559e3d385fea5a93112/library/test/src/lib.rs:602:41
[INFO] [stdout]   49:     0x55ee50272966 - std::sys_common::backtrace::__rust_begin_short_backtrace::he6df152596625789
[INFO] [stdout]                                at /rustc/82e1608dfa6e0b5569232559e3d385fea5a93112/library/std/src/sys_common/backtrace.rs:154:18
[INFO] [stdout]   50:     0x55ee50277a17 - std::thread::Builder::spawn_unchecked_::{{closure}}::{{closure}}::ha94be15d1e0acf36
[INFO] [stdout]                                at /rustc/82e1608dfa6e0b5569232559e3d385fea5a93112/library/std/src/thread/mod.rs:529:17
[INFO] [stdout]   51:     0x55ee50277a17 - <core::panic::unwind_safe::AssertUnwindSafe<F> as core::ops::function::FnOnce<()>>::call_once::h9dc6bd6372f16606
[INFO] [stdout]                                at /rustc/82e1608dfa6e0b5569232559e3d385fea5a93112/library/core/src/panic/unwind_safe.rs:272:9
[INFO] [stdout]   52:     0x55ee50277a17 - std::panicking::try::do_call::h9057517f80303cd4
[INFO] [stdout]                                at /rustc/82e1608dfa6e0b5569232559e3d385fea5a93112/library/std/src/panicking.rs:552:40
[INFO] [stdout]   53:     0x55ee50277a17 - std::panicking::try::he3a30b11ee45340c
[INFO] [stdout]                                at /rustc/82e1608dfa6e0b5569232559e3d385fea5a93112/library/std/src/panicking.rs:516:19
[INFO] [stdout]   54:     0x55ee50277a17 - std::panic::catch_unwind::h410458cfd3528b8b
[INFO] [stdout]                                at /rustc/82e1608dfa6e0b5569232559e3d385fea5a93112/library/std/src/panic.rs:142:14
[INFO] [stdout]   55:     0x55ee50277a17 - std::thread::Builder::spawn_unchecked_::{{closure}}::h72ac3bdb567b737b
[INFO] [stdout]                                at /rustc/82e1608dfa6e0b5569232559e3d385fea5a93112/library/std/src/thread/mod.rs:528:30
[INFO] [stdout]   56:     0x55ee50277a17 - core::ops::function::FnOnce::call_once{{vtable.shim}}::h38f34da3654a8344
[INFO] [stdout]                                at /rustc/82e1608dfa6e0b5569232559e3d385fea5a93112/library/core/src/ops/function.rs:250:5
[INFO] [stdout]   57:     0x55ee506076a5 - <alloc::boxed::Box<F,A> as core::ops::function::FnOnce<Args>>::call_once::hc7eafaff61e32df9
[INFO] [stdout]                                at /rustc/82e1608dfa6e0b5569232559e3d385fea5a93112/library/alloc/src/boxed.rs:2007:9
[INFO] [stdout]   58:     0x55ee506076a5 - <alloc::boxed::Box<F,A> as core::ops::function::FnOnce<Args>>::call_once::h6ba4a5de48dd2304
[INFO] [stdout]                                at /rustc/82e1608dfa6e0b5569232559e3d385fea5a93112/library/alloc/src/boxed.rs:2007:9
[INFO] [stdout]   59:     0x55ee506076a5 - std::sys::unix::thread::Thread::new::thread_start::he469335aef763e45
[INFO] [stdout]                                at /rustc/82e1608dfa6e0b5569232559e3d385fea5a93112/library/std/src/sys/unix/thread.rs:108:17
[INFO] [stdout]   60:     0x7f3eb2054ac3 - <unknown>
[INFO] [stdout]   61:     0x7f3eb20e5bf4 - __clone
[INFO] [stdout]   62:                0x0 - <unknown>
[INFO] [stdout] 
[INFO] [stdout] ---- db::test::test_update_decimal stdout ----
[INFO] [stdout] "558038f070a802182355a0fa4807575f30076ced"
[INFO] [stdout] thread 'db::test::test_update_decimal' panicked at src/db/mod.rs:181:24:
[INFO] [stdout] called `Result::unwrap()` on an `Err` value: E("Backend(E(\"Cannot assign requested address (os error 99)\"))")
[INFO] [stdout] stack backtrace:
[INFO] [stdout]    0:     0x55ee506008cc - std::backtrace_rs::backtrace::libunwind::trace::ha637c64ce894333a
[INFO] [stdout]                                at /rustc/82e1608dfa6e0b5569232559e3d385fea5a93112/library/std/src/../../backtrace/src/backtrace/libunwind.rs:104:5
[INFO] [stdout]    1:     0x55ee506008cc - std::backtrace_rs::backtrace::trace_unsynchronized::h47f62dea28e0c88d
[INFO] [stdout]                                at /rustc/82e1608dfa6e0b5569232559e3d385fea5a93112/library/std/src/../../backtrace/src/backtrace/mod.rs:66:5
[INFO] [stdout]    2:     0x55ee506008cc - std::sys_common::backtrace::_print_fmt::h9eef0abe20ede486
[INFO] [stdout]                                at /rustc/82e1608dfa6e0b5569232559e3d385fea5a93112/library/std/src/sys_common/backtrace.rs:67:5
[INFO] [stdout]    3:     0x55ee506008cc - <std::sys_common::backtrace::_print::DisplayBacktrace as core::fmt::Display>::fmt::hed7f999df88cc644
[INFO] [stdout]                                at /rustc/82e1608dfa6e0b5569232559e3d385fea5a93112/library/std/src/sys_common/backtrace.rs:44:22
[INFO] [stdout]    4:     0x55ee5062ebc0 - core::fmt::rt::Argument::fmt::h1539a9308b8d058d
[INFO] [stdout]                                at /rustc/82e1608dfa6e0b5569232559e3d385fea5a93112/library/core/src/fmt/rt.rs:142:9
[INFO] [stdout]    5:     0x55ee5062ebc0 - core::fmt::write::h3a39390d8560d9c9
[INFO] [stdout]                                at /rustc/82e1608dfa6e0b5569232559e3d385fea5a93112/library/core/src/fmt/mod.rs:1120:17
[INFO] [stdout]    6:     0x55ee505fd88f - std::io::Write::write_fmt::h040b369f3a0f9cbc
[INFO] [stdout]                                at /rustc/82e1608dfa6e0b5569232559e3d385fea5a93112/library/std/src/io/mod.rs:1762:15
[INFO] [stdout]    7:     0x55ee506006b4 - std::sys_common::backtrace::_print::h894006fb5c6f3d45
[INFO] [stdout]                                at /rustc/82e1608dfa6e0b5569232559e3d385fea5a93112/library/std/src/sys_common/backtrace.rs:47:5
[INFO] [stdout]    8:     0x55ee506006b4 - std::sys_common::backtrace::print::h23a2d212c6fff936
[INFO] [stdout]                                at /rustc/82e1608dfa6e0b5569232559e3d385fea5a93112/library/std/src/sys_common/backtrace.rs:34:9
[INFO] [stdout]    9:     0x55ee50602377 - std::panicking::default_hook::{{closure}}::h8a1d2ee00185001a
[INFO] [stdout]   10:     0x55ee50602063 - std::panicking::default_hook::h6038f2eba384e475
[INFO] [stdout]                                at /rustc/82e1608dfa6e0b5569232559e3d385fea5a93112/library/std/src/panicking.rs:289:9
[INFO] [stdout]   11:     0x55ee502a6037 - <alloc::boxed::Box<F,A> as core::ops::function::Fn<Args>>::call::h0ad024c9bdc6d768
[INFO] [stdout]                                at /rustc/82e1608dfa6e0b5569232559e3d385fea5a93112/library/alloc/src/boxed.rs:2021:9
[INFO] [stdout]   12:     0x55ee502a6037 - test::test_main::{{closure}}::h7500b54257359db6
[INFO] [stdout]                                at /rustc/82e1608dfa6e0b5569232559e3d385fea5a93112/library/test/src/lib.rs:138:21
[INFO] [stdout]   13:     0x55ee50602988 - <alloc::boxed::Box<F,A> as core::ops::function::Fn<Args>>::call::h1f8f335eaa9cfaee
[INFO] [stdout]                                at /rustc/82e1608dfa6e0b5569232559e3d385fea5a93112/library/alloc/src/boxed.rs:2021:9
[INFO] [stdout]   14:     0x55ee50602988 - std::panicking::rust_panic_with_hook::h2b5517d590cab22e
[INFO] [stdout]                                at /rustc/82e1608dfa6e0b5569232559e3d385fea5a93112/library/std/src/panicking.rs:783:13
[INFO] [stdout]   15:     0x55ee506026de - std::panicking::begin_panic_handler::{{closure}}::h233112c06e0ef43e
[INFO] [stdout]                                at /rustc/82e1608dfa6e0b5569232559e3d385fea5a93112/library/std/src/panicking.rs:657:13
[INFO] [stdout]   16:     0x55ee50600d96 - std::sys_common::backtrace::__rust_end_short_backtrace::h6e893f24d7ebbff8
[INFO] [stdout]                                at /rustc/82e1608dfa6e0b5569232559e3d385fea5a93112/library/std/src/sys_common/backtrace.rs:170:18
[INFO] [stdout]   17:     0x55ee50602442 - rust_begin_unwind
[INFO] [stdout]                                at /rustc/82e1608dfa6e0b5569232559e3d385fea5a93112/library/std/src/panicking.rs:645:5
[INFO] [stdout]   18:     0x55ee5013d485 - core::panicking::panic_fmt::hbf0e066aabfa482c
[INFO] [stdout]                                at /rustc/82e1608dfa6e0b5569232559e3d385fea5a93112/library/core/src/panicking.rs:72:14
[INFO] [stdout]   19:     0x55ee5013da53 - core::result::unwrap_failed::hddb4fea594200c52
[INFO] [stdout]                                at /rustc/82e1608dfa6e0b5569232559e3d385fea5a93112/library/core/src/result.rs:1653:5
[INFO] [stdout]   20:     0x55ee50140655 - core::result::Result<T,E>::unwrap::h4640a5102717ad8c
[INFO] [stdout]                                at /rustc/82e1608dfa6e0b5569232559e3d385fea5a93112/library/core/src/result.rs:1077:23
[INFO] [stdout]   21:     0x55ee50147034 - rust_backend::db::test::test_update_decimal::{{closure}}::hf6f88d540e061d2a
[INFO] [stdout]                                at /opt/rustwide/workdir/src/db/mod.rs:176:9
[INFO] [stdout]   22:     0x55ee50145908 - <core::pin::Pin<P> as core::future::future::Future>::poll::h7569de8a830b6efa
[INFO] [stdout]                                at /rustc/82e1608dfa6e0b5569232559e3d385fea5a93112/library/core/src/future/future.rs:125:9
[INFO] [stdout]   23:     0x55ee5014595b - <core::pin::Pin<P> as core::future::future::Future>::poll::hf0e97745b4628884
[INFO] [stdout]                                at /rustc/82e1608dfa6e0b5569232559e3d385fea5a93112/library/core/src/future/future.rs:125:9
[INFO] [stdout]   24:     0x55ee50144a34 - tokio::runtime::scheduler::current_thread::CoreGuard::block_on::{{closure}}::{{closure}}::{{closure}}::h861b37f62e801144
[INFO] [stdout]                                at /opt/rustwide/cargo-home/registry/src/index.crates.io-6f17d22bba15001f/tokio-1.28.0/src/runtime/scheduler/current_thread.rs:541:57
[INFO] [stdout]   25:     0x55ee5014491a - tokio::runtime::coop::with_budget::hd9fefd9d38fcf742
[INFO] [stdout]                                at /opt/rustwide/cargo-home/registry/src/index.crates.io-6f17d22bba15001f/tokio-1.28.0/src/runtime/coop.rs:107:5
[INFO] [stdout]   26:     0x55ee5014491a - tokio::runtime::coop::budget::h3b78bd9fdc817c04
[INFO] [stdout]                                at /opt/rustwide/cargo-home/registry/src/index.crates.io-6f17d22bba15001f/tokio-1.28.0/src/runtime/coop.rs:73:5
[INFO] [stdout]   27:     0x55ee5014491a - tokio::runtime::scheduler::current_thread::CoreGuard::block_on::{{closure}}::{{closure}}::h5b21662a891e58fe
[INFO] [stdout]                                at /opt/rustwide/cargo-home/registry/src/index.crates.io-6f17d22bba15001f/tokio-1.28.0/src/runtime/scheduler/current_thread.rs:541:25
[INFO] [stdout]   28:     0x55ee5014341c - tokio::runtime::scheduler::current_thread::Context::enter::h63c7306261cdabe4
[INFO] [stdout]                                at /opt/rustwide/cargo-home/registry/src/index.crates.io-6f17d22bba15001f/tokio-1.28.0/src/runtime/scheduler/current_thread.rs:350:19
[INFO] [stdout]   29:     0x55ee50143f0a - tokio::runtime::scheduler::current_thread::CoreGuard::block_on::{{closure}}::h3485169c09a05c2d
[INFO] [stdout]                                at /opt/rustwide/cargo-home/registry/src/index.crates.io-6f17d22bba15001f/tokio-1.28.0/src/runtime/scheduler/current_thread.rs:540:36
[INFO] [stdout]   30:     0x55ee50143c1b - tokio::runtime::scheduler::current_thread::CoreGuard::enter::{{closure}}::hdd1dae95c6f0076d
[INFO] [stdout]                                at /opt/rustwide/cargo-home/registry/src/index.crates.io-6f17d22bba15001f/tokio-1.28.0/src/runtime/scheduler/current_thread.rs:615:57
[INFO] [stdout]   31:     0x55ee50141628 - tokio::macros::scoped_tls::ScopedKey<T>::set::h3a8200eaa69ebba2
[INFO] [stdout]                                at /opt/rustwide/cargo-home/registry/src/index.crates.io-6f17d22bba15001f/tokio-1.28.0/src/macros/scoped_tls.rs:61:9
[INFO] [stdout]   32:     0x55ee501439af - tokio::runtime::scheduler::current_thread::CoreGuard::enter::hef44283dd1b0081c
[INFO] [stdout]                                at /opt/rustwide/cargo-home/registry/src/index.crates.io-6f17d22bba15001f/tokio-1.28.0/src/runtime/scheduler/current_thread.rs:615:27
[INFO] [stdout]   33:     0x55ee50143c4d - tokio::runtime::scheduler::current_thread::CoreGuard::block_on::h3156b39b4e3bb07b
[INFO] [stdout]                                at /opt/rustwide/cargo-home/registry/src/index.crates.io-6f17d22bba15001f/tokio-1.28.0/src/runtime/scheduler/current_thread.rs:530:19
[INFO] [stdout]   34:     0x55ee50142bcd - tokio::runtime::scheduler::current_thread::CurrentThread::block_on::hcacb1ec516fcc477
[INFO] [stdout]                                at /opt/rustwide/cargo-home/registry/src/index.crates.io-6f17d22bba15001f/tokio-1.28.0/src/runtime/scheduler/current_thread.rs:154:24
[INFO] [stdout]   35:     0x55ee501428bd - tokio::runtime::runtime::Runtime::block_on::hd5c9c7cca3722632
[INFO] [stdout]                                at /opt/rustwide/cargo-home/registry/src/index.crates.io-6f17d22bba15001f/tokio-1.28.0/src/runtime/runtime.rs:302:47
[INFO] [stdout]   36:     0x55ee501465ec - rust_backend::db::test::test_update_decimal::h53ade0c09ef1a79a
[INFO] [stdout]                                at /opt/rustwide/workdir/src/db/mod.rs:176:9
[INFO] [stdout]   37:     0x55ee50146477 - rust_backend::db::test::test_update_decimal::{{closure}}::haf138bbc336cf0fd
[INFO] [stdout]                                at /opt/rustwide/workdir/src/db/mod.rs:162:35
[INFO] [stdout]   38:     0x55ee5013f7e6 - core::ops::function::FnOnce::call_once::h55df78d7437d9ab3
[INFO] [stdout]                                at /rustc/82e1608dfa6e0b5569232559e3d385fea5a93112/library/core/src/ops/function.rs:250:5
[INFO] [stdout]   39:     0x55ee502ab68f - core::ops::function::FnOnce::call_once::h2b5d431d5046312d
[INFO] [stdout]                                at /rustc/82e1608dfa6e0b5569232559e3d385fea5a93112/library/core/src/ops/function.rs:250:5
[INFO] [stdout]   40:     0x55ee502ab68f - test::__rust_begin_short_backtrace::h7714669af176e207
[INFO] [stdout]                                at /rustc/82e1608dfa6e0b5569232559e3d385fea5a93112/library/test/src/lib.rs:628:18
[INFO] [stdout]   41:     0x55ee502aa6a5 - test::run_test_in_process::{{closure}}::h85218797dcbcec12
[INFO] [stdout]                                at /rustc/82e1608dfa6e0b5569232559e3d385fea5a93112/library/test/src/lib.rs:651:60
[INFO] [stdout]   42:     0x55ee502aa6a5 - <core::panic::unwind_safe::AssertUnwindSafe<F> as core::ops::function::FnOnce<()>>::call_once::h76c106ea31c14d7b
[INFO] [stdout]                                at /rustc/82e1608dfa6e0b5569232559e3d385fea5a93112/library/core/src/panic/unwind_safe.rs:272:9
[INFO] [stdout]   43:     0x55ee502aa6a5 - std::panicking::try::do_call::h3bd5d0f6620ee946
[INFO] [stdout]                                at /rustc/82e1608dfa6e0b5569232559e3d385fea5a93112/library/std/src/panicking.rs:552:40
[INFO] [stdout]   44:     0x55ee502aa6a5 - std::panicking::try::h232e535e4744fe31
[INFO] [stdout]                                at /rustc/82e1608dfa6e0b5569232559e3d385fea5a93112/library/std/src/panicking.rs:516:19
[INFO] [stdout]   45:     0x55ee502aa6a5 - std::panic::catch_unwind::h3ce3bd6ca8dbac68
[INFO] [stdout]                                at /rustc/82e1608dfa6e0b5569232559e3d385fea5a93112/library/std/src/panic.rs:142:14
[INFO] [stdout]   46:     0x55ee502aa6a5 - test::run_test_in_process::hc97b257c9621286a
[INFO] [stdout]                                at /rustc/82e1608dfa6e0b5569232559e3d385fea5a93112/library/test/src/lib.rs:651:27
[INFO] [stdout]   47:     0x55ee502aa6a5 - test::run_test::{{closure}}::h2aa798823a438d38
[INFO] [stdout]                                at /rustc/82e1608dfa6e0b5569232559e3d385fea5a93112/library/test/src/lib.rs:574:43
[INFO] [stdout]   48:     0x55ee50272966 - test::run_test::{{closure}}::h87d231c78fb59832
[INFO] [stdout]                                at /rustc/82e1608dfa6e0b5569232559e3d385fea5a93112/library/test/src/lib.rs:602:41
[INFO] [stdout]   49:     0x55ee50272966 - std::sys_common::backtrace::__rust_begin_short_backtrace::he6df152596625789
[INFO] [stdout]                                at /rustc/82e1608dfa6e0b5569232559e3d385fea5a93112/library/std/src/sys_common/backtrace.rs:154:18
[INFO] [stdout]   50:     0x55ee50277a17 - std::thread::Builder::spawn_unchecked_::{{closure}}::{{closure}}::ha94be15d1e0acf36
[INFO] [stdout]                                at /rustc/82e1608dfa6e0b5569232559e3d385fea5a93112/library/std/src/thread/mod.rs:529:17
[INFO] [stdout]   51:     0x55ee50277a17 - <core::panic::unwind_safe::AssertUnwindSafe<F> as core::ops::function::FnOnce<()>>::call_once::h9dc6bd6372f16606
[INFO] [stdout]                                at /rustc/82e1608dfa6e0b5569232559e3d385fea5a93112/library/core/src/panic/unwind_safe.rs:272:9
[INFO] [stdout]   52:     0x55ee50277a17 - std::panicking::try::do_call::h9057517f80303cd4
[INFO] [stdout]                                at /rustc/82e1608dfa6e0b5569232559e3d385fea5a93112/library/std/src/panicking.rs:552:40
[INFO] [stdout]   53:     0x55ee50277a17 - std::panicking::try::he3a30b11ee45340c
[INFO] [stdout]                                at /rustc/82e1608dfa6e0b5569232559e3d385fea5a93112/library/std/src/panicking.rs:516:19
[INFO] [stdout]   54:     0x55ee50277a17 - std::panic::catch_unwind::h410458cfd3528b8b
[INFO] [stdout]                                at /rustc/82e1608dfa6e0b5569232559e3d385fea5a93112/library/std/src/panic.rs:142:14
[INFO] [stdout]   55:     0x55ee50277a17 - std::thread::Builder::spawn_unchecked_::{{closure}}::h72ac3bdb567b737b
[INFO] [stdout]                                at /rustc/82e1608dfa6e0b5569232559e3d385fea5a93112/library/std/src/thread/mod.rs:528:30
[INFO] [stdout]   56:     0x55ee50277a17 - core::ops::function::FnOnce::call_once{{vtable.shim}}::h38f34da3654a8344
[INFO] [stdout]                                at /rustc/82e1608dfa6e0b5569232559e3d385fea5a93112/library/core/src/ops/function.rs:250:5
[INFO] [stdout]   57:     0x55ee506076a5 - <alloc::boxed::Box<F,A> as core::ops::function::FnOnce<Args>>::call_once::hc7eafaff61e32df9
[INFO] [stdout]                                at /rustc/82e1608dfa6e0b5569232559e3d385fea5a93112/library/alloc/src/boxed.rs:2007:9
[INFO] [stdout]   58:     0x55ee506076a5 - <alloc::boxed::Box<F,A> as core::ops::function::FnOnce<Args>>::call_once::h6ba4a5de48dd2304
[INFO] [stdout]                                at /rustc/82e1608dfa6e0b5569232559e3d385fea5a93112/library/alloc/src/boxed.rs:2007:9
[INFO] [stdout]   59:     0x55ee506076a5 - std::sys::unix::thread::Thread::new::thread_start::he469335aef763e45
[INFO] [stdout]                                at /rustc/82e1608dfa6e0b5569232559e3d385fea5a93112/library/std/src/sys/unix/thread.rs:108:17
[INFO] [stdout]   60:     0x7f3eb2054ac3 - <unknown>
[INFO] [stdout]   61:     0x7f3eb20e5bf4 - __clone
[INFO] [stdout]   62:                0x0 - <unknown>
[INFO] [stdout] 
[INFO] [stdout] 
[INFO] [stdout] failures:
[INFO] [stdout]     db::test::test_update_account
[INFO] [stdout]     db::test::test_update_decimal
[INFO] [stdout] 
[INFO] [stdout] test result: FAILED. 0 passed; 2 failed; 0 ignored; 0 measured; 0 filtered out; finished in 0.05s
[INFO] [stdout] 
[INFO] [stderr] error: test failed, to rerun pass `--bin rust-backend`
[INFO] running `Command { std: "docker" "inspect" "54718f4c503b1832c6a7c27bb2f747aaf8beb80452cea529c159cd7a8b088037", kill_on_drop: false }`
[INFO] running `Command { std: "docker" "rm" "-f" "54718f4c503b1832c6a7c27bb2f747aaf8beb80452cea529c159cd7a8b088037", kill_on_drop: false }`
[INFO] [stdout] 54718f4c503b1832c6a7c27bb2f747aaf8beb80452cea529c159cd7a8b088037
