[INFO] cloning repository https://github.com/yukimemi/rog
[INFO] running `Command { std: "git" "-c" "credential.helper=" "-c" "credential.helper=/workspace/cargo-home/bin/git-credential-null" "clone" "--bare" "https://github.com/yukimemi/rog" "/workspace/cache/git-repos/https%3A%2F%2Fgithub.com%2Fyukimemi%2Frog", kill_on_drop: false }`
[INFO] [stderr] Cloning into bare repository '/workspace/cache/git-repos/https%3A%2F%2Fgithub.com%2Fyukimemi%2Frog'...
[INFO] running `Command { std: "git" "rev-parse" "HEAD", kill_on_drop: false }`
[INFO] [stdout] 2e73cb2f317e8228bc105b6ce5a8a0513189c1a4
[INFO] testing yukimemi/rog against 1.75.0 for beta-1.76-1
[INFO] running `Command { std: "git" "clone" "/workspace/cache/git-repos/https%3A%2F%2Fgithub.com%2Fyukimemi%2Frog" "/workspace/builds/worker-6-tc1/source", kill_on_drop: false }`
[INFO] [stderr] Cloning into '/workspace/builds/worker-6-tc1/source'...
[INFO] [stderr] done.
[INFO] validating manifest of git repo https://github.com/yukimemi/rog on toolchain 1.75.0
[INFO] running `Command { std: CARGO_HOME="/workspace/cargo-home" RUSTUP_HOME="/workspace/rustup-home" "/workspace/cargo-home/bin/cargo" "+1.75.0" "metadata" "--manifest-path" "Cargo.toml" "--no-deps", kill_on_drop: false }`
[INFO] started tweaking git repo https://github.com/yukimemi/rog
[INFO] finished tweaking git repo https://github.com/yukimemi/rog
[INFO] tweaked toml for git repo https://github.com/yukimemi/rog written to /workspace/builds/worker-6-tc1/source/Cargo.toml
[INFO] crate git repo https://github.com/yukimemi/rog already has a lockfile, it will not be regenerated
[INFO] running `Command { std: CARGO_HOME="/workspace/cargo-home" RUSTUP_HOME="/workspace/rustup-home" "/workspace/cargo-home/bin/cargo" "+1.75.0" "fetch" "--manifest-path" "Cargo.toml", kill_on_drop: false }`
[INFO] [stderr]     Updating crates.io index
[INFO] [stderr]  Downloading crates ...
[INFO] [stderr]   Downloaded envy v0.4.0
[INFO] [stderr]   Downloaded bindata v0.1.1
[INFO] [stderr]   Downloaded rust-embed-impl v4.4.0
[INFO] [stderr]   Downloaded bindata-impl v0.1.0
[INFO] [stderr]   Downloaded rust-embed v4.4.0
[INFO] running `Command { std: "docker" "create" "-v" "/var/lib/crater-agent-workspace/builds/worker-6-tc1/target:/opt/rustwide/target:rw,Z" "-v" "/var/lib/crater-agent-workspace/builds/worker-6-tc1/source:/opt/rustwide/workdir:ro,Z" "-v" "/var/lib/crater-agent-workspace/cargo-home:/opt/rustwide/cargo-home:ro,Z" "-v" "/var/lib/crater-agent-workspace/rustup-home:/opt/rustwide/rustup-home:ro,Z" "-e" "SOURCE_DIR=/opt/rustwide/workdir" "-e" "CARGO_TARGET_DIR=/opt/rustwide/target" "-e" "CARGO_HOME=/opt/rustwide/cargo-home" "-e" "RUSTUP_HOME=/opt/rustwide/rustup-home" "-w" "/opt/rustwide/workdir" "-m" "1610612736" "--user" "0:0" "--network" "none" "ghcr.io/rust-lang/crates-build-env/linux@sha256:2788e3201cd34a07e3172128adcd8b3090168a8e3bcc40d7c032b9dda1df7d1c" "/opt/rustwide/cargo-home/bin/cargo" "+1.75.0" "metadata" "--no-deps" "--format-version=1", kill_on_drop: false }`
[INFO] [stdout] 59bd143c51541c28bada84b2fb60596ca07ed825923a703cc6cc825d8e4440b2
[INFO] running `Command { std: "docker" "start" "-a" "59bd143c51541c28bada84b2fb60596ca07ed825923a703cc6cc825d8e4440b2", kill_on_drop: false }`
[INFO] running `Command { std: "docker" "inspect" "59bd143c51541c28bada84b2fb60596ca07ed825923a703cc6cc825d8e4440b2", kill_on_drop: false }`
[INFO] running `Command { std: "docker" "rm" "-f" "59bd143c51541c28bada84b2fb60596ca07ed825923a703cc6cc825d8e4440b2", kill_on_drop: false }`
[INFO] [stdout] 59bd143c51541c28bada84b2fb60596ca07ed825923a703cc6cc825d8e4440b2
[INFO] running `Command { std: "docker" "create" "-v" "/var/lib/crater-agent-workspace/builds/worker-6-tc1/target:/opt/rustwide/target:rw,Z" "-v" "/var/lib/crater-agent-workspace/builds/worker-6-tc1/source:/opt/rustwide/workdir:ro,Z" "-v" "/var/lib/crater-agent-workspace/cargo-home:/opt/rustwide/cargo-home:ro,Z" "-v" "/var/lib/crater-agent-workspace/rustup-home:/opt/rustwide/rustup-home:ro,Z" "-e" "SOURCE_DIR=/opt/rustwide/workdir" "-e" "CARGO_TARGET_DIR=/opt/rustwide/target" "-e" "CARGO_INCREMENTAL=0" "-e" "RUST_BACKTRACE=full" "-e" "RUSTFLAGS=--cap-lints=warn" "-e" "RUSTDOCFLAGS=--cap-lints=warn" "-e" "CARGO_HOME=/opt/rustwide/cargo-home" "-e" "RUSTUP_HOME=/opt/rustwide/rustup-home" "-w" "/opt/rustwide/workdir" "-m" "1610612736" "--user" "0:0" "--network" "none" "ghcr.io/rust-lang/crates-build-env/linux@sha256:2788e3201cd34a07e3172128adcd8b3090168a8e3bcc40d7c032b9dda1df7d1c" "/opt/rustwide/cargo-home/bin/cargo" "+1.75.0" "build" "--frozen" "--message-format=json", kill_on_drop: false }`
[INFO] [stdout] 876057f501c99362d2d6e245398a422ced8346bd0d0821d043746befa1546804
[INFO] running `Command { std: "docker" "start" "-a" "876057f501c99362d2d6e245398a422ced8346bd0d0821d043746befa1546804", kill_on_drop: false }`
[INFO] [stderr]    Compiling libc v0.2.53
[INFO] [stderr]    Compiling autocfg v0.1.2
[INFO] [stderr]    Compiling unicode-xid v0.1.0
[INFO] [stderr]    Compiling memchr v2.2.0
[INFO] [stderr]    Compiling rand_core v0.4.0
[INFO] [stderr]    Compiling num-traits v0.2.6
[INFO] [stderr]    Compiling proc-macro2 v0.4.28
[INFO] [stderr]    Compiling serde v1.0.90
[INFO] [stderr]    Compiling ucd-util v0.1.3
[INFO] [stderr]    Compiling lazy_static v1.3.0
[INFO] [stderr]    Compiling regex v1.1.6
[INFO] [stderr]    Compiling syn v0.15.33
[INFO] [stderr]    Compiling cfg-if v0.1.7
[INFO] [stderr]    Compiling ryu v0.2.7
[INFO] [stderr]    Compiling cc v1.0.35
[INFO] [stderr]    Compiling utf8-ranges v1.0.2
[INFO] [stderr]    Compiling thread_local v0.3.6
[INFO] [stderr]    Compiling same-file v1.0.4
[INFO] [stderr]    Compiling regex-syntax v0.6.6
[INFO] [stderr]    Compiling walkdir v2.2.7
[INFO] [stderr]    Compiling proc-macro2 v0.2.3
[INFO] [stderr]    Compiling rand_core v0.3.1
[INFO] [stderr]    Compiling num-integer v0.1.39
[INFO] [stderr]    Compiling unicode-xid v0.0.4
[INFO] [stderr]    Compiling version_check v0.1.5
[INFO] [stderr]    Compiling rand_chacha v0.1.1
[INFO] [stderr]    Compiling rand_pcg v0.1.2
[INFO] [stderr]    Compiling serde v0.8.23
[INFO] [stderr]    Compiling quote v0.4.2
[INFO] [stderr]    Compiling backtrace v0.3.15
[INFO] [stderr]    Compiling rand v0.6.5
[INFO] [stderr]    Compiling nom v4.2.3
[INFO] [stderr]    Compiling synom v0.11.3
[INFO] [stderr]    Compiling quote v0.6.12
[INFO] [stderr]    Compiling quick-error v1.2.2
[INFO] [stderr]    Compiling quote v0.3.15
[INFO] [stderr]    Compiling failure_derive v0.1.5
[INFO] [stderr]    Compiling itoa v0.4.3
[INFO] [stderr]    Compiling humantime v1.2.0
[INFO] [stderr]    Compiling syn v0.11.11
[INFO] [stderr]    Compiling atty v0.2.11
[INFO] [stderr]    Compiling rand_os v0.1.3
[INFO] [stderr]    Compiling time v0.1.42
[INFO] [stderr]    Compiling syn v0.12.15
[INFO] [stderr]    Compiling rand_isaac v0.1.1
[INFO] [stderr]    Compiling rand_xorshift v0.1.1
[INFO] [stderr]    Compiling rand_hc v0.1.0
[INFO] [stderr]    Compiling rand_jitter v0.1.4
[INFO] [stderr]    Compiling log v0.4.6
[INFO] [stderr]    Compiling linked-hash-map v0.5.2
[INFO] [stderr]    Compiling aho-corasick v0.7.3
[INFO] [stderr]    Compiling termcolor v1.0.4
[INFO] [stderr]    Compiling backtrace-sys v0.1.28
[INFO] [stderr]    Compiling unicode-width v0.1.5
[INFO] [stderr]    Compiling lazy_static v0.2.11
[INFO] [stderr]    Compiling rustc-demangle v0.1.14
[INFO] [stderr]    Compiling num-traits v0.1.43
[INFO] [stderr]    Compiling textwrap v0.11.0
[INFO] [stderr]    Compiling yaml-rust v0.4.3
[INFO] [stderr]    Compiling csv-core v0.1.5
[INFO] [stderr]    Compiling chrono v0.4.6
[INFO] [stderr]    Compiling strsim v0.8.0
[INFO] [stderr]    Compiling either v1.5.2
[INFO] [stderr]    Compiling bitflags v1.0.4
[INFO] [stderr]    Compiling rust-ini v0.13.0
[INFO] [stderr]    Compiling ansi_term v0.11.0
[INFO] [stderr]    Compiling vec_map v0.8.1
[INFO] [stderr]    Compiling remove_dir_all v0.5.2
[INFO] [stderr]    Compiling itertools v0.8.0
[INFO] [stderr]    Compiling unicode-bom v1.1.4
[INFO] [stderr]    Compiling serde_test v0.8.23
[INFO] [stderr]    Compiling clap v2.33.0
[INFO] [stderr]    Compiling rust-embed-impl v4.4.0
[INFO] [stderr]    Compiling linked-hash-map v0.3.0
[INFO] [stderr]    Compiling tempfile v3.0.8
[INFO] [stderr]    Compiling rust-embed v4.4.0
[INFO] [stderr]    Compiling bindata-impl v0.1.0
[INFO] [stderr]    Compiling synstructure v0.10.1
[INFO] [stderr]    Compiling env_logger v0.6.1
[INFO] [stderr]    Compiling serde-hjson v0.8.2
[INFO] [stderr]    Compiling bindata v0.1.1
[INFO] [stderr]    Compiling serde_derive v1.0.90
[INFO] [stderr]    Compiling pretty_env_logger v0.3.0
[INFO] [stderr]    Compiling toml v0.4.10
[INFO] [stderr]    Compiling serde_json v1.0.39
[INFO] [stderr]    Compiling envy v0.4.0
[INFO] [stderr]    Compiling csv v1.0.7
[INFO] [stderr]    Compiling failure v0.1.5
[INFO] [stderr]    Compiling config v0.9.2
[INFO] [stderr]    Compiling rog v0.1.0 (/opt/rustwide/workdir)
[INFO] [stdout] warning: unused import: `Stdio`
[INFO] [stdout]   --> src/main.rs:15:29
[INFO] [stdout]    |
[INFO] [stdout] 15 | use std::process::{Command, Stdio};
[INFO] [stdout]    |                             ^^^^^
[INFO] [stdout]    |
[INFO] [stdout]    = note: `#[warn(unused_imports)]` on by default
[INFO] [stdout] 
[INFO] [stdout] 
[INFO] [stdout] warning: unused variable: `out`
[INFO] [stdout]    --> src/main.rs:248:13
[INFO] [stdout]     |
[INFO] [stdout] 248 |         let out = Command::new(&gonkf_path)
[INFO] [stdout]     |             ^^^ help: if this is intentional, prefix it with an underscore: `_out`
[INFO] [stdout]     |
[INFO] [stdout]     = note: `#[warn(unused_variables)]` on by default
[INFO] [stdout] 
[INFO] [stdout] 
[INFO] [stdout] warning: field `header_add` is never read
[INFO] [stdout]   --> src/main.rs:61:5
[INFO] [stdout]    |
[INFO] [stdout] 56 | struct Rog {
[INFO] [stdout]    |        --- field in this struct
[INFO] [stdout] ...
[INFO] [stdout] 61 |     header_add: bool,
[INFO] [stdout]    |     ^^^^^^^^^^
[INFO] [stdout]    |
[INFO] [stdout]    = note: `Rog` has derived impls for the traits `Clone` and `Debug`, but these are intentionally ignored during dead code analysis
[INFO] [stdout]    = note: `#[warn(dead_code)]` on by default
[INFO] [stdout] 
[INFO] [stdout] 
[INFO] [stdout] warning: function `grep` is never used
[INFO] [stdout]    --> src/main.rs:300:4
[INFO] [stdout]     |
[INFO] [stdout] 300 | fn grep(content: String, greps: Vec<String>) -> Vec<String> {
[INFO] [stdout]     |    ^^^^
[INFO] [stdout] 
[INFO] [stdout] 
[INFO] [stdout] warning: method `fix_header` is never used
[INFO] [stdout]    --> src/main.rs:453:8
[INFO] [stdout]     |
[INFO] [stdout] 427 | impl Rog {
[INFO] [stdout]     | -------- method in this implementation
[INFO] [stdout] ...
[INFO] [stdout] 453 |     fn fix_header<P: AsRef<Path>>(&self, path: P) -> Result<()> {
[INFO] [stdout]     |        ^^^^^^^^^^
[INFO] [stdout] 
[INFO] [stdout] 
[INFO] [stdout] warning: unused borrow that must be used
[INFO] [stdout]    --> src/main.rs:350:9
[INFO] [stdout]     |
[INFO] [stdout] 350 | /         &out.fields.iter().for_each(|field| {
[INFO] [stdout] 351 | |             let def = "".to_string();
[INFO] [stdout] 352 | |             let f = line.msg.get(field).unwrap_or(&def);
[INFO] [stdout] 353 | |             if field == "time_fix" {
[INFO] [stdout] ...   |
[INFO] [stdout] 357 | |             }
[INFO] [stdout] 358 | |         });
[INFO] [stdout]     | |__________^ the borrow produces a value
[INFO] [stdout]     |
[INFO] [stdout]     = note: `#[warn(unused_must_use)]` on by default
[INFO] [stdout] help: use `let _ = ...` to ignore the resulting value
[INFO] [stdout]     |
[INFO] [stdout] 350 |         let _ = &out.fields.iter().for_each(|field| {
[INFO] [stdout]     |         +++++++
[INFO] [stdout] 
[INFO] [stdout] 
[INFO] [stdout] warning: unused borrow that must be used
[INFO] [stdout]    --> src/main.rs:394:13
[INFO] [stdout]     |
[INFO] [stdout] 394 | /             &out.fields.iter().for_each(|field| {
[INFO] [stdout] 395 | |                 let def = "".to_string();
[INFO] [stdout] 396 | |                 let f = line.msg.get(field).unwrap_or(&def);
[INFO] [stdout] 397 | |                 if field == "time_fix" {
[INFO] [stdout] ...   |
[INFO] [stdout] 401 | |                 }
[INFO] [stdout] 402 | |             });
[INFO] [stdout]     | |______________^ the borrow produces a value
[INFO] [stdout]     |
[INFO] [stdout] help: use `let _ = ...` to ignore the resulting value
[INFO] [stdout]     |
[INFO] [stdout] 394 |             let _ = &out.fields.iter().for_each(|field| {
[INFO] [stdout]     |             +++++++
[INFO] [stdout] 
[INFO] [stdout] 
[INFO] [stdout] warning: 7 warnings emitted
[INFO] [stdout] 
[INFO] [stdout] 
[INFO] [stderr]     Finished dev [unoptimized + debuginfo] target(s) in 14.52s
[INFO] [stderr] warning: the following packages contain code that will be rejected by a future version of Rust: nom v4.2.3, syn v0.12.15
[INFO] [stderr] note: to see what the problems were, use the option `--future-incompat-report`, or run `cargo report future-incompatibilities --id 1`
[INFO] running `Command { std: "docker" "inspect" "876057f501c99362d2d6e245398a422ced8346bd0d0821d043746befa1546804", kill_on_drop: false }`
[INFO] running `Command { std: "docker" "rm" "-f" "876057f501c99362d2d6e245398a422ced8346bd0d0821d043746befa1546804", kill_on_drop: false }`
[INFO] [stdout] 876057f501c99362d2d6e245398a422ced8346bd0d0821d043746befa1546804
[INFO] running `Command { std: "docker" "create" "-v" "/var/lib/crater-agent-workspace/builds/worker-6-tc1/target:/opt/rustwide/target:rw,Z" "-v" "/var/lib/crater-agent-workspace/builds/worker-6-tc1/source:/opt/rustwide/workdir:ro,Z" "-v" "/var/lib/crater-agent-workspace/cargo-home:/opt/rustwide/cargo-home:ro,Z" "-v" "/var/lib/crater-agent-workspace/rustup-home:/opt/rustwide/rustup-home:ro,Z" "-e" "SOURCE_DIR=/opt/rustwide/workdir" "-e" "CARGO_TARGET_DIR=/opt/rustwide/target" "-e" "CARGO_INCREMENTAL=0" "-e" "RUST_BACKTRACE=full" "-e" "RUSTFLAGS=--cap-lints=warn" "-e" "RUSTDOCFLAGS=--cap-lints=warn" "-e" "CARGO_HOME=/opt/rustwide/cargo-home" "-e" "RUSTUP_HOME=/opt/rustwide/rustup-home" "-w" "/opt/rustwide/workdir" "-m" "1610612736" "--user" "0:0" "--network" "none" "ghcr.io/rust-lang/crates-build-env/linux@sha256:2788e3201cd34a07e3172128adcd8b3090168a8e3bcc40d7c032b9dda1df7d1c" "/opt/rustwide/cargo-home/bin/cargo" "+1.75.0" "test" "--frozen" "--no-run" "--message-format=json", kill_on_drop: false }`
[INFO] [stdout] 7532706ea5d293c2747b2fb1e223b10cd71fa44a93cf421f8763772b747b3e6e
[INFO] running `Command { std: "docker" "start" "-a" "7532706ea5d293c2747b2fb1e223b10cd71fa44a93cf421f8763772b747b3e6e", kill_on_drop: false }`
[INFO] [stderr]    Compiling rog v0.1.0 (/opt/rustwide/workdir)
[INFO] [stdout] warning: unused import: `Stdio`
[INFO] [stdout]   --> src/main.rs:15:29
[INFO] [stdout]    |
[INFO] [stdout] 15 | use std::process::{Command, Stdio};
[INFO] [stdout]    |                             ^^^^^
[INFO] [stdout]    |
[INFO] [stdout]    = note: `#[warn(unused_imports)]` on by default
[INFO] [stdout] 
[INFO] [stdout] 
[INFO] [stdout] warning: unused variable: `out`
[INFO] [stdout]    --> src/main.rs:248:13
[INFO] [stdout]     |
[INFO] [stdout] 248 |         let out = Command::new(&gonkf_path)
[INFO] [stdout]     |             ^^^ help: if this is intentional, prefix it with an underscore: `_out`
[INFO] [stdout]     |
[INFO] [stdout]     = note: `#[warn(unused_variables)]` on by default
[INFO] [stdout] 
[INFO] [stdout] 
[INFO] [stdout] warning: field `header_add` is never read
[INFO] [stdout]   --> src/main.rs:61:5
[INFO] [stdout]    |
[INFO] [stdout] 56 | struct Rog {
[INFO] [stdout]    |        --- field in this struct
[INFO] [stdout] ...
[INFO] [stdout] 61 |     header_add: bool,
[INFO] [stdout]    |     ^^^^^^^^^^
[INFO] [stdout]    |
[INFO] [stdout]    = note: `Rog` has derived impls for the traits `Clone` and `Debug`, but these are intentionally ignored during dead code analysis
[INFO] [stdout]    = note: `#[warn(dead_code)]` on by default
[INFO] [stdout] 
[INFO] [stdout] 
[INFO] [stdout] warning: function `grep` is never used
[INFO] [stdout]    --> src/main.rs:300:4
[INFO] [stdout]     |
[INFO] [stdout] 300 | fn grep(content: String, greps: Vec<String>) -> Vec<String> {
[INFO] [stdout]     |    ^^^^
[INFO] [stdout] 
[INFO] [stdout] 
[INFO] [stdout] warning: method `fix_header` is never used
[INFO] [stdout]    --> src/main.rs:453:8
[INFO] [stdout]     |
[INFO] [stdout] 427 | impl Rog {
[INFO] [stdout]     | -------- method in this implementation
[INFO] [stdout] ...
[INFO] [stdout] 453 |     fn fix_header<P: AsRef<Path>>(&self, path: P) -> Result<()> {
[INFO] [stdout]     |        ^^^^^^^^^^
[INFO] [stdout] 
[INFO] [stdout] 
[INFO] [stdout] warning: unused borrow that must be used
[INFO] [stdout]    --> src/main.rs:350:9
[INFO] [stdout]     |
[INFO] [stdout] 350 | /         &out.fields.iter().for_each(|field| {
[INFO] [stdout] 351 | |             let def = "".to_string();
[INFO] [stdout] 352 | |             let f = line.msg.get(field).unwrap_or(&def);
[INFO] [stdout] 353 | |             if field == "time_fix" {
[INFO] [stdout] ...   |
[INFO] [stdout] 357 | |             }
[INFO] [stdout] 358 | |         });
[INFO] [stdout]     | |__________^ the borrow produces a value
[INFO] [stdout]     |
[INFO] [stdout]     = note: `#[warn(unused_must_use)]` on by default
[INFO] [stdout] help: use `let _ = ...` to ignore the resulting value
[INFO] [stdout]     |
[INFO] [stdout] 350 |         let _ = &out.fields.iter().for_each(|field| {
[INFO] [stdout]     |         +++++++
[INFO] [stdout] 
[INFO] [stdout] 
[INFO] [stdout] warning: unused borrow that must be used
[INFO] [stdout]    --> src/main.rs:394:13
[INFO] [stdout]     |
[INFO] [stdout] 394 | /             &out.fields.iter().for_each(|field| {
[INFO] [stdout] 395 | |                 let def = "".to_string();
[INFO] [stdout] 396 | |                 let f = line.msg.get(field).unwrap_or(&def);
[INFO] [stdout] 397 | |                 if field == "time_fix" {
[INFO] [stdout] ...   |
[INFO] [stdout] 401 | |                 }
[INFO] [stdout] 402 | |             });
[INFO] [stdout]     | |______________^ the borrow produces a value
[INFO] [stdout]     |
[INFO] [stdout] help: use `let _ = ...` to ignore the resulting value
[INFO] [stdout]     |
[INFO] [stdout] 394 |             let _ = &out.fields.iter().for_each(|field| {
[INFO] [stdout]     |             +++++++
[INFO] [stdout] 
[INFO] [stdout] 
[INFO] [stdout] warning: 7 warnings emitted
[INFO] [stdout] 
[INFO] [stdout] 
[INFO] [stderr]     Finished test [unoptimized + debuginfo] target(s) in 2.76s
[INFO] [stderr] warning: the following packages contain code that will be rejected by a future version of Rust: nom v4.2.3, syn v0.12.15
[INFO] [stderr] note: to see what the problems were, use the option `--future-incompat-report`, or run `cargo report future-incompatibilities --id 1`
[INFO] running `Command { std: "docker" "inspect" "7532706ea5d293c2747b2fb1e223b10cd71fa44a93cf421f8763772b747b3e6e", kill_on_drop: false }`
[INFO] running `Command { std: "docker" "rm" "-f" "7532706ea5d293c2747b2fb1e223b10cd71fa44a93cf421f8763772b747b3e6e", kill_on_drop: false }`
[INFO] [stdout] 7532706ea5d293c2747b2fb1e223b10cd71fa44a93cf421f8763772b747b3e6e
[INFO] running `Command { std: "docker" "create" "-v" "/var/lib/crater-agent-workspace/builds/worker-6-tc1/target:/opt/rustwide/target:rw,Z" "-v" "/var/lib/crater-agent-workspace/builds/worker-6-tc1/source:/opt/rustwide/workdir:ro,Z" "-v" "/var/lib/crater-agent-workspace/cargo-home:/opt/rustwide/cargo-home:ro,Z" "-v" "/var/lib/crater-agent-workspace/rustup-home:/opt/rustwide/rustup-home:ro,Z" "-e" "SOURCE_DIR=/opt/rustwide/workdir" "-e" "CARGO_TARGET_DIR=/opt/rustwide/target" "-e" "CARGO_INCREMENTAL=0" "-e" "RUST_BACKTRACE=full" "-e" "RUSTFLAGS=--cap-lints=warn" "-e" "RUSTDOCFLAGS=--cap-lints=warn" "-e" "CARGO_HOME=/opt/rustwide/cargo-home" "-e" "RUSTUP_HOME=/opt/rustwide/rustup-home" "-w" "/opt/rustwide/workdir" "-m" "1610612736" "--user" "0:0" "--network" "none" "ghcr.io/rust-lang/crates-build-env/linux@sha256:2788e3201cd34a07e3172128adcd8b3090168a8e3bcc40d7c032b9dda1df7d1c" "/opt/rustwide/cargo-home/bin/cargo" "+1.75.0" "test" "--frozen", kill_on_drop: false }`
[INFO] [stdout] c6250d244b6e76ea9629ba52c31838aa7fc3a3636ba4e0cf2ea11feabfdd8d38
[INFO] running `Command { std: "docker" "start" "-a" "c6250d244b6e76ea9629ba52c31838aa7fc3a3636ba4e0cf2ea11feabfdd8d38", kill_on_drop: false }`
[INFO] [stderr] warning: unused import: `Stdio`
[INFO] [stderr]   --> src/main.rs:15:29
[INFO] [stderr]    |
[INFO] [stderr] 15 | use std::process::{Command, Stdio};
[INFO] [stderr]    |                             ^^^^^
[INFO] [stderr]    |
[INFO] [stderr]    = note: `#[warn(unused_imports)]` on by default
[INFO] [stderr] 
[INFO] [stderr] warning: unused variable: `out`
[INFO] [stderr]    --> src/main.rs:248:13
[INFO] [stderr]     |
[INFO] [stderr] 248 |         let out = Command::new(&gonkf_path)
[INFO] [stderr]     |             ^^^ help: if this is intentional, prefix it with an underscore: `_out`
[INFO] [stderr]     |
[INFO] [stderr]     = note: `#[warn(unused_variables)]` on by default
[INFO] [stderr] 
[INFO] [stderr] warning: field `header_add` is never read
[INFO] [stderr]   --> src/main.rs:61:5
[INFO] [stderr]    |
[INFO] [stderr] 56 | struct Rog {
[INFO] [stderr]    |        --- field in this struct
[INFO] [stderr] ...
[INFO] [stderr] 61 |     header_add: bool,
[INFO] [stderr]    |     ^^^^^^^^^^
[INFO] [stderr]    |
[INFO] [stderr]    = note: `Rog` has derived impls for the traits `Clone` and `Debug`, but these are intentionally ignored during dead code analysis
[INFO] [stderr]    = note: `#[warn(dead_code)]` on by default
[INFO] [stderr] 
[INFO] [stderr] warning: function `grep` is never used
[INFO] [stderr]    --> src/main.rs:300:4
[INFO] [stderr]     |
[INFO] [stderr] 300 | fn grep(content: String, greps: Vec<String>) -> Vec<String> {
[INFO] [stderr]     |    ^^^^
[INFO] [stderr] 
[INFO] [stderr] warning: method `fix_header` is never used
[INFO] [stderr]    --> src/main.rs:453:8
[INFO] [stderr]     |
[INFO] [stderr] 427 | impl Rog {
[INFO] [stderr]     | -------- method in this implementation
[INFO] [stderr] ...
[INFO] [stderr] 453 |     fn fix_header<P: AsRef<Path>>(&self, path: P) -> Result<()> {
[INFO] [stderr]     |        ^^^^^^^^^^
[INFO] [stderr] 
[INFO] [stderr] warning: unused borrow that must be used
[INFO] [stderr]    --> src/main.rs:350:9
[INFO] [stderr]     |
[INFO] [stderr] 350 | /         &out.fields.iter().for_each(|field| {
[INFO] [stderr] 351 | |             let def = "".to_string();
[INFO] [stderr] 352 | |             let f = line.msg.get(field).unwrap_or(&def);
[INFO] [stderr] 353 | |             if field == "time_fix" {
[INFO] [stderr] ...   |
[INFO] [stderr] 357 | |             }
[INFO] [stderr] 358 | |         });
[INFO] [stderr]     | |__________^ the borrow produces a value
[INFO] [stderr]     |
[INFO] [stderr]     = note: `#[warn(unused_must_use)]` on by default
[INFO] [stderr] help: use `let _ = ...` to ignore the resulting value
[INFO] [stderr]     |
[INFO] [stderr] 350 |         let _ = &out.fields.iter().for_each(|field| {
[INFO] [stderr]     |         +++++++
[INFO] [stderr] 
[INFO] [stderr] warning: unused borrow that must be used
[INFO] [stderr]    --> src/main.rs:394:13
[INFO] [stderr]     |
[INFO] [stderr] 394 | /             &out.fields.iter().for_each(|field| {
[INFO] [stderr] 395 | |                 let def = "".to_string();
[INFO] [stderr] 396 | |                 let f = line.msg.get(field).unwrap_or(&def);
[INFO] [stderr] 397 | |                 if field == "time_fix" {
[INFO] [stderr] ...   |
[INFO] [stderr] 401 | |                 }
[INFO] [stderr] 402 | |             });
[INFO] [stderr]     | |______________^ the borrow produces a value
[INFO] [stderr]     |
[INFO] [stderr] help: use `let _ = ...` to ignore the resulting value
[INFO] [stderr]     |
[INFO] [stderr] 394 |             let _ = &out.fields.iter().for_each(|field| {
[INFO] [stderr]     |             +++++++
[INFO] [stderr] 
[INFO] [stderr] warning: `rog` (bin "rog" test) generated 7 warnings (run `cargo fix --bin "rog" --tests` to apply 2 suggestions)
[INFO] [stderr]     Finished test [unoptimized + debuginfo] target(s) in 0.05s
[INFO] [stderr] warning: the following packages contain code that will be rejected by a future version of Rust: nom v4.2.3, syn v0.12.15
[INFO] [stderr] note: to see what the problems were, use the option `--future-incompat-report`, or run `cargo report future-incompatibilities --id 1`
[INFO] [stderr]      Running unittests src/main.rs (/opt/rustwide/target/debug/deps/rog-99dc08e344bbca7c)
[INFO] [stdout] 
[INFO] [stdout] running 7 tests
[INFO] [stdout] test tests::test_get_entries ... ok
[INFO] [stdout] test tests::test_get_rog ... ok
[INFO] [stdout] test tests::test_parse_with_text ... ok
[INFO] [stdout] test tests::test_grep ... FAILED
[INFO] [stdout] test tests::test_all_lines ... FAILED
[INFO] [stdout] test tests::test_grep_lines ... FAILED
[INFO] [stdout] test tests::test_parse_with_csv ... FAILED
[INFO] [stdout] 
[INFO] [stdout] failures:
[INFO] [stdout] 
[INFO] [stdout] ---- tests::test_grep stdout ----
[INFO] [stdout] thread 'tests::test_grep' panicked at src/main.rs:827:13:
[INFO] [stdout] assertion `left == right` failed
[INFO] [stdout]   left: 4
[INFO] [stdout]  right: 5
[INFO] [stdout] stack backtrace:
[INFO] [stdout]    0:     0x559651e880ec - std::backtrace_rs::backtrace::libunwind::trace::ha637c64ce894333a
[INFO] [stdout]                                at /rustc/82e1608dfa6e0b5569232559e3d385fea5a93112/library/std/src/../../backtrace/src/backtrace/libunwind.rs:104:5
[INFO] [stdout]    1:     0x559651e880ec - std::backtrace_rs::backtrace::trace_unsynchronized::h47f62dea28e0c88d
[INFO] [stdout]                                at /rustc/82e1608dfa6e0b5569232559e3d385fea5a93112/library/std/src/../../backtrace/src/backtrace/mod.rs:66:5
[INFO] [stdout]    2:     0x559651e880ec - std::sys_common::backtrace::_print_fmt::h9eef0abe20ede486
[INFO] [stdout]                                at /rustc/82e1608dfa6e0b5569232559e3d385fea5a93112/library/std/src/sys_common/backtrace.rs:67:5
[INFO] [stdout]    3:     0x559651e880ec - <std::sys_common::backtrace::_print::DisplayBacktrace as core::fmt::Display>::fmt::hed7f999df88cc644
[INFO] [stdout]                                at /rustc/82e1608dfa6e0b5569232559e3d385fea5a93112/library/std/src/sys_common/backtrace.rs:44:22
[INFO] [stdout]    4:     0x559651eb43e0 - core::fmt::rt::Argument::fmt::h1539a9308b8d058d
[INFO] [stdout]                                at /rustc/82e1608dfa6e0b5569232559e3d385fea5a93112/library/core/src/fmt/rt.rs:142:9
[INFO] [stdout]    5:     0x559651eb43e0 - core::fmt::write::h3a39390d8560d9c9
[INFO] [stdout]                                at /rustc/82e1608dfa6e0b5569232559e3d385fea5a93112/library/core/src/fmt/mod.rs:1120:17
[INFO] [stdout]    6:     0x559651e8577f - std::io::Write::write_fmt::h040b369f3a0f9cbc
[INFO] [stdout]                                at /rustc/82e1608dfa6e0b5569232559e3d385fea5a93112/library/std/src/io/mod.rs:1762:15
[INFO] [stdout]    7:     0x559651e87ed4 - std::sys_common::backtrace::_print::h894006fb5c6f3d45
[INFO] [stdout]                                at /rustc/82e1608dfa6e0b5569232559e3d385fea5a93112/library/std/src/sys_common/backtrace.rs:47:5
[INFO] [stdout]    8:     0x559651e87ed4 - std::sys_common::backtrace::print::h23a2d212c6fff936
[INFO] [stdout]                                at /rustc/82e1608dfa6e0b5569232559e3d385fea5a93112/library/std/src/sys_common/backtrace.rs:34:9
[INFO] [stdout]    9:     0x559651e89b97 - std::panicking::default_hook::{{closure}}::h8a1d2ee00185001a
[INFO] [stdout]   10:     0x559651e89883 - std::panicking::default_hook::h6038f2eba384e475
[INFO] [stdout]                                at /rustc/82e1608dfa6e0b5569232559e3d385fea5a93112/library/std/src/panicking.rs:289:9
[INFO] [stdout]   11:     0x559651b588b7 - <alloc::boxed::Box<F,A> as core::ops::function::Fn<Args>>::call::h0ad024c9bdc6d768
[INFO] [stdout]                                at /rustc/82e1608dfa6e0b5569232559e3d385fea5a93112/library/alloc/src/boxed.rs:2021:9
[INFO] [stdout]   12:     0x559651b588b7 - test::test_main::{{closure}}::h7500b54257359db6
[INFO] [stdout]                                at /rustc/82e1608dfa6e0b5569232559e3d385fea5a93112/library/test/src/lib.rs:138:21
[INFO] [stdout]   13:     0x559651e8a1a8 - <alloc::boxed::Box<F,A> as core::ops::function::Fn<Args>>::call::h1f8f335eaa9cfaee
[INFO] [stdout]                                at /rustc/82e1608dfa6e0b5569232559e3d385fea5a93112/library/alloc/src/boxed.rs:2021:9
[INFO] [stdout]   14:     0x559651e8a1a8 - std::panicking::rust_panic_with_hook::h2b5517d590cab22e
[INFO] [stdout]                                at /rustc/82e1608dfa6e0b5569232559e3d385fea5a93112/library/std/src/panicking.rs:783:13
[INFO] [stdout]   15:     0x559651e89efe - std::panicking::begin_panic_handler::{{closure}}::h233112c06e0ef43e
[INFO] [stdout]                                at /rustc/82e1608dfa6e0b5569232559e3d385fea5a93112/library/std/src/panicking.rs:657:13
[INFO] [stdout]   16:     0x559651e885b6 - std::sys_common::backtrace::__rust_end_short_backtrace::h6e893f24d7ebbff8
[INFO] [stdout]                                at /rustc/82e1608dfa6e0b5569232559e3d385fea5a93112/library/std/src/sys_common/backtrace.rs:170:18
[INFO] [stdout]   17:     0x559651e89c62 - rust_begin_unwind
[INFO] [stdout]                                at /rustc/82e1608dfa6e0b5569232559e3d385fea5a93112/library/std/src/panicking.rs:645:5
[INFO] [stdout]   18:     0x559651a9f655 - core::panicking::panic_fmt::hbf0e066aabfa482c
[INFO] [stdout]                                at /rustc/82e1608dfa6e0b5569232559e3d385fea5a93112/library/core/src/panicking.rs:72:14
[INFO] [stdout]   19:     0x559651a9faab - core::panicking::assert_failed_inner::h0bba8b7c26ee4492
[INFO] [stdout]   20:     0x559651c82e9e - core::panicking::assert_failed::hbd167b6a1487b6c2
[INFO] [stdout]                                at /rustc/82e1608dfa6e0b5569232559e3d385fea5a93112/library/core/src/panicking.rs:279:5
[INFO] [stdout]   21:     0x559651adb731 - rog::tests::test_grep::ha6a81e8d1aeeb217
[INFO] [stdout]                                at /opt/rustwide/workdir/src/main.rs:827:13
[INFO] [stdout]   22:     0x559651adb1e7 - rog::tests::test_grep::{{closure}}::hf8977dcf22c8721f
[INFO] [stdout]                                at /opt/rustwide/workdir/src/main.rs:809:19
[INFO] [stdout]   23:     0x559651afbc86 - core::ops::function::FnOnce::call_once::he87d15c1a619dd8b
[INFO] [stdout]                                at /rustc/82e1608dfa6e0b5569232559e3d385fea5a93112/library/core/src/ops/function.rs:250:5
[INFO] [stdout]   24:     0x559651b5df0f - core::ops::function::FnOnce::call_once::h2b5d431d5046312d
[INFO] [stdout]                                at /rustc/82e1608dfa6e0b5569232559e3d385fea5a93112/library/core/src/ops/function.rs:250:5
[INFO] [stdout]   25:     0x559651b5df0f - test::__rust_begin_short_backtrace::h7714669af176e207
[INFO] [stdout]                                at /rustc/82e1608dfa6e0b5569232559e3d385fea5a93112/library/test/src/lib.rs:628:18
[INFO] [stdout]   26:     0x559651b5cf25 - test::run_test_in_process::{{closure}}::h85218797dcbcec12
[INFO] [stdout]                                at /rustc/82e1608dfa6e0b5569232559e3d385fea5a93112/library/test/src/lib.rs:651:60
[INFO] [stdout]   27:     0x559651b5cf25 - <core::panic::unwind_safe::AssertUnwindSafe<F> as core::ops::function::FnOnce<()>>::call_once::h76c106ea31c14d7b
[INFO] [stdout]                                at /rustc/82e1608dfa6e0b5569232559e3d385fea5a93112/library/core/src/panic/unwind_safe.rs:272:9
[INFO] [stdout]   28:     0x559651b5cf25 - std::panicking::try::do_call::h3bd5d0f6620ee946
[INFO] [stdout]                                at /rustc/82e1608dfa6e0b5569232559e3d385fea5a93112/library/std/src/panicking.rs:552:40
[INFO] [stdout]   29:     0x559651b5cf25 - std::panicking::try::h232e535e4744fe31
[INFO] [stdout]                                at /rustc/82e1608dfa6e0b5569232559e3d385fea5a93112/library/std/src/panicking.rs:516:19
[INFO] [stdout]   30:     0x559651b5cf25 - std::panic::catch_unwind::h3ce3bd6ca8dbac68
[INFO] [stdout]                                at /rustc/82e1608dfa6e0b5569232559e3d385fea5a93112/library/std/src/panic.rs:142:14
[INFO] [stdout]   31:     0x559651b5cf25 - test::run_test_in_process::hc97b257c9621286a
[INFO] [stdout]                                at /rustc/82e1608dfa6e0b5569232559e3d385fea5a93112/library/test/src/lib.rs:651:27
[INFO] [stdout]   32:     0x559651b5cf25 - test::run_test::{{closure}}::h2aa798823a438d38
[INFO] [stdout]                                at /rustc/82e1608dfa6e0b5569232559e3d385fea5a93112/library/test/src/lib.rs:574:43
[INFO] [stdout]   33:     0x559651b251e6 - test::run_test::{{closure}}::h87d231c78fb59832
[INFO] [stdout]                                at /rustc/82e1608dfa6e0b5569232559e3d385fea5a93112/library/test/src/lib.rs:602:41
[INFO] [stdout]   34:     0x559651b251e6 - std::sys_common::backtrace::__rust_begin_short_backtrace::he6df152596625789
[INFO] [stdout]                                at /rustc/82e1608dfa6e0b5569232559e3d385fea5a93112/library/std/src/sys_common/backtrace.rs:154:18
[INFO] [stdout]   35:     0x559651b2a297 - std::thread::Builder::spawn_unchecked_::{{closure}}::{{closure}}::ha94be15d1e0acf36
[INFO] [stdout]                                at /rustc/82e1608dfa6e0b5569232559e3d385fea5a93112/library/std/src/thread/mod.rs:529:17
[INFO] [stdout]   36:     0x559651b2a297 - <core::panic::unwind_safe::AssertUnwindSafe<F> as core::ops::function::FnOnce<()>>::call_once::h9dc6bd6372f16606
[INFO] [stdout]                                at /rustc/82e1608dfa6e0b5569232559e3d385fea5a93112/library/core/src/panic/unwind_safe.rs:272:9
[INFO] [stdout]   37:     0x559651b2a297 - std::panicking::try::do_call::h9057517f80303cd4
[INFO] [stdout]                                at /rustc/82e1608dfa6e0b5569232559e3d385fea5a93112/library/std/src/panicking.rs:552:40
[INFO] [stdout]   38:     0x559651b2a297 - std::panicking::try::he3a30b11ee45340c
[INFO] [stdout]                                at /rustc/82e1608dfa6e0b5569232559e3d385fea5a93112/library/std/src/panicking.rs:516:19
[INFO] [stdout]   39:     0x559651b2a297 - std::panic::catch_unwind::h410458cfd3528b8b
[INFO] [stdout]                                at /rustc/82e1608dfa6e0b5569232559e3d385fea5a93112/library/std/src/panic.rs:142:14
[INFO] [stdout]   40:     0x559651b2a297 - std::thread::Builder::spawn_unchecked_::{{closure}}::h72ac3bdb567b737b
[INFO] [stdout]                                at /rustc/82e1608dfa6e0b5569232559e3d385fea5a93112/library/std/src/thread/mod.rs:528:30
[INFO] [stdout]   41:     0x559651b2a297 - core::ops::function::FnOnce::call_once{{vtable.shim}}::h38f34da3654a8344
[INFO] [stdout]                                at /rustc/82e1608dfa6e0b5569232559e3d385fea5a93112/library/core/src/ops/function.rs:250:5
[INFO] [stdout]   42:     0x559651e8f5b5 - <alloc::boxed::Box<F,A> as core::ops::function::FnOnce<Args>>::call_once::hc7eafaff61e32df9
[INFO] [stdout]                                at /rustc/82e1608dfa6e0b5569232559e3d385fea5a93112/library/alloc/src/boxed.rs:2007:9
[INFO] [stdout]   43:     0x559651e8f5b5 - <alloc::boxed::Box<F,A> as core::ops::function::FnOnce<Args>>::call_once::h6ba4a5de48dd2304
[INFO] [stdout]                                at /rustc/82e1608dfa6e0b5569232559e3d385fea5a93112/library/alloc/src/boxed.rs:2007:9
[INFO] [stdout]   44:     0x559651e8f5b5 - std::sys::unix::thread::Thread::new::thread_start::he469335aef763e45
[INFO] [stdout]                                at /rustc/82e1608dfa6e0b5569232559e3d385fea5a93112/library/std/src/sys/unix/thread.rs:108:17
[INFO] [stdout]   45:     0x7f2a70709ac3 - <unknown>
[INFO] [stdout]   46:     0x7f2a7079abf4 - __clone
[INFO] [stdout]   47:                0x0 - <unknown>
[INFO] [stdout] 
[INFO] [stdout] ---- tests::test_all_lines stdout ----
[INFO] [stdout] thread 'tests::test_all_lines' panicked at src/main.rs:805:9:
[INFO] [stdout] assertion `left == right` failed
[INFO] [stdout]   left: 19
[INFO] [stdout]  right: 26
[INFO] [stdout] stack backtrace:
[INFO] [stdout]    0:     0x559651e880ec - std::backtrace_rs::backtrace::libunwind::trace::ha637c64ce894333a
[INFO] [stdout]                                at /rustc/82e1608dfa6e0b5569232559e3d385fea5a93112/library/std/src/../../backtrace/src/backtrace/libunwind.rs:104:5
[INFO] [stdout]    1:     0x559651e880ec - std::backtrace_rs::backtrace::trace_unsynchronized::h47f62dea28e0c88d
[INFO] [stdout]                                at /rustc/82e1608dfa6e0b5569232559e3d385fea5a93112/library/std/src/../../backtrace/src/backtrace/mod.rs:66:5
[INFO] [stdout]    2:     0x559651e880ec - std::sys_common::backtrace::_print_fmt::h9eef0abe20ede486
[INFO] [stdout]                                at /rustc/82e1608dfa6e0b5569232559e3d385fea5a93112/library/std/src/sys_common/backtrace.rs:67:5
[INFO] [stdout]    3:     0x559651e880ec - <std::sys_common::backtrace::_print::DisplayBacktrace as core::fmt::Display>::fmt::hed7f999df88cc644
[INFO] [stdout]                                at /rustc/82e1608dfa6e0b5569232559e3d385fea5a93112/library/std/src/sys_common/backtrace.rs:44:22
[INFO] [stdout]    4:     0x559651eb43e0 - core::fmt::rt::Argument::fmt::h1539a9308b8d058d
[INFO] [stdout]                                at /rustc/82e1608dfa6e0b5569232559e3d385fea5a93112/library/core/src/fmt/rt.rs:142:9
[INFO] [stdout]    5:     0x559651eb43e0 - core::fmt::write::h3a39390d8560d9c9
[INFO] [stdout]                                at /rustc/82e1608dfa6e0b5569232559e3d385fea5a93112/library/core/src/fmt/mod.rs:1120:17
[INFO] [stdout]    6:     0x559651e8577f - std::io::Write::write_fmt::h040b369f3a0f9cbc
[INFO] [stdout]                                at /rustc/82e1608dfa6e0b5569232559e3d385fea5a93112/library/std/src/io/mod.rs:1762:15
[INFO] [stdout]    7:     0x559651e87ed4 - std::sys_common::backtrace::_print::h894006fb5c6f3d45
[INFO] [stdout]                                at /rustc/82e1608dfa6e0b5569232559e3d385fea5a93112/library/std/src/sys_common/backtrace.rs:47:5
[INFO] [stdout]    8:     0x559651e87ed4 - std::sys_common::backtrace::print::h23a2d212c6fff936
[INFO] [stdout]                                at /rustc/82e1608dfa6e0b5569232559e3d385fea5a93112/library/std/src/sys_common/backtrace.rs:34:9
[INFO] [stdout]    9:     0x559651e89b97 - std::panicking::default_hook::{{closure}}::h8a1d2ee00185001a
[INFO] [stdout]   10:     0x559651e89883 - std::panicking::default_hook::h6038f2eba384e475
[INFO] [stdout]                                at /rustc/82e1608dfa6e0b5569232559e3d385fea5a93112/library/std/src/panicking.rs:289:9
[INFO] [stdout]   11:     0x559651b588b7 - <alloc::boxed::Box<F,A> as core::ops::function::Fn<Args>>::call::h0ad024c9bdc6d768
[INFO] [stdout]                                at /rustc/82e1608dfa6e0b5569232559e3d385fea5a93112/library/alloc/src/boxed.rs:2021:9
[INFO] [stdout]   12:     0x559651b588b7 - test::test_main::{{closure}}::h7500b54257359db6
[INFO] [stdout]                                at /rustc/82e1608dfa6e0b5569232559e3d385fea5a93112/library/test/src/lib.rs:138:21
[INFO] [stdout]   13:     0x559651e8a1a8 - <alloc::boxed::Box<F,A> as core::ops::function::Fn<Args>>::call::h1f8f335eaa9cfaee
[INFO] [stdout]                                at /rustc/82e1608dfa6e0b5569232559e3d385fea5a93112/library/alloc/src/boxed.rs:2021:9
[INFO] [stdout]   14:     0x559651e8a1a8 - std::panicking::rust_panic_with_hook::h2b5517d590cab22e
[INFO] [stdout]                                at /rustc/82e1608dfa6e0b5569232559e3d385fea5a93112/library/std/src/panicking.rs:783:13
[INFO] [stdout]   15:     0x559651e89efe - std::panicking::begin_panic_handler::{{closure}}::h233112c06e0ef43e
[INFO] [stdout]                                at /rustc/82e1608dfa6e0b5569232559e3d385fea5a93112/library/std/src/panicking.rs:657:13
[INFO] [stdout]   16:     0x559651e885b6 - std::sys_common::backtrace::__rust_end_short_backtrace::h6e893f24d7ebbff8
[INFO] [stdout]                                at /rustc/82e1608dfa6e0b5569232559e3d385fea5a93112/library/std/src/sys_common/backtrace.rs:170:18
[INFO] [stdout]   17:     0x559651e89c62 - rust_begin_unwind
[INFO] [stdout]                                at /rustc/82e1608dfa6e0b5569232559e3d385fea5a93112/library/std/src/panicking.rs:645:5
[INFO] [stdout]   18:     0x559651a9f655 - core::panicking::panic_fmt::hbf0e066aabfa482c
[INFO] [stdout]                                at /rustc/82e1608dfa6e0b5569232559e3d385fea5a93112/library/core/src/panicking.rs:72:14
[INFO] [stdout]   19:     0x559651a9faab - core::panicking::assert_failed_inner::h0bba8b7c26ee4492
[INFO] [stdout]   20:     0x559651c82e9e - core::panicking::assert_failed::hbd167b6a1487b6c2
[INFO] [stdout]                                at /rustc/82e1608dfa6e0b5569232559e3d385fea5a93112/library/core/src/panicking.rs:279:5
[INFO] [stdout]   21:     0x559651adb03f - rog::tests::test_all_lines::heed5aa758b9d79c2
[INFO] [stdout]                                at /opt/rustwide/workdir/src/main.rs:805:9
[INFO] [stdout]   22:     0x559651adac97 - rog::tests::test_all_lines::{{closure}}::hac0b143ec776e430
[INFO] [stdout]                                at /opt/rustwide/workdir/src/main.rs:789:24
[INFO] [stdout]   23:     0x559651afb4a6 - core::ops::function::FnOnce::call_once::h37cb50190cc8e9ea
[INFO] [stdout]                                at /rustc/82e1608dfa6e0b5569232559e3d385fea5a93112/library/core/src/ops/function.rs:250:5
[INFO] [stdout]   24:     0x559651b5df0f - core::ops::function::FnOnce::call_once::h2b5d431d5046312d
[INFO] [stdout]                                at /rustc/82e1608dfa6e0b5569232559e3d385fea5a93112/library/core/src/ops/function.rs:250:5
[INFO] [stdout]   25:     0x559651b5df0f - test::__rust_begin_short_backtrace::h7714669af176e207
[INFO] [stdout]                                at /rustc/82e1608dfa6e0b5569232559e3d385fea5a93112/library/test/src/lib.rs:628:18
[INFO] [stdout]   26:     0x559651b5cf25 - test::run_test_in_process::{{closure}}::h85218797dcbcec12
[INFO] [stdout]                                at /rustc/82e1608dfa6e0b5569232559e3d385fea5a93112/library/test/src/lib.rs:651:60
[INFO] [stdout]   27:     0x559651b5cf25 - <core::panic::unwind_safe::AssertUnwindSafe<F> as core::ops::function::FnOnce<()>>::call_once::h76c106ea31c14d7b
[INFO] [stdout]                                at /rustc/82e1608dfa6e0b5569232559e3d385fea5a93112/library/core/src/panic/unwind_safe.rs:272:9
[INFO] [stdout]   28:     0x559651b5cf25 - std::panicking::try::do_call::h3bd5d0f6620ee946
[INFO] [stdout]                                at /rustc/82e1608dfa6e0b5569232559e3d385fea5a93112/library/std/src/panicking.rs:552:40
[INFO] [stdout]   29:     0x559651b5cf25 - std::panicking::try::h232e535e4744fe31
[INFO] [stdout]                                at /rustc/82e1608dfa6e0b5569232559e3d385fea5a93112/library/std/src/panicking.rs:516:19
[INFO] [stdout]   30:     0x559651b5cf25 - std::panic::catch_unwind::h3ce3bd6ca8dbac68
[INFO] [stdout]                                at /rustc/82e1608dfa6e0b5569232559e3d385fea5a93112/library/std/src/panic.rs:142:14
[INFO] [stdout]   31:     0x559651b5cf25 - test::run_test_in_process::hc97b257c9621286a
[INFO] [stdout]                                at /rustc/82e1608dfa6e0b5569232559e3d385fea5a93112/library/test/src/lib.rs:651:27
[INFO] [stdout]   32:     0x559651b5cf25 - test::run_test::{{closure}}::h2aa798823a438d38
[INFO] [stdout]                                at /rustc/82e1608dfa6e0b5569232559e3d385fea5a93112/library/test/src/lib.rs:574:43
[INFO] [stdout]   33:     0x559651b251e6 - test::run_test::{{closure}}::h87d231c78fb59832
[INFO] [stdout]                                at /rustc/82e1608dfa6e0b5569232559e3d385fea5a93112/library/test/src/lib.rs:602:41
[INFO] [stdout]   34:     0x559651b251e6 - std::sys_common::backtrace::__rust_begin_short_backtrace::he6df152596625789
[INFO] [stdout]                                at /rustc/82e1608dfa6e0b5569232559e3d385fea5a93112/library/std/src/sys_common/backtrace.rs:154:18
[INFO] [stdout]   35:     0x559651b2a297 - std::thread::Builder::spawn_unchecked_::{{closure}}::{{closure}}::ha94be15d1e0acf36
[INFO] [stdout]                                at /rustc/82e1608dfa6e0b5569232559e3d385fea5a93112/library/std/src/thread/mod.rs:529:17
[INFO] [stdout]   36:     0x559651b2a297 - <core::panic::unwind_safe::AssertUnwindSafe<F> as core::ops::function::FnOnce<()>>::call_once::h9dc6bd6372f16606
[INFO] [stdout]                                at /rustc/82e1608dfa6e0b5569232559e3d385fea5a93112/library/core/src/panic/unwind_safe.rs:272:9
[INFO] [stdout]   37:     0x559651b2a297 - std::panicking::try::do_call::h9057517f80303cd4
[INFO] [stdout]                                at /rustc/82e1608dfa6e0b5569232559e3d385fea5a93112/library/std/src/panicking.rs:552:40
[INFO] [stdout]   38:     0x559651b2a297 - std::panicking::try::he3a30b11ee45340c
[INFO] [stdout]                                at /rustc/82e1608dfa6e0b5569232559e3d385fea5a93112/library/std/src/panicking.rs:516:19
[INFO] [stdout]   39:     0x559651b2a297 - std::panic::catch_unwind::h410458cfd3528b8b
[INFO] [stdout]                                at /rustc/82e1608dfa6e0b5569232559e3d385fea5a93112/library/std/src/panic.rs:142:14
[INFO] [stdout]   40:     0x559651b2a297 - std::thread::Builder::spawn_unchecked_::{{closure}}::h72ac3bdb567b737b
[INFO] [stdout]                                at /rustc/82e1608dfa6e0b5569232559e3d385fea5a93112/library/std/src/thread/mod.rs:528:30
[INFO] [stdout]   41:     0x559651b2a297 - core::ops::function::FnOnce::call_once{{vtable.shim}}::h38f34da3654a8344
[INFO] [stdout]                                at /rustc/82e1608dfa6e0b5569232559e3d385fea5a93112/library/core/src/ops/function.rs:250:5
[INFO] [stdout]   42:     0x559651e8f5b5 - <alloc::boxed::Box<F,A> as core::ops::function::FnOnce<Args>>::call_once::hc7eafaff61e32df9
[INFO] [stdout]                                at /rustc/82e1608dfa6e0b5569232559e3d385fea5a93112/library/alloc/src/boxed.rs:2007:9
[INFO] [stdout]   43:     0x559651e8f5b5 - <alloc::boxed::Box<F,A> as core::ops::function::FnOnce<Args>>::call_once::h6ba4a5de48dd2304
[INFO] [stdout]                                at /rustc/82e1608dfa6e0b5569232559e3d385fea5a93112/library/alloc/src/boxed.rs:2007:9
[INFO] [stdout]   44:     0x559651e8f5b5 - std::sys::unix::thread::Thread::new::thread_start::he469335aef763e45
[INFO] [stdout]                                at /rustc/82e1608dfa6e0b5569232559e3d385fea5a93112/library/std/src/sys/unix/thread.rs:108:17
[INFO] [stdout]   45:     0x7f2a70709ac3 - <unknown>
[INFO] [stdout]   46:     0x7f2a7079abf4 - __clone
[INFO] [stdout]   47:                0x0 - <unknown>
[INFO] [stdout] 
[INFO] [stdout] ---- tests::test_grep_lines stdout ----
[INFO] [stdout] thread 'tests::test_grep_lines' panicked at src/main.rs:847:38:
[INFO] [stdout] called `Result::unwrap()` on an `Err` value: Os { code: 30, kind: ReadOnlyFilesystem, message: "Read-only file system" }
[INFO] [stdout] 
[INFO] [stdout] stack backtrace:
[INFO] [stdout]    0: failure::backtrace::internal::InternalBacktrace::new::hdf9a4b1d029d1aec (0x559651de0858)
[INFO] [stdout]              at src/backtrace/internal.rs:44
[INFO] [stdout]    1: failure::backtrace::Backtrace::new::h68e144d563d8edd8 (0x559651de0df7)
[INFO] [stdout]              at src/backtrace/mod.rs:111
[INFO] [stdout]    2: <failure::error::error_impl::ErrorImpl as core::convert::From<F>>::from::h5a6fa7de8abab599 (0x559651aeb565)
[INFO] [stdout]              at /opt/rustwide/cargo-home/registry/src/index.crates.io-6f17d22bba15001f/failure-0.1.5/src/error/error_impl.rs:19
[INFO] [stdout]    3: <failure::error::Error as core::convert::From<F>>::from::h57bdc0d527807af7 (0x559651ac209d)
[INFO] [stdout]              at /opt/rustwide/cargo-home/registry/src/index.crates.io-6f17d22bba15001f/failure-0.1.5/src/error/mod.rs:36
[INFO] [stdout]    4: <core::result::Result<T,F> as core::ops::try_trait::FromResidual<core::result::Result<core::convert::Infallible,E>>>::from_residual::h8865defe0fb72b4e (0x559651b153a7)
[INFO] [stdout]              at /rustc/82e1608dfa6e0b5569232559e3d385fea5a93112/library/core/src/result.rs:1963
[INFO] [stdout]    5: rog::output_csv::h46ab7b6d10aa76bb (0x559651aed59f)
[INFO] [stdout]              at src/main.rs:337
[INFO] [stdout]    6: rog::tests::test_grep_lines::h09282f2e2c2ded4f (0x559651adbd54)
[INFO] [stdout]              at src/main.rs:847
[INFO] [stdout]    7: rog::tests::test_grep_lines::{{closure}}::hb9d146968cb35509 (0x559651adb9c6)
[INFO] [stdout]              at src/main.rs:832
[INFO] [stdout]    8: core::ops::function::FnOnce::call_once::h68fda770bc00228b (0x559651afb5f5)
[INFO] [stdout]              at /rustc/82e1608dfa6e0b5569232559e3d385fea5a93112/library/core/src/ops/function.rs:250
[INFO] [stdout]    9: core::ops::function::FnOnce::call_once::h2b5d431d5046312d (0x559651b5df0e)
[INFO] [stdout]              at library/core/src/ops/function.rs:250
[INFO] [stdout]       test::__rust_begin_short_backtrace::h7714669af176e207
[INFO] [stdout]              at library/test/src/lib.rs:628
[INFO] [stdout]   10: test::run_test_in_process::{{closure}}::h85218797dcbcec12 (0x559651b5cf24)
[INFO] [stdout]              at library/test/src/lib.rs:651
[INFO] [stdout]       <core::panic::unwind_safe::AssertUnwindSafe<F> as core::ops::function::FnOnce<()>>::call_once::h76c106ea31c14d7b
[INFO] [stdout]              at library/core/src/panic/unwind_safe.rs:272
[INFO] [stdout]       std::panicking::try::do_call::h3bd5d0f6620ee946
[INFO] [stdout]              at library/std/src/panicking.rs:552
[INFO] [stdout]       std::panicking::try::h232e535e4744fe31
[INFO] [stdout]              at library/std/src/panicking.rs:516
[INFO] [stdout]       std::panic::catch_unwind::h3ce3bd6ca8dbac68
[INFO] [stdout]              at library/std/src/panic.rs:142
[INFO] [stdout]       test::run_test_in_process::hc97b257c9621286a
[INFO] [stdout]              at library/test/src/lib.rs:651
[INFO] [stdout]       test::run_test::{{closure}}::h2aa798823a438d38
[INFO] [stdout]              at library/test/src/lib.rs:574
[INFO] [stdout]   11: test::run_test::{{closure}}::h87d231c78fb59832 (0x559651b251e5)
[INFO] [stdout]              at library/test/src/lib.rs:602
[INFO] [stdout]       std::sys_common::backtrace::__rust_begin_short_backtrace::he6df152596625789
[INFO] [stdout]              at library/std/src/sys_common/backtrace.rs:154
[INFO] [stdout]   12: std::thread::Builder::spawn_unchecked_::{{closure}}::{{closure}}::ha94be15d1e0acf36 (0x559651b2a296)
[INFO] [stdout]              at library/std/src/thread/mod.rs:529
[INFO] [stdout]       <core::panic::unwind_safe::AssertUnwindSafe<F> as core::ops::function::FnOnce<()>>::call_once::h9dc6bd6372f16606
[INFO] [stdout]              at library/core/src/panic/unwind_safe.rs:272
[INFO] [stdout]       std::panicking::try::do_call::h9057517f80303cd4
[INFO] [stdout]              at library/std/src/panicking.rs:552
[INFO] [stdout]       std::panicking::try::he3a30b11ee45340c
[INFO] [stdout]              at library/std/src/panicking.rs:516
[INFO] [stdout]       std::panic::catch_unwind::h410458cfd3528b8b
[INFO] [stdout]              at library/std/src/panic.rs:142
[INFO] [stdout]       std::thread::Builder::spawn_unchecked_::{{closure}}::h72ac3bdb567b737b
[INFO] [stdout]              at library/std/src/thread/mod.rs:528
[INFO] [stdout]       core::ops::function::FnOnce::call_once{{vtable.shim}}::h38f34da3654a8344
[INFO] [stdout]              at library/core/src/ops/function.rs:250
[INFO] [stdout]   13: <alloc::boxed::Box<F,A> as core::ops::function::FnOnce<Args>>::call_once::hc7eafaff61e32df9 (0x559651e8f5b4)
[INFO] [stdout]              at library/alloc/src/boxed.rs:2007
[INFO] [stdout]       <alloc::boxed::Box<F,A> as core::ops::function::FnOnce<Args>>::call_once::h6ba4a5de48dd2304
[INFO] [stdout]              at library/alloc/src/boxed.rs:2007
[INFO] [stdout]       std::sys::unix::thread::Thread::new::thread_start::he469335aef763e45
[INFO] [stdout]              at library/std/src/sys/unix/thread.rs:108
[INFO] [stdout]   14: <unknown> (0x7f2a70709ac2)
[INFO] [stdout]   15: __clone (0x7f2a7079abf3)
[INFO] [stdout]   16: <unknown> (0x0)
[INFO] [stdout] stack backtrace:
[INFO] [stdout]    0:     0x559651e880ec - std::backtrace_rs::backtrace::libunwind::trace::ha637c64ce894333a
[INFO] [stdout]                                at /rustc/82e1608dfa6e0b5569232559e3d385fea5a93112/library/std/src/../../backtrace/src/backtrace/libunwind.rs:104:5
[INFO] [stdout]    1:     0x559651e880ec - std::backtrace_rs::backtrace::trace_unsynchronized::h47f62dea28e0c88d
[INFO] [stdout]                                at /rustc/82e1608dfa6e0b5569232559e3d385fea5a93112/library/std/src/../../backtrace/src/backtrace/mod.rs:66:5
[INFO] [stdout]    2:     0x559651e880ec - std::sys_common::backtrace::_print_fmt::h9eef0abe20ede486
[INFO] [stdout]                                at /rustc/82e1608dfa6e0b5569232559e3d385fea5a93112/library/std/src/sys_common/backtrace.rs:67:5
[INFO] [stdout]    3:     0x559651e880ec - <std::sys_common::backtrace::_print::DisplayBacktrace as core::fmt::Display>::fmt::hed7f999df88cc644
[INFO] [stdout]                                at /rustc/82e1608dfa6e0b5569232559e3d385fea5a93112/library/std/src/sys_common/backtrace.rs:44:22
[INFO] [stdout]    4:     0x559651eb43e0 - core::fmt::rt::Argument::fmt::h1539a9308b8d058d
[INFO] [stdout]                                at /rustc/82e1608dfa6e0b5569232559e3d385fea5a93112/library/core/src/fmt/rt.rs:142:9
[INFO] [stdout]    5:     0x559651eb43e0 - core::fmt::write::h3a39390d8560d9c9
[INFO] [stdout]                                at /rustc/82e1608dfa6e0b5569232559e3d385fea5a93112/library/core/src/fmt/mod.rs:1120:17
[INFO] [stdout]    6:     0x559651e8577f - std::io::Write::write_fmt::h040b369f3a0f9cbc
[INFO] [stdout]                                at /rustc/82e1608dfa6e0b5569232559e3d385fea5a93112/library/std/src/io/mod.rs:1762:15
[INFO] [stdout]    7:     0x559651e87ed4 - std::sys_common::backtrace::_print::h894006fb5c6f3d45
[INFO] [stdout]                                at /rustc/82e1608dfa6e0b5569232559e3d385fea5a93112/library/std/src/sys_common/backtrace.rs:47:5
[INFO] [stdout]    8:     0x559651e87ed4 - std::sys_common::backtrace::print::h23a2d212c6fff936
[INFO] [stdout]                                at /rustc/82e1608dfa6e0b5569232559e3d385fea5a93112/library/std/src/sys_common/backtrace.rs:34:9
[INFO] [stdout]    9:     0x559651e89b97 - std::panicking::default_hook::{{closure}}::h8a1d2ee00185001a
[INFO] [stdout]   10:     0x559651e89883 - std::panicking::default_hook::h6038f2eba384e475
[INFO] [stdout]                                at /rustc/82e1608dfa6e0b5569232559e3d385fea5a93112/library/std/src/panicking.rs:289:9
[INFO] [stdout]   11:     0x559651b588b7 - <alloc::boxed::Box<F,A> as core::ops::function::Fn<Args>>::call::h0ad024c9bdc6d768
[INFO] [stdout]                                at /rustc/82e1608dfa6e0b5569232559e3d385fea5a93112/library/alloc/src/boxed.rs:2021:9
[INFO] [stdout]   12:     0x559651b588b7 - test::test_main::{{closure}}::h7500b54257359db6
[INFO] [stdout]                                at /rustc/82e1608dfa6e0b5569232559e3d385fea5a93112/library/test/src/lib.rs:138:21
[INFO] [stdout]   13:     0x559651e8a1a8 - <alloc::boxed::Box<F,A> as core::ops::function::Fn<Args>>::call::h1f8f335eaa9cfaee
[INFO] [stdout]                                at /rustc/82e1608dfa6e0b5569232559e3d385fea5a93112/library/alloc/src/boxed.rs:2021:9
[INFO] [stdout]   14:     0x559651e8a1a8 - std::panicking::rust_panic_with_hook::h2b5517d590cab22e
[INFO] [stdout]                                at /rustc/82e1608dfa6e0b5569232559e3d385fea5a93112/library/std/src/panicking.rs:783:13
[INFO] [stdout]   15:     0x559651e89efe - std::panicking::begin_panic_handler::{{closure}}::h233112c06e0ef43e
[INFO] [stdout]                                at /rustc/82e1608dfa6e0b5569232559e3d385fea5a93112/library/std/src/panicking.rs:657:13
[INFO] [stdout]   16:     0x559651e885b6 - std::sys_common::backtrace::__rust_end_short_backtrace::h6e893f24d7ebbff8
[INFO] [stdout]                                at /rustc/82e1608dfa6e0b5569232559e3d385fea5a93112/library/std/src/sys_common/backtrace.rs:170:18
[INFO] [stdout]   17:     0x559651e89c62 - rust_begin_unwind
[INFO] [stdout]                                at /rustc/82e1608dfa6e0b5569232559e3d385fea5a93112/library/std/src/panicking.rs:645:5
[INFO] [stdout]   18:     0x559651a9f655 - core::panicking::panic_fmt::hbf0e066aabfa482c
[INFO] [stdout]                                at /rustc/82e1608dfa6e0b5569232559e3d385fea5a93112/library/core/src/panicking.rs:72:14
[INFO] [stdout]   19:     0x559651a9fc23 - core::result::unwrap_failed::hddb4fea594200c52
[INFO] [stdout]                                at /rustc/82e1608dfa6e0b5569232559e3d385fea5a93112/library/core/src/result.rs:1653:5
[INFO] [stdout]   20:     0x559651b180fc - core::result::Result<T,E>::unwrap::h925c42d6d89e6982
[INFO] [stdout]                                at /rustc/82e1608dfa6e0b5569232559e3d385fea5a93112/library/core/src/result.rs:1077:23
[INFO] [stdout]   21:     0x559651adbd77 - rog::tests::test_grep_lines::h09282f2e2c2ded4f
[INFO] [stdout]                                at /opt/rustwide/workdir/src/main.rs:847:9
[INFO] [stdout]   22:     0x559651adb9c7 - rog::tests::test_grep_lines::{{closure}}::hb9d146968cb35509
[INFO] [stdout]                                at /opt/rustwide/workdir/src/main.rs:832:25
[INFO] [stdout]   23:     0x559651afb5f6 - core::ops::function::FnOnce::call_once::h68fda770bc00228b
[INFO] [stdout]                                at /rustc/82e1608dfa6e0b5569232559e3d385fea5a93112/library/core/src/ops/function.rs:250:5
[INFO] [stdout]   24:     0x559651b5df0f - core::ops::function::FnOnce::call_once::h2b5d431d5046312d
[INFO] [stdout]                                at /rustc/82e1608dfa6e0b5569232559e3d385fea5a93112/library/core/src/ops/function.rs:250:5
[INFO] [stdout]   25:     0x559651b5df0f - test::__rust_begin_short_backtrace::h7714669af176e207
[INFO] [stdout]                                at /rustc/82e1608dfa6e0b5569232559e3d385fea5a93112/library/test/src/lib.rs:628:18
[INFO] [stdout]   26:     0x559651b5cf25 - test::run_test_in_process::{{closure}}::h85218797dcbcec12
[INFO] [stdout]                                at /rustc/82e1608dfa6e0b5569232559e3d385fea5a93112/library/test/src/lib.rs:651:60
[INFO] [stdout]   27:     0x559651b5cf25 - <core::panic::unwind_safe::AssertUnwindSafe<F> as core::ops::function::FnOnce<()>>::call_once::h76c106ea31c14d7b
[INFO] [stdout]                                at /rustc/82e1608dfa6e0b5569232559e3d385fea5a93112/library/core/src/panic/unwind_safe.rs:272:9
[INFO] [stdout]   28:     0x559651b5cf25 - std::panicking::try::do_call::h3bd5d0f6620ee946
[INFO] [stdout]                                at /rustc/82e1608dfa6e0b5569232559e3d385fea5a93112/library/std/src/panicking.rs:552:40
[INFO] [stdout]   29:     0x559651b5cf25 - std::panicking::try::h232e535e4744fe31
[INFO] [stdout]                                at /rustc/82e1608dfa6e0b5569232559e3d385fea5a93112/library/std/src/panicking.rs:516:19
[INFO] [stdout]   30:     0x559651b5cf25 - std::panic::catch_unwind::h3ce3bd6ca8dbac68
[INFO] [stdout]                                at /rustc/82e1608dfa6e0b5569232559e3d385fea5a93112/library/std/src/panic.rs:142:14
[INFO] [stdout]   31:     0x559651b5cf25 - test::run_test_in_process::hc97b257c9621286a
[INFO] [stdout]                                at /rustc/82e1608dfa6e0b5569232559e3d385fea5a93112/library/test/src/lib.rs:651:27
[INFO] [stdout]   32:     0x559651b5cf25 - test::run_test::{{closure}}::h2aa798823a438d38
[INFO] [stdout]                                at /rustc/82e1608dfa6e0b5569232559e3d385fea5a93112/library/test/src/lib.rs:574:43
[INFO] [stdout]   33:     0x559651b251e6 - test::run_test::{{closure}}::h87d231c78fb59832
[INFO] [stdout]                                at /rustc/82e1608dfa6e0b5569232559e3d385fea5a93112/library/test/src/lib.rs:602:41
[INFO] [stdout]   34:     0x559651b251e6 - std::sys_common::backtrace::__rust_begin_short_backtrace::he6df152596625789
[INFO] [stdout]                                at /rustc/82e1608dfa6e0b5569232559e3d385fea5a93112/library/std/src/sys_common/backtrace.rs:154:18
[INFO] [stdout]   35:     0x559651b2a297 - std::thread::Builder::spawn_unchecked_::{{closure}}::{{closure}}::ha94be15d1e0acf36
[INFO] [stdout]                                at /rustc/82e1608dfa6e0b5569232559e3d385fea5a93112/library/std/src/thread/mod.rs:529:17
[INFO] [stdout]   36:     0x559651b2a297 - <core::panic::unwind_safe::AssertUnwindSafe<F> as core::ops::function::FnOnce<()>>::call_once::h9dc6bd6372f16606
[INFO] [stdout]                                at /rustc/82e1608dfa6e0b5569232559e3d385fea5a93112/library/core/src/panic/unwind_safe.rs:272:9
[INFO] [stdout]   37:     0x559651b2a297 - std::panicking::try::do_call::h9057517f80303cd4
[INFO] [stdout]                                at /rustc/82e1608dfa6e0b5569232559e3d385fea5a93112/library/std/src/panicking.rs:552:40
[INFO] [stdout]   38:     0x559651b2a297 - std::panicking::try::he3a30b11ee45340c
[INFO] [stdout]                                at /rustc/82e1608dfa6e0b5569232559e3d385fea5a93112/library/std/src/panicking.rs:516:19
[INFO] [stdout]   39:     0x559651b2a297 - std::panic::catch_unwind::h410458cfd3528b8b
[INFO] [stdout]                                at /rustc/82e1608dfa6e0b5569232559e3d385fea5a93112/library/std/src/panic.rs:142:14
[INFO] [stdout]   40:     0x559651b2a297 - std::thread::Builder::spawn_unchecked_::{{closure}}::h72ac3bdb567b737b
[INFO] [stdout]                                at /rustc/82e1608dfa6e0b5569232559e3d385fea5a93112/library/std/src/thread/mod.rs:528:30
[INFO] [stdout]   41:     0x559651b2a297 - core::ops::function::FnOnce::call_once{{vtable.shim}}::h38f34da3654a8344
[INFO] [stdout]                                at /rustc/82e1608dfa6e0b5569232559e3d385fea5a93112/library/core/src/ops/function.rs:250:5
[INFO] [stdout]   42:     0x559651e8f5b5 - <alloc::boxed::Box<F,A> as core::ops::function::FnOnce<Args>>::call_once::hc7eafaff61e32df9
[INFO] [stdout]                                at /rustc/82e1608dfa6e0b5569232559e3d385fea5a93112/library/alloc/src/boxed.rs:2007:9
[INFO] [stdout]   43:     0x559651e8f5b5 - <alloc::boxed::Box<F,A> as core::ops::function::FnOnce<Args>>::call_once::h6ba4a5de48dd2304
[INFO] [stdout]                                at /rustc/82e1608dfa6e0b5569232559e3d385fea5a93112/library/alloc/src/boxed.rs:2007:9
[INFO] [stdout]   44:     0x559651e8f5b5 - std::sys::unix::thread::Thread::new::thread_start::he469335aef763e45
[INFO] [stdout]                                at /rustc/82e1608dfa6e0b5569232559e3d385fea5a93112/library/std/src/sys/unix/thread.rs:108:17
[INFO] [stdout]   45:     0x7f2a70709ac3 - <unknown>
[INFO] [stdout]   46:     0x7f2a7079abf4 - __clone
[INFO] [stdout]   47:                0x0 - <unknown>
[INFO] [stdout] 
[INFO] [stdout] ---- tests::test_parse_with_csv stdout ----
[INFO] [stdout] [src/main.rs:752] &rogs = [
[INFO] [stdout]     Err(
[INFO] [stdout]         Os { code: 26, kind: ExecutableFileBusy, message: "Text file busy" }
[INFO] [stdout]         
[INFO] [stdout]         stack backtrace:
[INFO] [stdout]            0: failure::backtrace::internal::InternalBacktrace::new::hdf9a4b1d029d1aec (0x559651de0858)
[INFO] [stdout]                      at src/backtrace/internal.rs:44
[INFO] [stdout]            1: failure::backtrace::Backtrace::new::h68e144d563d8edd8 (0x559651de0df7)
[INFO] [stdout]                      at src/backtrace/mod.rs:111
[INFO] [stdout]            2: <failure::error::error_impl::ErrorImpl as core::convert::From<F>>::from::h5a6fa7de8abab599 (0x559651aeb565)
[INFO] [stdout]                      at /opt/rustwide/cargo-home/registry/src/index.crates.io-6f17d22bba15001f/failure-0.1.5/src/error/error_impl.rs:19
[INFO] [stdout]            3: <failure::error::Error as core::convert::From<F>>::from::h57bdc0d527807af7 (0x559651ac209d)
[INFO] [stdout]                      at /opt/rustwide/cargo-home/registry/src/index.crates.io-6f17d22bba15001f/failure-0.1.5/src/error/mod.rs:36
[INFO] [stdout]            4: <core::result::Result<T,F> as core::ops::try_trait::FromResidual<core::result::Result<core::convert::Infallible,E>>>::from_residual::h8865defe0fb72b4e (0x559651b153a7)
[INFO] [stdout]                      at /rustc/82e1608dfa6e0b5569232559e3d385fea5a93112/library/core/src/result.rs:1963
[INFO] [stdout]            5: rog::to_utf8::h5960181b8eec4431 (0x559651aec5f3)
[INFO] [stdout]                      at src/main.rs:248
[INFO] [stdout]            6: rog::Rog::parse_with_csv::hbe5d250c40f0a17f (0x559651af0004)
[INFO] [stdout]                      at src/main.rs:495
[INFO] [stdout]            7: rog::tests::test_parse_with_csv::{{closure}}::h4afdec584eafcd03 (0x559651ada170)
[INFO] [stdout]                      at src/main.rs:745
[INFO] [stdout]            8: core::ops::function::impls::<impl core::ops::function::FnMut<A> for &mut F>::call_mut::h325090693feaa0e5 (0x559651acf240)
[INFO] [stdout]                      at /rustc/82e1608dfa6e0b5569232559e3d385fea5a93112/library/core/src/ops/function.rs:294
[INFO] [stdout]            9: core::iter::traits::iterator::Iterator::find_map::check::{{closure}}::hfae555e23ada509f (0x559651af91a1)
[INFO] [stdout]                      at /rustc/82e1608dfa6e0b5569232559e3d385fea5a93112/library/core/src/iter/traits/iterator.rs:2958
[INFO] [stdout]           10: core::iter::adapters::filter_map::filter_map_try_fold::{{closure}}::h841b5239a64fe2b2 (0x559651b05e82)
[INFO] [stdout]                      at /rustc/82e1608dfa6e0b5569232559e3d385fea5a93112/library/core/src/iter/adapters/filter_map.rs:48
[INFO] [stdout]           11: core::iter::traits::iterator::Iterator::try_fold::hfb284ef85c90250b (0x559651acb304)
[INFO] [stdout]                      at /rustc/82e1608dfa6e0b5569232559e3d385fea5a93112/library/core/src/iter/traits/iterator.rs:2462
[INFO] [stdout]           12: <core::iter::adapters::filter_map::FilterMap<I,F> as core::iter::traits::iterator::Iterator>::try_fold::hb828edf378ac45ca (0x559651b01e59)
[INFO] [stdout]                      at /rustc/82e1608dfa6e0b5569232559e3d385fea5a93112/library/core/src/iter/adapters/filter_map.rs:137
[INFO] [stdout]           13: core::iter::traits::iterator::Iterator::find_map::ha45e7838d5ab6caf (0x559651b05b49)
[INFO] [stdout]                      at /rustc/82e1608dfa6e0b5569232559e3d385fea5a93112/library/core/src/iter/traits/iterator.rs:2964
[INFO] [stdout]           14: <core::iter::adapters::filter_map::FilterMap<I,F> as core::iter::traits::iterator::Iterator>::next::h1ed3abdca7ffda23 (0x559651b01d0c)
[INFO] [stdout]                      at /rustc/82e1608dfa6e0b5569232559e3d385fea5a93112/library/core/src/iter/adapters/filter_map.rs:62
[INFO] [stdout]           15: <alloc::vec::Vec<T> as alloc::vec::spec_from_iter_nested::SpecFromIterNested<T,I>>::from_iter::h3e437099077c592a (0x559651aa850e)
[INFO] [stdout]                      at /rustc/82e1608dfa6e0b5569232559e3d385fea5a93112/library/alloc/src/vec/spec_from_iter_nested.rs:26
[INFO] [stdout]           16: <alloc::vec::Vec<T> as alloc::vec::spec_from_iter::SpecFromIter<T,I>>::from_iter::h73fde99803bd739b (0x559651ab0f3c)
[INFO] [stdout]                      at /rustc/82e1608dfa6e0b5569232559e3d385fea5a93112/library/alloc/src/vec/spec_from_iter.rs:33
[INFO] [stdout]           17: <alloc::vec::Vec<T> as core::iter::traits::collect::FromIterator<T>>::from_iter::h8ce4cc27f9e0407b (0x559651ab0ae4)
[INFO] [stdout]                      at /rustc/82e1608dfa6e0b5569232559e3d385fea5a93112/library/alloc/src/vec/mod.rs:2753
[INFO] [stdout]           18: core::iter::traits::iterator::Iterator::collect::h76fcd792872b119d (0x559651b059fc)
[INFO] [stdout]                      at /rustc/82e1608dfa6e0b5569232559e3d385fea5a93112/library/core/src/iter/traits/iterator.rs:2054
[INFO] [stdout]           19: rog::tests::test_parse_with_csv::ha821121ff21a856d (0x559651ad9e36)
[INFO] [stdout]                      at src/main.rs:740
[INFO] [stdout]           20: rog::tests::test_parse_with_csv::{{closure}}::h3dce734007d33d78 (0x559651ad9c66)
[INFO] [stdout]                      at src/main.rs:737
[INFO] [stdout]           21: core::ops::function::FnOnce::call_once::ha64d56dde4263f65 (0x559651afb7e5)
[INFO] [stdout]                      at /rustc/82e1608dfa6e0b5569232559e3d385fea5a93112/library/core/src/ops/function.rs:250
[INFO] [stdout]           22: core::ops::function::FnOnce::call_once::h2b5d431d5046312d (0x559651b5df0e)
[INFO] [stdout]                      at library/core/src/ops/function.rs:250
[INFO] [stdout]               test::__rust_begin_short_backtrace::h7714669af176e207
[INFO] [stdout]                      at library/test/src/lib.rs:628
[INFO] [stdout]           23: test::run_test_in_process::{{closure}}::h85218797dcbcec12 (0x559651b5cf24)
[INFO] [stdout]                      at library/test/src/lib.rs:651
[INFO] [stdout]               <core::panic::unwind_safe::AssertUnwindSafe<F> as core::ops::function::FnOnce<()>>::call_once::h76c106ea31c14d7b
[INFO] [stdout]                      at library/core/src/panic/unwind_safe.rs:272
[INFO] [stdout]               std::panicking::try::do_call::h3bd5d0f6620ee946
[INFO] [stdout]                      at library/std/src/panicking.rs:552
[INFO] [stdout]               std::panicking::try::h232e535e4744fe31
[INFO] [stdout]                      at library/std/src/panicking.rs:516
[INFO] [stdout]               std::panic::catch_unwind::h3ce3bd6ca8dbac68
[INFO] [stdout]                      at library/std/src/panic.rs:142
[INFO] [stdout]               test::run_test_in_process::hc97b257c9621286a
[INFO] [stdout]                      at library/test/src/lib.rs:651
[INFO] [stdout]               test::run_test::{{closure}}::h2aa798823a438d38
[INFO] [stdout]                      at library/test/src/lib.rs:574
[INFO] [stdout]           24: test::run_test::{{closure}}::h87d231c78fb59832 (0x559651b251e5)
[INFO] [stdout]                      at library/test/src/lib.rs:602
[INFO] [stdout]               std::sys_common::backtrace::__rust_begin_short_backtrace::he6df152596625789
[INFO] [stdout]                      at library/std/src/sys_common/backtrace.rs:154
[INFO] [stdout]           25: std::thread::Builder::spawn_unchecked_::{{closure}}::{{closure}}::ha94be15d1e0acf36 (0x559651b2a296)
[INFO] [stdout]                      at library/std/src/thread/mod.rs:529
[INFO] [stdout]               <core::panic::unwind_safe::AssertUnwindSafe<F> as core::ops::function::FnOnce<()>>::call_once::h9dc6bd6372f16606
[INFO] [stdout]                      at library/core/src/panic/unwind_safe.rs:272
[INFO] [stdout]               std::panicking::try::do_call::h9057517f80303cd4
[INFO] [stdout]                      at library/std/src/panicking.rs:552
[INFO] [stdout]               std::panicking::try::he3a30b11ee45340c
[INFO] [stdout]                      at library/std/src/panicking.rs:516
[INFO] [stdout]               std::panic::catch_unwind::h410458cfd3528b8b
[INFO] [stdout]                      at library/std/src/panic.rs:142
[INFO] [stdout]               std::thread::Builder::spawn_unchecked_::{{closure}}::h72ac3bdb567b737b
[INFO] [stdout]                      at library/std/src/thread/mod.rs:528
[INFO] [stdout]               core::ops::function::FnOnce::call_once{{vtable.shim}}::h38f34da3654a8344
[INFO] [stdout]                      at library/core/src/ops/function.rs:250
[INFO] [stdout]           26: <alloc::boxed::Box<F,A> as core::ops::function::FnOnce<Args>>::call_once::hc7eafaff61e32df9 (0x559651e8f5b4)
[INFO] [stdout]                      at library/alloc/src/boxed.rs:2007
[INFO] [stdout]               <alloc::boxed::Box<F,A> as core::ops::function::FnOnce<Args>>::call_once::h6ba4a5de48dd2304
[INFO] [stdout]                      at library/alloc/src/boxed.rs:2007
[INFO] [stdout]               std::sys::unix::thread::Thread::new::thread_start::he469335aef763e45
[INFO] [stdout]                      at library/std/src/sys/unix/thread.rs:108
[INFO] [stdout]           27: <unknown> (0x7f2a70709ac2)
[INFO] [stdout]           28: __clone (0x7f2a7079abf3)
[INFO] [stdout]           29: <unknown> (0x0),
[INFO] [stdout]     ),
[INFO] [stdout]     Ok(
[INFO] [stdout]         Rog {
[INFO] [stdout]             name: "system_evtx",
[INFO] [stdout]             path: "/opt/rustwide/workdir/test/System_20190503.csv",
[INFO] [stdout]             capture: Csv(
[INFO] [stdout]                 [
[INFO] [stdout]                     "time",
[INFO] [stdout]                     "level",
[INFO] [stdout]                     "msg",
[INFO] [stdout]                 ],
[INFO] [stdout]             ),
[INFO] [stdout]             header_replace: true,
[INFO] [stdout]             header_add: false,
[INFO] [stdout]             parse: [
[INFO] [stdout]                 "%Y/%m/%d %H:%M",
[INFO] [stdout]             ],
[INFO] [stdout]             add_time: None,
[INFO] [stdout]             start: None,
[INFO] [stdout]             end: None,
[INFO] [stdout]             lines: [
[INFO] [stdout]                 Line {
[INFO] [stdout]                     time: 2019-04-28T13:50:00+00:00,
[INFO] [stdout]                     time_fix: 2019-04-28T13:50:00+00:00,
[INFO] [stdout]                     msg: {
[INFO] [stdout]                         "name": "system_evtx",
[INFO] [stdout]                         "path": "/opt/rustwide/workdir/test/System_20190503.csv",
[INFO] [stdout]                         "level": "INFO",
[INFO] [stdout]                         "msg": "1. hogefuga hello",
[INFO] [stdout]                         "time": "2019/04/28 13:50",
[INFO] [stdout]                     },
[INFO] [stdout]                 },
[INFO] [stdout]                 Line {
[INFO] [stdout]                     time: 2019-04-28T14:50:00+00:00,
[INFO] [stdout]                     time_fix: 2019-04-28T14:50:00+00:00,
[INFO] [stdout]                     msg: {
[INFO] [stdout]                         "path": "/opt/rustwide/workdir/test/System_20190503.csv",
[INFO] [stdout]                         "name": "system_evtx",
[INFO] [stdout]                         "time": "2019/04/28 14:50",
[INFO] [stdout]                         "level": "INFO",
[INFO] [stdout]                         "msg": "2 .hogefuga hello",
[INFO] [stdout]                     },
[INFO] [stdout]                 },
[INFO] [stdout]                 Line {
[INFO] [stdout]                     time: 2019-04-28T15:50:00+00:00,
[INFO] [stdout]                     time_fix: 2019-04-28T15:50:00+00:00,
[INFO] [stdout]                     msg: {
[INFO] [stdout]                         "name": "system_evtx",
[INFO] [stdout]                         "msg": "3. hogefuga hello",
[INFO] [stdout]                         "path": "/opt/rustwide/workdir/test/System_20190503.csv",
[INFO] [stdout]                         "time": "2019/04/28 15:50",
[INFO] [stdout]                         "level": "INFO",
[INFO] [stdout]                     },
[INFO] [stdout]                 },
[INFO] [stdout]                 Line {
[INFO] [stdout]                     time: 2019-04-28T16:50:00+00:00,
[INFO] [stdout]                     time_fix: 2019-04-28T16:50:00+00:00,
[INFO] [stdout]                     msg: {
[INFO] [stdout]                         "level": "INFO",
[INFO] [stdout]                         "msg": "4. hogefuga hello",
[INFO] [stdout]                         "name": "system_evtx",
[INFO] [stdout]                         "time": "2019/04/28 16:50",
[INFO] [stdout]                         "path": "/opt/rustwide/workdir/test/System_20190503.csv",
[INFO] [stdout]                     },
[INFO] [stdout]                 },
[INFO] [stdout]                 Line {
[INFO] [stdout]                     time: 2019-04-28T17:50:00+00:00,
[INFO] [stdout]                     time_fix: 2019-04-28T17:50:00+00:00,
[INFO] [stdout]                     msg: {
[INFO] [stdout]                         "msg": "5. hogefuga hello",
[INFO] [stdout]                         "time": "2019/04/28 17:50",
[INFO] [stdout]                         "path": "/opt/rustwide/workdir/test/System_20190503.csv",
[INFO] [stdout]                         "level": "INFO",
[INFO] [stdout]                         "name": "system_evtx",
[INFO] [stdout]                     },
[INFO] [stdout]                 },
[INFO] [stdout]                 Line {
[INFO] [stdout]                     time: 2019-04-28T17:50:00+00:00,
[INFO] [stdout]                     time_fix: 2019-04-28T17:50:00+00:00,
[INFO] [stdout]                     msg: {
[INFO] [stdout]                         "time": "2019/04/28 17:50",
[INFO] [stdout]                         "msg": "6. 日本語 こんにちは",
[INFO] [stdout]                         "level": "INFO",
[INFO] [stdout]                         "name": "system_evtx",
[INFO] [stdout]                         "path": "/opt/rustwide/workdir/test/System_20190503.csv",
[INFO] [stdout]                     },
[INFO] [stdout]                 },
[INFO] [stdout]             ],
[INFO] [stdout]         },
[INFO] [stdout]     ),
[INFO] [stdout] ]
[INFO] [stdout] thread 'tests::test_parse_with_csv' panicked at src/main.rs:759:23:
[INFO] [stdout] error Os { code: 26, kind: ExecutableFileBusy, message: "Text file busy" }
[INFO] [stdout] 
[INFO] [stdout] stack backtrace:
[INFO] [stdout]    0: failure::backtrace::internal::InternalBacktrace::new::hdf9a4b1d029d1aec (0x559651de0858)
[INFO] [stdout]              at src/backtrace/internal.rs:44
[INFO] [stdout]    1: failure::backtrace::Backtrace::new::h68e144d563d8edd8 (0x559651de0df7)
[INFO] [stdout]              at src/backtrace/mod.rs:111
[INFO] [stdout]    2: <failure::error::error_impl::ErrorImpl as core::convert::From<F>>::from::h5a6fa7de8abab599 (0x559651aeb565)
[INFO] [stdout]              at /opt/rustwide/cargo-home/registry/src/index.crates.io-6f17d22bba15001f/failure-0.1.5/src/error/error_impl.rs:19
[INFO] [stdout]    3: <failure::error::Error as core::convert::From<F>>::from::h57bdc0d527807af7 (0x559651ac209d)
[INFO] [stdout]              at /opt/rustwide/cargo-home/registry/src/index.crates.io-6f17d22bba15001f/failure-0.1.5/src/error/mod.rs:36
[INFO] [stdout]    4: <core::result::Result<T,F> as core::ops::try_trait::FromResidual<core::result::Result<core::convert::Infallible,E>>>::from_residual::h8865defe0fb72b4e (0x559651b153a7)
[INFO] [stdout]              at /rustc/82e1608dfa6e0b5569232559e3d385fea5a93112/library/core/src/result.rs:1963
[INFO] [stdout]    5: rog::to_utf8::h5960181b8eec4431 (0x559651aec5f3)
[INFO] [stdout]              at src/main.rs:248
[INFO] [stdout]    6: rog::Rog::parse_with_csv::hbe5d250c40f0a17f (0x559651af0004)
[INFO] [stdout]              at src/main.rs:495
[INFO] [stdout]    7: rog::tests::test_parse_with_csv::{{closure}}::h4afdec584eafcd03 (0x559651ada170)
[INFO] [stdout]              at src/main.rs:745
[INFO] [stdout]    8: core::ops::function::impls::<impl core::ops::function::FnMut<A> for &mut F>::call_mut::h325090693feaa0e5 (0x559651acf240)
[INFO] [stdout]              at /rustc/82e1608dfa6e0b5569232559e3d385fea5a93112/library/core/src/ops/function.rs:294
[INFO] [stdout]    9: core::iter::traits::iterator::Iterator::find_map::check::{{closure}}::hfae555e23ada509f (0x559651af91a1)
[INFO] [stdout]              at /rustc/82e1608dfa6e0b5569232559e3d385fea5a93112/library/core/src/iter/traits/iterator.rs:2958
[INFO] [stdout]   10: core::iter::adapters::filter_map::filter_map_try_fold::{{closure}}::h841b5239a64fe2b2 (0x559651b05e82)
[INFO] [stdout]              at /rustc/82e1608dfa6e0b5569232559e3d385fea5a93112/library/core/src/iter/adapters/filter_map.rs:48
[INFO] [stdout]   11: core::iter::traits::iterator::Iterator::try_fold::hfb284ef85c90250b (0x559651acb304)
[INFO] [stdout]              at /rustc/82e1608dfa6e0b5569232559e3d385fea5a93112/library/core/src/iter/traits/iterator.rs:2462
[INFO] [stdout]   12: <core::iter::adapters::filter_map::FilterMap<I,F> as core::iter::traits::iterator::Iterator>::try_fold::hb828edf378ac45ca (0x559651b01e59)
[INFO] [stdout]              at /rustc/82e1608dfa6e0b5569232559e3d385fea5a93112/library/core/src/iter/adapters/filter_map.rs:137
[INFO] [stdout]   13: core::iter::traits::iterator::Iterator::find_map::ha45e7838d5ab6caf (0x559651b05b49)
[INFO] [stdout]              at /rustc/82e1608dfa6e0b5569232559e3d385fea5a93112/library/core/src/iter/traits/iterator.rs:2964
[INFO] [stdout]   14: <core::iter::adapters::filter_map::FilterMap<I,F> as core::iter::traits::iterator::Iterator>::next::h1ed3abdca7ffda23 (0x559651b01d0c)
[INFO] [stdout]              at /rustc/82e1608dfa6e0b5569232559e3d385fea5a93112/library/core/src/iter/adapters/filter_map.rs:62
[INFO] [stdout]   15: <alloc::vec::Vec<T> as alloc::vec::spec_from_iter_nested::SpecFromIterNested<T,I>>::from_iter::h3e437099077c592a (0x559651aa850e)
[INFO] [stdout]              at /rustc/82e1608dfa6e0b5569232559e3d385fea5a93112/library/alloc/src/vec/spec_from_iter_nested.rs:26
[INFO] [stdout]   16: <alloc::vec::Vec<T> as alloc::vec::spec_from_iter::SpecFromIter<T,I>>::from_iter::h73fde99803bd739b (0x559651ab0f3c)
[INFO] [stdout]              at /rustc/82e1608dfa6e0b5569232559e3d385fea5a93112/library/alloc/src/vec/spec_from_iter.rs:33
[INFO] [stdout]   17: <alloc::vec::Vec<T> as core::iter::traits::collect::FromIterator<T>>::from_iter::h8ce4cc27f9e0407b (0x559651ab0ae4)
[INFO] [stdout]              at /rustc/82e1608dfa6e0b5569232559e3d385fea5a93112/library/alloc/src/vec/mod.rs:2753
[INFO] [stdout]   18: core::iter::traits::iterator::Iterator::collect::h76fcd792872b119d (0x559651b059fc)
[INFO] [stdout]              at /rustc/82e1608dfa6e0b5569232559e3d385fea5a93112/library/core/src/iter/traits/iterator.rs:2054
[INFO] [stdout]   19: rog::tests::test_parse_with_csv::ha821121ff21a856d (0x559651ad9e36)
[INFO] [stdout]              at src/main.rs:740
[INFO] [stdout]   20: rog::tests::test_parse_with_csv::{{closure}}::h3dce734007d33d78 (0x559651ad9c66)
[INFO] [stdout]              at src/main.rs:737
[INFO] [stdout]   21: core::ops::function::FnOnce::call_once::ha64d56dde4263f65 (0x559651afb7e5)
[INFO] [stdout]              at /rustc/82e1608dfa6e0b5569232559e3d385fea5a93112/library/core/src/ops/function.rs:250
[INFO] [stdout]   22: core::ops::function::FnOnce::call_once::h2b5d431d5046312d (0x559651b5df0e)
[INFO] [stdout]              at library/core/src/ops/function.rs:250
[INFO] [stdout]       test::__rust_begin_short_backtrace::h7714669af176e207
[INFO] [stdout]              at library/test/src/lib.rs:628
[INFO] [stdout]   23: test::run_test_in_process::{{closure}}::h85218797dcbcec12 (0x559651b5cf24)
[INFO] [stdout]              at library/test/src/lib.rs:651
[INFO] [stdout]       <core::panic::unwind_safe::AssertUnwindSafe<F> as core::ops::function::FnOnce<()>>::call_once::h76c106ea31c14d7b
[INFO] [stdout]              at library/core/src/panic/unwind_safe.rs:272
[INFO] [stdout]       std::panicking::try::do_call::h3bd5d0f6620ee946
[INFO] [stdout]              at library/std/src/panicking.rs:552
[INFO] [stdout]       std::panicking::try::h232e535e4744fe31
[INFO] [stdout]              at library/std/src/panicking.rs:516
[INFO] [stdout]       std::panic::catch_unwind::h3ce3bd6ca8dbac68
[INFO] [stdout]              at library/std/src/panic.rs:142
[INFO] [stdout]       test::run_test_in_process::hc97b257c9621286a
[INFO] [stdout]              at library/test/src/lib.rs:651
[INFO] [stdout]       test::run_test::{{closure}}::h2aa798823a438d38
[INFO] [stdout]              at library/test/src/lib.rs:574
[INFO] [stdout]   24: test::run_test::{{closure}}::h87d231c78fb59832 (0x559651b251e5)
[INFO] [stdout]              at library/test/src/lib.rs:602
[INFO] [stdout]       std::sys_common::backtrace::__rust_begin_short_backtrace::he6df152596625789
[INFO] [stdout]              at library/std/src/sys_common/backtrace.rs:154
[INFO] [stdout]   25: std::thread::Builder::spawn_unchecked_::{{closure}}::{{closure}}::ha94be15d1e0acf36 (0x559651b2a296)
[INFO] [stdout]              at library/std/src/thread/mod.rs:529
[INFO] [stdout]       <core::panic::unwind_safe::AssertUnwindSafe<F> as core::ops::function::FnOnce<()>>::call_once::h9dc6bd6372f16606
[INFO] [stdout]              at library/core/src/panic/unwind_safe.rs:272
[INFO] [stdout]       std::panicking::try::do_call::h9057517f80303cd4
[INFO] [stdout]              at library/std/src/panicking.rs:552
[INFO] [stdout]       std::panicking::try::he3a30b11ee45340c
[INFO] [stdout]              at library/std/src/panicking.rs:516
[INFO] [stdout]       std::panic::catch_unwind::h410458cfd3528b8b
[INFO] [stdout]              at library/std/src/panic.rs:142
[INFO] [stdout]       std::thread::Builder::spawn_unchecked_::{{closure}}::h72ac3bdb567b737b
[INFO] [stdout]              at library/std/src/thread/mod.rs:528
[INFO] [stdout]       core::ops::function::FnOnce::call_once{{vtable.shim}}::h38f34da3654a8344
[INFO] [stdout]              at library/core/src/ops/function.rs:250
[INFO] [stdout]   26: <alloc::boxed::Box<F,A> as core::ops::function::FnOnce<Args>>::call_once::hc7eafaff61e32df9 (0x559651e8f5b4)
[INFO] [stdout]              at library/alloc/src/boxed.rs:2007
[INFO] [stdout]       <alloc::boxed::Box<F,A> as core::ops::function::FnOnce<Args>>::call_once::h6ba4a5de48dd2304
[INFO] [stdout]              at library/alloc/src/boxed.rs:2007
[INFO] [stdout]       std::sys::unix::thread::Thread::new::thread_start::he469335aef763e45
[INFO] [stdout]              at library/std/src/sys/unix/thread.rs:108
[INFO] [stdout]   27: <unknown> (0x7f2a70709ac2)
[INFO] [stdout]   28: __clone (0x7f2a7079abf3)
[INFO] [stdout]   29: <unknown> (0x0)
[INFO] [stdout] stack backtrace:
[INFO] [stdout]    0:     0x559651e880ec - std::backtrace_rs::backtrace::libunwind::trace::ha637c64ce894333a
[INFO] [stdout]                                at /rustc/82e1608dfa6e0b5569232559e3d385fea5a93112/library/std/src/../../backtrace/src/backtrace/libunwind.rs:104:5
[INFO] [stdout]    1:     0x559651e880ec - std::backtrace_rs::backtrace::trace_unsynchronized::h47f62dea28e0c88d
[INFO] [stdout]                                at /rustc/82e1608dfa6e0b5569232559e3d385fea5a93112/library/std/src/../../backtrace/src/backtrace/mod.rs:66:5
[INFO] [stdout]    2:     0x559651e880ec - std::sys_common::backtrace::_print_fmt::h9eef0abe20ede486
[INFO] [stdout]                                at /rustc/82e1608dfa6e0b5569232559e3d385fea5a93112/library/std/src/sys_common/backtrace.rs:67:5
[INFO] [stdout]    3:     0x559651e880ec - <std::sys_common::backtrace::_print::DisplayBacktrace as core::fmt::Display>::fmt::hed7f999df88cc644
[INFO] [stdout]                                at /rustc/82e1608dfa6e0b5569232559e3d385fea5a93112/library/std/src/sys_common/backtrace.rs:44:22
[INFO] [stdout]    4:     0x559651eb43e0 - core::fmt::rt::Argument::fmt::h1539a9308b8d058d
[INFO] [stdout]                                at /rustc/82e1608dfa6e0b5569232559e3d385fea5a93112/library/core/src/fmt/rt.rs:142:9
[INFO] [stdout]    5:     0x559651eb43e0 - core::fmt::write::h3a39390d8560d9c9
[INFO] [stdout]                                at /rustc/82e1608dfa6e0b5569232559e3d385fea5a93112/library/core/src/fmt/mod.rs:1120:17
[INFO] [stdout]    6:     0x559651e8577f - std::io::Write::write_fmt::h040b369f3a0f9cbc
[INFO] [stdout]                                at /rustc/82e1608dfa6e0b5569232559e3d385fea5a93112/library/std/src/io/mod.rs:1762:15
[INFO] [stdout]    7:     0x559651e87ed4 - std::sys_common::backtrace::_print::h894006fb5c6f3d45
[INFO] [stdout]                                at /rustc/82e1608dfa6e0b5569232559e3d385fea5a93112/library/std/src/sys_common/backtrace.rs:47:5
[INFO] [stdout]    8:     0x559651e87ed4 - std::sys_common::backtrace::print::h23a2d212c6fff936
[INFO] [stdout]                                at /rustc/82e1608dfa6e0b5569232559e3d385fea5a93112/library/std/src/sys_common/backtrace.rs:34:9
[INFO] [stdout]    9:     0x559651e89b97 - std::panicking::default_hook::{{closure}}::h8a1d2ee00185001a
[INFO] [stdout]   10:     0x559651e89883 - std::panicking::default_hook::h6038f2eba384e475
[INFO] [stdout]                                at /rustc/82e1608dfa6e0b5569232559e3d385fea5a93112/library/std/src/panicking.rs:289:9
[INFO] [stdout]   11:     0x559651b588b7 - <alloc::boxed::Box<F,A> as core::ops::function::Fn<Args>>::call::h0ad024c9bdc6d768
[INFO] [stdout]                                at /rustc/82e1608dfa6e0b5569232559e3d385fea5a93112/library/alloc/src/boxed.rs:2021:9
[INFO] [stdout]   12:     0x559651b588b7 - test::test_main::{{closure}}::h7500b54257359db6
[INFO] [stdout]                                at /rustc/82e1608dfa6e0b5569232559e3d385fea5a93112/library/test/src/lib.rs:138:21
[INFO] [stdout]   13:     0x559651e8a1a8 - <alloc::boxed::Box<F,A> as core::ops::function::Fn<Args>>::call::h1f8f335eaa9cfaee
[INFO] [stdout]                                at /rustc/82e1608dfa6e0b5569232559e3d385fea5a93112/library/alloc/src/boxed.rs:2021:9
[INFO] [stdout]   14:     0x559651e8a1a8 - std::panicking::rust_panic_with_hook::h2b5517d590cab22e
[INFO] [stdout]                                at /rustc/82e1608dfa6e0b5569232559e3d385fea5a93112/library/std/src/panicking.rs:783:13
[INFO] [stdout]   15:     0x559651e89efe - std::panicking::begin_panic_handler::{{closure}}::h233112c06e0ef43e
[INFO] [stdout]                                at /rustc/82e1608dfa6e0b5569232559e3d385fea5a93112/library/std/src/panicking.rs:657:13
[INFO] [stdout]   16:     0x559651e885b6 - std::sys_common::backtrace::__rust_end_short_backtrace::h6e893f24d7ebbff8
[INFO] [stdout]                                at /rustc/82e1608dfa6e0b5569232559e3d385fea5a93112/library/std/src/sys_common/backtrace.rs:170:18
[INFO] [stdout]   17:     0x559651e89c62 - rust_begin_unwind
[INFO] [stdout]                                at /rustc/82e1608dfa6e0b5569232559e3d385fea5a93112/library/std/src/panicking.rs:645:5
[INFO] [stdout]   18:     0x559651a9f655 - core::panicking::panic_fmt::hbf0e066aabfa482c
[INFO] [stdout]                                at /rustc/82e1608dfa6e0b5569232559e3d385fea5a93112/library/core/src/panicking.rs:72:14
[INFO] [stdout]   19:     0x559651ada432 - rog::tests::test_parse_with_csv::{{closure}}::h5c19981b81944829
[INFO] [stdout]                                at /opt/rustwide/workdir/src/main.rs:759:23
[INFO] [stdout]   20:     0x559651acd5eb - <core::slice::iter::Iter<T> as core::iter::traits::iterator::Iterator>::for_each::h2ccc603c00e16679
[INFO] [stdout]                                at /rustc/82e1608dfa6e0b5569232559e3d385fea5a93112/library/core/src/slice/iter/macros.rs:254:21
[INFO] [stdout]   21:     0x559651ada06d - rog::tests::test_parse_with_csv::ha821121ff21a856d
[INFO] [stdout]                                at /opt/rustwide/workdir/src/main.rs:753:9
[INFO] [stdout]   22:     0x559651ad9c67 - rog::tests::test_parse_with_csv::{{closure}}::h3dce734007d33d78
[INFO] [stdout]                                at /opt/rustwide/workdir/src/main.rs:737:29
[INFO] [stdout]   23:     0x559651afb7e6 - core::ops::function::FnOnce::call_once::ha64d56dde4263f65
[INFO] [stdout]                                at /rustc/82e1608dfa6e0b5569232559e3d385fea5a93112/library/core/src/ops/function.rs:250:5
[INFO] [stdout]   24:     0x559651b5df0f - core::ops::function::FnOnce::call_once::h2b5d431d5046312d
[INFO] [stdout]                                at /rustc/82e1608dfa6e0b5569232559e3d385fea5a93112/library/core/src/ops/function.rs:250:5
[INFO] [stdout]   25:     0x559651b5df0f - test::__rust_begin_short_backtrace::h7714669af176e207
[INFO] [stdout]                                at /rustc/82e1608dfa6e0b5569232559e3d385fea5a93112/library/test/src/lib.rs:628:18
[INFO] [stdout]   26:     0x559651b5cf25 - test::run_test_in_process::{{closure}}::h85218797dcbcec12
[INFO] [stdout]                                at /rustc/82e1608dfa6e0b5569232559e3d385fea5a93112/library/test/src/lib.rs:651:60
[INFO] [stdout]   27:     0x559651b5cf25 - <core::panic::unwind_safe::AssertUnwindSafe<F> as core::ops::function::FnOnce<()>>::call_once::h76c106ea31c14d7b
[INFO] [stdout]                                at /rustc/82e1608dfa6e0b5569232559e3d385fea5a93112/library/core/src/panic/unwind_safe.rs:272:9
[INFO] [stdout]   28:     0x559651b5cf25 - std::panicking::try::do_call::h3bd5d0f6620ee946
[INFO] [stdout]                                at /rustc/82e1608dfa6e0b5569232559e3d385fea5a93112/library/std/src/panicking.rs:552:40
[INFO] [stdout]   29:     0x559651b5cf25 - std::panicking::try::h232e535e4744fe31
[INFO] [stdout]                                at /rustc/82e1608dfa6e0b5569232559e3d385fea5a93112/library/std/src/panicking.rs:516:19
[INFO] [stdout]   30:     0x559651b5cf25 - std::panic::catch_unwind::h3ce3bd6ca8dbac68
[INFO] [stdout]                                at /rustc/82e1608dfa6e0b5569232559e3d385fea5a93112/library/std/src/panic.rs:142:14
[INFO] [stdout]   31:     0x559651b5cf25 - test::run_test_in_process::hc97b257c9621286a
[INFO] [stdout]                                at /rustc/82e1608dfa6e0b5569232559e3d385fea5a93112/library/test/src/lib.rs:651:27
[INFO] [stdout]   32:     0x559651b5cf25 - test::run_test::{{closure}}::h2aa798823a438d38
[INFO] [stdout]                                at /rustc/82e1608dfa6e0b5569232559e3d385fea5a93112/library/test/src/lib.rs:574:43
[INFO] [stdout]   33:     0x559651b251e6 - test::run_test::{{closure}}::h87d231c78fb59832
[INFO] [stdout]                                at /rustc/82e1608dfa6e0b5569232559e3d385fea5a93112/library/test/src/lib.rs:602:41
[INFO] [stdout]   34:     0x559651b251e6 - std::sys_common::backtrace::__rust_begin_short_backtrace::he6df152596625789
[INFO] [stdout]                                at /rustc/82e1608dfa6e0b5569232559e3d385fea5a93112/library/std/src/sys_common/backtrace.rs:154:18
[INFO] [stdout]   35:     0x559651b2a297 - std::thread::Builder::spawn_unchecked_::{{closure}}::{{closure}}::ha94be15d1e0acf36
[INFO] [stdout]                                at /rustc/82e1608dfa6e0b5569232559e3d385fea5a93112/library/std/src/thread/mod.rs:529:17
[INFO] [stdout]   36:     0x559651b2a297 - <core::panic::unwind_safe::AssertUnwindSafe<F> as core::ops::function::FnOnce<()>>::call_once::h9dc6bd6372f16606
[INFO] [stdout]                                at /rustc/82e1608dfa6e0b5569232559e3d385fea5a93112/library/core/src/panic/unwind_safe.rs:272:9
[INFO] [stdout]   37:     0x559651b2a297 - std::panicking::try::do_call::h9057517f80303cd4
[INFO] [stdout]                                at /rustc/82e1608dfa6e0b5569232559e3d385fea5a93112/library/std/src/panicking.rs:552:40
[INFO] [stdout]   38:     0x559651b2a297 - std::panicking::try::he3a30b11ee45340c
[INFO] [stdout]                                at /rustc/82e1608dfa6e0b5569232559e3d385fea5a93112/library/std/src/panicking.rs:516:19
[INFO] [stdout]   39:     0x559651b2a297 - std::panic::catch_unwind::h410458cfd3528b8b
[INFO] [stdout]                                at /rustc/82e1608dfa6e0b5569232559e3d385fea5a93112/library/std/src/panic.rs:142:14
[INFO] [stdout]   40:     0x559651b2a297 - std::thread::Builder::spawn_unchecked_::{{closure}}::h72ac3bdb567b737b
[INFO] [stdout]                                at /rustc/82e1608dfa6e0b5569232559e3d385fea5a93112/library/std/src/thread/mod.rs:528:30
[INFO] [stdout]   41:     0x559651b2a297 - core::ops::function::FnOnce::call_once{{vtable.shim}}::h38f34da3654a8344
[INFO] [stdout]                                at /rustc/82e1608dfa6e0b5569232559e3d385fea5a93112/library/core/src/ops/function.rs:250:5
[INFO] [stdout]   42:     0x559651e8f5b5 - <alloc::boxed::Box<F,A> as core::ops::function::FnOnce<Args>>::call_once::hc7eafaff61e32df9
[INFO] [stdout]                                at /rustc/82e1608dfa6e0b5569232559e3d385fea5a93112/library/alloc/src/boxed.rs:2007:9
[INFO] [stdout]   43:     0x559651e8f5b5 - <alloc::boxed::Box<F,A> as core::ops::function::FnOnce<Args>>::call_once::h6ba4a5de48dd2304
[INFO] [stdout]                                at /rustc/82e1608dfa6e0b5569232559e3d385fea5a93112/library/alloc/src/boxed.rs:2007:9
[INFO] [stdout]   44:     0x559651e8f5b5 - std::sys::unix::thread::Thread::new::thread_start::he469335aef763e45
[INFO] [stdout]                                at /rustc/82e1608dfa6e0b5569232559e3d385fea5a93112/library/std/src/sys/unix/thread.rs:108:17
[INFO] [stdout]   45:     0x7f2a70709ac3 - <unknown>
[INFO] [stdout]   46:     0x7f2a7079abf4 - __clone
[INFO] [stdout]   47:                0x0 - <unknown>
[INFO] [stdout] 
[INFO] [stdout] 
[INFO] [stdout] failures:
[INFO] [stdout]     tests::test_all_lines
[INFO] [stdout]     tests::test_grep
[INFO] [stdout]     tests::test_grep_lines
[INFO] [stdout]     tests::test_parse_with_csv
[INFO] [stdout] 
[INFO] [stdout] test result: FAILED. 3 passed; 4 failed; 0 ignored; 0 measured; 0 filtered out; finished in 0.19s
[INFO] [stdout] 
[INFO] [stderr] error: test failed, to rerun pass `--bin rog`
[INFO] running `Command { std: "docker" "inspect" "c6250d244b6e76ea9629ba52c31838aa7fc3a3636ba4e0cf2ea11feabfdd8d38", kill_on_drop: false }`
[INFO] running `Command { std: "docker" "rm" "-f" "c6250d244b6e76ea9629ba52c31838aa7fc3a3636ba4e0cf2ea11feabfdd8d38", kill_on_drop: false }`
[INFO] [stdout] c6250d244b6e76ea9629ba52c31838aa7fc3a3636ba4e0cf2ea11feabfdd8d38
