[INFO] cloning repository https://github.com/yshui/job-security
[INFO] running `Command { std: "git" "-c" "credential.helper=" "-c" "credential.helper=/workspace/cargo-home/bin/git-credential-null" "clone" "--bare" "https://github.com/yshui/job-security" "/workspace/cache/git-repos/https%3A%2F%2Fgithub.com%2Fyshui%2Fjob-security", kill_on_drop: false }`
[INFO] [stderr] Cloning into bare repository '/workspace/cache/git-repos/https%3A%2F%2Fgithub.com%2Fyshui%2Fjob-security'...
[INFO] running `Command { std: "git" "rev-parse" "HEAD", kill_on_drop: false }`
[INFO] [stdout] 3240d4131adec2912f48066dfc309867567cd8f4
[INFO] testing yshui/job-security against 1.75.0 for beta-1.76-1
[INFO] running `Command { std: "git" "clone" "/workspace/cache/git-repos/https%3A%2F%2Fgithub.com%2Fyshui%2Fjob-security" "/workspace/builds/worker-0-tc1/source", kill_on_drop: false }`
[INFO] [stderr] Cloning into '/workspace/builds/worker-0-tc1/source'...
[INFO] [stderr] done.
[INFO] validating manifest of git repo https://github.com/yshui/job-security on toolchain 1.75.0
[INFO] running `Command { std: CARGO_HOME="/workspace/cargo-home" RUSTUP_HOME="/workspace/rustup-home" "/workspace/cargo-home/bin/cargo" "+1.75.0" "metadata" "--manifest-path" "Cargo.toml" "--no-deps", kill_on_drop: false }`
[INFO] started tweaking git repo https://github.com/yshui/job-security
[INFO] finished tweaking git repo https://github.com/yshui/job-security
[INFO] tweaked toml for git repo https://github.com/yshui/job-security written to /workspace/builds/worker-0-tc1/source/Cargo.toml
[INFO] crate git repo https://github.com/yshui/job-security already has a lockfile, it will not be regenerated
[INFO] running `Command { std: CARGO_HOME="/workspace/cargo-home" RUSTUP_HOME="/workspace/rustup-home" "/workspace/cargo-home/bin/cargo" "+1.75.0" "fetch" "--manifest-path" "Cargo.toml", kill_on_drop: false }`
[INFO] [stderr]     Updating crates.io index
[INFO] [stderr]  Downloading crates ...
[INFO] [stderr]   Downloaded papergrid v0.9.1
[INFO] [stderr]   Downloaded tokio-command-fds v0.2.1
[INFO] [stderr]   Downloaded withfd v0.1.1
[INFO] [stderr]   Downloaded tabled v0.12.1
[INFO] running `Command { std: "docker" "create" "-v" "/var/lib/crater-agent-workspace/builds/worker-0-tc1/target:/opt/rustwide/target:rw,Z" "-v" "/var/lib/crater-agent-workspace/builds/worker-0-tc1/source:/opt/rustwide/workdir:ro,Z" "-v" "/var/lib/crater-agent-workspace/cargo-home:/opt/rustwide/cargo-home:ro,Z" "-v" "/var/lib/crater-agent-workspace/rustup-home:/opt/rustwide/rustup-home:ro,Z" "-e" "SOURCE_DIR=/opt/rustwide/workdir" "-e" "CARGO_TARGET_DIR=/opt/rustwide/target" "-e" "CARGO_HOME=/opt/rustwide/cargo-home" "-e" "RUSTUP_HOME=/opt/rustwide/rustup-home" "-w" "/opt/rustwide/workdir" "-m" "1610612736" "--user" "0:0" "--network" "none" "ghcr.io/rust-lang/crates-build-env/linux@sha256:2788e3201cd34a07e3172128adcd8b3090168a8e3bcc40d7c032b9dda1df7d1c" "/opt/rustwide/cargo-home/bin/cargo" "+1.75.0" "metadata" "--no-deps" "--format-version=1", kill_on_drop: false }`
[INFO] [stdout] f511a33959710318654392e509ca4bb04331ac6cd8fb943f45b401483f4a04a3
[INFO] running `Command { std: "docker" "start" "-a" "f511a33959710318654392e509ca4bb04331ac6cd8fb943f45b401483f4a04a3", kill_on_drop: false }`
[INFO] running `Command { std: "docker" "inspect" "f511a33959710318654392e509ca4bb04331ac6cd8fb943f45b401483f4a04a3", kill_on_drop: false }`
[INFO] running `Command { std: "docker" "rm" "-f" "f511a33959710318654392e509ca4bb04331ac6cd8fb943f45b401483f4a04a3", kill_on_drop: false }`
[INFO] [stdout] f511a33959710318654392e509ca4bb04331ac6cd8fb943f45b401483f4a04a3
[INFO] running `Command { std: "docker" "create" "-v" "/var/lib/crater-agent-workspace/builds/worker-0-tc1/target:/opt/rustwide/target:rw,Z" "-v" "/var/lib/crater-agent-workspace/builds/worker-0-tc1/source:/opt/rustwide/workdir:ro,Z" "-v" "/var/lib/crater-agent-workspace/cargo-home:/opt/rustwide/cargo-home:ro,Z" "-v" "/var/lib/crater-agent-workspace/rustup-home:/opt/rustwide/rustup-home:ro,Z" "-e" "SOURCE_DIR=/opt/rustwide/workdir" "-e" "CARGO_TARGET_DIR=/opt/rustwide/target" "-e" "CARGO_INCREMENTAL=0" "-e" "RUST_BACKTRACE=full" "-e" "RUSTFLAGS=--cap-lints=warn" "-e" "RUSTDOCFLAGS=--cap-lints=warn" "-e" "CARGO_HOME=/opt/rustwide/cargo-home" "-e" "RUSTUP_HOME=/opt/rustwide/rustup-home" "-w" "/opt/rustwide/workdir" "-m" "1610612736" "--user" "0:0" "--network" "none" "ghcr.io/rust-lang/crates-build-env/linux@sha256:2788e3201cd34a07e3172128adcd8b3090168a8e3bcc40d7c032b9dda1df7d1c" "/opt/rustwide/cargo-home/bin/cargo" "+1.75.0" "build" "--frozen" "--message-format=json", kill_on_drop: false }`
[INFO] [stdout] 7df3bd92ae5683909280cad1849615bce832b617354c6e3f03a8c62ce3c3d6e0
[INFO] running `Command { std: "docker" "start" "-a" "7df3bd92ae5683909280cad1849615bce832b617354c6e3f03a8c62ce3c3d6e0", kill_on_drop: false }`
[INFO] [stderr]    Compiling proc-macro2 v1.0.60
[INFO] [stderr]    Compiling unicode-ident v1.0.9
[INFO] [stderr]    Compiling quote v1.0.28
[INFO] [stderr]    Compiling libc v0.2.146
[INFO] [stderr]    Compiling autocfg v1.1.0
[INFO] [stderr]    Compiling cfg-if v1.0.0
[INFO] [stderr]    Compiling serde v1.0.164
[INFO] [stderr]    Compiling bitflags v1.3.2
[INFO] [stderr]    Compiling once_cell v1.18.0
[INFO] [stderr]    Compiling pin-project-lite v0.2.9
[INFO] [stderr]    Compiling version_check v0.9.4
[INFO] [stderr]    Compiling crunchy v0.2.2
[INFO] [stderr]    Compiling futures-core v0.3.28
[INFO] [stderr]    Compiling io-lifetimes v1.0.11
[INFO] [stderr]    Compiling pin-utils v0.1.0
[INFO] [stderr]    Compiling tiny-keccak v2.0.2
[INFO] [stderr]    Compiling proc-macro-hack v0.5.20+deprecated
[INFO] [stderr]    Compiling thiserror v1.0.40
[INFO] [stderr]    Compiling rustix v0.37.19
[INFO] [stderr]    Compiling futures-sink v0.3.28
[INFO] [stderr]    Compiling tracing-core v0.1.31
[INFO] [stderr]    Compiling static_assertions v1.1.0
[INFO] [stderr]    Compiling linux-raw-sys v0.3.8
[INFO] [stderr]    Compiling futures-task v0.3.28
[INFO] [stderr]    Compiling proc-macro-error-attr v1.0.4
[INFO] [stderr]    Compiling syn v1.0.109
[INFO] [stderr]    Compiling proc-macro-error v1.0.4
[INFO] [stderr]    Compiling tokio v1.28.2
[INFO] [stderr]    Compiling memoffset v0.7.1
[INFO] [stderr]    Compiling log v0.4.18
[INFO] [stderr]    Compiling heck v0.4.1
[INFO] [stderr]    Compiling futures-util v0.3.28
[INFO] [stderr]    Compiling utf8parse v0.2.1
[INFO] [stderr]    Compiling anstyle-parse v0.2.0
[INFO] [stderr]    Compiling indexmap v1.9.3
[INFO] [stderr]    Compiling regex-syntax v0.6.29
[INFO] [stderr]    Compiling anstyle v1.0.0
[INFO] [stderr]    Compiling anstyle-query v1.0.0
[INFO] [stderr]    Compiling colorchoice v1.0.0
[INFO] [stderr]    Compiling lazy_static v1.4.0
[INFO] [stderr]    Compiling bytecount v0.6.3
[INFO] [stderr]    Compiling fnv v1.0.7
[INFO] [stderr]    Compiling syn v2.0.18
[INFO] [stderr]    Compiling hashbrown v0.12.3
[INFO] [stderr]    Compiling unicode-width v0.1.10
[INFO] [stderr]    Compiling clap_lex v0.5.0
[INFO] [stderr]    Compiling getrandom v0.2.10
[INFO] [stderr]    Compiling strsim v0.10.0
[INFO] [stderr]    Compiling regex-syntax v0.7.2
[INFO] [stderr]    Compiling overload v0.1.1
[INFO] [stderr]    Compiling nu-ansi-term v0.46.0
[INFO] [stderr]    Compiling tracing-log v0.1.3
[INFO] [stderr]    Compiling papergrid v0.9.1
[INFO] [stderr]    Compiling sharded-slab v0.1.4
[INFO] [stderr]    Compiling thread_local v1.1.7
[INFO] [stderr]    Compiling smallvec v1.10.0
[INFO] [stderr]    Compiling cstr v0.2.11
[INFO] [stderr]    Compiling const-random-macro v0.1.15
[INFO] [stderr]    Compiling termcolor v1.2.0
[INFO] [stderr]    Compiling num_cpus v1.15.0
[INFO] [stderr]    Compiling socket2 v0.4.9
[INFO] [stderr]    Compiling signal-hook-registry v1.4.1
[INFO] [stderr]    Compiling mio v0.8.8
[INFO] [stderr]    Compiling nix v0.26.2
[INFO] [stderr]    Compiling const-random v0.1.15
[INFO] [stderr]    Compiling dlv-list v0.5.0
[INFO] [stderr]    Compiling daemonize v0.5.0
[INFO] [stderr]    Compiling regex v1.8.4
[INFO] [stderr]    Compiling regex-automata v0.1.10
[INFO] [stderr]    Compiling is-terminal v0.4.7
[INFO] [stderr]    Compiling anstream v0.3.2
[INFO] [stderr]    Compiling tabled_derive v0.6.0
[INFO] [stderr]    Compiling clap_builder v4.3.3
[INFO] [stderr]    Compiling matchers v0.1.0
[INFO] [stderr]    Compiling tabled v0.12.1
[INFO] [stderr]    Compiling serde_derive v1.0.164
[INFO] [stderr]    Compiling tokio-macros v2.1.0
[INFO] [stderr]    Compiling tracing-attributes v0.1.24
[INFO] [stderr]    Compiling thiserror-impl v1.0.40
[INFO] [stderr]    Compiling clap_derive v4.3.2
[INFO] [stderr]    Compiling tracing v0.1.37
[INFO] [stderr]    Compiling tracing-subscriber v0.3.17
[INFO] [stderr]    Compiling clap v4.3.3
[INFO] [stderr]    Compiling bytes v1.4.0
[INFO] [stderr]    Compiling bincode v1.3.3
[INFO] [stderr]    Compiling tokio-util v0.7.8
[INFO] [stderr]    Compiling withfd v0.1.1
[INFO] [stderr]    Compiling tokio-command-fds v0.2.1
[INFO] [stderr]    Compiling job-security-protocol v0.1.1 (/opt/rustwide/workdir/protocol)
[INFO] [stderr]    Compiling job-security-server v0.1.6 (/opt/rustwide/workdir/server)
[INFO] [stderr]    Compiling job-security-client v0.1.2 (/opt/rustwide/workdir/client)
[INFO] [stdout] warning: unused imports: `errno`, `signal::Signal`, `wait::WaitStatus`
[INFO] [stdout]   --> server/src/pty.rs:13:5
[INFO] [stdout]    |
[INFO] [stdout] 13 |     errno,
[INFO] [stdout]    |     ^^^^^
[INFO] [stdout] 14 |     sys::{signal::Signal, wait::WaitStatus},
[INFO] [stdout]    |           ^^^^^^^^^^^^^^  ^^^^^^^^^^^^^^^^
[INFO] [stdout]    |
[INFO] [stdout]    = note: `#[warn(unused_imports)]` on by default
[INFO] [stdout] 
[INFO] [stdout] 
[INFO] [stdout] warning: 1 warning emitted
[INFO] [stdout] 
[INFO] [stdout] 
[INFO] [stderr]    Compiling job-security v0.1.8 (/opt/rustwide/workdir/job-security)
[INFO] [stderr]     Finished dev [unoptimized + debuginfo] target(s) in 18.38s
[INFO] running `Command { std: "docker" "inspect" "7df3bd92ae5683909280cad1849615bce832b617354c6e3f03a8c62ce3c3d6e0", kill_on_drop: false }`
[INFO] running `Command { std: "docker" "rm" "-f" "7df3bd92ae5683909280cad1849615bce832b617354c6e3f03a8c62ce3c3d6e0", kill_on_drop: false }`
[INFO] [stdout] 7df3bd92ae5683909280cad1849615bce832b617354c6e3f03a8c62ce3c3d6e0
[INFO] running `Command { std: "docker" "create" "-v" "/var/lib/crater-agent-workspace/builds/worker-0-tc1/target:/opt/rustwide/target:rw,Z" "-v" "/var/lib/crater-agent-workspace/builds/worker-0-tc1/source:/opt/rustwide/workdir:ro,Z" "-v" "/var/lib/crater-agent-workspace/cargo-home:/opt/rustwide/cargo-home:ro,Z" "-v" "/var/lib/crater-agent-workspace/rustup-home:/opt/rustwide/rustup-home:ro,Z" "-e" "SOURCE_DIR=/opt/rustwide/workdir" "-e" "CARGO_TARGET_DIR=/opt/rustwide/target" "-e" "CARGO_INCREMENTAL=0" "-e" "RUST_BACKTRACE=full" "-e" "RUSTFLAGS=--cap-lints=warn" "-e" "RUSTDOCFLAGS=--cap-lints=warn" "-e" "CARGO_HOME=/opt/rustwide/cargo-home" "-e" "RUSTUP_HOME=/opt/rustwide/rustup-home" "-w" "/opt/rustwide/workdir" "-m" "1610612736" "--user" "0:0" "--network" "none" "ghcr.io/rust-lang/crates-build-env/linux@sha256:2788e3201cd34a07e3172128adcd8b3090168a8e3bcc40d7c032b9dda1df7d1c" "/opt/rustwide/cargo-home/bin/cargo" "+1.75.0" "test" "--frozen" "--no-run" "--message-format=json", kill_on_drop: false }`
[INFO] [stdout] 3ea1cf0f80701cb36fa43a96316f239807c57fa73ea66bab26a0e5fc4b438796
[INFO] running `Command { std: "docker" "start" "-a" "3ea1cf0f80701cb36fa43a96316f239807c57fa73ea66bab26a0e5fc4b438796", kill_on_drop: false }`
[INFO] [stderr]    Compiling job-security-protocol v0.1.1 (/opt/rustwide/workdir/protocol)
[INFO] [stdout] warning: unused imports: `errno`, `signal::Signal`, `wait::WaitStatus`
[INFO] [stdout]   --> server/src/pty.rs:13:5
[INFO] [stdout]    |
[INFO] [stdout] 13 |     errno,
[INFO] [stdout]    |     ^^^^^
[INFO] [stdout] 14 |     sys::{signal::Signal, wait::WaitStatus},
[INFO] [stdout]    |           ^^^^^^^^^^^^^^  ^^^^^^^^^^^^^^^^
[INFO] [stdout]    |
[INFO] [stdout]    = note: `#[warn(unused_imports)]` on by default
[INFO] [stdout] 
[INFO] [stdout] 
[INFO] [stdout] warning: 1 warning emitted
[INFO] [stdout] 
[INFO] [stdout] 
[INFO] [stderr]    Compiling job-security-client v0.1.2 (/opt/rustwide/workdir/client)
[INFO] [stderr]    Compiling job-security-server v0.1.6 (/opt/rustwide/workdir/server)
[INFO] [stderr]    Compiling job-security v0.1.8 (/opt/rustwide/workdir/job-security)
[INFO] [stdout] warning: unused imports: `errno`, `signal::Signal`, `wait::WaitStatus`
[INFO] [stdout]   --> server/src/pty.rs:13:5
[INFO] [stdout]    |
[INFO] [stdout] 13 |     errno,
[INFO] [stdout]    |     ^^^^^
[INFO] [stdout] 14 |     sys::{signal::Signal, wait::WaitStatus},
[INFO] [stdout]    |           ^^^^^^^^^^^^^^  ^^^^^^^^^^^^^^^^
[INFO] [stdout]    |
[INFO] [stdout]    = note: `#[warn(unused_imports)]` on by default
[INFO] [stdout] 
[INFO] [stdout] 
[INFO] [stdout] warning: 1 warning emitted
[INFO] [stdout] 
[INFO] [stdout] 
[INFO] [stderr]     Finished test [unoptimized + debuginfo] target(s) in 0.64s
[INFO] running `Command { std: "docker" "inspect" "3ea1cf0f80701cb36fa43a96316f239807c57fa73ea66bab26a0e5fc4b438796", kill_on_drop: false }`
[INFO] running `Command { std: "docker" "rm" "-f" "3ea1cf0f80701cb36fa43a96316f239807c57fa73ea66bab26a0e5fc4b438796", kill_on_drop: false }`
[INFO] [stdout] 3ea1cf0f80701cb36fa43a96316f239807c57fa73ea66bab26a0e5fc4b438796
[INFO] running `Command { std: "docker" "create" "-v" "/var/lib/crater-agent-workspace/builds/worker-0-tc1/target:/opt/rustwide/target:rw,Z" "-v" "/var/lib/crater-agent-workspace/builds/worker-0-tc1/source:/opt/rustwide/workdir:ro,Z" "-v" "/var/lib/crater-agent-workspace/cargo-home:/opt/rustwide/cargo-home:ro,Z" "-v" "/var/lib/crater-agent-workspace/rustup-home:/opt/rustwide/rustup-home:ro,Z" "-e" "SOURCE_DIR=/opt/rustwide/workdir" "-e" "CARGO_TARGET_DIR=/opt/rustwide/target" "-e" "CARGO_INCREMENTAL=0" "-e" "RUST_BACKTRACE=full" "-e" "RUSTFLAGS=--cap-lints=warn" "-e" "RUSTDOCFLAGS=--cap-lints=warn" "-e" "CARGO_HOME=/opt/rustwide/cargo-home" "-e" "RUSTUP_HOME=/opt/rustwide/rustup-home" "-w" "/opt/rustwide/workdir" "-m" "1610612736" "--user" "0:0" "--network" "none" "ghcr.io/rust-lang/crates-build-env/linux@sha256:2788e3201cd34a07e3172128adcd8b3090168a8e3bcc40d7c032b9dda1df7d1c" "/opt/rustwide/cargo-home/bin/cargo" "+1.75.0" "test" "--frozen", kill_on_drop: false }`
[INFO] [stdout] 2c12d9d7585f1e83058ab48a48d6ccf3b0543a2d0a7750d2e89cc3322cfa72a9
[INFO] running `Command { std: "docker" "start" "-a" "2c12d9d7585f1e83058ab48a48d6ccf3b0543a2d0a7750d2e89cc3322cfa72a9", kill_on_drop: false }`
[INFO] [stderr] warning: unused imports: `errno`, `signal::Signal`, `wait::WaitStatus`
[INFO] [stderr]   --> server/src/pty.rs:13:5
[INFO] [stderr]    |
[INFO] [stderr] 13 |     errno,
[INFO] [stderr]    |     ^^^^^
[INFO] [stderr] 14 |     sys::{signal::Signal, wait::WaitStatus},
[INFO] [stderr]    |           ^^^^^^^^^^^^^^  ^^^^^^^^^^^^^^^^
[INFO] [stderr]    |
[INFO] [stderr]    = note: `#[warn(unused_imports)]` on by default
[INFO] [stderr] 
[INFO] [stderr] warning: `job-security-server` (lib) generated 1 warning (run `cargo fix --lib -p job-security-server` to apply 1 suggestion)
[INFO] [stderr] warning: `job-security-server` (lib test) generated 1 warning (1 duplicate)
[INFO] [stderr]     Finished test [unoptimized + debuginfo] target(s) in 0.06s
[INFO] [stderr]      Running unittests src/main.rs (/opt/rustwide/target/debug/deps/jobs-b40350948a242ca9)
[INFO] [stdout] 
[INFO] [stdout] running 0 tests
[INFO] [stdout] 
[INFO] [stdout] test result: ok. 0 passed; 0 failed; 0 ignored; 0 measured; 0 filtered out; finished in 0.00s
[INFO] [stdout] 
[INFO] [stderr]      Running unittests src/lib.rs (/opt/rustwide/target/debug/deps/job_security_client-20238a5290b8f7f0)
[INFO] [stdout] 
[INFO] [stdout] running 0 tests
[INFO] [stdout] 
[INFO] [stdout] test result: ok. 0 passed; 0 failed; 0 ignored; 0 measured; 0 filtered out; finished in 0.00s
[INFO] [stdout] 
[INFO] [stderr]      Running unittests src/lib.rs (/opt/rustwide/target/debug/deps/job_security_protocol-ab6cc1536345c1b1)
[INFO] [stdout] 
[INFO] [stdout] running 0 tests
[INFO] [stdout] 
[INFO] [stdout] test result: ok. 0 passed; 0 failed; 0 ignored; 0 measured; 0 filtered out; finished in 0.00s
[INFO] [stdout] 
[INFO] [stderr]      Running unittests src/lib.rs (/opt/rustwide/target/debug/deps/job_security_server-1da6bd398cd249e4)
[INFO] [stdout] 
[INFO] [stdout] running 0 tests
[INFO] [stdout] 
[INFO] [stdout] test result: ok. 0 passed; 0 failed; 0 ignored; 0 measured; 0 filtered out; finished in 0.00s
[INFO] [stdout] 
[INFO] [stderr]    Doc-tests job-security-client
[INFO] [stdout] 
[INFO] [stdout] running 0 tests
[INFO] [stdout] 
[INFO] [stdout] test result: ok. 0 passed; 0 failed; 0 ignored; 0 measured; 0 filtered out; finished in 0.00s
[INFO] [stdout] 
[INFO] [stderr]    Doc-tests job-security-protocol
[INFO] [stdout] 
[INFO] [stdout] running 0 tests
[INFO] [stdout] 
[INFO] [stdout] test result: ok. 0 passed; 0 failed; 0 ignored; 0 measured; 0 filtered out; finished in 0.00s
[INFO] [stdout] 
[INFO] [stderr]    Doc-tests job-security-server
[INFO] [stdout] 
[INFO] [stdout] running 1 test
[INFO] [stdout] test server/src/pty.rs - pty::PtyProcess::spawn (line 48) - compile ... FAILED
[INFO] [stdout] 
[INFO] [stdout] failures:
[INFO] [stdout] 
[INFO] [stdout] ---- server/src/pty.rs - pty::PtyProcess::spawn (line 48) stdout ----
[INFO] [stdout] error[E0432]: unresolved import `ptyprocess`
[INFO] [stdout]  --> server/src/pty.rs:50:5
[INFO] [stdout]   |
[INFO] [stdout] 4 | use ptyprocess::PtyProcess;
[INFO] [stdout]   |     ^^^^^^^^^^ use of undeclared crate or module `ptyprocess`
[INFO] [stdout] 
[INFO] [stdout] error: aborting due to previous error
[INFO] [stdout] 
[INFO] [stdout] For more information about this error, try `rustc --explain E0432`.
[INFO] [stdout] Couldn't compile the test.
[INFO] [stdout] 
[INFO] [stdout] failures:
[INFO] [stdout]     server/src/pty.rs - pty::PtyProcess::spawn (line 48)
[INFO] [stdout] 
[INFO] [stdout] test result: FAILED. 0 passed; 1 failed; 0 ignored; 0 measured; 0 filtered out; finished in 0.03s
[INFO] [stdout] 
[INFO] [stderr] error: doctest failed, to rerun pass `-p job-security-server --doc`
[INFO] running `Command { std: "docker" "inspect" "2c12d9d7585f1e83058ab48a48d6ccf3b0543a2d0a7750d2e89cc3322cfa72a9", kill_on_drop: false }`
[INFO] running `Command { std: "docker" "rm" "-f" "2c12d9d7585f1e83058ab48a48d6ccf3b0543a2d0a7750d2e89cc3322cfa72a9", kill_on_drop: false }`
[INFO] [stdout] 2c12d9d7585f1e83058ab48a48d6ccf3b0543a2d0a7750d2e89cc3322cfa72a9
[INFO] testing yshui/job-security against beta-2023-12-22 for beta-1.76-1
[INFO] running `Command { std: "git" "clone" "/workspace/cache/git-repos/https%3A%2F%2Fgithub.com%2Fyshui%2Fjob-security" "/workspace/builds/worker-0-tc2/source", kill_on_drop: false }`
[INFO] [stderr] Cloning into '/workspace/builds/worker-0-tc2/source'...
[INFO] [stderr] done.
[INFO] validating manifest of git repo https://github.com/yshui/job-security on toolchain beta-2023-12-22
[INFO] running `Command { std: CARGO_HOME="/workspace/cargo-home" RUSTUP_HOME="/workspace/rustup-home" "/workspace/cargo-home/bin/cargo" "+beta-2023-12-22" "metadata" "--manifest-path" "Cargo.toml" "--no-deps", kill_on_drop: false }`
[INFO] started tweaking git repo https://github.com/yshui/job-security
[INFO] finished tweaking git repo https://github.com/yshui/job-security
[INFO] tweaked toml for git repo https://github.com/yshui/job-security written to /workspace/builds/worker-0-tc2/source/Cargo.toml
[INFO] crate git repo https://github.com/yshui/job-security already has a lockfile, it will not be regenerated
[INFO] running `Command { std: CARGO_HOME="/workspace/cargo-home" RUSTUP_HOME="/workspace/rustup-home" "/workspace/cargo-home/bin/cargo" "+beta-2023-12-22" "fetch" "--manifest-path" "Cargo.toml", kill_on_drop: false }`
[INFO] running `Command { std: "docker" "create" "-v" "/var/lib/crater-agent-workspace/builds/worker-0-tc2/target:/opt/rustwide/target:rw,Z" "-v" "/var/lib/crater-agent-workspace/builds/worker-0-tc2/source:/opt/rustwide/workdir:ro,Z" "-v" "/var/lib/crater-agent-workspace/cargo-home:/opt/rustwide/cargo-home:ro,Z" "-v" "/var/lib/crater-agent-workspace/rustup-home:/opt/rustwide/rustup-home:ro,Z" "-e" "SOURCE_DIR=/opt/rustwide/workdir" "-e" "CARGO_TARGET_DIR=/opt/rustwide/target" "-e" "CARGO_HOME=/opt/rustwide/cargo-home" "-e" "RUSTUP_HOME=/opt/rustwide/rustup-home" "-w" "/opt/rustwide/workdir" "-m" "1610612736" "--user" "0:0" "--network" "none" "ghcr.io/rust-lang/crates-build-env/linux@sha256:2788e3201cd34a07e3172128adcd8b3090168a8e3bcc40d7c032b9dda1df7d1c" "/opt/rustwide/cargo-home/bin/cargo" "+beta-2023-12-22" "metadata" "--no-deps" "--format-version=1", kill_on_drop: false }`
[INFO] [stdout] 8c239b6c09b506c02a80484147b38df0f92d84183413fd0dcc2d888f7443c7ec
[INFO] running `Command { std: "docker" "start" "-a" "8c239b6c09b506c02a80484147b38df0f92d84183413fd0dcc2d888f7443c7ec", kill_on_drop: false }`
[INFO] running `Command { std: "docker" "inspect" "8c239b6c09b506c02a80484147b38df0f92d84183413fd0dcc2d888f7443c7ec", kill_on_drop: false }`
[INFO] running `Command { std: "docker" "rm" "-f" "8c239b6c09b506c02a80484147b38df0f92d84183413fd0dcc2d888f7443c7ec", kill_on_drop: false }`
[INFO] [stdout] 8c239b6c09b506c02a80484147b38df0f92d84183413fd0dcc2d888f7443c7ec
[INFO] running `Command { std: "docker" "create" "-v" "/var/lib/crater-agent-workspace/builds/worker-0-tc2/target:/opt/rustwide/target:rw,Z" "-v" "/var/lib/crater-agent-workspace/builds/worker-0-tc2/source:/opt/rustwide/workdir:ro,Z" "-v" "/var/lib/crater-agent-workspace/cargo-home:/opt/rustwide/cargo-home:ro,Z" "-v" "/var/lib/crater-agent-workspace/rustup-home:/opt/rustwide/rustup-home:ro,Z" "-e" "SOURCE_DIR=/opt/rustwide/workdir" "-e" "CARGO_TARGET_DIR=/opt/rustwide/target" "-e" "CARGO_INCREMENTAL=0" "-e" "RUST_BACKTRACE=full" "-e" "RUSTFLAGS=--cap-lints=warn" "-e" "RUSTDOCFLAGS=--cap-lints=warn" "-e" "CARGO_HOME=/opt/rustwide/cargo-home" "-e" "RUSTUP_HOME=/opt/rustwide/rustup-home" "-w" "/opt/rustwide/workdir" "-m" "1610612736" "--user" "0:0" "--network" "none" "ghcr.io/rust-lang/crates-build-env/linux@sha256:2788e3201cd34a07e3172128adcd8b3090168a8e3bcc40d7c032b9dda1df7d1c" "/opt/rustwide/cargo-home/bin/cargo" "+beta-2023-12-22" "build" "--frozen" "--message-format=json", kill_on_drop: false }`
[INFO] [stdout] d1d182b423ea66e6b332503868c324918c51c908f1be00f38000eae991efdfa1
[INFO] running `Command { std: "docker" "start" "-a" "d1d182b423ea66e6b332503868c324918c51c908f1be00f38000eae991efdfa1", kill_on_drop: false }`
[INFO] [stderr]    Compiling proc-macro2 v1.0.60
[INFO] [stderr]    Compiling quote v1.0.28
[INFO] [stderr]    Compiling unicode-ident v1.0.9
[INFO] [stderr]    Compiling libc v0.2.146
[INFO] [stderr]    Compiling autocfg v1.1.0
[INFO] [stderr]    Compiling cfg-if v1.0.0
[INFO] [stderr]    Compiling serde v1.0.164
[INFO] [stderr]    Compiling bitflags v1.3.2
[INFO] [stderr]    Compiling once_cell v1.18.0
[INFO] [stderr]    Compiling pin-project-lite v0.2.9
[INFO] [stderr]    Compiling version_check v0.9.4
[INFO] [stderr]    Compiling io-lifetimes v1.0.11
[INFO] [stderr]    Compiling futures-core v0.3.28
[INFO] [stderr]    Compiling crunchy v0.2.2
[INFO] [stderr]    Compiling pin-utils v0.1.0
[INFO] [stderr]    Compiling thiserror v1.0.40
[INFO] [stderr]    Compiling proc-macro-hack v0.5.20+deprecated
[INFO] [stderr]    Compiling tiny-keccak v2.0.2
[INFO] [stderr]    Compiling rustix v0.37.19
[INFO] [stderr]    Compiling linux-raw-sys v0.3.8
[INFO] [stderr]    Compiling tracing-core v0.1.31
[INFO] [stderr]    Compiling static_assertions v1.1.0
[INFO] [stderr]    Compiling futures-task v0.3.28
[INFO] [stderr]    Compiling syn v1.0.109
[INFO] [stderr]    Compiling proc-macro-error-attr v1.0.4
[INFO] [stderr]    Compiling futures-sink v0.3.28
[INFO] [stderr]    Compiling tokio v1.28.2
[INFO] [stderr]    Compiling memoffset v0.7.1
[INFO] [stderr]    Compiling proc-macro-error v1.0.4
[INFO] [stderr]    Compiling utf8parse v0.2.1
[INFO] [stderr]    Compiling log v0.4.18
[INFO] [stderr]    Compiling futures-util v0.3.28
[INFO] [stderr]    Compiling heck v0.4.1
[INFO] [stderr]    Compiling anstyle-parse v0.2.0
[INFO] [stderr]    Compiling indexmap v1.9.3
[INFO] [stderr]    Compiling lazy_static v1.4.0
[INFO] [stderr]    Compiling anstyle-query v1.0.0
[INFO] [stderr]    Compiling colorchoice v1.0.0
[INFO] [stderr]    Compiling regex-syntax v0.6.29
[INFO] [stderr]    Compiling anstyle v1.0.0
[INFO] [stderr]    Compiling regex-syntax v0.7.2
[INFO] [stderr]    Compiling clap_lex v0.5.0
[INFO] [stderr]    Compiling bytecount v0.6.3
[INFO] [stderr]    Compiling unicode-width v0.1.10
[INFO] [stderr]    Compiling strsim v0.10.0
[INFO] [stderr]    Compiling fnv v1.0.7
[INFO] [stderr]    Compiling hashbrown v0.12.3
[INFO] [stderr]    Compiling syn v2.0.18
[INFO] [stderr]    Compiling overload v0.1.1
[INFO] [stderr]    Compiling papergrid v0.9.1
[INFO] [stderr]    Compiling tracing-log v0.1.3
[INFO] [stderr]    Compiling getrandom v0.2.10
[INFO] [stderr]    Compiling nu-ansi-term v0.46.0
[INFO] [stderr]    Compiling sharded-slab v0.1.4
[INFO] [stderr]    Compiling thread_local v1.1.7
[INFO] [stderr]    Compiling cstr v0.2.11
[INFO] [stderr]    Compiling smallvec v1.10.0
[INFO] [stderr]    Compiling termcolor v1.2.0
[INFO] [stderr]    Compiling const-random-macro v0.1.15
[INFO] [stderr]    Compiling mio v0.8.8
[INFO] [stderr]    Compiling num_cpus v1.15.0
[INFO] [stderr]    Compiling signal-hook-registry v1.4.1
[INFO] [stderr]    Compiling socket2 v0.4.9
[INFO] [stderr]    Compiling nix v0.26.2
[INFO] [stderr]    Compiling daemonize v0.5.0
[INFO] [stderr]    Compiling const-random v0.1.15
[INFO] [stderr]    Compiling dlv-list v0.5.0
[INFO] [stderr]    Compiling regex v1.8.4
[INFO] [stderr]    Compiling regex-automata v0.1.10
[INFO] [stderr]    Compiling is-terminal v0.4.7
[INFO] [stderr]    Compiling tabled_derive v0.6.0
[INFO] [stderr]    Compiling anstream v0.3.2
[INFO] [stderr]    Compiling matchers v0.1.0
[INFO] [stderr]    Compiling clap_builder v4.3.3
[INFO] [stderr]    Compiling tabled v0.12.1
[INFO] [stderr]    Compiling serde_derive v1.0.164
[INFO] [stderr]    Compiling tokio-macros v2.1.0
[INFO] [stderr]    Compiling tracing-attributes v0.1.24
[INFO] [stderr]    Compiling thiserror-impl v1.0.40
[INFO] [stderr]    Compiling clap_derive v4.3.2
[INFO] [stderr]    Compiling tracing v0.1.37
[INFO] [stderr]    Compiling tracing-subscriber v0.3.17
[INFO] [stderr]    Compiling clap v4.3.3
[INFO] [stderr]    Compiling bytes v1.4.0
[INFO] [stderr]    Compiling bincode v1.3.3
[INFO] [stderr]    Compiling tokio-util v0.7.8
[INFO] [stderr]    Compiling withfd v0.1.1
[INFO] [stderr]    Compiling tokio-command-fds v0.2.1
[INFO] [stderr]    Compiling job-security-protocol v0.1.1 (/opt/rustwide/workdir/protocol)
[INFO] [stderr]    Compiling job-security-client v0.1.2 (/opt/rustwide/workdir/client)
[INFO] [stderr]    Compiling job-security-server v0.1.6 (/opt/rustwide/workdir/server)
[INFO] [stdout] warning: unused imports: `errno`, `signal::Signal`, `wait::WaitStatus`
[INFO] [stdout]   --> server/src/pty.rs:13:5
[INFO] [stdout]    |
[INFO] [stdout] 13 |     errno,
[INFO] [stdout]    |     ^^^^^
[INFO] [stdout] 14 |     sys::{signal::Signal, wait::WaitStatus},
[INFO] [stdout]    |           ^^^^^^^^^^^^^^  ^^^^^^^^^^^^^^^^
[INFO] [stdout]    |
[INFO] [stdout]    = note: `#[warn(unused_imports)]` on by default
[INFO] [stdout] 
[INFO] [stdout] 
[INFO] [stdout] warning: 1 warning emitted
[INFO] [stdout] 
[INFO] [stdout] 
[INFO] [stderr]    Compiling job-security v0.1.8 (/opt/rustwide/workdir/job-security)
[INFO] [stderr]     Finished dev [unoptimized + debuginfo] target(s) in 15.92s
[INFO] running `Command { std: "docker" "inspect" "d1d182b423ea66e6b332503868c324918c51c908f1be00f38000eae991efdfa1", kill_on_drop: false }`
[INFO] running `Command { std: "docker" "rm" "-f" "d1d182b423ea66e6b332503868c324918c51c908f1be00f38000eae991efdfa1", kill_on_drop: false }`
[INFO] [stdout] d1d182b423ea66e6b332503868c324918c51c908f1be00f38000eae991efdfa1
[INFO] running `Command { std: "docker" "create" "-v" "/var/lib/crater-agent-workspace/builds/worker-0-tc2/target:/opt/rustwide/target:rw,Z" "-v" "/var/lib/crater-agent-workspace/builds/worker-0-tc2/source:/opt/rustwide/workdir:ro,Z" "-v" "/var/lib/crater-agent-workspace/cargo-home:/opt/rustwide/cargo-home:ro,Z" "-v" "/var/lib/crater-agent-workspace/rustup-home:/opt/rustwide/rustup-home:ro,Z" "-e" "SOURCE_DIR=/opt/rustwide/workdir" "-e" "CARGO_TARGET_DIR=/opt/rustwide/target" "-e" "CARGO_INCREMENTAL=0" "-e" "RUST_BACKTRACE=full" "-e" "RUSTFLAGS=--cap-lints=warn" "-e" "RUSTDOCFLAGS=--cap-lints=warn" "-e" "CARGO_HOME=/opt/rustwide/cargo-home" "-e" "RUSTUP_HOME=/opt/rustwide/rustup-home" "-w" "/opt/rustwide/workdir" "-m" "1610612736" "--user" "0:0" "--network" "none" "ghcr.io/rust-lang/crates-build-env/linux@sha256:2788e3201cd34a07e3172128adcd8b3090168a8e3bcc40d7c032b9dda1df7d1c" "/opt/rustwide/cargo-home/bin/cargo" "+beta-2023-12-22" "test" "--frozen" "--no-run" "--message-format=json", kill_on_drop: false }`
[INFO] [stdout] 24d46328d3401554e0396066393256545ba6dbf6d40db1c9ab0792aa1b8e258e
[INFO] running `Command { std: "docker" "start" "-a" "24d46328d3401554e0396066393256545ba6dbf6d40db1c9ab0792aa1b8e258e", kill_on_drop: false }`
[INFO] [stderr]    Compiling job-security-protocol v0.1.1 (/opt/rustwide/workdir/protocol)
[INFO] [stdout] warning: unused imports: `errno`, `signal::Signal`, `wait::WaitStatus`
[INFO] [stdout]   --> server/src/pty.rs:13:5
[INFO] [stdout]    |
[INFO] [stdout] 13 |     errno,
[INFO] [stdout]    |     ^^^^^
[INFO] [stdout] 14 |     sys::{signal::Signal, wait::WaitStatus},
[INFO] [stdout]    |           ^^^^^^^^^^^^^^  ^^^^^^^^^^^^^^^^
[INFO] [stdout]    |
[INFO] [stdout]    = note: `#[warn(unused_imports)]` on by default
[INFO] [stdout] 
[INFO] [stdout] 
[INFO] [stdout] warning: 1 warning emitted
[INFO] [stdout] 
[INFO] [stdout] 
[INFO] [stderr]    Compiling job-security-server v0.1.6 (/opt/rustwide/workdir/server)
[INFO] [stderr]    Compiling job-security-client v0.1.2 (/opt/rustwide/workdir/client)
[INFO] [stderr]    Compiling job-security v0.1.8 (/opt/rustwide/workdir/job-security)
[INFO] [stdout] warning: unused imports: `errno`, `signal::Signal`, `wait::WaitStatus`
[INFO] [stdout]   --> server/src/pty.rs:13:5
[INFO] [stdout]    |
[INFO] [stdout] 13 |     errno,
[INFO] [stdout]    |     ^^^^^
[INFO] [stdout] 14 |     sys::{signal::Signal, wait::WaitStatus},
[INFO] [stdout]    |           ^^^^^^^^^^^^^^  ^^^^^^^^^^^^^^^^
[INFO] [stdout]    |
[INFO] [stdout]    = note: `#[warn(unused_imports)]` on by default
[INFO] [stdout] 
[INFO] [stdout] 
[INFO] [stdout] warning: 1 warning emitted
[INFO] [stdout] 
[INFO] [stdout] 
[INFO] [stderr]     Finished test [unoptimized + debuginfo] target(s) in 0.65s
[INFO] running `Command { std: "docker" "inspect" "24d46328d3401554e0396066393256545ba6dbf6d40db1c9ab0792aa1b8e258e", kill_on_drop: false }`
[INFO] running `Command { std: "docker" "rm" "-f" "24d46328d3401554e0396066393256545ba6dbf6d40db1c9ab0792aa1b8e258e", kill_on_drop: false }`
[INFO] [stdout] 24d46328d3401554e0396066393256545ba6dbf6d40db1c9ab0792aa1b8e258e
[INFO] running `Command { std: "docker" "create" "-v" "/var/lib/crater-agent-workspace/builds/worker-0-tc2/target:/opt/rustwide/target:rw,Z" "-v" "/var/lib/crater-agent-workspace/builds/worker-0-tc2/source:/opt/rustwide/workdir:ro,Z" "-v" "/var/lib/crater-agent-workspace/cargo-home:/opt/rustwide/cargo-home:ro,Z" "-v" "/var/lib/crater-agent-workspace/rustup-home:/opt/rustwide/rustup-home:ro,Z" "-e" "SOURCE_DIR=/opt/rustwide/workdir" "-e" "CARGO_TARGET_DIR=/opt/rustwide/target" "-e" "CARGO_INCREMENTAL=0" "-e" "RUST_BACKTRACE=full" "-e" "RUSTFLAGS=--cap-lints=warn" "-e" "RUSTDOCFLAGS=--cap-lints=warn" "-e" "CARGO_HOME=/opt/rustwide/cargo-home" "-e" "RUSTUP_HOME=/opt/rustwide/rustup-home" "-w" "/opt/rustwide/workdir" "-m" "1610612736" "--user" "0:0" "--network" "none" "ghcr.io/rust-lang/crates-build-env/linux@sha256:2788e3201cd34a07e3172128adcd8b3090168a8e3bcc40d7c032b9dda1df7d1c" "/opt/rustwide/cargo-home/bin/cargo" "+beta-2023-12-22" "test" "--frozen", kill_on_drop: false }`
[INFO] [stdout] cd37c2a3d2cce73707912d3100be70d5c8a7606725a05dffc5600fbec9eed0ed
[INFO] running `Command { std: "docker" "start" "-a" "cd37c2a3d2cce73707912d3100be70d5c8a7606725a05dffc5600fbec9eed0ed", kill_on_drop: false }`
[INFO] [stderr] warning: unused imports: `errno`, `signal::Signal`, `wait::WaitStatus`
[INFO] [stderr]   --> server/src/pty.rs:13:5
[INFO] [stderr]    |
[INFO] [stderr] 13 |     errno,
[INFO] [stderr]    |     ^^^^^
[INFO] [stderr] 14 |     sys::{signal::Signal, wait::WaitStatus},
[INFO] [stderr]    |           ^^^^^^^^^^^^^^  ^^^^^^^^^^^^^^^^
[INFO] [stderr]    |
[INFO] [stderr]    = note: `#[warn(unused_imports)]` on by default
[INFO] [stderr] 
[INFO] [stderr] warning: `job-security-server` (lib) generated 1 warning (run `cargo fix --lib -p job-security-server` to apply 1 suggestion)
[INFO] [stderr] warning: `job-security-server` (lib test) generated 1 warning (1 duplicate)
[INFO] [stderr]     Finished test [unoptimized + debuginfo] target(s) in 0.06s
[INFO] [stderr]      Running unittests src/main.rs (/opt/rustwide/target/debug/deps/jobs-46d7eb7ab82fa22d)
[INFO] [stdout] 
[INFO] [stdout] running 0 tests
[INFO] [stdout] 
[INFO] [stdout] test result: ok. 0 passed; 0 failed; 0 ignored; 0 measured; 0 filtered out; finished in 0.00s
[INFO] [stdout] 
[INFO] [stderr]      Running unittests src/lib.rs (/opt/rustwide/target/debug/deps/job_security_client-f47f5cb721d56679)
[INFO] [stdout] 
[INFO] [stdout] running 0 tests
[INFO] [stdout] 
[INFO] [stdout] test result: ok. 0 passed; 0 failed; 0 ignored; 0 measured; 0 filtered out; finished in 0.00s
[INFO] [stdout] 
[INFO] [stderr]      Running unittests src/lib.rs (/opt/rustwide/target/debug/deps/job_security_protocol-d7c97473309947c8)
[INFO] [stdout] 
[INFO] [stdout] running 0 tests
[INFO] [stdout] 
[INFO] [stdout] test result: ok. 0 passed; 0 failed; 0 ignored; 0 measured; 0 filtered out; finished in 0.00s
[INFO] [stdout] 
[INFO] [stderr]      Running unittests src/lib.rs (/opt/rustwide/target/debug/deps/job_security_server-d8571e30658b214f)
[INFO] [stdout] 
[INFO] [stdout] running 0 tests
[INFO] [stdout] 
[INFO] [stdout] test result: ok. 0 passed; 0 failed; 0 ignored; 0 measured; 0 filtered out; finished in 0.00s
[INFO] [stdout] 
[INFO] [stderr]    Doc-tests job-security-client
[INFO] [stdout] 
[INFO] [stdout] running 0 tests
[INFO] [stdout] 
[INFO] [stdout] test result: ok. 0 passed; 0 failed; 0 ignored; 0 measured; 0 filtered out; finished in 0.00s
[INFO] [stdout] 
[INFO] [stderr]    Doc-tests job-security-protocol
[INFO] [stdout] 
[INFO] [stdout] running 0 tests
[INFO] [stdout] 
[INFO] [stdout] test result: ok. 0 passed; 0 failed; 0 ignored; 0 measured; 0 filtered out; finished in 0.00s
[INFO] [stdout] 
[INFO] [stderr]    Doc-tests job-security-server
[INFO] [stdout] 
[INFO] [stdout] running 1 test
[INFO] [stdout] test server/src/pty.rs - pty::PtyProcess::spawn (line 48) - compile ... FAILED
[INFO] [stdout] 
[INFO] [stdout] failures:
[INFO] [stdout] 
[INFO] [stdout] ---- server/src/pty.rs - pty::PtyProcess::spawn (line 48) stdout ----
[INFO] [stdout] error[E0432]: unresolved import `ptyprocess`
[INFO] [stdout]  --> server/src/pty.rs:50:5
[INFO] [stdout]   |
[INFO] [stdout] 4 | use ptyprocess::PtyProcess;
[INFO] [stdout]   |     ^^^^^^^^^^ use of undeclared crate or module `ptyprocess`
[INFO] [stdout] 
[INFO] [stdout] error: aborting due to 1 previous error
[INFO] [stdout] 
[INFO] [stdout] For more information about this error, try `rustc --explain E0432`.
[INFO] [stdout] Couldn't compile the test.
[INFO] [stdout] 
[INFO] [stdout] failures:
[INFO] [stdout]     server/src/pty.rs - pty::PtyProcess::spawn (line 48)
[INFO] [stdout] 
[INFO] [stdout] test result: FAILED. 0 passed; 1 failed; 0 ignored; 0 measured; 0 filtered out; finished in 0.03s
[INFO] [stdout] 
[INFO] [stderr] error: doctest failed, to rerun pass `-p job-security-server --doc`
[INFO] running `Command { std: "docker" "inspect" "cd37c2a3d2cce73707912d3100be70d5c8a7606725a05dffc5600fbec9eed0ed", kill_on_drop: false }`
[INFO] running `Command { std: "docker" "rm" "-f" "cd37c2a3d2cce73707912d3100be70d5c8a7606725a05dffc5600fbec9eed0ed", kill_on_drop: false }`
[INFO] [stdout] cd37c2a3d2cce73707912d3100be70d5c8a7606725a05dffc5600fbec9eed0ed
