[INFO] cloning repository https://github.com/ysanson/manga_updater
[INFO] running `Command { std: "git" "-c" "credential.helper=" "-c" "credential.helper=/workspace/cargo-home/bin/git-credential-null" "clone" "--bare" "https://github.com/ysanson/manga_updater" "/workspace/cache/git-repos/https%3A%2F%2Fgithub.com%2Fysanson%2Fmanga_updater", kill_on_drop: false }`
[INFO] [stderr] Cloning into bare repository '/workspace/cache/git-repos/https%3A%2F%2Fgithub.com%2Fysanson%2Fmanga_updater'...
[INFO] running `Command { std: "git" "rev-parse" "HEAD", kill_on_drop: false }`
[INFO] [stdout] 4ffc25db0c3c9b4e4456ab7038af30125bbd65ff
[INFO] testing ysanson/manga_updater against 1.75.0 for beta-1.76-1
[INFO] running `Command { std: "git" "clone" "/workspace/cache/git-repos/https%3A%2F%2Fgithub.com%2Fysanson%2Fmanga_updater" "/workspace/builds/worker-7-tc1/source", kill_on_drop: false }`
[INFO] [stderr] Cloning into '/workspace/builds/worker-7-tc1/source'...
[INFO] [stderr] done.
[INFO] validating manifest of git repo https://github.com/ysanson/manga_updater on toolchain 1.75.0
[INFO] running `Command { std: CARGO_HOME="/workspace/cargo-home" RUSTUP_HOME="/workspace/rustup-home" "/workspace/cargo-home/bin/cargo" "+1.75.0" "metadata" "--manifest-path" "Cargo.toml" "--no-deps", kill_on_drop: false }`
[INFO] started tweaking git repo https://github.com/ysanson/manga_updater
[INFO] finished tweaking git repo https://github.com/ysanson/manga_updater
[INFO] tweaked toml for git repo https://github.com/ysanson/manga_updater written to /workspace/builds/worker-7-tc1/source/Cargo.toml
[INFO] crate git repo https://github.com/ysanson/manga_updater already has a lockfile, it will not be regenerated
[INFO] running `Command { std: CARGO_HOME="/workspace/cargo-home" RUSTUP_HOME="/workspace/rustup-home" "/workspace/cargo-home/bin/cargo" "+1.75.0" "fetch" "--manifest-path" "Cargo.toml", kill_on_drop: false }`
[INFO] running `Command { std: "docker" "create" "-v" "/var/lib/crater-agent-workspace/builds/worker-7-tc1/target:/opt/rustwide/target:rw,Z" "-v" "/var/lib/crater-agent-workspace/builds/worker-7-tc1/source:/opt/rustwide/workdir:ro,Z" "-v" "/var/lib/crater-agent-workspace/cargo-home:/opt/rustwide/cargo-home:ro,Z" "-v" "/var/lib/crater-agent-workspace/rustup-home:/opt/rustwide/rustup-home:ro,Z" "-e" "SOURCE_DIR=/opt/rustwide/workdir" "-e" "CARGO_TARGET_DIR=/opt/rustwide/target" "-e" "CARGO_HOME=/opt/rustwide/cargo-home" "-e" "RUSTUP_HOME=/opt/rustwide/rustup-home" "-w" "/opt/rustwide/workdir" "-m" "1610612736" "--user" "0:0" "--network" "none" "ghcr.io/rust-lang/crates-build-env/linux@sha256:2788e3201cd34a07e3172128adcd8b3090168a8e3bcc40d7c032b9dda1df7d1c" "/opt/rustwide/cargo-home/bin/cargo" "+1.75.0" "metadata" "--no-deps" "--format-version=1", kill_on_drop: false }`
[INFO] [stdout] 5153a7ce3b10e287ec33ef19a233f632d06800b5cd030a351e4e20ae57ce24aa
[INFO] running `Command { std: "docker" "start" "-a" "5153a7ce3b10e287ec33ef19a233f632d06800b5cd030a351e4e20ae57ce24aa", kill_on_drop: false }`
[INFO] running `Command { std: "docker" "inspect" "5153a7ce3b10e287ec33ef19a233f632d06800b5cd030a351e4e20ae57ce24aa", kill_on_drop: false }`
[INFO] running `Command { std: "docker" "rm" "-f" "5153a7ce3b10e287ec33ef19a233f632d06800b5cd030a351e4e20ae57ce24aa", kill_on_drop: false }`
[INFO] [stdout] 5153a7ce3b10e287ec33ef19a233f632d06800b5cd030a351e4e20ae57ce24aa
[INFO] running `Command { std: "docker" "create" "-v" "/var/lib/crater-agent-workspace/builds/worker-7-tc1/target:/opt/rustwide/target:rw,Z" "-v" "/var/lib/crater-agent-workspace/builds/worker-7-tc1/source:/opt/rustwide/workdir:ro,Z" "-v" "/var/lib/crater-agent-workspace/cargo-home:/opt/rustwide/cargo-home:ro,Z" "-v" "/var/lib/crater-agent-workspace/rustup-home:/opt/rustwide/rustup-home:ro,Z" "-e" "SOURCE_DIR=/opt/rustwide/workdir" "-e" "CARGO_TARGET_DIR=/opt/rustwide/target" "-e" "CARGO_INCREMENTAL=0" "-e" "RUST_BACKTRACE=full" "-e" "RUSTFLAGS=--cap-lints=warn" "-e" "RUSTDOCFLAGS=--cap-lints=warn" "-e" "CARGO_HOME=/opt/rustwide/cargo-home" "-e" "RUSTUP_HOME=/opt/rustwide/rustup-home" "-w" "/opt/rustwide/workdir" "-m" "1610612736" "--user" "0:0" "--network" "none" "ghcr.io/rust-lang/crates-build-env/linux@sha256:2788e3201cd34a07e3172128adcd8b3090168a8e3bcc40d7c032b9dda1df7d1c" "/opt/rustwide/cargo-home/bin/cargo" "+1.75.0" "build" "--frozen" "--message-format=json", kill_on_drop: false }`
[INFO] [stdout] 425607dd7625468a25eaa3962dbddd030dd0528b9961dcf9c63d0f502e3cbd0e
[INFO] running `Command { std: "docker" "start" "-a" "425607dd7625468a25eaa3962dbddd030dd0528b9961dcf9c63d0f502e3cbd0e", kill_on_drop: false }`
[INFO] [stderr]    Compiling proc-macro2 v1.0.56
[INFO] [stderr]    Compiling unicode-ident v1.0.8
[INFO] [stderr]    Compiling cfg-if v1.0.0
[INFO] [stderr]    Compiling quote v1.0.26
[INFO] [stderr]    Compiling libc v0.2.147
[INFO] [stderr]    Compiling autocfg v1.1.0
[INFO] [stderr]    Compiling once_cell v1.17.1
[INFO] [stderr]    Compiling log v0.4.17
[INFO] [stderr]    Compiling smallvec v1.10.0
[INFO] [stderr]    Compiling parking_lot_core v0.9.7
[INFO] [stderr]    Compiling siphasher v0.3.10
[INFO] [stderr]    Compiling ppv-lite86 v0.2.17
[INFO] [stderr]    Compiling scopeguard v1.1.0
[INFO] [stderr]    Compiling syn v1.0.109
[INFO] [stderr]    Compiling pin-project-lite v0.2.13
[INFO] [stderr]    Compiling futures-core v0.3.28
[INFO] [stderr]    Compiling version_check v0.9.4
[INFO] [stderr]    Compiling memchr v2.5.0
[INFO] [stderr]    Compiling itoa v1.0.6
[INFO] [stderr]    Compiling phf_shared v0.10.0
[INFO] [stderr]    Compiling futures-sink v0.3.28
[INFO] [stderr]    Compiling futures-task v0.3.28
[INFO] [stderr]    Compiling futures-channel v0.3.28
[INFO] [stderr]    Compiling cc v1.0.79
[INFO] [stderr]    Compiling pkg-config v0.3.26
[INFO] [stderr]    Compiling bytes v1.4.0
[INFO] [stderr]    Compiling lock_api v0.4.9
[INFO] [stderr]    Compiling slab v0.4.8
[INFO] [stderr]    Compiling futures-util v0.3.28
[INFO] [stderr]    Compiling serde v1.0.160
[INFO] [stderr]    Compiling proc-macro-hack v0.5.20+deprecated
[INFO] [stderr]    Compiling pin-utils v0.1.0
[INFO] [stderr]    Compiling futures-io v0.3.28
[INFO] [stderr]    Compiling new_debug_unreachable v1.0.4
[INFO] [stderr]    Compiling bitflags v1.3.2
[INFO] [stderr]    Compiling hashbrown v0.12.3
[INFO] [stderr]    Compiling indexmap v1.9.3
[INFO] [stderr]    Compiling tracing-core v0.1.30
[INFO] [stderr]    Compiling openssl v0.10.52
[INFO] [stderr]    Compiling fnv v1.0.7
[INFO] [stderr]    Compiling foreign-types-shared v0.1.1
[INFO] [stderr]    Compiling foreign-types v0.3.2
[INFO] [stderr]    Compiling http v0.2.9
[INFO] [stderr]    Compiling proc-macro-error-attr v1.0.4
[INFO] [stderr]    Compiling unicode-width v0.1.10
[INFO] [stderr]    Compiling tinyvec_macros v0.1.1
[INFO] [stderr]    Compiling mac v0.1.1
[INFO] [stderr]    Compiling httparse v1.8.0
[INFO] [stderr]    Compiling precomputed-hash v0.1.1
[INFO] [stderr]    Compiling native-tls v0.2.11
[INFO] [stderr]    Compiling futf v0.1.5
[INFO] [stderr]    Compiling syn v2.0.15
[INFO] [stderr]    Compiling getrandom v0.2.9
[INFO] [stderr]    Compiling socket2 v0.5.3
[INFO] [stderr]    Compiling mio v0.8.6
[INFO] [stderr]    Compiling signal-hook-registry v1.4.1
[INFO] [stderr]    Compiling num_cpus v1.15.0
[INFO] [stderr]    Compiling rand_core v0.6.4
[INFO] [stderr]    Compiling tracing v0.1.37
[INFO] [stderr]    Compiling parking_lot v0.12.1
[INFO] [stderr]    Compiling rand_chacha v0.3.1
[INFO] [stderr]    Compiling tinyvec v1.6.0
[INFO] [stderr]    Compiling proc-macro-error v1.0.4
[INFO] [stderr]    Compiling percent-encoding v2.2.0
[INFO] [stderr]    Compiling rand v0.8.5
[INFO] [stderr]    Compiling openssl-sys v0.9.87
[INFO] [stderr]    Compiling utf-8 v0.7.6
[INFO] [stderr]    Compiling dtoa v0.4.8
[INFO] [stderr]    Compiling openssl-probe v0.1.5
[INFO] [stderr]    Compiling try-lock v0.2.4
[INFO] [stderr]    Compiling http-body v0.4.5
[INFO] [stderr]    Compiling tendril v0.4.3
[INFO] [stderr]    Compiling dtoa-short v0.3.3
[INFO] [stderr]    Compiling want v0.3.0
[INFO] [stderr]    Compiling form_urlencoded v1.1.0
[INFO] [stderr]    Compiling socket2 v0.4.9
[INFO] [stderr]    Compiling ahash v0.8.3
[INFO] [stderr]    Compiling httpdate v1.0.2
[INFO] [stderr]    Compiling stable_deref_trait v1.2.0
[INFO] [stderr]    Compiling ryu v1.0.13
[INFO] [stderr]    Compiling tower-service v0.3.2
[INFO] [stderr]    Compiling byteorder v1.4.3
[INFO] [stderr]    Compiling unicode-bidi v0.3.13
[INFO] [stderr]    Compiling unicode-segmentation v1.10.1
[INFO] [stderr]    Compiling servo_arc v0.3.0
[INFO] [stderr]    Compiling atty v0.2.14
[INFO] [stderr]    Compiling fxhash v0.2.1
[INFO] [stderr]    Compiling textwrap v0.11.0
[INFO] [stderr]    Compiling is-docker v0.2.0
[INFO] [stderr]    Compiling phf_generator v0.10.0
[INFO] [stderr]    Compiling unicode-normalization v0.1.22
[INFO] [stderr]    Compiling vec_map v0.8.2
[INFO] [stderr]    Compiling ansi_term v0.12.1
[INFO] [stderr]    Compiling bitflags v2.3.3
[INFO] [stderr]    Compiling phf_codegen v0.10.0
[INFO] [stderr]    Compiling string_cache_codegen v0.5.2
[INFO] [stderr]    Compiling heck v0.3.3
[INFO] [stderr]    Compiling strsim v0.8.0
[INFO] [stderr]    Compiling lazy_static v1.4.0
[INFO] [stderr]    Compiling is-wsl v0.4.0
[INFO] [stderr]    Compiling dashmap v5.4.0
[INFO] [stderr]    Compiling selectors v0.25.0
[INFO] [stderr]    Compiling getopts v0.2.21
[INFO] [stderr]    Compiling csv-core v0.1.10
[INFO] [stderr]    Compiling encoding_rs v0.8.32
[INFO] [stderr]    Compiling clap v2.34.0
[INFO] [stderr]    Compiling ipnet v2.7.2
[INFO] [stderr]    Compiling mime v0.3.17
[INFO] [stderr]    Compiling idna v0.3.0
[INFO] [stderr]    Compiling base64 v0.21.0
[INFO] [stderr]    Compiling ego-tree v0.6.2
[INFO] [stderr]    Compiling markup5ever v0.11.0
[INFO] [stderr]    Compiling pathdiff v0.2.1
[INFO] [stderr]    Compiling text_io v0.1.12
[INFO] [stderr]    Compiling open v5.0.0
[INFO] [stderr]    Compiling owo-colors v3.5.0
[INFO] [stderr]    Compiling url v2.3.1
[INFO] [stderr]    Compiling string_cache v0.8.7
[INFO] [stderr]    Compiling serde_urlencoded v0.7.1
[INFO] [stderr]    Compiling csv v1.2.2
[INFO] [stderr]    Compiling futures-macro v0.3.28
[INFO] [stderr]    Compiling tokio-macros v2.1.0
[INFO] [stderr]    Compiling openssl-macros v0.1.1
[INFO] [stderr]    Compiling cssparser-macros v0.6.1
[INFO] [stderr]    Compiling serial_test_derive v2.0.0
[INFO] [stderr]    Compiling phf_macros v0.10.0
[INFO] [stderr]    Compiling html5ever v0.26.0
[INFO] [stderr]    Compiling derive_more v0.99.17
[INFO] [stderr]    Compiling structopt-derive v0.4.18
[INFO] [stderr]    Compiling tokio v1.32.0
[INFO] [stderr]    Compiling phf v0.10.1
[INFO] [stderr]    Compiling cssparser v0.31.2
[INFO] [stderr]    Compiling structopt v0.3.26
[INFO] [stderr]    Compiling scraper v0.17.1
[INFO] [stderr]    Compiling futures-executor v0.3.28
[INFO] [stderr]    Compiling futures v0.3.28
[INFO] [stderr]    Compiling serial_test v2.0.0
[INFO] [stderr]    Compiling tokio-util v0.7.8
[INFO] [stderr]    Compiling tokio-native-tls v0.3.1
[INFO] [stderr]    Compiling h2 v0.3.18
[INFO] [stderr]    Compiling hyper v0.14.26
[INFO] [stderr]    Compiling hyper-tls v0.5.0
[INFO] [stderr]    Compiling reqwest v0.11.20
[INFO] [stderr]    Compiling manga_updater v0.7.1 (/opt/rustwide/workdir)
[INFO] [stderr]     Finished dev [unoptimized + debuginfo] target(s) in 15.13s
[INFO] running `Command { std: "docker" "inspect" "425607dd7625468a25eaa3962dbddd030dd0528b9961dcf9c63d0f502e3cbd0e", kill_on_drop: false }`
[INFO] running `Command { std: "docker" "rm" "-f" "425607dd7625468a25eaa3962dbddd030dd0528b9961dcf9c63d0f502e3cbd0e", kill_on_drop: false }`
[INFO] [stdout] 425607dd7625468a25eaa3962dbddd030dd0528b9961dcf9c63d0f502e3cbd0e
[INFO] running `Command { std: "docker" "create" "-v" "/var/lib/crater-agent-workspace/builds/worker-7-tc1/target:/opt/rustwide/target:rw,Z" "-v" "/var/lib/crater-agent-workspace/builds/worker-7-tc1/source:/opt/rustwide/workdir:ro,Z" "-v" "/var/lib/crater-agent-workspace/cargo-home:/opt/rustwide/cargo-home:ro,Z" "-v" "/var/lib/crater-agent-workspace/rustup-home:/opt/rustwide/rustup-home:ro,Z" "-e" "SOURCE_DIR=/opt/rustwide/workdir" "-e" "CARGO_TARGET_DIR=/opt/rustwide/target" "-e" "CARGO_INCREMENTAL=0" "-e" "RUST_BACKTRACE=full" "-e" "RUSTFLAGS=--cap-lints=warn" "-e" "RUSTDOCFLAGS=--cap-lints=warn" "-e" "CARGO_HOME=/opt/rustwide/cargo-home" "-e" "RUSTUP_HOME=/opt/rustwide/rustup-home" "-w" "/opt/rustwide/workdir" "-m" "1610612736" "--user" "0:0" "--network" "none" "ghcr.io/rust-lang/crates-build-env/linux@sha256:2788e3201cd34a07e3172128adcd8b3090168a8e3bcc40d7c032b9dda1df7d1c" "/opt/rustwide/cargo-home/bin/cargo" "+1.75.0" "test" "--frozen" "--no-run" "--message-format=json", kill_on_drop: false }`
[INFO] [stdout] e0d3d2504605772fa3e6f89af4da24c1a55777b58252282bda272a6042aeb752
[INFO] running `Command { std: "docker" "start" "-a" "e0d3d2504605772fa3e6f89af4da24c1a55777b58252282bda272a6042aeb752", kill_on_drop: false }`
[INFO] [stderr]    Compiling manga_updater v0.7.1 (/opt/rustwide/workdir)
[INFO] [stderr]     Finished test [unoptimized + debuginfo] target(s) in 1.86s
[INFO] running `Command { std: "docker" "inspect" "e0d3d2504605772fa3e6f89af4da24c1a55777b58252282bda272a6042aeb752", kill_on_drop: false }`
[INFO] running `Command { std: "docker" "rm" "-f" "e0d3d2504605772fa3e6f89af4da24c1a55777b58252282bda272a6042aeb752", kill_on_drop: false }`
[INFO] [stdout] e0d3d2504605772fa3e6f89af4da24c1a55777b58252282bda272a6042aeb752
[INFO] running `Command { std: "docker" "create" "-v" "/var/lib/crater-agent-workspace/builds/worker-7-tc1/target:/opt/rustwide/target:rw,Z" "-v" "/var/lib/crater-agent-workspace/builds/worker-7-tc1/source:/opt/rustwide/workdir:ro,Z" "-v" "/var/lib/crater-agent-workspace/cargo-home:/opt/rustwide/cargo-home:ro,Z" "-v" "/var/lib/crater-agent-workspace/rustup-home:/opt/rustwide/rustup-home:ro,Z" "-e" "SOURCE_DIR=/opt/rustwide/workdir" "-e" "CARGO_TARGET_DIR=/opt/rustwide/target" "-e" "CARGO_INCREMENTAL=0" "-e" "RUST_BACKTRACE=full" "-e" "RUSTFLAGS=--cap-lints=warn" "-e" "RUSTDOCFLAGS=--cap-lints=warn" "-e" "CARGO_HOME=/opt/rustwide/cargo-home" "-e" "RUSTUP_HOME=/opt/rustwide/rustup-home" "-w" "/opt/rustwide/workdir" "-m" "1610612736" "--user" "0:0" "--network" "none" "ghcr.io/rust-lang/crates-build-env/linux@sha256:2788e3201cd34a07e3172128adcd8b3090168a8e3bcc40d7c032b9dda1df7d1c" "/opt/rustwide/cargo-home/bin/cargo" "+1.75.0" "test" "--frozen", kill_on_drop: false }`
[INFO] [stdout] 2be3695ac74668eae501222c23cd0677370125348e022f68d487ef1c06da7ff0
[INFO] running `Command { std: "docker" "start" "-a" "2be3695ac74668eae501222c23cd0677370125348e022f68d487ef1c06da7ff0", kill_on_drop: false }`
[INFO] [stderr]     Finished test [unoptimized + debuginfo] target(s) in 0.08s
[INFO] [stderr]      Running unittests src/main.rs (/opt/rustwide/target/debug/deps/manga_updater-a25c96ad5504d857)
[INFO] [stdout] 
[INFO] [stdout] running 14 tests
[INFO] [stdout] test commands::unread::tests::reset_too_far_returns_same ... ok
[INFO] [stdout] test commands::import::tests::test_new_lines_found ... ok
[INFO] [stdout] test commands::unread::tests::rest_last_line ... ok
[INFO] [stdout] test commands::unread::tests::reset_chapter ... ok
[INFO] [stdout] test file_ops::save::tests::test_backup ... FAILED
[INFO] [stdout] test file_ops::save::tests::test_restore ... FAILED
[INFO] [stdout] test file_ops::tests::test_is_url_present ... FAILED
[INFO] [stdout] test file_ops::write_file::tests::test_append_to_file ... FAILED
[INFO] [stdout] test file_ops::tests::test_read_csv ... FAILED
[INFO] [stdout] test file_ops::write_file::tests::test_create_file ... FAILED
[INFO] [stdout] test file_ops::write_file::tests::test_export_file ... FAILED
[INFO] [stdout] test utils::tests::update_chapter_in_vec_test ... ok
[INFO] [stdout] test scraper::tests::with_a_wrong_site_throws_error ... ok
[INFO] [stdout] test scraper::tests::scrape_page_for_last_chapter_test ... ok
[INFO] [stdout] 
[INFO] [stdout] failures:
[INFO] [stdout] 
[INFO] [stdout] ---- file_ops::save::tests::test_backup stdout ----
[INFO] [stdout] Error: Custom { kind: Other, error: Error(Io(Os { code: 30, kind: ReadOnlyFilesystem, message: "Read-only file system" })) }
[INFO] [stdout] 
[INFO] [stdout] ---- file_ops::save::tests::test_restore stdout ----
[INFO] [stdout] Error: Custom { kind: Other, error: Error(Io(Os { code: 30, kind: ReadOnlyFilesystem, message: "Read-only file system" })) }
[INFO] [stdout] 
[INFO] [stdout] ---- file_ops::tests::test_is_url_present stdout ----
[INFO] [stdout] Error: Custom { kind: Other, error: Error(Io(Os { code: 30, kind: ReadOnlyFilesystem, message: "Read-only file system" })) }
[INFO] [stdout] 
[INFO] [stdout] ---- file_ops::write_file::tests::test_append_to_file stdout ----
[INFO] [stdout] Error: Custom { kind: Other, error: Error(Io(Os { code: 30, kind: ReadOnlyFilesystem, message: "Read-only file system" })) }
[INFO] [stdout] 
[INFO] [stdout] ---- file_ops::tests::test_read_csv stdout ----
[INFO] [stdout] Error: Custom { kind: Other, error: Error(Io(Os { code: 30, kind: ReadOnlyFilesystem, message: "Read-only file system" })) }
[INFO] [stdout] 
[INFO] [stdout] ---- file_ops::write_file::tests::test_create_file stdout ----
[INFO] [stdout] Error: Custom { kind: Other, error: Error(Io(Os { code: 30, kind: ReadOnlyFilesystem, message: "Read-only file system" })) }
[INFO] [stdout] 
[INFO] [stdout] ---- file_ops::write_file::tests::test_export_file stdout ----
[INFO] [stdout] Error: Custom { kind: Other, error: Error(Io(Os { code: 30, kind: ReadOnlyFilesystem, message: "Read-only file system" })) }
[INFO] [stdout] 
[INFO] [stdout] 
[INFO] [stdout] failures:
[INFO] [stdout]     file_ops::save::tests::test_backup
[INFO] [stdout]     file_ops::save::tests::test_restore
[INFO] [stdout]     file_ops::tests::test_is_url_present
[INFO] [stdout]     file_ops::tests::test_read_csv
[INFO] [stdout]     file_ops::write_file::tests::test_append_to_file
[INFO] [stdout]     file_ops::write_file::tests::test_create_file
[INFO] [stdout]     file_ops::write_file::tests::test_export_file
[INFO] [stdout] 
[INFO] [stdout] test result: FAILED. 7 passed; 7 failed; 0 ignored; 0 measured; 0 filtered out; finished in 0.02s
[INFO] [stdout] 
[INFO] [stderr] error: test failed, to rerun pass `--bin manga_updater`
[INFO] running `Command { std: "docker" "inspect" "2be3695ac74668eae501222c23cd0677370125348e022f68d487ef1c06da7ff0", kill_on_drop: false }`
[INFO] running `Command { std: "docker" "rm" "-f" "2be3695ac74668eae501222c23cd0677370125348e022f68d487ef1c06da7ff0", kill_on_drop: false }`
[INFO] [stdout] 2be3695ac74668eae501222c23cd0677370125348e022f68d487ef1c06da7ff0
[INFO] testing ysanson/manga_updater against beta-2023-12-22 for beta-1.76-1
[INFO] running `Command { std: "git" "clone" "/workspace/cache/git-repos/https%3A%2F%2Fgithub.com%2Fysanson%2Fmanga_updater" "/workspace/builds/worker-7-tc2/source", kill_on_drop: false }`
[INFO] [stderr] Cloning into '/workspace/builds/worker-7-tc2/source'...
[INFO] [stderr] done.
[INFO] validating manifest of git repo https://github.com/ysanson/manga_updater on toolchain beta-2023-12-22
[INFO] running `Command { std: CARGO_HOME="/workspace/cargo-home" RUSTUP_HOME="/workspace/rustup-home" "/workspace/cargo-home/bin/cargo" "+beta-2023-12-22" "metadata" "--manifest-path" "Cargo.toml" "--no-deps", kill_on_drop: false }`
[INFO] started tweaking git repo https://github.com/ysanson/manga_updater
[INFO] finished tweaking git repo https://github.com/ysanson/manga_updater
[INFO] tweaked toml for git repo https://github.com/ysanson/manga_updater written to /workspace/builds/worker-7-tc2/source/Cargo.toml
[INFO] crate git repo https://github.com/ysanson/manga_updater already has a lockfile, it will not be regenerated
[INFO] running `Command { std: CARGO_HOME="/workspace/cargo-home" RUSTUP_HOME="/workspace/rustup-home" "/workspace/cargo-home/bin/cargo" "+beta-2023-12-22" "fetch" "--manifest-path" "Cargo.toml", kill_on_drop: false }`
[INFO] running `Command { std: "docker" "create" "-v" "/var/lib/crater-agent-workspace/builds/worker-7-tc2/target:/opt/rustwide/target:rw,Z" "-v" "/var/lib/crater-agent-workspace/builds/worker-7-tc2/source:/opt/rustwide/workdir:ro,Z" "-v" "/var/lib/crater-agent-workspace/cargo-home:/opt/rustwide/cargo-home:ro,Z" "-v" "/var/lib/crater-agent-workspace/rustup-home:/opt/rustwide/rustup-home:ro,Z" "-e" "SOURCE_DIR=/opt/rustwide/workdir" "-e" "CARGO_TARGET_DIR=/opt/rustwide/target" "-e" "CARGO_HOME=/opt/rustwide/cargo-home" "-e" "RUSTUP_HOME=/opt/rustwide/rustup-home" "-w" "/opt/rustwide/workdir" "-m" "1610612736" "--user" "0:0" "--network" "none" "ghcr.io/rust-lang/crates-build-env/linux@sha256:2788e3201cd34a07e3172128adcd8b3090168a8e3bcc40d7c032b9dda1df7d1c" "/opt/rustwide/cargo-home/bin/cargo" "+beta-2023-12-22" "metadata" "--no-deps" "--format-version=1", kill_on_drop: false }`
[INFO] [stdout] a5b799f072be59d77b50d73db6689ed2d7bc50de08627bd4feed244e42e87802
[INFO] running `Command { std: "docker" "start" "-a" "a5b799f072be59d77b50d73db6689ed2d7bc50de08627bd4feed244e42e87802", kill_on_drop: false }`
[INFO] running `Command { std: "docker" "inspect" "a5b799f072be59d77b50d73db6689ed2d7bc50de08627bd4feed244e42e87802", kill_on_drop: false }`
[INFO] running `Command { std: "docker" "rm" "-f" "a5b799f072be59d77b50d73db6689ed2d7bc50de08627bd4feed244e42e87802", kill_on_drop: false }`
[INFO] [stdout] a5b799f072be59d77b50d73db6689ed2d7bc50de08627bd4feed244e42e87802
[INFO] running `Command { std: "docker" "create" "-v" "/var/lib/crater-agent-workspace/builds/worker-7-tc2/target:/opt/rustwide/target:rw,Z" "-v" "/var/lib/crater-agent-workspace/builds/worker-7-tc2/source:/opt/rustwide/workdir:ro,Z" "-v" "/var/lib/crater-agent-workspace/cargo-home:/opt/rustwide/cargo-home:ro,Z" "-v" "/var/lib/crater-agent-workspace/rustup-home:/opt/rustwide/rustup-home:ro,Z" "-e" "SOURCE_DIR=/opt/rustwide/workdir" "-e" "CARGO_TARGET_DIR=/opt/rustwide/target" "-e" "CARGO_INCREMENTAL=0" "-e" "RUST_BACKTRACE=full" "-e" "RUSTFLAGS=--cap-lints=warn" "-e" "RUSTDOCFLAGS=--cap-lints=warn" "-e" "CARGO_HOME=/opt/rustwide/cargo-home" "-e" "RUSTUP_HOME=/opt/rustwide/rustup-home" "-w" "/opt/rustwide/workdir" "-m" "1610612736" "--user" "0:0" "--network" "none" "ghcr.io/rust-lang/crates-build-env/linux@sha256:2788e3201cd34a07e3172128adcd8b3090168a8e3bcc40d7c032b9dda1df7d1c" "/opt/rustwide/cargo-home/bin/cargo" "+beta-2023-12-22" "build" "--frozen" "--message-format=json", kill_on_drop: false }`
[INFO] [stdout] 53c8cb989f6a63ced99b17273ca015090dd6fb21b1cf5be7d8e155c6576cabea
[INFO] running `Command { std: "docker" "start" "-a" "53c8cb989f6a63ced99b17273ca015090dd6fb21b1cf5be7d8e155c6576cabea", kill_on_drop: false }`
[INFO] [stderr]    Compiling proc-macro2 v1.0.56
[INFO] [stderr]    Compiling unicode-ident v1.0.8
[INFO] [stderr]    Compiling quote v1.0.26
[INFO] [stderr]    Compiling cfg-if v1.0.0
[INFO] [stderr]    Compiling libc v0.2.147
[INFO] [stderr]    Compiling autocfg v1.1.0
[INFO] [stderr]    Compiling once_cell v1.17.1
[INFO] [stderr]    Compiling log v0.4.17
[INFO] [stderr]    Compiling smallvec v1.10.0
[INFO] [stderr]    Compiling parking_lot_core v0.9.7
[INFO] [stderr]    Compiling siphasher v0.3.10
[INFO] [stderr]    Compiling ppv-lite86 v0.2.17
[INFO] [stderr]    Compiling scopeguard v1.1.0
[INFO] [stderr]    Compiling syn v1.0.109
[INFO] [stderr]    Compiling pin-project-lite v0.2.13
[INFO] [stderr]    Compiling memchr v2.5.0
[INFO] [stderr]    Compiling version_check v0.9.4
[INFO] [stderr]    Compiling futures-core v0.3.28
[INFO] [stderr]    Compiling itoa v1.0.6
[INFO] [stderr]    Compiling phf_shared v0.10.0
[INFO] [stderr]    Compiling futures-task v0.3.28
[INFO] [stderr]    Compiling futures-sink v0.3.28
[INFO] [stderr]    Compiling futures-channel v0.3.28
[INFO] [stderr]    Compiling pkg-config v0.3.26
[INFO] [stderr]    Compiling cc v1.0.79
[INFO] [stderr]    Compiling futures-util v0.3.28
[INFO] [stderr]    Compiling proc-macro-hack v0.5.20+deprecated
[INFO] [stderr]    Compiling lock_api v0.4.9
[INFO] [stderr]    Compiling slab v0.4.8
[INFO] [stderr]    Compiling serde v1.0.160
[INFO] [stderr]    Compiling bytes v1.4.0
[INFO] [stderr]    Compiling pin-utils v0.1.0
[INFO] [stderr]    Compiling futures-io v0.3.28
[INFO] [stderr]    Compiling hashbrown v0.12.3
[INFO] [stderr]    Compiling bitflags v1.3.2
[INFO] [stderr]    Compiling new_debug_unreachable v1.0.4
[INFO] [stderr]    Compiling indexmap v1.9.3
[INFO] [stderr]    Compiling tracing-core v0.1.30
[INFO] [stderr]    Compiling openssl v0.10.52
[INFO] [stderr]    Compiling fnv v1.0.7
[INFO] [stderr]    Compiling foreign-types-shared v0.1.1
[INFO] [stderr]    Compiling foreign-types v0.3.2
[INFO] [stderr]    Compiling proc-macro-error-attr v1.0.4
[INFO] [stderr]    Compiling http v0.2.9
[INFO] [stderr]    Compiling httparse v1.8.0
[INFO] [stderr]    Compiling precomputed-hash v0.1.1
[INFO] [stderr]    Compiling mac v0.1.1
[INFO] [stderr]    Compiling tinyvec_macros v0.1.1
[INFO] [stderr]    Compiling unicode-width v0.1.10
[INFO] [stderr]    Compiling native-tls v0.2.11
[INFO] [stderr]    Compiling syn v2.0.15
[INFO] [stderr]    Compiling getrandom v0.2.9
[INFO] [stderr]    Compiling signal-hook-registry v1.4.1
[INFO] [stderr]    Compiling mio v0.8.6
[INFO] [stderr]    Compiling num_cpus v1.15.0
[INFO] [stderr]    Compiling socket2 v0.5.3
[INFO] [stderr]    Compiling tracing v0.1.37
[INFO] [stderr]    Compiling parking_lot v0.12.1
[INFO] [stderr]    Compiling rand_core v0.6.4
[INFO] [stderr]    Compiling tinyvec v1.6.0
[INFO] [stderr]    Compiling futf v0.1.5
[INFO] [stderr]    Compiling proc-macro-error v1.0.4
[INFO] [stderr]    Compiling rand_chacha v0.3.1
[INFO] [stderr]    Compiling openssl-probe v0.1.5
[INFO] [stderr]    Compiling openssl-sys v0.9.87
[INFO] [stderr]    Compiling percent-encoding v2.2.0
[INFO] [stderr]    Compiling try-lock v0.2.4
[INFO] [stderr]    Compiling utf-8 v0.7.6
[INFO] [stderr]    Compiling rand v0.8.5
[INFO] [stderr]    Compiling dtoa v0.4.8
[INFO] [stderr]    Compiling form_urlencoded v1.1.0
[INFO] [stderr]    Compiling http-body v0.4.5
[INFO] [stderr]    Compiling want v0.3.0
[INFO] [stderr]    Compiling tendril v0.4.3
[INFO] [stderr]    Compiling dtoa-short v0.3.3
[INFO] [stderr]    Compiling socket2 v0.4.9
[INFO] [stderr]    Compiling ahash v0.8.3
[INFO] [stderr]    Compiling byteorder v1.4.3
[INFO] [stderr]    Compiling unicode-bidi v0.3.13
[INFO] [stderr]    Compiling stable_deref_trait v1.2.0
[INFO] [stderr]    Compiling unicode-segmentation v1.10.1
[INFO] [stderr]    Compiling tower-service v0.3.2
[INFO] [stderr]    Compiling httpdate v1.0.2
[INFO] [stderr]    Compiling ryu v1.0.13
[INFO] [stderr]    Compiling fxhash v0.2.1
[INFO] [stderr]    Compiling servo_arc v0.3.0
[INFO] [stderr]    Compiling unicode-normalization v0.1.22
[INFO] [stderr]    Compiling atty v0.2.14
[INFO] [stderr]    Compiling textwrap v0.11.0
[INFO] [stderr]    Compiling is-docker v0.2.0
[INFO] [stderr]    Compiling ansi_term v0.12.1
[INFO] [stderr]    Compiling strsim v0.8.0
[INFO] [stderr]    Compiling heck v0.3.3
[INFO] [stderr]    Compiling bitflags v2.3.3
[INFO] [stderr]    Compiling vec_map v0.8.2
[INFO] [stderr]    Compiling lazy_static v1.4.0
[INFO] [stderr]    Compiling is-wsl v0.4.0
[INFO] [stderr]    Compiling phf_generator v0.10.0
[INFO] [stderr]    Compiling dashmap v5.4.0
[INFO] [stderr]    Compiling phf_codegen v0.10.0
[INFO] [stderr]    Compiling string_cache_codegen v0.5.2
[INFO] [stderr]    Compiling clap v2.34.0
[INFO] [stderr]    Compiling getopts v0.2.21
[INFO] [stderr]    Compiling csv-core v0.1.10
[INFO] [stderr]    Compiling encoding_rs v0.8.32
[INFO] [stderr]    Compiling base64 v0.21.0
[INFO] [stderr]    Compiling selectors v0.25.0
[INFO] [stderr]    Compiling idna v0.3.0
[INFO] [stderr]    Compiling pathdiff v0.2.1
[INFO] [stderr]    Compiling ego-tree v0.6.2
[INFO] [stderr]    Compiling ipnet v2.7.2
[INFO] [stderr]    Compiling mime v0.3.17
[INFO] [stderr]    Compiling open v5.0.0
[INFO] [stderr]    Compiling text_io v0.1.12
[INFO] [stderr]    Compiling owo-colors v3.5.0
[INFO] [stderr]    Compiling markup5ever v0.11.0
[INFO] [stderr]    Compiling url v2.3.1
[INFO] [stderr]    Compiling string_cache v0.8.7
[INFO] [stderr]    Compiling serde_urlencoded v0.7.1
[INFO] [stderr]    Compiling csv v1.2.2
[INFO] [stderr]    Compiling futures-macro v0.3.28
[INFO] [stderr]    Compiling tokio-macros v2.1.0
[INFO] [stderr]    Compiling openssl-macros v0.1.1
[INFO] [stderr]    Compiling cssparser-macros v0.6.1
[INFO] [stderr]    Compiling serial_test_derive v2.0.0
[INFO] [stderr]    Compiling phf_macros v0.10.0
[INFO] [stderr]    Compiling html5ever v0.26.0
[INFO] [stderr]    Compiling derive_more v0.99.17
[INFO] [stderr]    Compiling structopt-derive v0.4.18
[INFO] [stderr]    Compiling tokio v1.32.0
[INFO] [stderr]    Compiling phf v0.10.1
[INFO] [stderr]    Compiling cssparser v0.31.2
[INFO] [stderr]    Compiling structopt v0.3.26
[INFO] [stderr]    Compiling scraper v0.17.1
[INFO] [stderr]    Compiling futures-executor v0.3.28
[INFO] [stderr]    Compiling futures v0.3.28
[INFO] [stderr]    Compiling serial_test v2.0.0
[INFO] [stderr]    Compiling tokio-util v0.7.8
[INFO] [stderr]    Compiling tokio-native-tls v0.3.1
[INFO] [stderr]    Compiling h2 v0.3.18
[INFO] [stderr]    Compiling hyper v0.14.26
[INFO] [stderr]    Compiling hyper-tls v0.5.0
[INFO] [stderr]    Compiling reqwest v0.11.20
[INFO] [stderr]    Compiling manga_updater v0.7.1 (/opt/rustwide/workdir)
[INFO] [stderr]     Finished dev [unoptimized + debuginfo] target(s) in 15.05s
[INFO] running `Command { std: "docker" "inspect" "53c8cb989f6a63ced99b17273ca015090dd6fb21b1cf5be7d8e155c6576cabea", kill_on_drop: false }`
[INFO] running `Command { std: "docker" "rm" "-f" "53c8cb989f6a63ced99b17273ca015090dd6fb21b1cf5be7d8e155c6576cabea", kill_on_drop: false }`
[INFO] [stdout] 53c8cb989f6a63ced99b17273ca015090dd6fb21b1cf5be7d8e155c6576cabea
[INFO] running `Command { std: "docker" "create" "-v" "/var/lib/crater-agent-workspace/builds/worker-7-tc2/target:/opt/rustwide/target:rw,Z" "-v" "/var/lib/crater-agent-workspace/builds/worker-7-tc2/source:/opt/rustwide/workdir:ro,Z" "-v" "/var/lib/crater-agent-workspace/cargo-home:/opt/rustwide/cargo-home:ro,Z" "-v" "/var/lib/crater-agent-workspace/rustup-home:/opt/rustwide/rustup-home:ro,Z" "-e" "SOURCE_DIR=/opt/rustwide/workdir" "-e" "CARGO_TARGET_DIR=/opt/rustwide/target" "-e" "CARGO_INCREMENTAL=0" "-e" "RUST_BACKTRACE=full" "-e" "RUSTFLAGS=--cap-lints=warn" "-e" "RUSTDOCFLAGS=--cap-lints=warn" "-e" "CARGO_HOME=/opt/rustwide/cargo-home" "-e" "RUSTUP_HOME=/opt/rustwide/rustup-home" "-w" "/opt/rustwide/workdir" "-m" "1610612736" "--user" "0:0" "--network" "none" "ghcr.io/rust-lang/crates-build-env/linux@sha256:2788e3201cd34a07e3172128adcd8b3090168a8e3bcc40d7c032b9dda1df7d1c" "/opt/rustwide/cargo-home/bin/cargo" "+beta-2023-12-22" "test" "--frozen" "--no-run" "--message-format=json", kill_on_drop: false }`
[INFO] [stdout] a2f5da9c7a556d0659461a698b8666d37cdea6ca7be6078f956be8ae53fee2fe
[INFO] running `Command { std: "docker" "start" "-a" "a2f5da9c7a556d0659461a698b8666d37cdea6ca7be6078f956be8ae53fee2fe", kill_on_drop: false }`
[INFO] [stderr]    Compiling manga_updater v0.7.1 (/opt/rustwide/workdir)
[INFO] [stderr]     Finished test [unoptimized + debuginfo] target(s) in 1.81s
[INFO] running `Command { std: "docker" "inspect" "a2f5da9c7a556d0659461a698b8666d37cdea6ca7be6078f956be8ae53fee2fe", kill_on_drop: false }`
[INFO] running `Command { std: "docker" "rm" "-f" "a2f5da9c7a556d0659461a698b8666d37cdea6ca7be6078f956be8ae53fee2fe", kill_on_drop: false }`
[INFO] [stdout] a2f5da9c7a556d0659461a698b8666d37cdea6ca7be6078f956be8ae53fee2fe
[INFO] running `Command { std: "docker" "create" "-v" "/var/lib/crater-agent-workspace/builds/worker-7-tc2/target:/opt/rustwide/target:rw,Z" "-v" "/var/lib/crater-agent-workspace/builds/worker-7-tc2/source:/opt/rustwide/workdir:ro,Z" "-v" "/var/lib/crater-agent-workspace/cargo-home:/opt/rustwide/cargo-home:ro,Z" "-v" "/var/lib/crater-agent-workspace/rustup-home:/opt/rustwide/rustup-home:ro,Z" "-e" "SOURCE_DIR=/opt/rustwide/workdir" "-e" "CARGO_TARGET_DIR=/opt/rustwide/target" "-e" "CARGO_INCREMENTAL=0" "-e" "RUST_BACKTRACE=full" "-e" "RUSTFLAGS=--cap-lints=warn" "-e" "RUSTDOCFLAGS=--cap-lints=warn" "-e" "CARGO_HOME=/opt/rustwide/cargo-home" "-e" "RUSTUP_HOME=/opt/rustwide/rustup-home" "-w" "/opt/rustwide/workdir" "-m" "1610612736" "--user" "0:0" "--network" "none" "ghcr.io/rust-lang/crates-build-env/linux@sha256:2788e3201cd34a07e3172128adcd8b3090168a8e3bcc40d7c032b9dda1df7d1c" "/opt/rustwide/cargo-home/bin/cargo" "+beta-2023-12-22" "test" "--frozen", kill_on_drop: false }`
[INFO] [stdout] 13f959a3a3d65cbff5de27a5d97e03f72a11bc5332cdca11306d40f52e964232
[INFO] running `Command { std: "docker" "start" "-a" "13f959a3a3d65cbff5de27a5d97e03f72a11bc5332cdca11306d40f52e964232", kill_on_drop: false }`
[INFO] [stderr]     Finished test [unoptimized + debuginfo] target(s) in 0.08s
[INFO] [stderr]      Running unittests src/main.rs (/opt/rustwide/target/debug/deps/manga_updater-16124816da52a86c)
[INFO] [stdout] 
[INFO] [stdout] running 14 tests
[INFO] [stdout] test commands::unread::tests::reset_too_far_returns_same ... ok
[INFO] [stdout] test commands::unread::tests::reset_chapter ... ok
[INFO] [stdout] test commands::import::tests::test_new_lines_found ... ok
[INFO] [stdout] test commands::unread::tests::rest_last_line ... ok
[INFO] [stdout] test file_ops::tests::test_is_url_present ... FAILED
[INFO] [stdout] test file_ops::save::tests::test_backup ... FAILED
[INFO] [stdout] test file_ops::save::tests::test_restore ... FAILED
[INFO] [stdout] test file_ops::write_file::tests::test_create_file ... FAILED
[INFO] [stdout] test file_ops::tests::test_read_csv ... FAILED
[INFO] [stdout] test file_ops::write_file::tests::test_append_to_file ... FAILED
[INFO] [stdout] test file_ops::write_file::tests::test_export_file ... FAILED
[INFO] [stdout] test utils::tests::update_chapter_in_vec_test ... ok
[INFO] [stdout] test scraper::tests::with_a_wrong_site_throws_error ... ok
[INFO] [stdout] test scraper::tests::scrape_page_for_last_chapter_test ... ok
[INFO] [stdout] 
[INFO] [stdout] failures:
[INFO] [stdout] 
[INFO] [stdout] ---- file_ops::tests::test_is_url_present stdout ----
[INFO] [stdout] Error: Custom { kind: Other, error: Error(Io(Os { code: 30, kind: ReadOnlyFilesystem, message: "Read-only file system" })) }
[INFO] [stdout] 
[INFO] [stdout] ---- file_ops::save::tests::test_backup stdout ----
[INFO] [stdout] Error: Custom { kind: Other, error: Error(Io(Os { code: 30, kind: ReadOnlyFilesystem, message: "Read-only file system" })) }
[INFO] [stdout] 
[INFO] [stdout] ---- file_ops::save::tests::test_restore stdout ----
[INFO] [stdout] Error: Custom { kind: Other, error: Error(Io(Os { code: 30, kind: ReadOnlyFilesystem, message: "Read-only file system" })) }
[INFO] [stdout] 
[INFO] [stdout] ---- file_ops::write_file::tests::test_create_file stdout ----
[INFO] [stdout] Error: Custom { kind: Other, error: Error(Io(Os { code: 30, kind: ReadOnlyFilesystem, message: "Read-only file system" })) }
[INFO] [stdout] 
[INFO] [stdout] ---- file_ops::tests::test_read_csv stdout ----
[INFO] [stdout] Error: Custom { kind: Other, error: Error(Io(Os { code: 30, kind: ReadOnlyFilesystem, message: "Read-only file system" })) }
[INFO] [stdout] 
[INFO] [stdout] ---- file_ops::write_file::tests::test_append_to_file stdout ----
[INFO] [stdout] Error: Custom { kind: Other, error: Error(Io(Os { code: 30, kind: ReadOnlyFilesystem, message: "Read-only file system" })) }
[INFO] [stdout] 
[INFO] [stdout] ---- file_ops::write_file::tests::test_export_file stdout ----
[INFO] [stdout] Error: Custom { kind: Other, error: Error(Io(Os { code: 30, kind: ReadOnlyFilesystem, message: "Read-only file system" })) }
[INFO] [stdout] 
[INFO] [stdout] 
[INFO] [stdout] failures:
[INFO] [stdout]     file_ops::save::tests::test_backup
[INFO] [stdout]     file_ops::save::tests::test_restore
[INFO] [stdout]     file_ops::tests::test_is_url_present
[INFO] [stdout]     file_ops::tests::test_read_csv
[INFO] [stdout]     file_ops::write_file::tests::test_append_to_file
[INFO] [stdout]     file_ops::write_file::tests::test_create_file
[INFO] [stdout]     file_ops::write_file::tests::test_export_file
[INFO] [stdout] 
[INFO] [stdout] test result: FAILED. 7 passed; 7 failed; 0 ignored; 0 measured; 0 filtered out; finished in 0.02s
[INFO] [stdout] 
[INFO] [stderr] error: test failed, to rerun pass `--bin manga_updater`
[INFO] running `Command { std: "docker" "inspect" "13f959a3a3d65cbff5de27a5d97e03f72a11bc5332cdca11306d40f52e964232", kill_on_drop: false }`
[INFO] running `Command { std: "docker" "rm" "-f" "13f959a3a3d65cbff5de27a5d97e03f72a11bc5332cdca11306d40f52e964232", kill_on_drop: false }`
[INFO] [stdout] 13f959a3a3d65cbff5de27a5d97e03f72a11bc5332cdca11306d40f52e964232
