[INFO] cloning repository https://github.com/yrashk/git-paravendor
[INFO] running `Command { std: "git" "-c" "credential.helper=" "-c" "credential.helper=/workspace/cargo-home/bin/git-credential-null" "clone" "--bare" "https://github.com/yrashk/git-paravendor" "/workspace/cache/git-repos/https%3A%2F%2Fgithub.com%2Fyrashk%2Fgit-paravendor", kill_on_drop: false }`
[INFO] [stderr] Cloning into bare repository '/workspace/cache/git-repos/https%3A%2F%2Fgithub.com%2Fyrashk%2Fgit-paravendor'...
[INFO] running `Command { std: "git" "rev-parse" "HEAD", kill_on_drop: false }`
[INFO] [stdout] faf9e1ac4eba15ab2a242dba7e2e0a7f3c075cb7
[INFO] testing yrashk/git-paravendor against 1.75.0 for beta-1.76-1
[INFO] running `Command { std: "git" "clone" "/workspace/cache/git-repos/https%3A%2F%2Fgithub.com%2Fyrashk%2Fgit-paravendor" "/workspace/builds/worker-5-tc1/source", kill_on_drop: false }`
[INFO] [stderr] Cloning into '/workspace/builds/worker-5-tc1/source'...
[INFO] [stderr] done.
[INFO] validating manifest of git repo https://github.com/yrashk/git-paravendor on toolchain 1.75.0
[INFO] running `Command { std: CARGO_HOME="/workspace/cargo-home" RUSTUP_HOME="/workspace/rustup-home" "/workspace/cargo-home/bin/cargo" "+1.75.0" "metadata" "--manifest-path" "Cargo.toml" "--no-deps", kill_on_drop: false }`
[INFO] started tweaking git repo https://github.com/yrashk/git-paravendor
[INFO] finished tweaking git repo https://github.com/yrashk/git-paravendor
[INFO] tweaked toml for git repo https://github.com/yrashk/git-paravendor written to /workspace/builds/worker-5-tc1/source/Cargo.toml
[INFO] crate git repo https://github.com/yrashk/git-paravendor already has a lockfile, it will not be regenerated
[INFO] running `Command { std: CARGO_HOME="/workspace/cargo-home" RUSTUP_HOME="/workspace/rustup-home" "/workspace/cargo-home/bin/cargo" "+1.75.0" "fetch" "--manifest-path" "Cargo.toml", kill_on_drop: false }`
[INFO] [stderr]  Downloading crates ...
[INFO] [stderr]   Downloaded git2 v0.17.0
[INFO] [stderr]   Downloaded libgit2-sys v0.15.0+1.6.3
[INFO] running `Command { std: "docker" "create" "-v" "/var/lib/crater-agent-workspace/builds/worker-5-tc1/target:/opt/rustwide/target:rw,Z" "-v" "/var/lib/crater-agent-workspace/builds/worker-5-tc1/source:/opt/rustwide/workdir:ro,Z" "-v" "/var/lib/crater-agent-workspace/cargo-home:/opt/rustwide/cargo-home:ro,Z" "-v" "/var/lib/crater-agent-workspace/rustup-home:/opt/rustwide/rustup-home:ro,Z" "-e" "SOURCE_DIR=/opt/rustwide/workdir" "-e" "CARGO_TARGET_DIR=/opt/rustwide/target" "-e" "CARGO_HOME=/opt/rustwide/cargo-home" "-e" "RUSTUP_HOME=/opt/rustwide/rustup-home" "-w" "/opt/rustwide/workdir" "-m" "1610612736" "--user" "0:0" "--network" "none" "ghcr.io/rust-lang/crates-build-env/linux@sha256:2788e3201cd34a07e3172128adcd8b3090168a8e3bcc40d7c032b9dda1df7d1c" "/opt/rustwide/cargo-home/bin/cargo" "+1.75.0" "metadata" "--no-deps" "--format-version=1", kill_on_drop: false }`
[INFO] [stdout] 878c6ea4a2204e747c41cdd7d695c32f3ce10d66617660f14cad690b62ad4948
[INFO] running `Command { std: "docker" "start" "-a" "878c6ea4a2204e747c41cdd7d695c32f3ce10d66617660f14cad690b62ad4948", kill_on_drop: false }`
[INFO] running `Command { std: "docker" "inspect" "878c6ea4a2204e747c41cdd7d695c32f3ce10d66617660f14cad690b62ad4948", kill_on_drop: false }`
[INFO] running `Command { std: "docker" "rm" "-f" "878c6ea4a2204e747c41cdd7d695c32f3ce10d66617660f14cad690b62ad4948", kill_on_drop: false }`
[INFO] [stdout] 878c6ea4a2204e747c41cdd7d695c32f3ce10d66617660f14cad690b62ad4948
[INFO] running `Command { std: "docker" "create" "-v" "/var/lib/crater-agent-workspace/builds/worker-5-tc1/target:/opt/rustwide/target:rw,Z" "-v" "/var/lib/crater-agent-workspace/builds/worker-5-tc1/source:/opt/rustwide/workdir:ro,Z" "-v" "/var/lib/crater-agent-workspace/cargo-home:/opt/rustwide/cargo-home:ro,Z" "-v" "/var/lib/crater-agent-workspace/rustup-home:/opt/rustwide/rustup-home:ro,Z" "-e" "SOURCE_DIR=/opt/rustwide/workdir" "-e" "CARGO_TARGET_DIR=/opt/rustwide/target" "-e" "CARGO_INCREMENTAL=0" "-e" "RUST_BACKTRACE=full" "-e" "RUSTFLAGS=--cap-lints=warn" "-e" "RUSTDOCFLAGS=--cap-lints=warn" "-e" "CARGO_HOME=/opt/rustwide/cargo-home" "-e" "RUSTUP_HOME=/opt/rustwide/rustup-home" "-w" "/opt/rustwide/workdir" "-m" "1610612736" "--user" "0:0" "--network" "none" "ghcr.io/rust-lang/crates-build-env/linux@sha256:2788e3201cd34a07e3172128adcd8b3090168a8e3bcc40d7c032b9dda1df7d1c" "/opt/rustwide/cargo-home/bin/cargo" "+1.75.0" "build" "--frozen" "--message-format=json", kill_on_drop: false }`
[INFO] [stdout] 0e0ee2e60c7d86f743d133b4e6b18191c4fc72932aa765a26aa4eab25449f322
[INFO] running `Command { std: "docker" "start" "-a" "0e0ee2e60c7d86f743d133b4e6b18191c4fc72932aa765a26aa4eab25449f322", kill_on_drop: false }`
[INFO] [stderr]    Compiling libc v0.2.140
[INFO] [stderr]    Compiling pkg-config v0.3.26
[INFO] [stderr]    Compiling proc-macro2 v1.0.56
[INFO] [stderr]    Compiling unicode-ident v1.0.8
[INFO] [stderr]    Compiling quote v1.0.26
[INFO] [stderr]    Compiling io-lifetimes v1.0.9
[INFO] [stderr]    Compiling serde_derive v1.0.159
[INFO] [stderr]    Compiling bitflags v1.3.2
[INFO] [stderr]    Compiling serde v1.0.159
[INFO] [stderr]    Compiling rustix v0.37.7
[INFO] [stderr]    Compiling autocfg v1.1.0
[INFO] [stderr]    Compiling tinyvec_macros v0.1.1
[INFO] [stderr]    Compiling linux-raw-sys v0.3.1
[INFO] [stderr]    Compiling tinyvec v1.6.0
[INFO] [stderr]    Compiling utf8parse v0.2.1
[INFO] [stderr]    Compiling indexmap v1.9.3
[INFO] [stderr]    Compiling anstyle-parse v0.1.1
[INFO] [stderr]    Compiling unicode-bidi v0.3.13
[INFO] [stderr]    Compiling portable-atomic v0.3.19
[INFO] [stderr]    Compiling syn v2.0.13
[INFO] [stderr]    Compiling jobserver v0.1.26
[INFO] [stderr]    Compiling unicode-normalization v0.1.22
[INFO] [stderr]    Compiling anstyle v0.3.5
[INFO] [stderr]    Compiling concolor-override v1.0.0
[INFO] [stderr]    Compiling cc v1.0.79
[INFO] [stderr]    Compiling log v0.4.17
[INFO] [stderr]    Compiling concolor-query v0.3.3
[INFO] [stderr]    Compiling hashbrown v0.12.3
[INFO] [stderr]    Compiling percent-encoding v2.2.0
[INFO] [stderr]    Compiling idna v0.3.0
[INFO] [stderr]    Compiling form_urlencoded v1.1.0
[INFO] [stderr]    Compiling lazy_static v1.4.0
[INFO] [stderr]    Compiling cfg-if v1.0.0
[INFO] [stderr]    Compiling heck v0.4.1
[INFO] [stderr]    Compiling unicode-width v0.1.10
[INFO] [stderr]    Compiling clap_lex v0.4.1
[INFO] [stderr]    Compiling winnow v0.4.1
[INFO] [stderr]    Compiling anyhow v1.0.70
[INFO] [stderr]    Compiling strsim v0.10.0
[INFO] [stderr]    Compiling url v2.3.1
[INFO] [stderr]    Compiling console v0.15.5
[INFO] [stderr]    Compiling libz-sys v1.1.8
[INFO] [stderr]    Compiling openssl-sys v0.9.84
[INFO] [stderr]    Compiling libssh2-sys v0.3.0
[INFO] [stderr]    Compiling libgit2-sys v0.15.0+1.6.3
[INFO] [stderr]    Compiling is-terminal v0.4.6
[INFO] [stderr]    Compiling anstream v0.2.6
[INFO] [stderr]    Compiling clap_builder v4.2.1
[INFO] [stderr]    Compiling number_prefix v0.4.0
[INFO] [stderr]    Compiling either v1.8.1
[INFO] [stderr]    Compiling openssl-probe v0.1.5
[INFO] [stderr]    Compiling once_cell v1.17.1
[INFO] [stderr]    Compiling indicatif v0.17.3
[INFO] [stderr]    Compiling which v4.4.0
[INFO] [stderr]    Compiling clap_derive v4.2.0
[INFO] [stderr]    Compiling clap v4.2.1
[INFO] [stderr]    Compiling serde_spanned v0.6.1
[INFO] [stderr]    Compiling toml_datetime v0.6.1
[INFO] [stderr]    Compiling toml_edit v0.19.8
[INFO] [stderr]    Compiling git2 v0.17.0
[INFO] [stderr]    Compiling toml v0.7.3
[INFO] [stderr]    Compiling git-paravendor v0.1.0 (/opt/rustwide/workdir)
[INFO] [stderr]     Finished dev [unoptimized + debuginfo] target(s) in 24.40s
[INFO] running `Command { std: "docker" "inspect" "0e0ee2e60c7d86f743d133b4e6b18191c4fc72932aa765a26aa4eab25449f322", kill_on_drop: false }`
[INFO] running `Command { std: "docker" "rm" "-f" "0e0ee2e60c7d86f743d133b4e6b18191c4fc72932aa765a26aa4eab25449f322", kill_on_drop: false }`
[INFO] [stdout] 0e0ee2e60c7d86f743d133b4e6b18191c4fc72932aa765a26aa4eab25449f322
[INFO] running `Command { std: "docker" "create" "-v" "/var/lib/crater-agent-workspace/builds/worker-5-tc1/target:/opt/rustwide/target:rw,Z" "-v" "/var/lib/crater-agent-workspace/builds/worker-5-tc1/source:/opt/rustwide/workdir:ro,Z" "-v" "/var/lib/crater-agent-workspace/cargo-home:/opt/rustwide/cargo-home:ro,Z" "-v" "/var/lib/crater-agent-workspace/rustup-home:/opt/rustwide/rustup-home:ro,Z" "-e" "SOURCE_DIR=/opt/rustwide/workdir" "-e" "CARGO_TARGET_DIR=/opt/rustwide/target" "-e" "CARGO_INCREMENTAL=0" "-e" "RUST_BACKTRACE=full" "-e" "RUSTFLAGS=--cap-lints=warn" "-e" "RUSTDOCFLAGS=--cap-lints=warn" "-e" "CARGO_HOME=/opt/rustwide/cargo-home" "-e" "RUSTUP_HOME=/opt/rustwide/rustup-home" "-w" "/opt/rustwide/workdir" "-m" "1610612736" "--user" "0:0" "--network" "none" "ghcr.io/rust-lang/crates-build-env/linux@sha256:2788e3201cd34a07e3172128adcd8b3090168a8e3bcc40d7c032b9dda1df7d1c" "/opt/rustwide/cargo-home/bin/cargo" "+1.75.0" "test" "--frozen" "--no-run" "--message-format=json", kill_on_drop: false }`
[INFO] [stdout] f55f974b31a47c46e79512fd2b349370314767f70dffef72061fab48e197d9a4
[INFO] running `Command { std: "docker" "start" "-a" "f55f974b31a47c46e79512fd2b349370314767f70dffef72061fab48e197d9a4", kill_on_drop: false }`
[INFO] [stderr]    Compiling rustix v0.37.7
[INFO] [stderr]    Compiling fastrand v1.9.0
[INFO] [stderr]    Compiling is-terminal v0.4.6
[INFO] [stderr]    Compiling tempfile v3.5.0
[INFO] [stderr]    Compiling anstream v0.2.6
[INFO] [stderr]    Compiling clap_builder v4.2.1
[INFO] [stderr]    Compiling clap v4.2.1
[INFO] [stderr]    Compiling git-paravendor v0.1.0 (/opt/rustwide/workdir)
[INFO] [stderr]     Finished test [unoptimized + debuginfo] target(s) in 6.34s
[INFO] running `Command { std: "docker" "inspect" "f55f974b31a47c46e79512fd2b349370314767f70dffef72061fab48e197d9a4", kill_on_drop: false }`
[INFO] running `Command { std: "docker" "rm" "-f" "f55f974b31a47c46e79512fd2b349370314767f70dffef72061fab48e197d9a4", kill_on_drop: false }`
[INFO] [stdout] f55f974b31a47c46e79512fd2b349370314767f70dffef72061fab48e197d9a4
[INFO] running `Command { std: "docker" "create" "-v" "/var/lib/crater-agent-workspace/builds/worker-5-tc1/target:/opt/rustwide/target:rw,Z" "-v" "/var/lib/crater-agent-workspace/builds/worker-5-tc1/source:/opt/rustwide/workdir:ro,Z" "-v" "/var/lib/crater-agent-workspace/cargo-home:/opt/rustwide/cargo-home:ro,Z" "-v" "/var/lib/crater-agent-workspace/rustup-home:/opt/rustwide/rustup-home:ro,Z" "-e" "SOURCE_DIR=/opt/rustwide/workdir" "-e" "CARGO_TARGET_DIR=/opt/rustwide/target" "-e" "CARGO_INCREMENTAL=0" "-e" "RUST_BACKTRACE=full" "-e" "RUSTFLAGS=--cap-lints=warn" "-e" "RUSTDOCFLAGS=--cap-lints=warn" "-e" "CARGO_HOME=/opt/rustwide/cargo-home" "-e" "RUSTUP_HOME=/opt/rustwide/rustup-home" "-w" "/opt/rustwide/workdir" "-m" "1610612736" "--user" "0:0" "--network" "none" "ghcr.io/rust-lang/crates-build-env/linux@sha256:2788e3201cd34a07e3172128adcd8b3090168a8e3bcc40d7c032b9dda1df7d1c" "/opt/rustwide/cargo-home/bin/cargo" "+1.75.0" "test" "--frozen", kill_on_drop: false }`
[INFO] [stdout] 082bdcd72fc17b2d4eb9fece0972d553bd59b1b9c758074c54d0cf4eddbe88c2
[INFO] running `Command { std: "docker" "start" "-a" "082bdcd72fc17b2d4eb9fece0972d553bd59b1b9c758074c54d0cf4eddbe88c2", kill_on_drop: false }`
[INFO] [stderr]     Finished test [unoptimized + debuginfo] target(s) in 0.07s
[INFO] [stderr]      Running unittests src/main.rs (/opt/rustwide/target/debug/deps/git_paravendor-a00aac0d21e5fee8)
[INFO] [stdout] 
[INFO] [stdout] running 4 tests
[INFO] [stdout] test tests::init_clean ... FAILED
[INFO] [stdout] test tests::add ... FAILED
[INFO] [stdout] test tests::sync_singular_dependency_change ... FAILED
[INFO] [stdout] test tests::sync_no_changes ... FAILED
[INFO] [stdout] 
[INFO] [stdout] failures:
[INFO] [stdout] 
[INFO] [stdout] ---- tests::init_clean stdout ----
[INFO] [stdout] Error: config value 'user.name' was not found; class=Config (7); code=NotFound (-3)
[INFO] [stdout] 
[INFO] [stdout] ---- tests::add stdout ----
[INFO] [stdout] Error: config value 'user.name' was not found; class=Config (7); code=NotFound (-3)
[INFO] [stdout] 
[INFO] [stdout] ---- tests::sync_singular_dependency_change stdout ----
[INFO] [stdout] Error: config value 'user.name' was not found; class=Config (7); code=NotFound (-3)
[INFO] [stdout] 
[INFO] [stdout] ---- tests::sync_no_changes stdout ----
[INFO] [stdout] Error: config value 'user.name' was not found; class=Config (7); code=NotFound (-3)
[INFO] [stdout] 
[INFO] [stdout] 
[INFO] [stdout] failures:
[INFO] [stdout]     tests::add
[INFO] [stdout]     tests::init_clean
[INFO] [stdout]     tests::sync_no_changes
[INFO] [stdout]     tests::sync_singular_dependency_change
[INFO] [stdout] 
[INFO] [stdout] test result: FAILED. 0 passed; 4 failed; 0 ignored; 0 measured; 0 filtered out; finished in 0.14s
[INFO] [stdout] 
[INFO] [stderr] error: test failed, to rerun pass `--bin git-paravendor`
[INFO] running `Command { std: "docker" "inspect" "082bdcd72fc17b2d4eb9fece0972d553bd59b1b9c758074c54d0cf4eddbe88c2", kill_on_drop: false }`
[INFO] running `Command { std: "docker" "rm" "-f" "082bdcd72fc17b2d4eb9fece0972d553bd59b1b9c758074c54d0cf4eddbe88c2", kill_on_drop: false }`
[INFO] [stdout] 082bdcd72fc17b2d4eb9fece0972d553bd59b1b9c758074c54d0cf4eddbe88c2
[INFO] testing yrashk/git-paravendor against beta-2023-12-22 for beta-1.76-1
[INFO] running `Command { std: "git" "clone" "/workspace/cache/git-repos/https%3A%2F%2Fgithub.com%2Fyrashk%2Fgit-paravendor" "/workspace/builds/worker-5-tc2/source", kill_on_drop: false }`
[INFO] [stderr] Cloning into '/workspace/builds/worker-5-tc2/source'...
[INFO] [stderr] done.
[INFO] validating manifest of git repo https://github.com/yrashk/git-paravendor on toolchain beta-2023-12-22
[INFO] running `Command { std: CARGO_HOME="/workspace/cargo-home" RUSTUP_HOME="/workspace/rustup-home" "/workspace/cargo-home/bin/cargo" "+beta-2023-12-22" "metadata" "--manifest-path" "Cargo.toml" "--no-deps", kill_on_drop: false }`
[INFO] started tweaking git repo https://github.com/yrashk/git-paravendor
[INFO] finished tweaking git repo https://github.com/yrashk/git-paravendor
[INFO] tweaked toml for git repo https://github.com/yrashk/git-paravendor written to /workspace/builds/worker-5-tc2/source/Cargo.toml
[INFO] crate git repo https://github.com/yrashk/git-paravendor already has a lockfile, it will not be regenerated
[INFO] running `Command { std: CARGO_HOME="/workspace/cargo-home" RUSTUP_HOME="/workspace/rustup-home" "/workspace/cargo-home/bin/cargo" "+beta-2023-12-22" "fetch" "--manifest-path" "Cargo.toml", kill_on_drop: false }`
[INFO] running `Command { std: "docker" "create" "-v" "/var/lib/crater-agent-workspace/builds/worker-5-tc2/target:/opt/rustwide/target:rw,Z" "-v" "/var/lib/crater-agent-workspace/builds/worker-5-tc2/source:/opt/rustwide/workdir:ro,Z" "-v" "/var/lib/crater-agent-workspace/cargo-home:/opt/rustwide/cargo-home:ro,Z" "-v" "/var/lib/crater-agent-workspace/rustup-home:/opt/rustwide/rustup-home:ro,Z" "-e" "SOURCE_DIR=/opt/rustwide/workdir" "-e" "CARGO_TARGET_DIR=/opt/rustwide/target" "-e" "CARGO_HOME=/opt/rustwide/cargo-home" "-e" "RUSTUP_HOME=/opt/rustwide/rustup-home" "-w" "/opt/rustwide/workdir" "-m" "1610612736" "--user" "0:0" "--network" "none" "ghcr.io/rust-lang/crates-build-env/linux@sha256:2788e3201cd34a07e3172128adcd8b3090168a8e3bcc40d7c032b9dda1df7d1c" "/opt/rustwide/cargo-home/bin/cargo" "+beta-2023-12-22" "metadata" "--no-deps" "--format-version=1", kill_on_drop: false }`
[INFO] [stdout] 4c6b99ee769aef73182447c0010293ddbb1549ffa5b3549826758b4560009c6c
[INFO] running `Command { std: "docker" "start" "-a" "4c6b99ee769aef73182447c0010293ddbb1549ffa5b3549826758b4560009c6c", kill_on_drop: false }`
[INFO] running `Command { std: "docker" "inspect" "4c6b99ee769aef73182447c0010293ddbb1549ffa5b3549826758b4560009c6c", kill_on_drop: false }`
[INFO] running `Command { std: "docker" "rm" "-f" "4c6b99ee769aef73182447c0010293ddbb1549ffa5b3549826758b4560009c6c", kill_on_drop: false }`
[INFO] [stdout] 4c6b99ee769aef73182447c0010293ddbb1549ffa5b3549826758b4560009c6c
[INFO] running `Command { std: "docker" "create" "-v" "/var/lib/crater-agent-workspace/builds/worker-5-tc2/target:/opt/rustwide/target:rw,Z" "-v" "/var/lib/crater-agent-workspace/builds/worker-5-tc2/source:/opt/rustwide/workdir:ro,Z" "-v" "/var/lib/crater-agent-workspace/cargo-home:/opt/rustwide/cargo-home:ro,Z" "-v" "/var/lib/crater-agent-workspace/rustup-home:/opt/rustwide/rustup-home:ro,Z" "-e" "SOURCE_DIR=/opt/rustwide/workdir" "-e" "CARGO_TARGET_DIR=/opt/rustwide/target" "-e" "CARGO_INCREMENTAL=0" "-e" "RUST_BACKTRACE=full" "-e" "RUSTFLAGS=--cap-lints=warn" "-e" "RUSTDOCFLAGS=--cap-lints=warn" "-e" "CARGO_HOME=/opt/rustwide/cargo-home" "-e" "RUSTUP_HOME=/opt/rustwide/rustup-home" "-w" "/opt/rustwide/workdir" "-m" "1610612736" "--user" "0:0" "--network" "none" "ghcr.io/rust-lang/crates-build-env/linux@sha256:2788e3201cd34a07e3172128adcd8b3090168a8e3bcc40d7c032b9dda1df7d1c" "/opt/rustwide/cargo-home/bin/cargo" "+beta-2023-12-22" "build" "--frozen" "--message-format=json", kill_on_drop: false }`
[INFO] [stdout] 36fe11be993d7ae86b6488dde17d0d421833b9133fab25adea3134212dc2ddc5
[INFO] running `Command { std: "docker" "start" "-a" "36fe11be993d7ae86b6488dde17d0d421833b9133fab25adea3134212dc2ddc5", kill_on_drop: false }`
[INFO] [stderr]    Compiling libc v0.2.140
[INFO] [stderr]    Compiling pkg-config v0.3.26
[INFO] [stderr]    Compiling proc-macro2 v1.0.56
[INFO] [stderr]    Compiling quote v1.0.26
[INFO] [stderr]    Compiling unicode-ident v1.0.8
[INFO] [stderr]    Compiling serde_derive v1.0.159
[INFO] [stderr]    Compiling io-lifetimes v1.0.9
[INFO] [stderr]    Compiling bitflags v1.3.2
[INFO] [stderr]    Compiling rustix v0.37.7
[INFO] [stderr]    Compiling serde v1.0.159
[INFO] [stderr]    Compiling tinyvec_macros v0.1.1
[INFO] [stderr]    Compiling linux-raw-sys v0.3.1
[INFO] [stderr]    Compiling autocfg v1.1.0
[INFO] [stderr]    Compiling tinyvec v1.6.0
[INFO] [stderr]    Compiling utf8parse v0.2.1
[INFO] [stderr]    Compiling anstyle-parse v0.1.1
[INFO] [stderr]    Compiling anstyle v0.3.5
[INFO] [stderr]    Compiling indexmap v1.9.3
[INFO] [stderr]    Compiling concolor-query v0.3.3
[INFO] [stderr]    Compiling syn v2.0.13
[INFO] [stderr]    Compiling percent-encoding v2.2.0
[INFO] [stderr]    Compiling jobserver v0.1.26
[INFO] [stderr]    Compiling log v0.4.17
[INFO] [stderr]    Compiling concolor-override v1.0.0
[INFO] [stderr]    Compiling portable-atomic v0.3.19
[INFO] [stderr]    Compiling cc v1.0.79
[INFO] [stderr]    Compiling unicode-bidi v0.3.13
[INFO] [stderr]    Compiling hashbrown v0.12.3
[INFO] [stderr]    Compiling form_urlencoded v1.1.0
[INFO] [stderr]    Compiling winnow v0.4.1
[INFO] [stderr]    Compiling unicode-normalization v0.1.22
[INFO] [stderr]    Compiling strsim v0.10.0
[INFO] [stderr]    Compiling idna v0.3.0
[INFO] [stderr]    Compiling clap_lex v0.4.1
[INFO] [stderr]    Compiling heck v0.4.1
[INFO] [stderr]    Compiling lazy_static v1.4.0
[INFO] [stderr]    Compiling cfg-if v1.0.0
[INFO] [stderr]    Compiling anyhow v1.0.70
[INFO] [stderr]    Compiling unicode-width v0.1.10
[INFO] [stderr]    Compiling console v0.15.5
[INFO] [stderr]    Compiling url v2.3.1
[INFO] [stderr]    Compiling libz-sys v1.1.8
[INFO] [stderr]    Compiling openssl-sys v0.9.84
[INFO] [stderr]    Compiling libssh2-sys v0.3.0
[INFO] [stderr]    Compiling is-terminal v0.4.6
[INFO] [stderr]    Compiling libgit2-sys v0.15.0+1.6.3
[INFO] [stderr]    Compiling anstream v0.2.6
[INFO] [stderr]    Compiling openssl-probe v0.1.5
[INFO] [stderr]    Compiling clap_builder v4.2.1
[INFO] [stderr]    Compiling once_cell v1.17.1
[INFO] [stderr]    Compiling either v1.8.1
[INFO] [stderr]    Compiling number_prefix v0.4.0
[INFO] [stderr]    Compiling indicatif v0.17.3
[INFO] [stderr]    Compiling which v4.4.0
[INFO] [stderr]    Compiling clap_derive v4.2.0
[INFO] [stderr]    Compiling clap v4.2.1
[INFO] [stderr]    Compiling toml_datetime v0.6.1
[INFO] [stderr]    Compiling serde_spanned v0.6.1
[INFO] [stderr]    Compiling toml_edit v0.19.8
[INFO] [stderr]    Compiling git2 v0.17.0
[INFO] [stderr]    Compiling toml v0.7.3
[INFO] [stderr]    Compiling git-paravendor v0.1.0 (/opt/rustwide/workdir)
[INFO] [stderr]     Finished dev [unoptimized + debuginfo] target(s) in 25.75s
[INFO] running `Command { std: "docker" "inspect" "36fe11be993d7ae86b6488dde17d0d421833b9133fab25adea3134212dc2ddc5", kill_on_drop: false }`
[INFO] running `Command { std: "docker" "rm" "-f" "36fe11be993d7ae86b6488dde17d0d421833b9133fab25adea3134212dc2ddc5", kill_on_drop: false }`
[INFO] [stdout] 36fe11be993d7ae86b6488dde17d0d421833b9133fab25adea3134212dc2ddc5
[INFO] running `Command { std: "docker" "create" "-v" "/var/lib/crater-agent-workspace/builds/worker-5-tc2/target:/opt/rustwide/target:rw,Z" "-v" "/var/lib/crater-agent-workspace/builds/worker-5-tc2/source:/opt/rustwide/workdir:ro,Z" "-v" "/var/lib/crater-agent-workspace/cargo-home:/opt/rustwide/cargo-home:ro,Z" "-v" "/var/lib/crater-agent-workspace/rustup-home:/opt/rustwide/rustup-home:ro,Z" "-e" "SOURCE_DIR=/opt/rustwide/workdir" "-e" "CARGO_TARGET_DIR=/opt/rustwide/target" "-e" "CARGO_INCREMENTAL=0" "-e" "RUST_BACKTRACE=full" "-e" "RUSTFLAGS=--cap-lints=warn" "-e" "RUSTDOCFLAGS=--cap-lints=warn" "-e" "CARGO_HOME=/opt/rustwide/cargo-home" "-e" "RUSTUP_HOME=/opt/rustwide/rustup-home" "-w" "/opt/rustwide/workdir" "-m" "1610612736" "--user" "0:0" "--network" "none" "ghcr.io/rust-lang/crates-build-env/linux@sha256:2788e3201cd34a07e3172128adcd8b3090168a8e3bcc40d7c032b9dda1df7d1c" "/opt/rustwide/cargo-home/bin/cargo" "+beta-2023-12-22" "test" "--frozen" "--no-run" "--message-format=json", kill_on_drop: false }`
[INFO] [stdout] 1a4233dafea83a879329b10b4e0eeccc32908210cc848ca87844359d546ccbc9
[INFO] running `Command { std: "docker" "start" "-a" "1a4233dafea83a879329b10b4e0eeccc32908210cc848ca87844359d546ccbc9", kill_on_drop: false }`
[INFO] [stderr]    Compiling rustix v0.37.7
[INFO] [stderr]    Compiling fastrand v1.9.0
[INFO] [stderr]    Compiling is-terminal v0.4.6
[INFO] [stderr]    Compiling tempfile v3.5.0
[INFO] [stderr]    Compiling anstream v0.2.6
[INFO] [stderr]    Compiling clap_builder v4.2.1
[INFO] [stderr]    Compiling clap v4.2.1
[INFO] [stderr]    Compiling git-paravendor v0.1.0 (/opt/rustwide/workdir)
[INFO] [stderr]     Finished test [unoptimized + debuginfo] target(s) in 5.42s
[INFO] running `Command { std: "docker" "inspect" "1a4233dafea83a879329b10b4e0eeccc32908210cc848ca87844359d546ccbc9", kill_on_drop: false }`
[INFO] running `Command { std: "docker" "rm" "-f" "1a4233dafea83a879329b10b4e0eeccc32908210cc848ca87844359d546ccbc9", kill_on_drop: false }`
[INFO] [stdout] 1a4233dafea83a879329b10b4e0eeccc32908210cc848ca87844359d546ccbc9
[INFO] running `Command { std: "docker" "create" "-v" "/var/lib/crater-agent-workspace/builds/worker-5-tc2/target:/opt/rustwide/target:rw,Z" "-v" "/var/lib/crater-agent-workspace/builds/worker-5-tc2/source:/opt/rustwide/workdir:ro,Z" "-v" "/var/lib/crater-agent-workspace/cargo-home:/opt/rustwide/cargo-home:ro,Z" "-v" "/var/lib/crater-agent-workspace/rustup-home:/opt/rustwide/rustup-home:ro,Z" "-e" "SOURCE_DIR=/opt/rustwide/workdir" "-e" "CARGO_TARGET_DIR=/opt/rustwide/target" "-e" "CARGO_INCREMENTAL=0" "-e" "RUST_BACKTRACE=full" "-e" "RUSTFLAGS=--cap-lints=warn" "-e" "RUSTDOCFLAGS=--cap-lints=warn" "-e" "CARGO_HOME=/opt/rustwide/cargo-home" "-e" "RUSTUP_HOME=/opt/rustwide/rustup-home" "-w" "/opt/rustwide/workdir" "-m" "1610612736" "--user" "0:0" "--network" "none" "ghcr.io/rust-lang/crates-build-env/linux@sha256:2788e3201cd34a07e3172128adcd8b3090168a8e3bcc40d7c032b9dda1df7d1c" "/opt/rustwide/cargo-home/bin/cargo" "+beta-2023-12-22" "test" "--frozen", kill_on_drop: false }`
[INFO] [stdout] 94d5d09698a009e369b047016af99cd54e9097ad8fbb18f9583a69fc97346b02
[INFO] running `Command { std: "docker" "start" "-a" "94d5d09698a009e369b047016af99cd54e9097ad8fbb18f9583a69fc97346b02", kill_on_drop: false }`
[INFO] [stderr]     Finished test [unoptimized + debuginfo] target(s) in 0.04s
[INFO] [stderr]      Running unittests src/main.rs (/opt/rustwide/target/debug/deps/git_paravendor-62666db610f15718)
[INFO] [stdout] 
[INFO] [stdout] running 4 tests
[INFO] [stdout] test tests::sync_singular_dependency_change ... FAILED
[INFO] [stdout] test tests::add ... FAILED
[INFO] [stdout] test tests::sync_no_changes ... FAILED
[INFO] [stdout] test tests::init_clean ... FAILED
[INFO] [stdout] 
[INFO] [stdout] failures:
[INFO] [stdout] 
[INFO] [stdout] ---- tests::sync_singular_dependency_change stdout ----
[INFO] [stdout] Error: config value 'user.name' was not found; class=Config (7); code=NotFound (-3)
[INFO] [stdout] 
[INFO] [stdout] ---- tests::add stdout ----
[INFO] [stdout] Error: config value 'user.name' was not found; class=Config (7); code=NotFound (-3)
[INFO] [stdout] 
[INFO] [stdout] ---- tests::sync_no_changes stdout ----
[INFO] [stdout] Error: config value 'user.name' was not found; class=Config (7); code=NotFound (-3)
[INFO] [stdout] 
[INFO] [stdout] ---- tests::init_clean stdout ----
[INFO] [stdout] Error: config value 'user.name' was not found; class=Config (7); code=NotFound (-3)
[INFO] [stdout] 
[INFO] [stdout] 
[INFO] [stdout] failures:
[INFO] [stdout]     tests::add
[INFO] [stdout]     tests::init_clean
[INFO] [stdout]     tests::sync_no_changes
[INFO] [stdout]     tests::sync_singular_dependency_change
[INFO] [stdout] 
[INFO] [stdout] test result: FAILED. 0 passed; 4 failed; 0 ignored; 0 measured; 0 filtered out; finished in 0.04s
[INFO] [stdout] 
[INFO] [stderr] error: test failed, to rerun pass `--bin git-paravendor`
[INFO] running `Command { std: "docker" "inspect" "94d5d09698a009e369b047016af99cd54e9097ad8fbb18f9583a69fc97346b02", kill_on_drop: false }`
[INFO] running `Command { std: "docker" "rm" "-f" "94d5d09698a009e369b047016af99cd54e9097ad8fbb18f9583a69fc97346b02", kill_on_drop: false }`
[INFO] [stdout] 94d5d09698a009e369b047016af99cd54e9097ad8fbb18f9583a69fc97346b02
