[INFO] cloning repository https://github.com/yportne13/anqur-rs
[INFO] running `Command { std: "git" "-c" "credential.helper=" "-c" "credential.helper=/workspace/cargo-home/bin/git-credential-null" "clone" "--bare" "https://github.com/yportne13/anqur-rs" "/workspace/cache/git-repos/https%3A%2F%2Fgithub.com%2Fyportne13%2Fanqur-rs", kill_on_drop: false }`
[INFO] [stderr] Cloning into bare repository '/workspace/cache/git-repos/https%3A%2F%2Fgithub.com%2Fyportne13%2Fanqur-rs'...
[INFO] running `Command { std: "git" "rev-parse" "HEAD", kill_on_drop: false }`
[INFO] [stdout] 91d8e296902cf3c681605ef86969a1d0ef1a5926
[INFO] testing yportne13/anqur-rs against 1.75.0 for beta-1.76-1
[INFO] running `Command { std: "git" "clone" "/workspace/cache/git-repos/https%3A%2F%2Fgithub.com%2Fyportne13%2Fanqur-rs" "/workspace/builds/worker-0-tc1/source", kill_on_drop: false }`
[INFO] [stderr] Cloning into '/workspace/builds/worker-0-tc1/source'...
[INFO] [stderr] done.
[INFO] validating manifest of git repo https://github.com/yportne13/anqur-rs on toolchain 1.75.0
[INFO] running `Command { std: CARGO_HOME="/workspace/cargo-home" RUSTUP_HOME="/workspace/rustup-home" "/workspace/cargo-home/bin/cargo" "+1.75.0" "metadata" "--manifest-path" "Cargo.toml" "--no-deps", kill_on_drop: false }`
[INFO] started tweaking git repo https://github.com/yportne13/anqur-rs
[INFO] finished tweaking git repo https://github.com/yportne13/anqur-rs
[INFO] tweaked toml for git repo https://github.com/yportne13/anqur-rs written to /workspace/builds/worker-0-tc1/source/Cargo.toml
[INFO] crate git repo https://github.com/yportne13/anqur-rs already has a lockfile, it will not be regenerated
[INFO] running `Command { std: CARGO_HOME="/workspace/cargo-home" RUSTUP_HOME="/workspace/rustup-home" "/workspace/cargo-home/bin/cargo" "+1.75.0" "fetch" "--manifest-path" "Cargo.toml", kill_on_drop: false }`
[INFO] [stderr]     Updating crates.io index
[INFO] [stderr]  Downloading crates ...
[INFO] [stderr]   Downloaded nom-greedyerror v0.5.0
[INFO] [stderr]   Downloaded str-concat v0.2.0
[INFO] running `Command { std: "docker" "create" "-v" "/var/lib/crater-agent-workspace/builds/worker-0-tc1/target:/opt/rustwide/target:rw,Z" "-v" "/var/lib/crater-agent-workspace/builds/worker-0-tc1/source:/opt/rustwide/workdir:ro,Z" "-v" "/var/lib/crater-agent-workspace/cargo-home:/opt/rustwide/cargo-home:ro,Z" "-v" "/var/lib/crater-agent-workspace/rustup-home:/opt/rustwide/rustup-home:ro,Z" "-e" "SOURCE_DIR=/opt/rustwide/workdir" "-e" "CARGO_TARGET_DIR=/opt/rustwide/target" "-e" "CARGO_HOME=/opt/rustwide/cargo-home" "-e" "RUSTUP_HOME=/opt/rustwide/rustup-home" "-w" "/opt/rustwide/workdir" "-m" "1610612736" "--user" "0:0" "--network" "none" "ghcr.io/rust-lang/crates-build-env/linux@sha256:2788e3201cd34a07e3172128adcd8b3090168a8e3bcc40d7c032b9dda1df7d1c" "/opt/rustwide/cargo-home/bin/cargo" "+1.75.0" "metadata" "--no-deps" "--format-version=1", kill_on_drop: false }`
[INFO] [stdout] 43b0755518828ad962721c07be390b76b483d0a20ad7350c39c2225bfb3566d9
[INFO] running `Command { std: "docker" "start" "-a" "43b0755518828ad962721c07be390b76b483d0a20ad7350c39c2225bfb3566d9", kill_on_drop: false }`
[INFO] running `Command { std: "docker" "inspect" "43b0755518828ad962721c07be390b76b483d0a20ad7350c39c2225bfb3566d9", kill_on_drop: false }`
[INFO] running `Command { std: "docker" "rm" "-f" "43b0755518828ad962721c07be390b76b483d0a20ad7350c39c2225bfb3566d9", kill_on_drop: false }`
[INFO] [stdout] 43b0755518828ad962721c07be390b76b483d0a20ad7350c39c2225bfb3566d9
[INFO] running `Command { std: "docker" "create" "-v" "/var/lib/crater-agent-workspace/builds/worker-0-tc1/target:/opt/rustwide/target:rw,Z" "-v" "/var/lib/crater-agent-workspace/builds/worker-0-tc1/source:/opt/rustwide/workdir:ro,Z" "-v" "/var/lib/crater-agent-workspace/cargo-home:/opt/rustwide/cargo-home:ro,Z" "-v" "/var/lib/crater-agent-workspace/rustup-home:/opt/rustwide/rustup-home:ro,Z" "-e" "SOURCE_DIR=/opt/rustwide/workdir" "-e" "CARGO_TARGET_DIR=/opt/rustwide/target" "-e" "CARGO_INCREMENTAL=0" "-e" "RUST_BACKTRACE=full" "-e" "RUSTFLAGS=--cap-lints=warn" "-e" "RUSTDOCFLAGS=--cap-lints=warn" "-e" "CARGO_HOME=/opt/rustwide/cargo-home" "-e" "RUSTUP_HOME=/opt/rustwide/rustup-home" "-w" "/opt/rustwide/workdir" "-m" "1610612736" "--user" "0:0" "--network" "none" "ghcr.io/rust-lang/crates-build-env/linux@sha256:2788e3201cd34a07e3172128adcd8b3090168a8e3bcc40d7c032b9dda1df7d1c" "/opt/rustwide/cargo-home/bin/cargo" "+1.75.0" "build" "--frozen" "--message-format=json", kill_on_drop: false }`
[INFO] [stdout] 7058e5e5482384f9bde39e965eea68fd217dd65acd8d6b76cf8fac51475374ec
[INFO] running `Command { std: "docker" "start" "-a" "7058e5e5482384f9bde39e965eea68fd217dd65acd8d6b76cf8fac51475374ec", kill_on_drop: false }`
[INFO] [stderr]    Compiling memchr v2.3.4
[INFO] [stderr]    Compiling minimal-lexical v0.2.1
[INFO] [stderr]    Compiling bytecount v0.6.7
[INFO] [stderr]    Compiling str-concat v0.2.0
[INFO] [stderr]    Compiling nom v7.1.3
[INFO] [stderr]    Compiling nom_locate v4.2.0
[INFO] [stderr]    Compiling nom-greedyerror v0.5.0
[INFO] [stderr]    Compiling anqur-rs v0.1.0 (/opt/rustwide/workdir)
[INFO] [stdout] warning: unused imports: `Expr`, `Param`
[INFO] [stdout]  --> src/syntax/def.rs:1:26
[INFO] [stdout]   |
[INFO] [stdout] 1 | use crate::parser::ast::{Param, Expr, Clause};
[INFO] [stdout]   |                          ^^^^^  ^^^^
[INFO] [stdout]   |
[INFO] [stdout]   = note: `#[warn(unused_imports)]` on by default
[INFO] [stdout] 
[INFO] [stdout] 
[INFO] [stdout] warning: unused import: `crate::parser::ast::Id`
[INFO] [stdout]  --> src/syntax/defvar.rs:1:5
[INFO] [stdout]   |
[INFO] [stdout] 1 | use crate::parser::ast::Id;
[INFO] [stdout]   |     ^^^^^^^^^^^^^^^^^^^^^^
[INFO] [stdout] 
[INFO] [stdout] 
[INFO] [stdout] warning: unused import: `std::collections::HashMap`
[INFO] [stdout]  --> src/syntax/term.rs:1:5
[INFO] [stdout]   |
[INFO] [stdout] 1 | use std::collections::HashMap;
[INFO] [stdout]   |     ^^^^^^^^^^^^^^^^^^^^^^^^^
[INFO] [stdout] 
[INFO] [stdout] 
[INFO] [stdout] warning: unused imports: `Expr`, `Param`
[INFO] [stdout]  --> src/syntax/term.rs:3:27
[INFO] [stdout]   |
[INFO] [stdout] 3 | use crate::{parser::ast::{Param, Expr, Locate}, tyck::{normalizer::Normalizer, elaborator::LocalVar}};
[INFO] [stdout]   |                           ^^^^^  ^^^^
[INFO] [stdout] 
[INFO] [stdout] 
[INFO] [stdout] warning: unused imports: `Expr`, `Param`
[INFO] [stdout]  --> src/tyck/classifier.rs:1:27
[INFO] [stdout]   |
[INFO] [stdout] 1 | use crate::{parser::ast::{Param, Clause, Expr}, syntax::term::{Term, ParamTerm}, Diagnostic};
[INFO] [stdout]   |                           ^^^^^          ^^^^
[INFO] [stdout] 
[INFO] [stdout] 
[INFO] [stdout] warning: unnecessary parentheses around `if` condition
[INFO] [stdout]    --> src/tyck/resolver.rs:150:12
[INFO] [stdout]     |
[INFO] [stdout] 150 |         if (var.is_none() && u.pats().is_empty()) {
[INFO] [stdout]     |            ^                                    ^
[INFO] [stdout]     |
[INFO] [stdout]     = note: `#[warn(unused_parens)]` on by default
[INFO] [stdout] help: remove these parentheses
[INFO] [stdout]     |
[INFO] [stdout] 150 -         if (var.is_none() && u.pats().is_empty()) {
[INFO] [stdout] 150 +         if var.is_none() && u.pats().is_empty() {
[INFO] [stdout]     |
[INFO] [stdout] 
[INFO] [stdout] 
[INFO] [stdout] warning: unused variable: `clauses`
[INFO] [stdout]  --> src/tyck/classifier.rs:6:17
[INFO] [stdout]   |
[INFO] [stdout] 6 | pub fn classify(clauses: &[Clause<Term>], telescope: &[ParamTerm]) -> Result<(), Diagnostic> {
[INFO] [stdout]   |                 ^^^^^^^ help: if this is intentional, prefix it with an underscore: `_clauses`
[INFO] [stdout]   |
[INFO] [stdout]   = note: `#[warn(unused_variables)]` on by default
[INFO] [stdout] 
[INFO] [stdout] 
[INFO] [stdout] warning: unused variable: `telescope`
[INFO] [stdout]  --> src/tyck/classifier.rs:6:43
[INFO] [stdout]   |
[INFO] [stdout] 6 | pub fn classify(clauses: &[Clause<Term>], telescope: &[ParamTerm]) -> Result<(), Diagnostic> {
[INFO] [stdout]   |                                           ^^^^^^^^^ help: if this is intentional, prefix it with an underscore: `_telescope`
[INFO] [stdout] 
[INFO] [stdout] 
[INFO] [stdout] warning: unused variable: `ty`
[INFO] [stdout]    --> src/tyck/elaborator.rs:302:14
[INFO] [stdout]     |
[INFO] [stdout] 302 |         for (ty, pat) in params.iter().zip(clause.0.iter()) {
[INFO] [stdout]     |              ^^ help: if this is intentional, prefix it with an underscore: `_ty`
[INFO] [stdout] 
[INFO] [stdout] 
[INFO] [stdout] warning: unused variable: `cache`
[INFO] [stdout]    --> src/tyck/resolver.rs:148:39
[INFO] [stdout]     |
[INFO] [stdout] 148 |     fn pattern(&mut self, u: Pattern, cache: &mut TeleCache) {
[INFO] [stdout]     |                                       ^^^^^ help: if this is intentional, prefix it with an underscore: `_cache`
[INFO] [stdout] 
[INFO] [stdout] 
[INFO] [stdout] warning: unused variable: `telescope`
[INFO] [stdout]   --> src/lib.rs:41:42
[INFO] [stdout]    |
[INFO] [stdout] 41 |             syntax::def::Def::Fn { name, telescope, result: _, body: _ }
[INFO] [stdout]    |                                          ^^^^^^^^^
[INFO] [stdout] 42 |             | syntax::def::Def::Data { name, telescope, cons: _ } => {
[INFO] [stdout]    |                                              ^^^^^^^^^
[INFO] [stdout]    |
[INFO] [stdout] help: try ignoring the field
[INFO] [stdout]    |
[INFO] [stdout] 41 ~             syntax::def::Def::Fn { name, telescope: _, result: _, body: _ }
[INFO] [stdout] 42 ~             | syntax::def::Def::Data { name, telescope: _, cons: _ } => {
[INFO] [stdout]    |
[INFO] [stdout] 
[INFO] [stdout] 
[INFO] [stdout] warning: unused variable: `name`
[INFO] [stdout]   --> src/lib.rs:45:38
[INFO] [stdout]    |
[INFO] [stdout] 45 |             syntax::def::Def::Cons { name, owner, tele } => todo!(),
[INFO] [stdout]    |                                      ^^^^ help: try ignoring the field: `name: _`
[INFO] [stdout] 
[INFO] [stdout] 
[INFO] [stdout] warning: unused variable: `owner`
[INFO] [stdout]   --> src/lib.rs:45:44
[INFO] [stdout]    |
[INFO] [stdout] 45 |             syntax::def::Def::Cons { name, owner, tele } => todo!(),
[INFO] [stdout]    |                                            ^^^^^ help: try ignoring the field: `owner: _`
[INFO] [stdout] 
[INFO] [stdout] 
[INFO] [stdout] warning: unused variable: `tele`
[INFO] [stdout]   --> src/lib.rs:45:51
[INFO] [stdout]    |
[INFO] [stdout] 45 |             syntax::def::Def::Cons { name, owner, tele } => todo!(),
[INFO] [stdout]    |                                                   ^^^^ help: try ignoring the field: `tele: _`
[INFO] [stdout] 
[INFO] [stdout] 
[INFO] [stdout] warning: unused variable: `telescope`
[INFO] [stdout]   --> src/lib.rs:46:39
[INFO] [stdout]    |
[INFO] [stdout] 46 |             syntax::def::Def::Print { telescope, result, body } => {
[INFO] [stdout]    |                                       ^^^^^^^^^ help: try ignoring the field: `telescope: _`
[INFO] [stdout] 
[INFO] [stdout] 
[INFO] [stdout] warning: unused variable: `result`
[INFO] [stdout]   --> src/lib.rs:46:50
[INFO] [stdout]    |
[INFO] [stdout] 46 |             syntax::def::Def::Print { telescope, result, body } => {
[INFO] [stdout]    |                                                  ^^^^^^ help: try ignoring the field: `result: _`
[INFO] [stdout] 
[INFO] [stdout] 
[INFO] [stdout] warning: unused variable: `body`
[INFO] [stdout]   --> src/lib.rs:46:58
[INFO] [stdout]    |
[INFO] [stdout] 46 |             syntax::def::Def::Print { telescope, result, body } => {
[INFO] [stdout]    |                                                          ^^^^ help: try ignoring the field: `body: _`
[INFO] [stdout] 
[INFO] [stdout] 
[INFO] [stdout] warning: fields `pos` and `msg` are never read
[INFO] [stdout]   --> src/lib.rs:16:5
[INFO] [stdout]    |
[INFO] [stdout] 15 | pub struct Diagnostic {
[INFO] [stdout]    |            ---------- fields in this struct
[INFO] [stdout] 16 |     pos: Locate,
[INFO] [stdout]    |     ^^^
[INFO] [stdout] 17 |     msg: String,
[INFO] [stdout]    |     ^^^
[INFO] [stdout]    |
[INFO] [stdout]    = note: `Diagnostic` has derived impls for the traits `Debug` and `Clone`, but these are intentionally ignored during dead code analysis
[INFO] [stdout]    = note: `#[warn(dead_code)]` on by default
[INFO] [stdout] 
[INFO] [stdout] 
[INFO] [stdout] warning: function `main` is never used
[INFO] [stdout]   --> src/lib.rs:20:4
[INFO] [stdout]    |
[INFO] [stdout] 20 | fn main() {
[INFO] [stdout]    |    ^^^^
[INFO] [stdout] 
[INFO] [stdout] 
[INFO] [stdout] warning: function `run` is never used
[INFO] [stdout]   --> src/lib.rs:24:4
[INFO] [stdout]    |
[INFO] [stdout] 24 | fn run(s: &str) {
[INFO] [stdout]    |    ^^^
[INFO] [stdout] 
[INFO] [stdout] 
[INFO] [stdout] warning: method `pattern` is never used
[INFO] [stdout]    --> src/tyck/resolver.rs:148:8
[INFO] [stdout]     |
[INFO] [stdout] 30  | impl Resolver {
[INFO] [stdout]     | ------------- method in this implementation
[INFO] [stdout] ...
[INFO] [stdout] 148 |     fn pattern(&mut self, u: Pattern, cache: &mut TeleCache) {
[INFO] [stdout]     |        ^^^^^^^
[INFO] [stdout] 
[INFO] [stdout] 
[INFO] [stdout] warning: 21 warnings emitted
[INFO] [stdout] 
[INFO] [stdout] 
[INFO] [stderr]     Finished dev [unoptimized + debuginfo] target(s) in 1.95s
[INFO] running `Command { std: "docker" "inspect" "7058e5e5482384f9bde39e965eea68fd217dd65acd8d6b76cf8fac51475374ec", kill_on_drop: false }`
[INFO] running `Command { std: "docker" "rm" "-f" "7058e5e5482384f9bde39e965eea68fd217dd65acd8d6b76cf8fac51475374ec", kill_on_drop: false }`
[INFO] [stdout] 7058e5e5482384f9bde39e965eea68fd217dd65acd8d6b76cf8fac51475374ec
[INFO] running `Command { std: "docker" "create" "-v" "/var/lib/crater-agent-workspace/builds/worker-0-tc1/target:/opt/rustwide/target:rw,Z" "-v" "/var/lib/crater-agent-workspace/builds/worker-0-tc1/source:/opt/rustwide/workdir:ro,Z" "-v" "/var/lib/crater-agent-workspace/cargo-home:/opt/rustwide/cargo-home:ro,Z" "-v" "/var/lib/crater-agent-workspace/rustup-home:/opt/rustwide/rustup-home:ro,Z" "-e" "SOURCE_DIR=/opt/rustwide/workdir" "-e" "CARGO_TARGET_DIR=/opt/rustwide/target" "-e" "CARGO_INCREMENTAL=0" "-e" "RUST_BACKTRACE=full" "-e" "RUSTFLAGS=--cap-lints=warn" "-e" "RUSTDOCFLAGS=--cap-lints=warn" "-e" "CARGO_HOME=/opt/rustwide/cargo-home" "-e" "RUSTUP_HOME=/opt/rustwide/rustup-home" "-w" "/opt/rustwide/workdir" "-m" "1610612736" "--user" "0:0" "--network" "none" "ghcr.io/rust-lang/crates-build-env/linux@sha256:2788e3201cd34a07e3172128adcd8b3090168a8e3bcc40d7c032b9dda1df7d1c" "/opt/rustwide/cargo-home/bin/cargo" "+1.75.0" "test" "--frozen" "--no-run" "--message-format=json", kill_on_drop: false }`
[INFO] [stdout] d973ac6a615b7c8c8041370c0e1af8561d55f56cf05d3920962d955b5aa45efa
[INFO] running `Command { std: "docker" "start" "-a" "d973ac6a615b7c8c8041370c0e1af8561d55f56cf05d3920962d955b5aa45efa", kill_on_drop: false }`
[INFO] [stdout] warning: unused imports: `Expr`, `Param`
[INFO] [stdout]  --> src/syntax/def.rs:1:26
[INFO] [stdout]   |
[INFO] [stdout] 1 | use crate::parser::ast::{Param, Expr, Clause};
[INFO] [stdout]   |                          ^^^^^  ^^^^
[INFO] [stdout]   |
[INFO] [stdout]   = note: `#[warn(unused_imports)]` on by default
[INFO] [stdout] 
[INFO] [stdout] 
[INFO] [stdout] warning: unused import: `crate::parser::ast::Id`
[INFO] [stdout]  --> src/syntax/defvar.rs:1:5
[INFO] [stdout]   |
[INFO] [stdout] 1 | use crate::parser::ast::Id;
[INFO] [stdout]   |     ^^^^^^^^^^^^^^^^^^^^^^
[INFO] [stdout] 
[INFO] [stdout] 
[INFO] [stdout] warning: unused import: `std::collections::HashMap`
[INFO] [stdout]  --> src/syntax/term.rs:1:5
[INFO] [stdout]   |
[INFO] [stdout] 1 | use std::collections::HashMap;
[INFO] [stdout]   |     ^^^^^^^^^^^^^^^^^^^^^^^^^
[INFO] [stdout] 
[INFO] [stdout] 
[INFO] [stdout] warning: unused imports: `Expr`, `Param`
[INFO] [stdout]  --> src/syntax/term.rs:3:27
[INFO] [stdout]   |
[INFO] [stdout] 3 | use crate::{parser::ast::{Param, Expr, Locate}, tyck::{normalizer::Normalizer, elaborator::LocalVar}};
[INFO] [stdout]   |                           ^^^^^  ^^^^
[INFO] [stdout] 
[INFO] [stdout] 
[INFO] [stdout] warning: unused imports: `Expr`, `Param`
[INFO] [stdout]  --> src/tyck/classifier.rs:1:27
[INFO] [stdout]   |
[INFO] [stdout] 1 | use crate::{parser::ast::{Param, Clause, Expr}, syntax::term::{Term, ParamTerm}, Diagnostic};
[INFO] [stdout]   |                           ^^^^^          ^^^^
[INFO] [stdout] 
[INFO] [stdout] 
[INFO] [stdout] warning: unnecessary parentheses around `if` condition
[INFO] [stdout]    --> src/tyck/resolver.rs:150:12
[INFO] [stdout]     |
[INFO] [stdout] 150 |         if (var.is_none() && u.pats().is_empty()) {
[INFO] [stdout]     |            ^                                    ^
[INFO] [stdout]     |
[INFO] [stdout]     = note: `#[warn(unused_parens)]` on by default
[INFO] [stdout] help: remove these parentheses
[INFO] [stdout]     |
[INFO] [stdout] 150 -         if (var.is_none() && u.pats().is_empty()) {
[INFO] [stdout] 150 +         if var.is_none() && u.pats().is_empty() {
[INFO] [stdout]     |
[INFO] [stdout] 
[INFO] [stdout] 
[INFO] [stdout] warning: unused variable: `clauses`
[INFO] [stdout]  --> src/tyck/classifier.rs:6:17
[INFO] [stdout]   |
[INFO] [stdout] 6 | pub fn classify(clauses: &[Clause<Term>], telescope: &[ParamTerm]) -> Result<(), Diagnostic> {
[INFO] [stdout]   |                 ^^^^^^^ help: if this is intentional, prefix it with an underscore: `_clauses`
[INFO] [stdout]   |
[INFO] [stdout]   = note: `#[warn(unused_variables)]` on by default
[INFO] [stdout] 
[INFO] [stdout] 
[INFO] [stdout] warning: unused variable: `telescope`
[INFO] [stdout]  --> src/tyck/classifier.rs:6:43
[INFO] [stdout]   |
[INFO] [stdout] 6 | pub fn classify(clauses: &[Clause<Term>], telescope: &[ParamTerm]) -> Result<(), Diagnostic> {
[INFO] [stdout]   |                                           ^^^^^^^^^ help: if this is intentional, prefix it with an underscore: `_telescope`
[INFO] [stdout] 
[INFO] [stdout] 
[INFO] [stdout] warning: unused variable: `ty`
[INFO] [stdout]    --> src/tyck/elaborator.rs:302:14
[INFO] [stdout]     |
[INFO] [stdout] 302 |         for (ty, pat) in params.iter().zip(clause.0.iter()) {
[INFO] [stdout]     |              ^^ help: if this is intentional, prefix it with an underscore: `_ty`
[INFO] [stdout] 
[INFO] [stdout] 
[INFO] [stdout] warning: unused variable: `cache`
[INFO] [stdout]    --> src/tyck/resolver.rs:148:39
[INFO] [stdout]     |
[INFO] [stdout] 148 |     fn pattern(&mut self, u: Pattern, cache: &mut TeleCache) {
[INFO] [stdout]     |                                       ^^^^^ help: if this is intentional, prefix it with an underscore: `_cache`
[INFO] [stdout] 
[INFO] [stdout] 
[INFO] [stdout] warning: unused variable: `telescope`
[INFO] [stdout]   --> src/lib.rs:41:42
[INFO] [stdout]    |
[INFO] [stdout] 41 |             syntax::def::Def::Fn { name, telescope, result: _, body: _ }
[INFO] [stdout]    |                                          ^^^^^^^^^
[INFO] [stdout] 42 |             | syntax::def::Def::Data { name, telescope, cons: _ } => {
[INFO] [stdout]    |                                              ^^^^^^^^^
[INFO] [stdout]    |
[INFO] [stdout] help: try ignoring the field
[INFO] [stdout]    |
[INFO] [stdout] 41 ~             syntax::def::Def::Fn { name, telescope: _, result: _, body: _ }
[INFO] [stdout] 42 ~             | syntax::def::Def::Data { name, telescope: _, cons: _ } => {
[INFO] [stdout]    |
[INFO] [stdout] 
[INFO] [stdout] 
[INFO] [stdout] warning: unused variable: `name`
[INFO] [stdout]   --> src/lib.rs:45:38
[INFO] [stdout]    |
[INFO] [stdout] 45 |             syntax::def::Def::Cons { name, owner, tele } => todo!(),
[INFO] [stdout]    |                                      ^^^^ help: try ignoring the field: `name: _`
[INFO] [stdout] 
[INFO] [stdout] 
[INFO] [stdout] warning: unused variable: `owner`
[INFO] [stdout]   --> src/lib.rs:45:44
[INFO] [stdout]    |
[INFO] [stdout] 45 |             syntax::def::Def::Cons { name, owner, tele } => todo!(),
[INFO] [stdout]    |                                            ^^^^^ help: try ignoring the field: `owner: _`
[INFO] [stdout] 
[INFO] [stdout] 
[INFO] [stdout] warning: unused variable: `tele`
[INFO] [stdout]   --> src/lib.rs:45:51
[INFO] [stdout]    |
[INFO] [stdout] 45 |             syntax::def::Def::Cons { name, owner, tele } => todo!(),
[INFO] [stdout]    |                                                   ^^^^ help: try ignoring the field: `tele: _`
[INFO] [stdout] 
[INFO] [stdout] 
[INFO] [stdout] warning: unused variable: `telescope`
[INFO] [stdout]   --> src/lib.rs:46:39
[INFO] [stdout]    |
[INFO] [stdout] 46 |             syntax::def::Def::Print { telescope, result, body } => {
[INFO] [stdout]    |                                       ^^^^^^^^^ help: try ignoring the field: `telescope: _`
[INFO] [stdout] 
[INFO] [stdout] 
[INFO] [stdout] warning: unused variable: `result`
[INFO] [stdout]   --> src/lib.rs:46:50
[INFO] [stdout]    |
[INFO] [stdout] 46 |             syntax::def::Def::Print { telescope, result, body } => {
[INFO] [stdout]    |                                                  ^^^^^^ help: try ignoring the field: `result: _`
[INFO] [stdout] 
[INFO] [stdout] 
[INFO] [stdout] warning: unused variable: `body`
[INFO] [stdout]   --> src/lib.rs:46:58
[INFO] [stdout]    |
[INFO] [stdout] 46 |             syntax::def::Def::Print { telescope, result, body } => {
[INFO] [stdout]    |                                                          ^^^^ help: try ignoring the field: `body: _`
[INFO] [stdout] 
[INFO] [stdout] 
[INFO] [stdout] warning: fields `pos` and `msg` are never read
[INFO] [stdout]   --> src/lib.rs:16:5
[INFO] [stdout]    |
[INFO] [stdout] 15 | pub struct Diagnostic {
[INFO] [stdout]    |            ---------- fields in this struct
[INFO] [stdout] 16 |     pos: Locate,
[INFO] [stdout]    |     ^^^
[INFO] [stdout] 17 |     msg: String,
[INFO] [stdout]    |     ^^^
[INFO] [stdout]    |
[INFO] [stdout]    = note: `Diagnostic` has derived impls for the traits `Debug` and `Clone`, but these are intentionally ignored during dead code analysis
[INFO] [stdout]    = note: `#[warn(dead_code)]` on by default
[INFO] [stdout] 
[INFO] [stdout] 
[INFO] [stderr]    Compiling anqur-rs v0.1.0 (/opt/rustwide/workdir)
[INFO] [stdout] warning: function `main` is never used
[INFO] [stdout]   --> src/lib.rs:20:4
[INFO] [stdout]    |
[INFO] [stdout] 20 | fn main() {
[INFO] [stdout]    |    ^^^^
[INFO] [stdout] 
[INFO] [stdout] 
[INFO] [stdout] warning: function `run` is never used
[INFO] [stdout]   --> src/lib.rs:24:4
[INFO] [stdout]    |
[INFO] [stdout] 24 | fn run(s: &str) {
[INFO] [stdout]    |    ^^^
[INFO] [stdout] 
[INFO] [stdout] 
[INFO] [stdout] warning: method `pattern` is never used
[INFO] [stdout]    --> src/tyck/resolver.rs:148:8
[INFO] [stdout]     |
[INFO] [stdout] 30  | impl Resolver {
[INFO] [stdout]     | ------------- method in this implementation
[INFO] [stdout] ...
[INFO] [stdout] 148 |     fn pattern(&mut self, u: Pattern, cache: &mut TeleCache) {
[INFO] [stdout]     |        ^^^^^^^
[INFO] [stdout] 
[INFO] [stdout] 
[INFO] [stdout] warning: 21 warnings emitted
[INFO] [stdout] 
[INFO] [stdout] 
[INFO] [stdout] warning: unused imports: `Expr`, `Param`
[INFO] [stdout]  --> src/syntax/def.rs:1:26
[INFO] [stdout]   |
[INFO] [stdout] 1 | use crate::parser::ast::{Param, Expr, Clause};
[INFO] [stdout]   |                          ^^^^^  ^^^^
[INFO] [stdout]   |
[INFO] [stdout]   = note: `#[warn(unused_imports)]` on by default
[INFO] [stdout] 
[INFO] [stdout] 
[INFO] [stdout] warning: unused import: `crate::parser::ast::Id`
[INFO] [stdout]  --> src/syntax/defvar.rs:1:5
[INFO] [stdout]   |
[INFO] [stdout] 1 | use crate::parser::ast::Id;
[INFO] [stdout]   |     ^^^^^^^^^^^^^^^^^^^^^^
[INFO] [stdout] 
[INFO] [stdout] 
[INFO] [stdout] warning: unused import: `std::collections::HashMap`
[INFO] [stdout]  --> src/syntax/term.rs:1:5
[INFO] [stdout]   |
[INFO] [stdout] 1 | use std::collections::HashMap;
[INFO] [stdout]   |     ^^^^^^^^^^^^^^^^^^^^^^^^^
[INFO] [stdout] 
[INFO] [stdout] 
[INFO] [stdout] warning: unused imports: `Expr`, `Param`
[INFO] [stdout]  --> src/syntax/term.rs:3:27
[INFO] [stdout]   |
[INFO] [stdout] 3 | use crate::{parser::ast::{Param, Expr, Locate}, tyck::{normalizer::Normalizer, elaborator::LocalVar}};
[INFO] [stdout]   |                           ^^^^^  ^^^^
[INFO] [stdout] 
[INFO] [stdout] 
[INFO] [stdout] warning: unused imports: `Expr`, `Param`
[INFO] [stdout]  --> src/tyck/classifier.rs:1:27
[INFO] [stdout]   |
[INFO] [stdout] 1 | use crate::{parser::ast::{Param, Clause, Expr}, syntax::term::{Term, ParamTerm}, Diagnostic};
[INFO] [stdout]   |                           ^^^^^          ^^^^
[INFO] [stdout] 
[INFO] [stdout] 
[INFO] [stdout] warning: unnecessary parentheses around `if` condition
[INFO] [stdout]    --> src/tyck/resolver.rs:150:12
[INFO] [stdout]     |
[INFO] [stdout] 150 |         if (var.is_none() && u.pats().is_empty()) {
[INFO] [stdout]     |            ^                                    ^
[INFO] [stdout]     |
[INFO] [stdout]     = note: `#[warn(unused_parens)]` on by default
[INFO] [stdout] help: remove these parentheses
[INFO] [stdout]     |
[INFO] [stdout] 150 -         if (var.is_none() && u.pats().is_empty()) {
[INFO] [stdout] 150 +         if var.is_none() && u.pats().is_empty() {
[INFO] [stdout]     |
[INFO] [stdout] 
[INFO] [stdout] 
[INFO] [stdout] warning: unused variable: `clauses`
[INFO] [stdout]  --> src/tyck/classifier.rs:6:17
[INFO] [stdout]   |
[INFO] [stdout] 6 | pub fn classify(clauses: &[Clause<Term>], telescope: &[ParamTerm]) -> Result<(), Diagnostic> {
[INFO] [stdout]   |                 ^^^^^^^ help: if this is intentional, prefix it with an underscore: `_clauses`
[INFO] [stdout]   |
[INFO] [stdout]   = note: `#[warn(unused_variables)]` on by default
[INFO] [stdout] 
[INFO] [stdout] 
[INFO] [stdout] warning: unused variable: `telescope`
[INFO] [stdout]  --> src/tyck/classifier.rs:6:43
[INFO] [stdout]   |
[INFO] [stdout] 6 | pub fn classify(clauses: &[Clause<Term>], telescope: &[ParamTerm]) -> Result<(), Diagnostic> {
[INFO] [stdout]   |                                           ^^^^^^^^^ help: if this is intentional, prefix it with an underscore: `_telescope`
[INFO] [stdout] 
[INFO] [stdout] 
[INFO] [stdout] warning: unused variable: `ty`
[INFO] [stdout]    --> src/tyck/elaborator.rs:302:14
[INFO] [stdout]     |
[INFO] [stdout] 302 |         for (ty, pat) in params.iter().zip(clause.0.iter()) {
[INFO] [stdout]     |              ^^ help: if this is intentional, prefix it with an underscore: `_ty`
[INFO] [stdout] 
[INFO] [stdout] 
[INFO] [stdout] warning: unused variable: `cache`
[INFO] [stdout]    --> src/tyck/resolver.rs:148:39
[INFO] [stdout]     |
[INFO] [stdout] 148 |     fn pattern(&mut self, u: Pattern, cache: &mut TeleCache) {
[INFO] [stdout]     |                                       ^^^^^ help: if this is intentional, prefix it with an underscore: `_cache`
[INFO] [stdout] 
[INFO] [stdout] 
[INFO] [stdout] warning: unused variable: `telescope`
[INFO] [stdout]   --> src/lib.rs:41:42
[INFO] [stdout]    |
[INFO] [stdout] 41 |             syntax::def::Def::Fn { name, telescope, result: _, body: _ }
[INFO] [stdout]    |                                          ^^^^^^^^^
[INFO] [stdout] 42 |             | syntax::def::Def::Data { name, telescope, cons: _ } => {
[INFO] [stdout]    |                                              ^^^^^^^^^
[INFO] [stdout]    |
[INFO] [stdout] help: try ignoring the field
[INFO] [stdout]    |
[INFO] [stdout] 41 ~             syntax::def::Def::Fn { name, telescope: _, result: _, body: _ }
[INFO] [stdout] 42 ~             | syntax::def::Def::Data { name, telescope: _, cons: _ } => {
[INFO] [stdout]    |
[INFO] [stdout] 
[INFO] [stdout] 
[INFO] [stdout] warning: unused variable: `name`
[INFO] [stdout]   --> src/lib.rs:45:38
[INFO] [stdout]    |
[INFO] [stdout] 45 |             syntax::def::Def::Cons { name, owner, tele } => todo!(),
[INFO] [stdout]    |                                      ^^^^ help: try ignoring the field: `name: _`
[INFO] [stdout] 
[INFO] [stdout] 
[INFO] [stdout] warning: unused variable: `owner`
[INFO] [stdout]   --> src/lib.rs:45:44
[INFO] [stdout]    |
[INFO] [stdout] 45 |             syntax::def::Def::Cons { name, owner, tele } => todo!(),
[INFO] [stdout]    |                                            ^^^^^ help: try ignoring the field: `owner: _`
[INFO] [stdout] 
[INFO] [stdout] 
[INFO] [stdout] warning: unused variable: `tele`
[INFO] [stdout]   --> src/lib.rs:45:51
[INFO] [stdout]    |
[INFO] [stdout] 45 |             syntax::def::Def::Cons { name, owner, tele } => todo!(),
[INFO] [stdout]    |                                                   ^^^^ help: try ignoring the field: `tele: _`
[INFO] [stdout] 
[INFO] [stdout] 
[INFO] [stdout] warning: unused variable: `telescope`
[INFO] [stdout]   --> src/lib.rs:46:39
[INFO] [stdout]    |
[INFO] [stdout] 46 |             syntax::def::Def::Print { telescope, result, body } => {
[INFO] [stdout]    |                                       ^^^^^^^^^ help: try ignoring the field: `telescope: _`
[INFO] [stdout] 
[INFO] [stdout] 
[INFO] [stdout] warning: unused variable: `result`
[INFO] [stdout]   --> src/lib.rs:46:50
[INFO] [stdout]    |
[INFO] [stdout] 46 |             syntax::def::Def::Print { telescope, result, body } => {
[INFO] [stdout]    |                                                  ^^^^^^ help: try ignoring the field: `result: _`
[INFO] [stdout] 
[INFO] [stdout] 
[INFO] [stdout] warning: unused variable: `body`
[INFO] [stdout]   --> src/lib.rs:46:58
[INFO] [stdout]    |
[INFO] [stdout] 46 |             syntax::def::Def::Print { telescope, result, body } => {
[INFO] [stdout]    |                                                          ^^^^ help: try ignoring the field: `body: _`
[INFO] [stdout] 
[INFO] [stdout] 
[INFO] [stdout] warning: fields `pos` and `msg` are never read
[INFO] [stdout]   --> src/lib.rs:16:5
[INFO] [stdout]    |
[INFO] [stdout] 15 | pub struct Diagnostic {
[INFO] [stdout]    |            ---------- fields in this struct
[INFO] [stdout] 16 |     pos: Locate,
[INFO] [stdout]    |     ^^^
[INFO] [stdout] 17 |     msg: String,
[INFO] [stdout]    |     ^^^
[INFO] [stdout]    |
[INFO] [stdout]    = note: `Diagnostic` has derived impls for the traits `Debug` and `Clone`, but these are intentionally ignored during dead code analysis
[INFO] [stdout]    = note: `#[warn(dead_code)]` on by default
[INFO] [stdout] 
[INFO] [stdout] 
[INFO] [stdout] warning: method `pattern` is never used
[INFO] [stdout]    --> src/tyck/resolver.rs:148:8
[INFO] [stdout]     |
[INFO] [stdout] 30  | impl Resolver {
[INFO] [stdout]     | ------------- method in this implementation
[INFO] [stdout] ...
[INFO] [stdout] 148 |     fn pattern(&mut self, u: Pattern, cache: &mut TeleCache) {
[INFO] [stdout]     |        ^^^^^^^
[INFO] [stdout] 
[INFO] [stdout] 
[INFO] [stdout] warning: 19 warnings emitted
[INFO] [stdout] 
[INFO] [stdout] 
[INFO] [stderr]     Finished test [unoptimized + debuginfo] target(s) in 0.78s
[INFO] running `Command { std: "docker" "inspect" "d973ac6a615b7c8c8041370c0e1af8561d55f56cf05d3920962d955b5aa45efa", kill_on_drop: false }`
[INFO] running `Command { std: "docker" "rm" "-f" "d973ac6a615b7c8c8041370c0e1af8561d55f56cf05d3920962d955b5aa45efa", kill_on_drop: false }`
[INFO] [stdout] d973ac6a615b7c8c8041370c0e1af8561d55f56cf05d3920962d955b5aa45efa
[INFO] running `Command { std: "docker" "create" "-v" "/var/lib/crater-agent-workspace/builds/worker-0-tc1/target:/opt/rustwide/target:rw,Z" "-v" "/var/lib/crater-agent-workspace/builds/worker-0-tc1/source:/opt/rustwide/workdir:ro,Z" "-v" "/var/lib/crater-agent-workspace/cargo-home:/opt/rustwide/cargo-home:ro,Z" "-v" "/var/lib/crater-agent-workspace/rustup-home:/opt/rustwide/rustup-home:ro,Z" "-e" "SOURCE_DIR=/opt/rustwide/workdir" "-e" "CARGO_TARGET_DIR=/opt/rustwide/target" "-e" "CARGO_INCREMENTAL=0" "-e" "RUST_BACKTRACE=full" "-e" "RUSTFLAGS=--cap-lints=warn" "-e" "RUSTDOCFLAGS=--cap-lints=warn" "-e" "CARGO_HOME=/opt/rustwide/cargo-home" "-e" "RUSTUP_HOME=/opt/rustwide/rustup-home" "-w" "/opt/rustwide/workdir" "-m" "1610612736" "--user" "0:0" "--network" "none" "ghcr.io/rust-lang/crates-build-env/linux@sha256:2788e3201cd34a07e3172128adcd8b3090168a8e3bcc40d7c032b9dda1df7d1c" "/opt/rustwide/cargo-home/bin/cargo" "+1.75.0" "test" "--frozen", kill_on_drop: false }`
[INFO] [stdout] 97f218d87f86cfa841491c9a7d82653d1f81c5aa55e0364fc064cf0a3ba05237
[INFO] running `Command { std: "docker" "start" "-a" "97f218d87f86cfa841491c9a7d82653d1f81c5aa55e0364fc064cf0a3ba05237", kill_on_drop: false }`
[INFO] [stderr] warning: unused imports: `Expr`, `Param`
[INFO] [stderr]  --> src/syntax/def.rs:1:26
[INFO] [stderr]   |
[INFO] [stderr] 1 | use crate::parser::ast::{Param, Expr, Clause};
[INFO] [stderr]   |                          ^^^^^  ^^^^
[INFO] [stderr]   |
[INFO] [stderr]   = note: `#[warn(unused_imports)]` on by default
[INFO] [stderr] 
[INFO] [stderr] warning: unused import: `crate::parser::ast::Id`
[INFO] [stderr]  --> src/syntax/defvar.rs:1:5
[INFO] [stderr]   |
[INFO] [stderr] 1 | use crate::parser::ast::Id;
[INFO] [stderr]   |     ^^^^^^^^^^^^^^^^^^^^^^
[INFO] [stderr] 
[INFO] [stderr] warning: unused import: `std::collections::HashMap`
[INFO] [stderr]  --> src/syntax/term.rs:1:5
[INFO] [stderr]   |
[INFO] [stderr] 1 | use std::collections::HashMap;
[INFO] [stderr]   |     ^^^^^^^^^^^^^^^^^^^^^^^^^
[INFO] [stderr] 
[INFO] [stderr] warning: unused imports: `Expr`, `Param`
[INFO] [stderr]  --> src/syntax/term.rs:3:27
[INFO] [stderr]   |
[INFO] [stderr] 3 | use crate::{parser::ast::{Param, Expr, Locate}, tyck::{normalizer::Normalizer, elaborator::LocalVar}};
[INFO] [stderr]   |                           ^^^^^  ^^^^
[INFO] [stderr] 
[INFO] [stderr] warning: unused imports: `Expr`, `Param`
[INFO] [stderr]  --> src/tyck/classifier.rs:1:27
[INFO] [stderr]   |
[INFO] [stderr] 1 | use crate::{parser::ast::{Param, Clause, Expr}, syntax::term::{Term, ParamTerm}, Diagnostic};
[INFO] [stderr]   |                           ^^^^^          ^^^^
[INFO] [stderr] 
[INFO] [stderr] warning: unnecessary parentheses around `if` condition
[INFO] [stderr]    --> src/tyck/resolver.rs:150:12
[INFO] [stderr]     |
[INFO] [stderr] 150 |         if (var.is_none() && u.pats().is_empty()) {
[INFO] [stderr]     |            ^                                    ^
[INFO] [stderr]     |
[INFO] [stderr]     = note: `#[warn(unused_parens)]` on by default
[INFO] [stderr] help: remove these parentheses
[INFO] [stderr]     |
[INFO] [stderr] 150 -         if (var.is_none() && u.pats().is_empty()) {
[INFO] [stderr] 150 +         if var.is_none() && u.pats().is_empty() {
[INFO] [stderr]     |
[INFO] [stderr] 
[INFO] [stderr] warning: unused variable: `clauses`
[INFO] [stderr]  --> src/tyck/classifier.rs:6:17
[INFO] [stderr]   |
[INFO] [stderr] 6 | pub fn classify(clauses: &[Clause<Term>], telescope: &[ParamTerm]) -> Result<(), Diagnostic> {
[INFO] [stderr]   |                 ^^^^^^^ help: if this is intentional, prefix it with an underscore: `_clauses`
[INFO] [stderr]   |
[INFO] [stderr]   = note: `#[warn(unused_variables)]` on by default
[INFO] [stderr] 
[INFO] [stderr] warning: unused variable: `telescope`
[INFO] [stderr]  --> src/tyck/classifier.rs:6:43
[INFO] [stderr]   |
[INFO] [stderr] 6 | pub fn classify(clauses: &[Clause<Term>], telescope: &[ParamTerm]) -> Result<(), Diagnostic> {
[INFO] [stderr]   |                                           ^^^^^^^^^ help: if this is intentional, prefix it with an underscore: `_telescope`
[INFO] [stderr] 
[INFO] [stderr] warning: unused variable: `ty`
[INFO] [stderr]    --> src/tyck/elaborator.rs:302:14
[INFO] [stderr]     |
[INFO] [stderr] 302 |         for (ty, pat) in params.iter().zip(clause.0.iter()) {
[INFO] [stderr]     |              ^^ help: if this is intentional, prefix it with an underscore: `_ty`
[INFO] [stderr] 
[INFO] [stderr] warning: unused variable: `cache`
[INFO] [stderr]    --> src/tyck/resolver.rs:148:39
[INFO] [stderr]     |
[INFO] [stderr] 148 |     fn pattern(&mut self, u: Pattern, cache: &mut TeleCache) {
[INFO] [stderr]     |                                       ^^^^^ help: if this is intentional, prefix it with an underscore: `_cache`
[INFO] [stderr] 
[INFO] [stderr] warning: unused variable: `telescope`
[INFO] [stderr]   --> src/lib.rs:41:42
[INFO] [stderr]    |
[INFO] [stderr] 41 |             syntax::def::Def::Fn { name, telescope, result: _, body: _ }
[INFO] [stderr]    |                                          ^^^^^^^^^
[INFO] [stderr] 42 |             | syntax::def::Def::Data { name, telescope, cons: _ } => {
[INFO] [stderr]    |                                              ^^^^^^^^^
[INFO] [stderr]    |
[INFO] [stderr] help: try ignoring the field
[INFO] [stderr]    |
[INFO] [stderr] 41 ~             syntax::def::Def::Fn { name, telescope: _, result: _, body: _ }
[INFO] [stderr] 42 ~             | syntax::def::Def::Data { name, telescope: _, cons: _ } => {
[INFO] [stderr]    |
[INFO] [stderr] 
[INFO] [stderr] warning: unused variable: `name`
[INFO] [stderr]   --> src/lib.rs:45:38
[INFO] [stderr]    |
[INFO] [stderr] 45 |             syntax::def::Def::Cons { name, owner, tele } => todo!(),
[INFO] [stderr]    |                                      ^^^^ help: try ignoring the field: `name: _`
[INFO] [stderr] 
[INFO] [stderr] warning: unused variable: `owner`
[INFO] [stderr]   --> src/lib.rs:45:44
[INFO] [stderr]    |
[INFO] [stderr] 45 |             syntax::def::Def::Cons { name, owner, tele } => todo!(),
[INFO] [stderr]    |                                            ^^^^^ help: try ignoring the field: `owner: _`
[INFO] [stderr] 
[INFO] [stderr] warning: unused variable: `tele`
[INFO] [stderr]   --> src/lib.rs:45:51
[INFO] [stderr]    |
[INFO] [stderr] 45 |             syntax::def::Def::Cons { name, owner, tele } => todo!(),
[INFO] [stderr]    |                                                   ^^^^ help: try ignoring the field: `tele: _`
[INFO] [stderr] 
[INFO] [stderr] warning: unused variable: `telescope`
[INFO] [stderr]   --> src/lib.rs:46:39
[INFO] [stderr]    |
[INFO] [stderr] 46 |             syntax::def::Def::Print { telescope, result, body } => {
[INFO] [stderr]    |                                       ^^^^^^^^^ help: try ignoring the field: `telescope: _`
[INFO] [stderr] 
[INFO] [stderr] warning: unused variable: `result`
[INFO] [stderr]   --> src/lib.rs:46:50
[INFO] [stderr]    |
[INFO] [stderr] 46 |             syntax::def::Def::Print { telescope, result, body } => {
[INFO] [stderr]    |                                                  ^^^^^^ help: try ignoring the field: `result: _`
[INFO] [stderr] 
[INFO] [stderr] warning: unused variable: `body`
[INFO] [stderr]   --> src/lib.rs:46:58
[INFO] [stderr]    |
[INFO] [stderr] 46 |             syntax::def::Def::Print { telescope, result, body } => {
[INFO] [stderr]    |                                                          ^^^^ help: try ignoring the field: `body: _`
[INFO] [stderr] 
[INFO] [stderr] warning: fields `pos` and `msg` are never read
[INFO] [stderr]   --> src/lib.rs:16:5
[INFO] [stderr]    |
[INFO] [stderr] 15 | pub struct Diagnostic {
[INFO] [stderr]    |            ---------- fields in this struct
[INFO] [stderr] 16 |     pos: Locate,
[INFO] [stderr]    |     ^^^
[INFO] [stderr] 17 |     msg: String,
[INFO] [stderr]    |     ^^^
[INFO] [stderr]    |
[INFO] [stderr]    = note: `Diagnostic` has derived impls for the traits `Debug` and `Clone`, but these are intentionally ignored during dead code analysis
[INFO] [stderr]    = note: `#[warn(dead_code)]` on by default
[INFO] [stderr] 
[INFO] [stderr] warning: function `main` is never used
[INFO] [stderr]   --> src/lib.rs:20:4
[INFO] [stderr]    |
[INFO] [stderr] 20 | fn main() {
[INFO] [stderr]    |    ^^^^
[INFO] [stderr] 
[INFO] [stderr] warning: function `run` is never used
[INFO] [stderr]   --> src/lib.rs:24:4
[INFO] [stderr]    |
[INFO] [stderr] 24 | fn run(s: &str) {
[INFO] [stderr]    |    ^^^
[INFO] [stderr] 
[INFO] [stderr] warning: method `pattern` is never used
[INFO] [stderr]    --> src/tyck/resolver.rs:148:8
[INFO] [stderr]     |
[INFO] [stderr] 30  | impl Resolver {
[INFO] [stderr]     | ------------- method in this implementation
[INFO] [stderr] ...
[INFO] [stderr] 148 |     fn pattern(&mut self, u: Pattern, cache: &mut TeleCache) {
[INFO] [stderr]     |        ^^^^^^^
[INFO] [stderr] 
[INFO] [stderr] warning: `anqur-rs` (lib) generated 21 warnings (run `cargo fix --lib -p anqur-rs` to apply 17 suggestions)
[INFO] [stderr] warning: `anqur-rs` (lib test) generated 19 warnings (19 duplicates)
[INFO] [stderr]     Finished test [unoptimized + debuginfo] target(s) in 0.01s
[INFO] [stderr]      Running unittests src/lib.rs (/opt/rustwide/target/debug/deps/anqur_rs-a377d4d240903e70)
[INFO] [stdout] 
[INFO] [stdout] running 2 tests
[INFO] [stdout] test parser::test ... ok
[INFO] [stdout] test test ... FAILED
[INFO] [stdout] 
[INFO] [stdout] failures:
[INFO] [stdout] 
[INFO] [stdout] ---- test stdout ----
[INFO] [stdout] [
[INFO] [stdout]     Def {
[INFO] [stdout]         name: Id "uncurry" @ offset 4, line 1, len: 7,
[INFO] [stdout]         tele: [
[INFO] [stdout]             Param(
[INFO] [stdout]                 Id "A" @ offset 13, line 1, len: 1,
[INFO] [stdout]                 Univ,
[INFO] [stdout]             ),
[INFO] [stdout]             Param(
[INFO] [stdout]                 Id "B" @ offset 15, line 1, len: 1,
[INFO] [stdout]                 Univ,
[INFO] [stdout]             ),
[INFO] [stdout]             Param(
[INFO] [stdout]                 Id "C" @ offset 17, line 1, len: 1,
[INFO] [stdout]                 Univ,
[INFO] [stdout]             ),
[INFO] [stdout]             Param(
[INFO] [stdout]                 Id "t" @ offset 33, line 2, len: 1,
[INFO] [stdout]                 Dt(
[INFO] [stdout]                     false,
[INFO] [stdout]                     Param(
[INFO] [stdout]                         Id "_" @ offset 0, line 0, len: 0,
[INFO] [stdout]                         RefResolved(
[INFO] [stdout]                             Id "A" @ offset 37, line 2, len: 1,
[INFO] [stdout]                         ),
[INFO] [stdout]                     ),
[INFO] [stdout]                     RefResolved(
[INFO] [stdout]                         Id "B" @ offset 42, line 2, len: 1,
[INFO] [stdout]                     ),
[INFO] [stdout]                 ),
[INFO] [stdout]             ),
[INFO] [stdout]             Param(
[INFO] [stdout]                 Id "f" @ offset 46, line 2, len: 1,
[INFO] [stdout]                 Dt(
[INFO] [stdout]                     true,
[INFO] [stdout]                     Param(
[INFO] [stdout]                         Id "_" @ offset 0, line 0, len: 0,
[INFO] [stdout]                         RefResolved(
[INFO] [stdout]                             Id "A" @ offset 50, line 2, len: 1,
[INFO] [stdout]                         ),
[INFO] [stdout]                     ),
[INFO] [stdout]                     Dt(
[INFO] [stdout]                         true,
[INFO] [stdout]                         Param(
[INFO] [stdout]                             Id "_" @ offset 0, line 0, len: 0,
[INFO] [stdout]                             RefResolved(
[INFO] [stdout]                                 Id "B" @ offset 55, line 2, len: 1,
[INFO] [stdout]                             ),
[INFO] [stdout]                         ),
[INFO] [stdout]                         RefResolved(
[INFO] [stdout]                             Id "C" @ offset 60, line 2, len: 1,
[INFO] [stdout]                         ),
[INFO] [stdout]                     ),
[INFO] [stdout]                 ),
[INFO] [stdout]             ),
[INFO] [stdout]         ],
[INFO] [stdout]         result: RefResolved(
[INFO] [stdout]             Id "C" @ offset 65, line 2, len: 1,
[INFO] [stdout]         ),
[INFO] [stdout]         body: Expr(
[INFO] [stdout]             Two(
[INFO] [stdout]                 Two(
[INFO] [stdout]                     RefResolved(
[INFO] [stdout]                         Id "f" @ offset 70, line 2, len: 1,
[INFO] [stdout]                     ),
[INFO] [stdout]                     Fst(
[INFO] [stdout]                         RefResolved(
[INFO] [stdout]                             Id "t" @ offset 73, line 2, len: 1,
[INFO] [stdout]                         ),
[INFO] [stdout]                     ),
[INFO] [stdout]                 ),
[INFO] [stdout]                 Snd(
[INFO] [stdout]                     RefResolved(
[INFO] [stdout]                         Id "t" @ offset 79, line 2, len: 1,
[INFO] [stdout]                     ),
[INFO] [stdout]                 ),
[INFO] [stdout]             ),
[INFO] [stdout]         ),
[INFO] [stdout]     },
[INFO] [stdout]     Def {
[INFO] [stdout]         name: Id "uncurry'" @ offset 94, line 3, len: 8,
[INFO] [stdout]         tele: [
[INFO] [stdout]             Param(
[INFO] [stdout]                 Id "A" @ offset 104, line 3, len: 1,
[INFO] [stdout]                 Univ,
[INFO] [stdout]             ),
[INFO] [stdout]             Param(
[INFO] [stdout]                 Id "t" @ offset 112, line 3, len: 1,
[INFO] [stdout]                 Dt(
[INFO] [stdout]                     false,
[INFO] [stdout]                     Param(
[INFO] [stdout]                         Id "_" @ offset 0, line 0, len: 0,
[INFO] [stdout]                         RefResolved(
[INFO] [stdout]                             Id "A" @ offset 116, line 3, len: 1,
[INFO] [stdout]                         ),
[INFO] [stdout]                     ),
[INFO] [stdout]                     RefResolved(
[INFO] [stdout]                         Id "A" @ offset 121, line 3, len: 1,
[INFO] [stdout]                     ),
[INFO] [stdout]                 ),
[INFO] [stdout]             ),
[INFO] [stdout]             Param(
[INFO] [stdout]                 Id "f" @ offset 125, line 3, len: 1,
[INFO] [stdout]                 Dt(
[INFO] [stdout]                     true,
[INFO] [stdout]                     Param(
[INFO] [stdout]                         Id "_" @ offset 0, line 0, len: 0,
[INFO] [stdout]                         RefResolved(
[INFO] [stdout]                             Id "A" @ offset 129, line 3, len: 1,
[INFO] [stdout]                         ),
[INFO] [stdout]                     ),
[INFO] [stdout]                     Dt(
[INFO] [stdout]                         true,
[INFO] [stdout]                         Param(
[INFO] [stdout]                             Id "_" @ offset 0, line 0, len: 0,
[INFO] [stdout]                             RefResolved(
[INFO] [stdout]                                 Id "A" @ offset 134, line 3, len: 1,
[INFO] [stdout]                             ),
[INFO] [stdout]                         ),
[INFO] [stdout]                         RefResolved(
[INFO] [stdout]                             Id "A" @ offset 139, line 3, len: 1,
[INFO] [stdout]                         ),
[INFO] [stdout]                     ),
[INFO] [stdout]                 ),
[INFO] [stdout]             ),
[INFO] [stdout]         ],
[INFO] [stdout]         result: RefResolved(
[INFO] [stdout]             Id "A" @ offset 144, line 3, len: 1,
[INFO] [stdout]         ),
[INFO] [stdout]         body: Expr(
[INFO] [stdout]             Two(
[INFO] [stdout]                 Two(
[INFO] [stdout]                     Two(
[INFO] [stdout]                         Two(
[INFO] [stdout]                             Two(
[INFO] [stdout]                                 RefResolved(
[INFO] [stdout]                                     Id "uncurry" @ offset 149, line 3, len: 7,
[INFO] [stdout]                                 ),
[INFO] [stdout]                                 RefResolved(
[INFO] [stdout]                                     Id "A" @ offset 157, line 3, len: 1,
[INFO] [stdout]                                 ),
[INFO] [stdout]                             ),
[INFO] [stdout]                             RefResolved(
[INFO] [stdout]                                 Id "A" @ offset 159, line 3, len: 1,
[INFO] [stdout]                             ),
[INFO] [stdout]                         ),
[INFO] [stdout]                         RefResolved(
[INFO] [stdout]                             Id "A" @ offset 161, line 3, len: 1,
[INFO] [stdout]                         ),
[INFO] [stdout]                     ),
[INFO] [stdout]                     RefResolved(
[INFO] [stdout]                         Id "t" @ offset 163, line 3, len: 1,
[INFO] [stdout]                     ),
[INFO] [stdout]                 ),
[INFO] [stdout]                 RefResolved(
[INFO] [stdout]                     Id "f" @ offset 165, line 3, len: 1,
[INFO] [stdout]                 ),
[INFO] [stdout]             ),
[INFO] [stdout]         ),
[INFO] [stdout]     },
[INFO] [stdout] ]
[INFO] [stdout] thread 'test' panicked at src/lib.rs:39:42:
[INFO] [stdout] called `Result::unwrap()` on an `Err` value: Diagnostic { pos: Locate { offset: 149, line: 3, len: 7 }, msg: "error ref: uncurry" }
[INFO] [stdout] stack backtrace:
[INFO] [stdout]    0:     0x55bd856b725c - std::backtrace_rs::backtrace::libunwind::trace::ha637c64ce894333a
[INFO] [stdout]                                at /rustc/82e1608dfa6e0b5569232559e3d385fea5a93112/library/std/src/../../backtrace/src/backtrace/libunwind.rs:104:5
[INFO] [stdout]    1:     0x55bd856b725c - std::backtrace_rs::backtrace::trace_unsynchronized::h47f62dea28e0c88d
[INFO] [stdout]                                at /rustc/82e1608dfa6e0b5569232559e3d385fea5a93112/library/std/src/../../backtrace/src/backtrace/mod.rs:66:5
[INFO] [stdout]    2:     0x55bd856b725c - std::sys_common::backtrace::_print_fmt::h9eef0abe20ede486
[INFO] [stdout]                                at /rustc/82e1608dfa6e0b5569232559e3d385fea5a93112/library/std/src/sys_common/backtrace.rs:67:5
[INFO] [stdout]    3:     0x55bd856b725c - <std::sys_common::backtrace::_print::DisplayBacktrace as core::fmt::Display>::fmt::hed7f999df88cc644
[INFO] [stdout]                                at /rustc/82e1608dfa6e0b5569232559e3d385fea5a93112/library/std/src/sys_common/backtrace.rs:44:22
[INFO] [stdout]    4:     0x55bd856e10f0 - core::fmt::rt::Argument::fmt::h1539a9308b8d058d
[INFO] [stdout]                                at /rustc/82e1608dfa6e0b5569232559e3d385fea5a93112/library/core/src/fmt/rt.rs:142:9
[INFO] [stdout]    5:     0x55bd856e10f0 - core::fmt::write::h3a39390d8560d9c9
[INFO] [stdout]                                at /rustc/82e1608dfa6e0b5569232559e3d385fea5a93112/library/core/src/fmt/mod.rs:1120:17
[INFO] [stdout]    6:     0x55bd856b4c0f - std::io::Write::write_fmt::h040b369f3a0f9cbc
[INFO] [stdout]                                at /rustc/82e1608dfa6e0b5569232559e3d385fea5a93112/library/std/src/io/mod.rs:1762:15
[INFO] [stdout]    7:     0x55bd856b7044 - std::sys_common::backtrace::_print::h894006fb5c6f3d45
[INFO] [stdout]                                at /rustc/82e1608dfa6e0b5569232559e3d385fea5a93112/library/std/src/sys_common/backtrace.rs:47:5
[INFO] [stdout]    8:     0x55bd856b7044 - std::sys_common::backtrace::print::h23a2d212c6fff936
[INFO] [stdout]                                at /rustc/82e1608dfa6e0b5569232559e3d385fea5a93112/library/std/src/sys_common/backtrace.rs:34:9
[INFO] [stdout]    9:     0x55bd856b8d07 - std::panicking::default_hook::{{closure}}::h8a1d2ee00185001a
[INFO] [stdout]   10:     0x55bd856b89f3 - std::panicking::default_hook::h6038f2eba384e475
[INFO] [stdout]                                at /rustc/82e1608dfa6e0b5569232559e3d385fea5a93112/library/std/src/panicking.rs:289:9
[INFO] [stdout]   11:     0x55bd85681c47 - <alloc::boxed::Box<F,A> as core::ops::function::Fn<Args>>::call::h0ad024c9bdc6d768
[INFO] [stdout]                                at /rustc/82e1608dfa6e0b5569232559e3d385fea5a93112/library/alloc/src/boxed.rs:2021:9
[INFO] [stdout]   12:     0x55bd85681c47 - test::test_main::{{closure}}::h7500b54257359db6
[INFO] [stdout]                                at /rustc/82e1608dfa6e0b5569232559e3d385fea5a93112/library/test/src/lib.rs:138:21
[INFO] [stdout]   13:     0x55bd856b9318 - <alloc::boxed::Box<F,A> as core::ops::function::Fn<Args>>::call::h1f8f335eaa9cfaee
[INFO] [stdout]                                at /rustc/82e1608dfa6e0b5569232559e3d385fea5a93112/library/alloc/src/boxed.rs:2021:9
[INFO] [stdout]   14:     0x55bd856b9318 - std::panicking::rust_panic_with_hook::h2b5517d590cab22e
[INFO] [stdout]                                at /rustc/82e1608dfa6e0b5569232559e3d385fea5a93112/library/std/src/panicking.rs:783:13
[INFO] [stdout]   15:     0x55bd856b906e - std::panicking::begin_panic_handler::{{closure}}::h233112c06e0ef43e
[INFO] [stdout]                                at /rustc/82e1608dfa6e0b5569232559e3d385fea5a93112/library/std/src/panicking.rs:657:13
[INFO] [stdout]   16:     0x55bd856b7726 - std::sys_common::backtrace::__rust_end_short_backtrace::h6e893f24d7ebbff8
[INFO] [stdout]                                at /rustc/82e1608dfa6e0b5569232559e3d385fea5a93112/library/std/src/sys_common/backtrace.rs:170:18
[INFO] [stdout]   17:     0x55bd856b8dd2 - rust_begin_unwind
[INFO] [stdout]                                at /rustc/82e1608dfa6e0b5569232559e3d385fea5a93112/library/std/src/panicking.rs:645:5
[INFO] [stdout]   18:     0x55bd855e3145 - core::panicking::panic_fmt::hbf0e066aabfa482c
[INFO] [stdout]                                at /rustc/82e1608dfa6e0b5569232559e3d385fea5a93112/library/core/src/panicking.rs:72:14
[INFO] [stdout]   19:     0x55bd855e36d3 - core::result::unwrap_failed::hddb4fea594200c52
[INFO] [stdout]                                at /rustc/82e1608dfa6e0b5569232559e3d385fea5a93112/library/core/src/result.rs:1653:5
[INFO] [stdout]   20:     0x55bd856463fe - core::result::Result<T,E>::unwrap::h492fecc8c1635768
[INFO] [stdout]                                at /rustc/82e1608dfa6e0b5569232559e3d385fea5a93112/library/core/src/result.rs:1077:23
[INFO] [stdout]   21:     0x55bd85613869 - anqur_rs::run::h7917446dda70dcfd
[INFO] [stdout]                                at /opt/rustwide/workdir/src/lib.rs:39:17
[INFO] [stdout]   22:     0x55bd85613e3e - anqur_rs::test::h7593c0b67fa06ccb
[INFO] [stdout]                                at /opt/rustwide/workdir/src/lib.rs:59:5
[INFO] [stdout]   23:     0x55bd85613da7 - anqur_rs::test::{{closure}}::h5a249e13d0f63691
[INFO] [stdout]                                at /opt/rustwide/workdir/src/lib.rs:55:10
[INFO] [stdout]   24:     0x55bd85604d36 - core::ops::function::FnOnce::call_once::h7b329209797c4aec
[INFO] [stdout]                                at /rustc/82e1608dfa6e0b5569232559e3d385fea5a93112/library/core/src/ops/function.rs:250:5
[INFO] [stdout]   25:     0x55bd8568729f - core::ops::function::FnOnce::call_once::h2b5d431d5046312d
[INFO] [stdout]                                at /rustc/82e1608dfa6e0b5569232559e3d385fea5a93112/library/core/src/ops/function.rs:250:5
[INFO] [stdout]   26:     0x55bd8568729f - test::__rust_begin_short_backtrace::h7714669af176e207
[INFO] [stdout]                                at /rustc/82e1608dfa6e0b5569232559e3d385fea5a93112/library/test/src/lib.rs:628:18
[INFO] [stdout]   27:     0x55bd856862b5 - test::run_test_in_process::{{closure}}::h85218797dcbcec12
[INFO] [stdout]                                at /rustc/82e1608dfa6e0b5569232559e3d385fea5a93112/library/test/src/lib.rs:651:60
[INFO] [stdout]   28:     0x55bd856862b5 - <core::panic::unwind_safe::AssertUnwindSafe<F> as core::ops::function::FnOnce<()>>::call_once::h76c106ea31c14d7b
[INFO] [stdout]                                at /rustc/82e1608dfa6e0b5569232559e3d385fea5a93112/library/core/src/panic/unwind_safe.rs:272:9
[INFO] [stdout]   29:     0x55bd856862b5 - std::panicking::try::do_call::h3bd5d0f6620ee946
[INFO] [stdout]                                at /rustc/82e1608dfa6e0b5569232559e3d385fea5a93112/library/std/src/panicking.rs:552:40
[INFO] [stdout]   30:     0x55bd856862b5 - std::panicking::try::h232e535e4744fe31
[INFO] [stdout]                                at /rustc/82e1608dfa6e0b5569232559e3d385fea5a93112/library/std/src/panicking.rs:516:19
[INFO] [stdout]   31:     0x55bd856862b5 - std::panic::catch_unwind::h3ce3bd6ca8dbac68
[INFO] [stdout]                                at /rustc/82e1608dfa6e0b5569232559e3d385fea5a93112/library/std/src/panic.rs:142:14
[INFO] [stdout]   32:     0x55bd856862b5 - test::run_test_in_process::hc97b257c9621286a
[INFO] [stdout]                                at /rustc/82e1608dfa6e0b5569232559e3d385fea5a93112/library/test/src/lib.rs:651:27
[INFO] [stdout]   33:     0x55bd856862b5 - test::run_test::{{closure}}::h2aa798823a438d38
[INFO] [stdout]                                at /rustc/82e1608dfa6e0b5569232559e3d385fea5a93112/library/test/src/lib.rs:574:43
[INFO] [stdout]   34:     0x55bd8564e576 - test::run_test::{{closure}}::h87d231c78fb59832
[INFO] [stdout]                                at /rustc/82e1608dfa6e0b5569232559e3d385fea5a93112/library/test/src/lib.rs:602:41
[INFO] [stdout]   35:     0x55bd8564e576 - std::sys_common::backtrace::__rust_begin_short_backtrace::he6df152596625789
[INFO] [stdout]                                at /rustc/82e1608dfa6e0b5569232559e3d385fea5a93112/library/std/src/sys_common/backtrace.rs:154:18
[INFO] [stdout]   36:     0x55bd85653627 - std::thread::Builder::spawn_unchecked_::{{closure}}::{{closure}}::ha94be15d1e0acf36
[INFO] [stdout]                                at /rustc/82e1608dfa6e0b5569232559e3d385fea5a93112/library/std/src/thread/mod.rs:529:17
[INFO] [stdout]   37:     0x55bd85653627 - <core::panic::unwind_safe::AssertUnwindSafe<F> as core::ops::function::FnOnce<()>>::call_once::h9dc6bd6372f16606
[INFO] [stdout]                                at /rustc/82e1608dfa6e0b5569232559e3d385fea5a93112/library/core/src/panic/unwind_safe.rs:272:9
[INFO] [stdout]   38:     0x55bd85653627 - std::panicking::try::do_call::h9057517f80303cd4
[INFO] [stdout]                                at /rustc/82e1608dfa6e0b5569232559e3d385fea5a93112/library/std/src/panicking.rs:552:40
[INFO] [stdout]   39:     0x55bd85653627 - std::panicking::try::he3a30b11ee45340c
[INFO] [stdout]                                at /rustc/82e1608dfa6e0b5569232559e3d385fea5a93112/library/std/src/panicking.rs:516:19
[INFO] [stdout]   40:     0x55bd85653627 - std::panic::catch_unwind::h410458cfd3528b8b
[INFO] [stdout]                                at /rustc/82e1608dfa6e0b5569232559e3d385fea5a93112/library/std/src/panic.rs:142:14
[INFO] [stdout]   41:     0x55bd85653627 - std::thread::Builder::spawn_unchecked_::{{closure}}::h72ac3bdb567b737b
[INFO] [stdout]                                at /rustc/82e1608dfa6e0b5569232559e3d385fea5a93112/library/std/src/thread/mod.rs:528:30
[INFO] [stdout]   42:     0x55bd85653627 - core::ops::function::FnOnce::call_once{{vtable.shim}}::h38f34da3654a8344
[INFO] [stdout]                                at /rustc/82e1608dfa6e0b5569232559e3d385fea5a93112/library/core/src/ops/function.rs:250:5
[INFO] [stdout]   43:     0x55bd856bdda5 - <alloc::boxed::Box<F,A> as core::ops::function::FnOnce<Args>>::call_once::hc7eafaff61e32df9
[INFO] [stdout]                                at /rustc/82e1608dfa6e0b5569232559e3d385fea5a93112/library/alloc/src/boxed.rs:2007:9
[INFO] [stdout]   44:     0x55bd856bdda5 - <alloc::boxed::Box<F,A> as core::ops::function::FnOnce<Args>>::call_once::h6ba4a5de48dd2304
[INFO] [stdout]                                at /rustc/82e1608dfa6e0b5569232559e3d385fea5a93112/library/alloc/src/boxed.rs:2007:9
[INFO] [stdout]   45:     0x55bd856bdda5 - std::sys::unix::thread::Thread::new::thread_start::he469335aef763e45
[INFO] [stdout]                                at /rustc/82e1608dfa6e0b5569232559e3d385fea5a93112/library/std/src/sys/unix/thread.rs:108:17
[INFO] [stdout]   46:     0x7fda0b18aac3 - <unknown>
[INFO] [stdout]   47:     0x7fda0b21bbf4 - __clone
[INFO] [stdout]   48:                0x0 - <unknown>
[INFO] [stdout] 
[INFO] [stdout] 
[INFO] [stdout] failures:
[INFO] [stdout]     test
[INFO] [stdout] 
[INFO] [stdout] test result: FAILED. 1 passed; 1 failed; 0 ignored; 0 measured; 0 filtered out; finished in 0.01s
[INFO] [stdout] 
[INFO] [stderr] error: test failed, to rerun pass `--lib`
[INFO] running `Command { std: "docker" "inspect" "97f218d87f86cfa841491c9a7d82653d1f81c5aa55e0364fc064cf0a3ba05237", kill_on_drop: false }`
[INFO] running `Command { std: "docker" "rm" "-f" "97f218d87f86cfa841491c9a7d82653d1f81c5aa55e0364fc064cf0a3ba05237", kill_on_drop: false }`
[INFO] [stdout] 97f218d87f86cfa841491c9a7d82653d1f81c5aa55e0364fc064cf0a3ba05237
