[INFO] cloning repository https://github.com/xycloo/soroban-analyzer
[INFO] running `Command { std: "git" "-c" "credential.helper=" "-c" "credential.helper=/workspace/cargo-home/bin/git-credential-null" "clone" "--bare" "https://github.com/xycloo/soroban-analyzer" "/workspace/cache/git-repos/https%3A%2F%2Fgithub.com%2Fxycloo%2Fsoroban-analyzer", kill_on_drop: false }`
[INFO] [stderr] Cloning into bare repository '/workspace/cache/git-repos/https%3A%2F%2Fgithub.com%2Fxycloo%2Fsoroban-analyzer'...
[INFO] running `Command { std: "git" "rev-parse" "HEAD", kill_on_drop: false }`
[INFO] [stdout] 11edc8da78cf487e97b2880ad76da91c62c8f88c
[INFO] testing xycloo/soroban-analyzer against 1.75.0 for beta-1.76-1
[INFO] running `Command { std: "git" "clone" "/workspace/cache/git-repos/https%3A%2F%2Fgithub.com%2Fxycloo%2Fsoroban-analyzer" "/workspace/builds/worker-2-tc1/source", kill_on_drop: false }`
[INFO] [stderr] Cloning into '/workspace/builds/worker-2-tc1/source'...
[INFO] [stderr] done.
[INFO] validating manifest of git repo https://github.com/xycloo/soroban-analyzer on toolchain 1.75.0
[INFO] running `Command { std: CARGO_HOME="/workspace/cargo-home" RUSTUP_HOME="/workspace/rustup-home" "/workspace/cargo-home/bin/cargo" "+1.75.0" "metadata" "--manifest-path" "Cargo.toml" "--no-deps", kill_on_drop: false }`
[INFO] started tweaking git repo https://github.com/xycloo/soroban-analyzer
[INFO] finished tweaking git repo https://github.com/xycloo/soroban-analyzer
[INFO] tweaked toml for git repo https://github.com/xycloo/soroban-analyzer written to /workspace/builds/worker-2-tc1/source/Cargo.toml
[INFO] crate git repo https://github.com/xycloo/soroban-analyzer already has a lockfile, it will not be regenerated
[INFO] running `Command { std: CARGO_HOME="/workspace/cargo-home" RUSTUP_HOME="/workspace/rustup-home" "/workspace/cargo-home/bin/cargo" "+1.75.0" "fetch" "--manifest-path" "Cargo.toml", kill_on_drop: false }`
[INFO] [stderr] warning: virtual workspace defaulting to `resolver = "1"` despite one or more workspace members being on edition 2021 which implies `resolver = "2"`
[INFO] [stderr] note: to keep the current resolver, specify `workspace.resolver = "1"` in the workspace root's manifest
[INFO] [stderr] note: to use the edition 2021 resolver, specify `workspace.resolver = "2"` in the workspace root's manifest
[INFO] [stderr] note: for more details see https://doc.rust-lang.org/cargo/reference/resolver.html#resolver-versions
[INFO] [stderr]  Downloading crates ...
[INFO] [stderr]   Downloaded insta v1.26.0
[INFO] running `Command { std: "docker" "create" "-v" "/var/lib/crater-agent-workspace/builds/worker-2-tc1/target:/opt/rustwide/target:rw,Z" "-v" "/var/lib/crater-agent-workspace/builds/worker-2-tc1/source:/opt/rustwide/workdir:ro,Z" "-v" "/var/lib/crater-agent-workspace/cargo-home:/opt/rustwide/cargo-home:ro,Z" "-v" "/var/lib/crater-agent-workspace/rustup-home:/opt/rustwide/rustup-home:ro,Z" "-e" "SOURCE_DIR=/opt/rustwide/workdir" "-e" "CARGO_TARGET_DIR=/opt/rustwide/target" "-e" "CARGO_HOME=/opt/rustwide/cargo-home" "-e" "RUSTUP_HOME=/opt/rustwide/rustup-home" "-w" "/opt/rustwide/workdir" "-m" "1610612736" "--user" "0:0" "--network" "none" "ghcr.io/rust-lang/crates-build-env/linux@sha256:2788e3201cd34a07e3172128adcd8b3090168a8e3bcc40d7c032b9dda1df7d1c" "/opt/rustwide/cargo-home/bin/cargo" "+1.75.0" "metadata" "--no-deps" "--format-version=1", kill_on_drop: false }`
[INFO] [stdout] 4c42fa211c58c6561d385ecffa46a917d9efb4314a253bfdefe53d83fb1eedcc
[INFO] running `Command { std: "docker" "start" "-a" "4c42fa211c58c6561d385ecffa46a917d9efb4314a253bfdefe53d83fb1eedcc", kill_on_drop: false }`
[INFO] running `Command { std: "docker" "inspect" "4c42fa211c58c6561d385ecffa46a917d9efb4314a253bfdefe53d83fb1eedcc", kill_on_drop: false }`
[INFO] running `Command { std: "docker" "rm" "-f" "4c42fa211c58c6561d385ecffa46a917d9efb4314a253bfdefe53d83fb1eedcc", kill_on_drop: false }`
[INFO] [stdout] 4c42fa211c58c6561d385ecffa46a917d9efb4314a253bfdefe53d83fb1eedcc
[INFO] running `Command { std: "docker" "create" "-v" "/var/lib/crater-agent-workspace/builds/worker-2-tc1/target:/opt/rustwide/target:rw,Z" "-v" "/var/lib/crater-agent-workspace/builds/worker-2-tc1/source:/opt/rustwide/workdir:ro,Z" "-v" "/var/lib/crater-agent-workspace/cargo-home:/opt/rustwide/cargo-home:ro,Z" "-v" "/var/lib/crater-agent-workspace/rustup-home:/opt/rustwide/rustup-home:ro,Z" "-e" "SOURCE_DIR=/opt/rustwide/workdir" "-e" "CARGO_TARGET_DIR=/opt/rustwide/target" "-e" "CARGO_INCREMENTAL=0" "-e" "RUST_BACKTRACE=full" "-e" "RUSTFLAGS=--cap-lints=warn" "-e" "RUSTDOCFLAGS=--cap-lints=warn" "-e" "CARGO_HOME=/opt/rustwide/cargo-home" "-e" "RUSTUP_HOME=/opt/rustwide/rustup-home" "-w" "/opt/rustwide/workdir" "-m" "1610612736" "--user" "0:0" "--network" "none" "ghcr.io/rust-lang/crates-build-env/linux@sha256:2788e3201cd34a07e3172128adcd8b3090168a8e3bcc40d7c032b9dda1df7d1c" "/opt/rustwide/cargo-home/bin/cargo" "+1.75.0" "build" "--frozen" "--message-format=json", kill_on_drop: false }`
[INFO] [stdout] c2d1d9048c29ae53136bdb596efaa50c78c6d48136d675774bd9fcedbd0e5659
[INFO] running `Command { std: "docker" "start" "-a" "c2d1d9048c29ae53136bdb596efaa50c78c6d48136d675774bd9fcedbd0e5659", kill_on_drop: false }`
[INFO] [stderr] warning: virtual workspace defaulting to `resolver = "1"` despite one or more workspace members being on edition 2021 which implies `resolver = "2"`
[INFO] [stderr] note: to keep the current resolver, specify `workspace.resolver = "1"` in the workspace root's manifest
[INFO] [stderr] note: to use the edition 2021 resolver, specify `workspace.resolver = "2"` in the workspace root's manifest
[INFO] [stderr] note: for more details see https://doc.rust-lang.org/cargo/reference/resolver.html#resolver-versions
[INFO] [stderr]    Compiling cc v1.0.78
[INFO] [stderr]    Compiling autocfg v1.1.0
[INFO] [stderr]    Compiling memchr v2.5.0
[INFO] [stderr]    Compiling regex-syntax v0.6.28
[INFO] [stderr]    Compiling proc-macro2 v1.0.49
[INFO] [stderr]    Compiling quote v1.0.23
[INFO] [stderr]    Compiling unicode-ident v1.0.6
[INFO] [stderr]    Compiling syn v1.0.107
[INFO] [stderr]    Compiling crossbeam-utils v0.8.14
[INFO] [stderr]    Compiling version_check v0.9.4
[INFO] [stderr]    Compiling libc v0.2.139
[INFO] [stderr]    Compiling io-lifetimes v1.0.3
[INFO] [stderr]    Compiling serde_derive v1.0.152
[INFO] [stderr]    Compiling scopeguard v1.1.0
[INFO] [stderr]    Compiling crossbeam-queue v0.3.8
[INFO] [stderr]    Compiling log v0.4.17
[INFO] [stderr]    Compiling rustix v0.36.6
[INFO] [stderr]    Compiling hashbrown v0.12.3
[INFO] [stderr]    Compiling serde v1.0.152
[INFO] [stderr]    Compiling proc-macro-error-attr v1.0.4
[INFO] [stderr]    Compiling proc-macro-error v1.0.4
[INFO] [stderr]    Compiling linux-raw-sys v0.1.4
[INFO] [stderr]    Compiling bitflags v1.3.2
[INFO] [stderr]    Compiling num-traits v0.2.15
[INFO] [stderr]    Compiling num-integer v0.1.45
[INFO] [stderr]    Compiling memoffset v0.7.1
[INFO] [stderr]    Compiling crossbeam-epoch v0.9.13
[INFO] [stderr]    Compiling num-bigint v0.4.3
[INFO] [stderr]    Compiling num-iter v0.1.43
[INFO] [stderr]    Compiling num-rational v0.4.1
[INFO] [stderr]    Compiling indexmap v1.9.2
[INFO] [stderr]    Compiling crossbeam-channel v0.5.6
[INFO] [stderr]    Compiling aho-corasick v0.7.20
[INFO] [stderr]    Compiling bstr v1.1.0
[INFO] [stderr]    Compiling fnv v1.0.7
[INFO] [stderr]    Compiling crossbeam-deque v0.8.2
[INFO] [stderr]    Compiling termcolor v1.1.3
[INFO] [stderr]    Compiling fixedbitset v0.4.2
[INFO] [stderr]    Compiling os_str_bytes v6.4.1
[INFO] [stderr]    Compiling arrayvec v0.7.2
[INFO] [stderr]    Compiling once_cell v1.17.0
[INFO] [stderr]    Compiling heck v0.4.0
[INFO] [stderr]    Compiling itoa v1.0.5
[INFO] [stderr]    Compiling tree-sitter v0.20.9
[INFO] [stderr]    Compiling tree-sitter-cpp v0.20.0
[INFO] [stderr]    Compiling tree-sitter-javascript v0.20.0
[INFO] [stderr]    Compiling tree-sitter-preproc v0.20.0 (/opt/rustwide/workdir/analysis/tree-sitter-preproc)
[INFO] [stderr]    Compiling tree-sitter-ccomment v0.20.0 (/opt/rustwide/workdir/analysis/tree-sitter-ccomment)
[INFO] [stderr]    Compiling tree-sitter-java v0.20.0
[INFO] [stderr]    Compiling tree-sitter-typescript v0.20.1
[INFO] [stderr]    Compiling tree-sitter-python v0.20.2
[INFO] [stderr]    Compiling tree-sitter-rust v0.20.3
[INFO] [stderr]    Compiling same-file v1.0.6
[INFO] [stderr]    Compiling byteorder v1.4.3
[INFO] [stderr]    Compiling walkdir v2.3.2
[INFO] [stderr]    Compiling regex v1.7.0
[INFO] [stderr]    Compiling num-complex v0.4.2
[INFO] [stderr]    Compiling fxhash v0.2.1
[INFO] [stderr]    Compiling num-format v0.4.4
[INFO] [stderr]    Compiling petgraph v0.6.2
[INFO] [stderr]    Compiling clap_lex v0.3.0
[INFO] [stderr]    Compiling crossbeam v0.8.2
[INFO] [stderr]    Compiling strsim v0.10.0
[INFO] [stderr]    Compiling globset v0.4.10
[INFO] [stderr]    Compiling lazy_static v1.4.0
[INFO] [stderr]    Compiling is-terminal v0.4.2
[INFO] [stderr]    Compiling num v0.4.0
[INFO] [stderr]    Compiling tree-sitter-mozjs v0.20.0 (/opt/rustwide/workdir/analysis/tree-sitter-mozjs)
[INFO] [stderr]    Compiling tree-sitter-mozcpp v0.20.1 (/opt/rustwide/workdir/analysis/tree-sitter-mozcpp)
[INFO] [stderr]    Compiling clap_derive v4.0.21
[INFO] [stderr]    Compiling num-derive v0.3.3
[INFO] [stderr]    Compiling clap v4.0.32
[INFO] [stderr]    Compiling rust-code-analysis v0.0.24 (/opt/rustwide/workdir/analysis)
[INFO] [stderr]    Compiling soroban-analyzer v0.0.24 (/opt/rustwide/workdir/soroban-analyzer)
[INFO] [stdout] warning: unused import: `std::io::Write`
[INFO] [stdout]  --> soroban-analyzer/src/state.rs:7:5
[INFO] [stdout]   |
[INFO] [stdout] 7 | use std::io::Write;
[INFO] [stdout]   |     ^^^^^^^^^^^^^^
[INFO] [stdout]   |
[INFO] [stdout]   = note: `#[warn(unused_imports)]` on by default
[INFO] [stdout] 
[INFO] [stdout] 
[INFO] [stdout] warning: unused imports: `ColorSpec`, `Color`, `WriteColor`
[INFO] [stdout]  --> soroban-analyzer/src/state.rs:9:17
[INFO] [stdout]   |
[INFO] [stdout] 9 | use termcolor::{Color, ColorSpec, StandardStreamLock, WriteColor};
[INFO] [stdout]   |                 ^^^^^  ^^^^^^^^^                      ^^^^^^^^^^
[INFO] [stdout] 
[INFO] [stdout] 
[INFO] [stdout] warning: unused imports: `Path`, `ops::Deref`
[INFO] [stdout]  --> soroban-analyzer/src/types.rs:3:5
[INFO] [stdout]   |
[INFO] [stdout] 3 |     ops::Deref,
[INFO] [stdout]   |     ^^^^^^^^^^
[INFO] [stdout] 4 |     path::{Path, PathBuf},
[INFO] [stdout]   |            ^^^^
[INFO] [stdout] 
[INFO] [stdout] 
[INFO] [stdout] warning: unused variable: `stdout`
[INFO] [stdout]   --> soroban-analyzer/src/state.rs:86:5
[INFO] [stdout]    |
[INFO] [stdout] 86 |     stdout: &mut StandardStreamLock,
[INFO] [stdout]    |     ^^^^^^ help: if this is intentional, prefix it with an underscore: `_stdout`
[INFO] [stdout]    |
[INFO] [stdout]    = note: `#[warn(unused_variables)]` on by default
[INFO] [stdout] 
[INFO] [stdout] 
[INFO] [stdout] warning: unused variable: `write`
[INFO] [stdout]   --> soroban-analyzer/src/state.rs:87:5
[INFO] [stdout]    |
[INFO] [stdout] 87 |     write: bool,
[INFO] [stdout]    |     ^^^^^ help: if this is intentional, prefix it with an underscore: `_write`
[INFO] [stdout] 
[INFO] [stdout] 
[INFO] [stdout] warning: 5 warnings emitted
[INFO] [stdout] 
[INFO] [stdout] 
[INFO] [stderr]     Finished dev [unoptimized + debuginfo] target(s) in 10.06s
[INFO] running `Command { std: "docker" "inspect" "c2d1d9048c29ae53136bdb596efaa50c78c6d48136d675774bd9fcedbd0e5659", kill_on_drop: false }`
[INFO] running `Command { std: "docker" "rm" "-f" "c2d1d9048c29ae53136bdb596efaa50c78c6d48136d675774bd9fcedbd0e5659", kill_on_drop: false }`
[INFO] [stdout] c2d1d9048c29ae53136bdb596efaa50c78c6d48136d675774bd9fcedbd0e5659
[INFO] running `Command { std: "docker" "create" "-v" "/var/lib/crater-agent-workspace/builds/worker-2-tc1/target:/opt/rustwide/target:rw,Z" "-v" "/var/lib/crater-agent-workspace/builds/worker-2-tc1/source:/opt/rustwide/workdir:ro,Z" "-v" "/var/lib/crater-agent-workspace/cargo-home:/opt/rustwide/cargo-home:ro,Z" "-v" "/var/lib/crater-agent-workspace/rustup-home:/opt/rustwide/rustup-home:ro,Z" "-e" "SOURCE_DIR=/opt/rustwide/workdir" "-e" "CARGO_TARGET_DIR=/opt/rustwide/target" "-e" "CARGO_INCREMENTAL=0" "-e" "RUST_BACKTRACE=full" "-e" "RUSTFLAGS=--cap-lints=warn" "-e" "RUSTDOCFLAGS=--cap-lints=warn" "-e" "CARGO_HOME=/opt/rustwide/cargo-home" "-e" "RUSTUP_HOME=/opt/rustwide/rustup-home" "-w" "/opt/rustwide/workdir" "-m" "1610612736" "--user" "0:0" "--network" "none" "ghcr.io/rust-lang/crates-build-env/linux@sha256:2788e3201cd34a07e3172128adcd8b3090168a8e3bcc40d7c032b9dda1df7d1c" "/opt/rustwide/cargo-home/bin/cargo" "+1.75.0" "test" "--frozen" "--no-run" "--message-format=json", kill_on_drop: false }`
[INFO] [stdout] 1d668d1833546df816c4febfc5848f29d542798e5b4ad57594e72b9636962956
[INFO] running `Command { std: "docker" "start" "-a" "1d668d1833546df816c4febfc5848f29d542798e5b4ad57594e72b9636962956", kill_on_drop: false }`
[INFO] [stderr] warning: virtual workspace defaulting to `resolver = "1"` despite one or more workspace members being on edition 2021 which implies `resolver = "2"`
[INFO] [stderr] note: to keep the current resolver, specify `workspace.resolver = "1"` in the workspace root's manifest
[INFO] [stderr] note: to use the edition 2021 resolver, specify `workspace.resolver = "2"` in the workspace root's manifest
[INFO] [stderr] note: for more details see https://doc.rust-lang.org/cargo/reference/resolver.html#resolver-versions
[INFO] [stderr]    Compiling linked-hash-map v0.5.6
[INFO] [stderr]    Compiling console v0.15.4
[INFO] [stderr]    Compiling yansi v0.5.1
[INFO] [stderr]    Compiling similar v2.2.1
[INFO] [stderr]    Compiling diff v0.1.13
[INFO] [stderr]    Compiling tree-sitter-mozcpp v0.20.1 (/opt/rustwide/workdir/analysis/tree-sitter-mozcpp)
[INFO] [stderr]    Compiling tree-sitter-mozjs v0.20.0 (/opt/rustwide/workdir/analysis/tree-sitter-mozjs)
[INFO] [stderr]    Compiling tree-sitter-ccomment v0.20.0 (/opt/rustwide/workdir/analysis/tree-sitter-ccomment)
[INFO] [stderr]    Compiling tree-sitter-preproc v0.20.0 (/opt/rustwide/workdir/analysis/tree-sitter-preproc)
[INFO] [stderr]    Compiling soroban-analyzer v0.0.24 (/opt/rustwide/workdir/soroban-analyzer)
[INFO] [stdout] warning: unused import: `std::io::Write`
[INFO] [stdout]  --> soroban-analyzer/src/state.rs:7:5
[INFO] [stdout]   |
[INFO] [stdout] 7 | use std::io::Write;
[INFO] [stdout]   |     ^^^^^^^^^^^^^^
[INFO] [stdout]   |
[INFO] [stdout]   = note: `#[warn(unused_imports)]` on by default
[INFO] [stdout] 
[INFO] [stdout] 
[INFO] [stdout] warning: unused imports: `ColorSpec`, `Color`, `WriteColor`
[INFO] [stdout]  --> soroban-analyzer/src/state.rs:9:17
[INFO] [stdout]   |
[INFO] [stdout] 9 | use termcolor::{Color, ColorSpec, StandardStreamLock, WriteColor};
[INFO] [stdout]   |                 ^^^^^  ^^^^^^^^^                      ^^^^^^^^^^
[INFO] [stdout] 
[INFO] [stdout] 
[INFO] [stdout] warning: unused imports: `Path`, `ops::Deref`
[INFO] [stdout]  --> soroban-analyzer/src/types.rs:3:5
[INFO] [stdout]   |
[INFO] [stdout] 3 |     ops::Deref,
[INFO] [stdout]   |     ^^^^^^^^^^
[INFO] [stdout] 4 |     path::{Path, PathBuf},
[INFO] [stdout]   |            ^^^^
[INFO] [stdout] 
[INFO] [stdout] 
[INFO] [stderr]    Compiling pretty_assertions v1.3.0
[INFO] [stderr]    Compiling yaml-rust v0.4.5
[INFO] [stdout] warning: unused variable: `stdout`
[INFO] [stdout]   --> soroban-analyzer/src/state.rs:86:5
[INFO] [stdout]    |
[INFO] [stdout] 86 |     stdout: &mut StandardStreamLock,
[INFO] [stdout]    |     ^^^^^^ help: if this is intentional, prefix it with an underscore: `_stdout`
[INFO] [stdout]    |
[INFO] [stdout]    = note: `#[warn(unused_variables)]` on by default
[INFO] [stdout] 
[INFO] [stdout] 
[INFO] [stdout] warning: unused variable: `write`
[INFO] [stdout]   --> soroban-analyzer/src/state.rs:87:5
[INFO] [stdout]    |
[INFO] [stdout] 87 |     write: bool,
[INFO] [stdout]    |     ^^^^^ help: if this is intentional, prefix it with an underscore: `_write`
[INFO] [stdout] 
[INFO] [stdout] 
[INFO] [stdout] warning: 5 warnings emitted
[INFO] [stdout] 
[INFO] [stdout] 
[INFO] [stderr]    Compiling insta v1.26.0
[INFO] [stderr]    Compiling rust-code-analysis v0.0.24 (/opt/rustwide/workdir/analysis)
[INFO] [stderr]     Finished test [unoptimized + debuginfo] target(s) in 4.48s
[INFO] running `Command { std: "docker" "inspect" "1d668d1833546df816c4febfc5848f29d542798e5b4ad57594e72b9636962956", kill_on_drop: false }`
[INFO] running `Command { std: "docker" "rm" "-f" "1d668d1833546df816c4febfc5848f29d542798e5b4ad57594e72b9636962956", kill_on_drop: false }`
[INFO] [stdout] 1d668d1833546df816c4febfc5848f29d542798e5b4ad57594e72b9636962956
[INFO] running `Command { std: "docker" "create" "-v" "/var/lib/crater-agent-workspace/builds/worker-2-tc1/target:/opt/rustwide/target:rw,Z" "-v" "/var/lib/crater-agent-workspace/builds/worker-2-tc1/source:/opt/rustwide/workdir:ro,Z" "-v" "/var/lib/crater-agent-workspace/cargo-home:/opt/rustwide/cargo-home:ro,Z" "-v" "/var/lib/crater-agent-workspace/rustup-home:/opt/rustwide/rustup-home:ro,Z" "-e" "SOURCE_DIR=/opt/rustwide/workdir" "-e" "CARGO_TARGET_DIR=/opt/rustwide/target" "-e" "CARGO_INCREMENTAL=0" "-e" "RUST_BACKTRACE=full" "-e" "RUSTFLAGS=--cap-lints=warn" "-e" "RUSTDOCFLAGS=--cap-lints=warn" "-e" "CARGO_HOME=/opt/rustwide/cargo-home" "-e" "RUSTUP_HOME=/opt/rustwide/rustup-home" "-w" "/opt/rustwide/workdir" "-m" "1610612736" "--user" "0:0" "--network" "none" "ghcr.io/rust-lang/crates-build-env/linux@sha256:2788e3201cd34a07e3172128adcd8b3090168a8e3bcc40d7c032b9dda1df7d1c" "/opt/rustwide/cargo-home/bin/cargo" "+1.75.0" "test" "--frozen", kill_on_drop: false }`
[INFO] [stdout] b72992f2760fb2a7632d2ed74223efa3d580cb1b9cef446facea286463cf187d
[INFO] running `Command { std: "docker" "start" "-a" "b72992f2760fb2a7632d2ed74223efa3d580cb1b9cef446facea286463cf187d", kill_on_drop: false }`
[INFO] [stderr] warning: virtual workspace defaulting to `resolver = "1"` despite one or more workspace members being on edition 2021 which implies `resolver = "2"`
[INFO] [stderr] note: to keep the current resolver, specify `workspace.resolver = "1"` in the workspace root's manifest
[INFO] [stderr] note: to use the edition 2021 resolver, specify `workspace.resolver = "2"` in the workspace root's manifest
[INFO] [stderr] note: for more details see https://doc.rust-lang.org/cargo/reference/resolver.html#resolver-versions
[INFO] [stderr] warning: unused import: `std::io::Write`
[INFO] [stderr]  --> soroban-analyzer/src/state.rs:7:5
[INFO] [stderr]   |
[INFO] [stderr] 7 | use std::io::Write;
[INFO] [stderr]   |     ^^^^^^^^^^^^^^
[INFO] [stderr]   |
[INFO] [stderr]   = note: `#[warn(unused_imports)]` on by default
[INFO] [stderr] 
[INFO] [stderr] warning: unused imports: `ColorSpec`, `Color`, `WriteColor`
[INFO] [stderr]  --> soroban-analyzer/src/state.rs:9:17
[INFO] [stderr]   |
[INFO] [stderr] 9 | use termcolor::{Color, ColorSpec, StandardStreamLock, WriteColor};
[INFO] [stderr]   |                 ^^^^^  ^^^^^^^^^                      ^^^^^^^^^^
[INFO] [stderr] 
[INFO] [stderr] warning: unused imports: `Path`, `ops::Deref`
[INFO] [stderr]  --> soroban-analyzer/src/types.rs:3:5
[INFO] [stderr]   |
[INFO] [stderr] 3 |     ops::Deref,
[INFO] [stderr]   |     ^^^^^^^^^^
[INFO] [stderr] 4 |     path::{Path, PathBuf},
[INFO] [stderr]   |            ^^^^
[INFO] [stderr] 
[INFO] [stderr] warning: unused variable: `stdout`
[INFO] [stderr]   --> soroban-analyzer/src/state.rs:86:5
[INFO] [stderr]    |
[INFO] [stderr] 86 |     stdout: &mut StandardStreamLock,
[INFO] [stderr]    |     ^^^^^^ help: if this is intentional, prefix it with an underscore: `_stdout`
[INFO] [stderr]    |
[INFO] [stderr]    = note: `#[warn(unused_variables)]` on by default
[INFO] [stderr] 
[INFO] [stderr] warning: unused variable: `write`
[INFO] [stderr]   --> soroban-analyzer/src/state.rs:87:5
[INFO] [stderr]    |
[INFO] [stderr] 87 |     write: bool,
[INFO] [stderr]    |     ^^^^^ help: if this is intentional, prefix it with an underscore: `_write`
[INFO] [stderr] 
[INFO] [stderr] warning: `soroban-analyzer` (bin "soroban-analyzer" test) generated 5 warnings (run `cargo fix --bin "soroban-analyzer" --tests` to apply 5 suggestions)
[INFO] [stderr]     Finished test [unoptimized + debuginfo] target(s) in 0.05s
[INFO] [stderr]      Running unittests src/lib.rs (/opt/rustwide/target/debug/deps/rust_code_analysis-7705e05964925d53)
[INFO] [stdout] 
[INFO] [stdout] running 242 tests
[INFO] [stdout] test c_langs_macros::tests::test_fn_macros ... ok
[INFO] [stdout] test c_langs_macros::tests::test_fn_macros_cpp ... ok
[INFO] [stdout] test c_langs_macros::tests::test_fn_id_strings ... ok
[INFO] [stdout] test c_langs_macros::tests::test_fn_qm_try_inspect_cpp ... ok
[INFO] [stdout] test c_macro::tests::test_replace ... ok
[INFO] [stdout] test comment_rm::tests::ccomment_remove_comments ... ok
[INFO] [stdout] test metrics::abc::tests::java_for_with_variable_declaration ... ok
[INFO] [stdout] test metrics::abc::tests::java_for_without_variable_declaration ... ok
[INFO] [stdout] test metrics::cognitive::tests::c_no_cognitive ... ok
[INFO] [stdout] test metrics::abc::tests::java_assignments_with_conditions ... ok
[INFO] [stdout] test metrics::abc::tests::java_constant_declarations ... ok
[INFO] [stdout] test metrics::abc::tests::java_return_without_conditions ... ok
[INFO] [stdout] test metrics::abc::tests::java_while_and_do_while_conditions ... ok
[INFO] [stdout] test metrics::abc::tests::java_return_with_conditions ... ok
[INFO] [stdout] test metrics::abc::tests::java_declarations_with_conditions ... ok
[INFO] [stdout] test metrics::cognitive::tests::mozjs_no_cognitive ... ok
[INFO] [stdout] test metrics::cognitive::tests::c_goto ... ok
[INFO] [stdout] test metrics::abc::tests::java_methods_arguments_with_conditions ... ok
[INFO] [stdout] test metrics::abc::tests::java_ternary_conditions ... ok
[INFO] [stdout] test metrics::abc::tests::java_if_multiple_conditions ... ok
[INFO] [stdout] test metrics::cognitive::tests::c_not_booleans ... ok
[INFO] [stdout] test metrics::abc::tests::java_lambda_expressions_return_with_conditions ... ok
[INFO] [stdout] test metrics::cognitive::tests::c_simple_function ... ok
[INFO] [stdout] test metrics::cognitive::tests::c_sequence_same_booleans ... ok
[INFO] [stdout] test metrics::cognitive::tests::c_sequence_different_booleans ... ok
[INFO] [stdout] test metrics::cognitive::tests::mozjs_not_booleans ... ok
[INFO] [stdout] test metrics::cognitive::tests::c_1_level_nesting ... ok
[INFO] [stdout] test metrics::abc::tests::java_if_single_conditions ... ok
[INFO] [stdout] test metrics::cognitive::tests::mozjs_sequence_different_booleans ... ok
[INFO] [stdout] test metrics::cognitive::tests::c_switch ... ok
[INFO] [stdout] test metrics::cognitive::tests::mozjs_1_level_nesting ... ok
[INFO] [stdout] test metrics::cognitive::tests::mozjs_sequence_same_booleans ... ok
[INFO] [stdout] test metrics::cognitive::tests::mozjs_simple_function ... ok
[INFO] [stdout] test metrics::cognitive::tests::python_no_cognitive ... ok
[INFO] [stdout] test metrics::cognitive::tests::mozjs_try_construct ... ok
[INFO] [stdout] test metrics::cognitive::tests::python_sequence_same_booleans ... ok
[INFO] [stdout] test metrics::cognitive::tests::python_1_level_nesting ... ok
[INFO] [stdout] test metrics::cognitive::tests::python_simple_function ... ok
[INFO] [stdout] test metrics::cognitive::tests::python_sequence_different_booleans ... ok
[INFO] [stdout] test metrics::cognitive::tests::python_elif_function ... ok
[INFO] [stdout] test metrics::cognitive::tests::python_formatted_sequence_different_booleans ... ok
[INFO] [stdout] test metrics::cognitive::tests::python_2_level_nesting ... ok
[INFO] [stdout] test metrics::cognitive::tests::python_expression_statement ... ok
[INFO] [stdout] test metrics::cognitive::tests::python_ternary_operator ... ok
[INFO] [stdout] test metrics::cognitive::tests::python_more_elifs_function ... ok
[INFO] [stdout] test metrics::cognitive::tests::mozjs_switch ... ok
[INFO] [stdout] test metrics::cognitive::tests::python_nested_functions_lambdas ... ok
[INFO] [stdout] test metrics::cognitive::tests::python_tuple ... ok
[INFO] [stdout] test metrics::cognitive::tests::python_try_construct ... ok
[INFO] [stdout] test metrics::cognitive::tests::rust_no_cognitive ... ok
[INFO] [stdout] test metrics::cognitive::tests::python_real_function ... ok
[INFO] [stdout] test metrics::cognitive::tests::rust_sequence_different_booleans ... ok
[INFO] [stdout] test metrics::cognitive::tests::rust_simple_function ... ok
[INFO] [stdout] test metrics::cognitive::tests::rust_2_level_nesting ... ok
[INFO] [stdout] test metrics::cognitive::tests::rust_sequence_same_booleans ... ok
[INFO] [stdout] test metrics::cyclomatic::tests::python_1_level_nesting ... ok
[INFO] [stdout] test metrics::cyclomatic::tests::c_switch ... ok
[INFO] [stdout] test metrics::cognitive::tests::rust_if_let_else_if_else ... ok
[INFO] [stdout] test metrics::cognitive::tests::rust_not_booleans ... ok
[INFO] [stdout] test metrics::exit::tests::java_no_exit ... ok
[INFO] [stdout] test metrics::exit::tests::c_no_exit ... ok
[INFO] [stdout] test metrics::cyclomatic::tests::python_simple_function ... ok
[INFO] [stdout] test metrics::cyclomatic::tests::java_anonymous_class ... ok
[INFO] [stdout] test metrics::cognitive::tests::rust_1_level_nesting ... ok
[INFO] [stdout] test metrics::cyclomatic::tests::rust_1_level_nesting ... ok
[INFO] [stdout] test metrics::cognitive::tests::rust_break_continue ... ok
[INFO] [stdout] test metrics::cyclomatic::tests::c_real_function ... ok
[INFO] [stdout] test metrics::exit::tests::java_split_function ... ok
[INFO] [stdout] test metrics::cyclomatic::tests::java_simple_class ... ok
[INFO] [stdout] test metrics::cyclomatic::tests::c_unit_after ... ok
[INFO] [stdout] test metrics::exit::tests::javascript_no_exit ... ok
[INFO] [stdout] test metrics::exit::tests::python_no_exit ... ok
[INFO] [stdout] test metrics::exit::tests::python_simple_function ... ok
[INFO] [stdout] test metrics::exit::tests::rust_no_exit ... ok
[INFO] [stdout] test metrics::exit::tests::java_simple_function ... ok
[INFO] [stdout] test metrics::cyclomatic::tests::c_unit_before ... ok
[INFO] [stdout] test metrics::exit::tests::python_more_functions ... ok
[INFO] [stdout] test metrics::cognitive::tests::typescript_if_else_if_else ... ok
[INFO] [stdout] test metrics::halstead::tests::python_operators_and_operands ... ok
[INFO] [stdout] test metrics::exit::tests::python_nested_functions ... ok
[INFO] [stdout] test metrics::halstead::tests::rust_operators_and_operands ... ok
[INFO] [stdout] test metrics::halstead::tests::java_operators_and_operands ... ok
[INFO] [stdout] test metrics::halstead::tests::cpp_operators_and_operands ... ok
[INFO] [stdout] test metrics::halstead::tests::mozjs_operators_and_operands ... ok
[INFO] [stdout] test metrics::loc::tests::c_blank ... ok
[INFO] [stdout] test metrics::loc::tests::c_lloc ... ok
[INFO] [stdout] test metrics::halstead::tests::javascript_operators_and_operands ... ok
[INFO] [stdout] test metrics::halstead::tests::typescript_operators_and_operands ... ok
[INFO] [stdout] test metrics::loc::tests::c_cloc ... ok
[INFO] [stdout] test metrics::halstead::tests::python_wrong_operators ... ok
[INFO] [stdout] test metrics::loc::tests::cpp_block_comment_blank ... ok
[INFO] [stdout] test metrics::loc::tests::cpp_namespace_loc ... ok
[INFO] [stdout] test metrics::cyclomatic::tests::java_real_class ... ok
[INFO] [stdout] test metrics::halstead::tests::python_check_metrics ... ok
[INFO] [stdout] test metrics::loc::tests::cpp_return_lloc ... ok
[INFO] [stdout] test metrics::loc::tests::cpp_code_line_block_one_line_blank ... ok
[INFO] [stdout] test metrics::loc::tests::cpp_code_line_end_block_blank ... ok
[INFO] [stdout] test metrics::loc::tests::java_blank ... ok
[INFO] [stdout] test metrics::loc::tests::java_class_loc ... ok
[INFO] [stdout] test metrics::loc::tests::cpp_for_lloc ... ok
[INFO] [stdout] test metrics::loc::tests::java_do_while_lloc ... ok
[INFO] [stdout] test metrics::loc::tests::cpp_no_zero_blank ... ok
[INFO] [stdout] test metrics::loc::tests::cpp_code_line_start_block_blank ... ok
[INFO] [stdout] test metrics::loc::tests::java_comments ... ok
[INFO] [stdout] test metrics::loc::tests::cpp_lloc ... ok
[INFO] [stdout] test metrics::halstead::tests::tsx_operators_and_operands ... ok
[INFO] [stdout] test metrics::loc::tests::cpp_while_lloc ... ok
[INFO] [stdout] test metrics::loc::tests::java_foreach_lloc ... ok
[INFO] [stdout] test metrics::loc::tests::java_general_loc ... ok
[INFO] [stdout] test metrics::loc::tests::java_continue_lloc ... ok
[INFO] [stdout] test metrics::loc::tests::java_multi_ploc ... ok
[INFO] [stdout] test metrics::loc::tests::java_simple_ploc ... ok
[INFO] [stdout] test metrics::loc::tests::java_module_sloc ... ok
[INFO] [stdout] test metrics::loc::tests::java_for_lloc ... ok
[INFO] [stdout] test metrics::loc::tests::java_single_statement_lloc ... ok
[INFO] [stdout] test metrics::loc::tests::java_sloc ... ok
[INFO] [stdout] test metrics::loc::tests::java_single_ploc ... ok
[INFO] [stdout] test metrics::loc::tests::python_blank ... ok
[INFO] [stdout] test metrics::loc::tests::java_statement_inline_loc ... ok
[INFO] [stdout] test metrics::loc::tests::python_cloc ... ok
[INFO] [stdout] test metrics::loc::tests::java_main_class_loc ... ok
[INFO] [stdout] test metrics::loc::tests::java_expressions_lloc ... ok
[INFO] [stdout] test metrics::loc::tests::java_while_lloc ... ok
[INFO] [stdout] test metrics::loc::tests::python_general_loc ... ok
[INFO] [stdout] test metrics::loc::tests::java_switch_lloc ... ok
[INFO] [stdout] test metrics::loc::tests::java_try_lloc ... ok
[INFO] [stdout] test metrics::loc::tests::python_sloc ... ok
[INFO] [stdout] test metrics::loc::tests::python_lloc ... ok
[INFO] [stdout] test metrics::loc::tests::python_no_zero_blank_more_comments ... ok
[INFO] [stdout] test metrics::loc::tests::rust_call_function_lloc ... ok
[INFO] [stdout] test metrics::loc::tests::javascript_real_loc ... ok
[INFO] [stdout] test metrics::loc::tests::javascript_no_zero_blank ... ok
[INFO] [stdout] test metrics::loc::tests::mozjs_real_loc ... ok
[INFO] [stdout] test metrics::loc::tests::python_no_blank ... ok
[INFO] [stdout] test metrics::loc::tests::rust_blank ... ok
[INFO] [stdout] test metrics::loc::tests::rust_cloc ... ok
[INFO] [stdout] test metrics::loc::tests::rust_function_in_if_lloc ... ok
[INFO] [stdout] test metrics::loc::tests::python_no_zero_blank ... ok
[INFO] [stdout] test metrics::loc::tests::python_real_loc ... ok
[INFO] [stdout] test metrics::loc::tests::python_string_on_new_line ... ok
[INFO] [stdout] test metrics::loc::tests::rust_closure_expression_lloc ... ok
[INFO] [stdout] test metrics::loc::tests::rust_function_in_return_lloc ... ok
[INFO] [stdout] test metrics::loc::tests::rust_no_array_expression_lloc ... ok
[INFO] [stdout] test metrics::loc::tests::rust_macro_invocation_lloc ... ok
[INFO] [stdout] test metrics::loc::tests::rust_lloc ... ok
[INFO] [stdout] test metrics::mi::tests::check_mi_metrics ... ok
[INFO] [stdout] test metrics::loc::tests::rust_no_parenthesized_expression_lloc ... ok
[INFO] [stdout] test metrics::nargs::tests::cpp_no_functions_and_closures ... ok
[INFO] [stdout] test metrics::loc::tests::rust_no_tuple_expression_lloc ... ok
[INFO] [stdout] test metrics::loc::tests::rust_no_unit_expression_lloc ... ok
[INFO] [stdout] test metrics::loc::tests::rust_function_in_loop_lloc ... ok
[INFO] [stdout] test metrics::nargs::tests::javascript_single_function ... ok
[INFO] [stdout] test metrics::nargs::tests::javascript_single_closure ... ok
[INFO] [stdout] test metrics::nargs::tests::python_no_functions_and_closures ... ok
[INFO] [stdout] test metrics::loc::tests::rust_no_zero_blank ... ok
[INFO] [stdout] test metrics::nargs::tests::javascript_no_functions_and_closures ... ok
[INFO] [stdout] test metrics::loc::tests::rust_no_field_expression_lloc ... ok
[INFO] [stdout] test metrics::nargs::tests::cpp_single_lambda ... ok
[INFO] [stdout] test metrics::nargs::tests::python_single_lambda ... ok
[INFO] [stdout] test metrics::nargs::tests::c_single_function ... ok
[INFO] [stdout] test metrics::nargs::tests::python_nested_functions ... ok
[INFO] [stdout] test metrics::nargs::tests::python_functions ... ok
[INFO] [stdout] test metrics::nargs::tests::python_single_function ... ok
[INFO] [stdout] test metrics::nargs::tests::rust_no_functions_and_closures ... ok
[INFO] [stdout] test metrics::nargs::tests::javascript_functions ... ok
[INFO] [stdout] test metrics::nargs::tests::javascript_nested_functions ... ok
[INFO] [stdout] test metrics::nargs::tests::rust_single_closure ... ok
[INFO] [stdout] test metrics::nargs::tests::cpp_nested_functions ... ok
[INFO] [stdout] test metrics::nom::tests::javascript_arrow_assignment_nom ... ok
[INFO] [stdout] test metrics::nom::tests::javascript_arrow_call_nom ... ok
[INFO] [stdout] test metrics::nom::tests::javascript_assignment_nom ... ok
[INFO] [stdout] test metrics::nargs::tests::rust_single_function ... ok
[INFO] [stdout] test metrics::nargs::tests::rust_nested_functions ... ok
[INFO] [stdout] test metrics::nom::tests::javascript_call_nom ... ok
[INFO] [stdout] test metrics::nom::tests::javascript_arrow_new_nom ... ok
[INFO] [stdout] test metrics::nargs::tests::rust_functions ... ok
[INFO] [stdout] test metrics::nom::tests::javascript_arrow_nom ... ok
[INFO] [stdout] test metrics::nom::tests::java_nom ... ok
[INFO] [stdout] test metrics::nargs::tests::c_functions ... ok
[INFO] [stdout] test metrics::nom::tests::c_nom ... ok
[INFO] [stdout] test metrics::nom::tests::javascript_labeled_arrow_nom ... ok
[INFO] [stdout] test metrics::nom::tests::javascript_labeled_nom ... ok
[INFO] [stdout] test metrics::nom::tests::javascript_unnamed_nom ... ok
[INFO] [stdout] test metrics::nom::tests::cpp_nom ... ok
[INFO] [stdout] test metrics::nom::tests::java_closure_nom ... ok
[INFO] [stdout] test metrics::nom::tests::javascript_pair_nom ... ok
[INFO] [stdout] test metrics::nom::tests::rust_nom ... ok
[INFO] [stdout] test metrics::nom::tests::javascript_nom ... ok
[INFO] [stdout] test metrics::nom::tests::python_nom ... ok
[INFO] [stdout] test metrics::npa::tests::java_nested_inner_classes ... ok
[INFO] [stdout] test metrics::npa::tests::java_interface ... ok
[INFO] [stdout] test metrics::npa::tests::java_anonymous_inner_classes ... ok
[INFO] [stdout] test metrics::npm::tests::java_constructors ... ok
[INFO] [stdout] test metrics::npa::tests::java_classes ... ok
[INFO] [stdout] test metrics::npm::tests::java_interface ... ok
[INFO] [stdout] test metrics::npa::tests::java_local_inner_classes ... ok
[INFO] [stdout] test metrics::npm::tests::java_anonymous_inner_classes ... ok
[INFO] [stdout] test metrics::npm::tests::java_classes ... ok
[INFO] [stdout] test metrics::npa::tests::java_attribute_modifiers ... ok
[INFO] [stdout] test metrics::npa::tests::java_generic_attributes ... ok
[INFO] [stdout] test metrics::npa::tests::java_single_attributes ... ok
[INFO] [stdout] test metrics::npm::tests::java_interfaces_and_class ... ok
[INFO] [stdout] test metrics::npa::tests::java_multiple_attributes ... ok
[INFO] [stdout] test metrics::npa::tests::java_object_attributes ... ok
[INFO] [stdout] test metrics::npa::tests::java_initialized_attributes ... ok
[INFO] [stdout] test metrics::npm::tests::java_local_inner_classes ... ok
[INFO] [stdout] test metrics::wmc::tests::java_class_in_interface ... ok
[INFO] [stdout] test metrics::npm::tests::java_method_modifiers ... ok
[INFO] [stdout] test metrics::npm::tests::java_nested_inner_classes ... ok
[INFO] [stdout] test metrics::npa::tests::java_array_attributes ... ok
[INFO] [stdout] test metrics::wmc::tests::java_anonymous_inner_class ... ok
[INFO] [stdout] test metrics::wmc::tests::java_interface_in_class ... ok
[INFO] [stdout] test metrics::wmc::tests::java_multiple_interfaces ... ok
[INFO] [stdout] test metrics::npm::tests::java_methods_returning_primitive_types ... ok
[INFO] [stdout] test metrics::npm::tests::java_methods_returning_objects ... ok
[INFO] [stdout] test metrics::wmc::tests::java_multiple_classes ... ok
[INFO] [stdout] test metrics::wmc::tests::java_local_inner_class ... ok
[INFO] [stdout] test metrics::wmc::tests::java_static_nested_class ... ok
[INFO] [stdout] test metrics::wmc::tests::java_lambda_expression ... ok
[INFO] [stdout] test metrics::npm::tests::java_methods_returning_arrays ... ok
[INFO] [stdout] test metrics::wmc::tests::java_single_interface ... ok
[INFO] [stdout] test metrics::wmc::tests::java_nested_inner_interfaces ... ok
[INFO] [stdout] test ops::tests::cpp_ops ... ok
[INFO] [stdout] test metrics::npm::tests::java_methods_with_generic_types ... ok
[INFO] [stdout] test ops::tests::mozjs_function_ops ... ok
[INFO] [stdout] test ops::tests::javascript_function_ops ... ok
[INFO] [stdout] test ops::tests::python_ops ... ok
[INFO] [stdout] test ops::tests::cpp_function_ops ... ok
[INFO] [stdout] test ops::tests::python_function_ops ... ok
[INFO] [stdout] test ops::tests::mozjs_ops ... ok
[INFO] [stdout] test ops::tests::javascript_ops ... ok
[INFO] [stdout] test ops::tests::rust_ops ... ok
[INFO] [stdout] test ops::tests::tsx_ops ... ok
[INFO] [stdout] test ops::tests::rust_function_ops ... ok
[INFO] [stdout] test ops::tests::tsx_function_ops ... ok
[INFO] [stdout] test ops::tests::typescript_ops ... ok
[INFO] [stdout] test metrics::wmc::tests::java_nested_inner_classes ... ok
[INFO] [stdout] test metrics::wmc::tests::java_nested_anonymous_inner_classes ... ok
[INFO] [stdout] test ops::tests::typescript_function_ops ... ok
[INFO] [stdout] test metrics::wmc::tests::java_single_class ... ok
[INFO] [stdout] test tools::tests::test_read ... ok
[INFO] [stdout] test tools::tests::test_guess_language ... ok
[INFO] [stdout] 
[INFO] [stdout] test result: ok. 242 passed; 0 failed; 0 ignored; 0 measured; 0 filtered out; finished in 0.06s
[INFO] [stdout] 
[INFO] [stderr]      Running unittests src/main.rs (/opt/rustwide/target/debug/deps/soroban_analyzer-f63cfe17479c140d)
[INFO] [stdout] 
[INFO] [stdout] running 0 tests
[INFO] [stdout] 
[INFO] [stdout] test result: ok. 0 passed; 0 failed; 0 ignored; 0 measured; 0 filtered out; finished in 0.00s
[INFO] [stdout] 
[INFO] [stderr]      Running unittests bindings/rust/lib.rs (/opt/rustwide/target/debug/deps/tree_sitter_ccomment-704633fd8cc23d1d)
[INFO] [stdout] 
[INFO] [stdout] running 1 test
[INFO] [stdout] test tests::can_load_grammar ... ok
[INFO] [stdout] 
[INFO] [stdout] test result: ok. 1 passed; 0 failed; 0 ignored; 0 measured; 0 filtered out; finished in 0.00s
[INFO] [stdout] 
[INFO] [stderr]      Running unittests bindings/rust/lib.rs (/opt/rustwide/target/debug/deps/tree_sitter_mozcpp-0ed85411b86e720a)
[INFO] [stdout] 
[INFO] [stdout] running 1 test
[INFO] [stdout] test tests::can_load_grammar ... ok
[INFO] [stdout] 
[INFO] [stdout] test result: ok. 1 passed; 0 failed; 0 ignored; 0 measured; 0 filtered out; finished in 0.00s
[INFO] [stdout] 
[INFO] [stderr]      Running unittests bindings/rust/lib.rs (/opt/rustwide/target/debug/deps/tree_sitter_mozjs-aff1928dbcccc806)
[INFO] [stdout] 
[INFO] [stdout] running 1 test
[INFO] [stdout] test tests::can_load_grammar ... ok
[INFO] [stdout] 
[INFO] [stdout] test result: ok. 1 passed; 0 failed; 0 ignored; 0 measured; 0 filtered out; finished in 0.00s
[INFO] [stdout] 
[INFO] [stderr]      Running unittests bindings/rust/lib.rs (/opt/rustwide/target/debug/deps/tree_sitter_preproc-7ba693a1c37667cb)
[INFO] [stdout] 
[INFO] [stdout] running 1 test
[INFO] [stdout] test tests::can_load_grammar ... ok
[INFO] [stdout] 
[INFO] [stdout] test result: ok. 1 passed; 0 failed; 0 ignored; 0 measured; 0 filtered out; finished in 0.00s
[INFO] [stdout] 
[INFO] [stderr]    Doc-tests rust-code-analysis
[INFO] [stdout] 
[INFO] [stdout] running 16 tests
[INFO] [stdout] test analysis/src/tools.rs - tools::write_file (line 93) - compile ... ok
[INFO] [stdout] test analysis/src/tools.rs - tools::guess_language (line 176) ... FAILED
[INFO] [stdout] test analysis/src/output/dump_ops.rs - output::dump_ops::dump_ops (line 12) ... FAILED
[INFO] [stdout] test analysis/src/langs.rs - langs::get_from_emacs_mode (line 15) ... FAILED
[INFO] [stdout] test analysis/src/langs.rs - langs::LANG::get_name (line 12) ... ok
[INFO] [stdout] test analysis/src/langs.rs - langs::get_from_ext (line 12) ... ok
[INFO] [stdout] test analysis/src/tools.rs - tools::read_file (line 17) ... ok
[INFO] [stdout] test analysis/src/tools.rs - tools::get_language_for_file (line 114) ... ok
[INFO] [stdout] test analysis/src/langs.rs - langs::get_function_spaces (line 12) ... ok
[INFO] [stdout] test analysis/src/tools.rs - tools::read_file_with_eol (line 39) ... ok
[INFO] [stdout] test analysis/src/langs.rs - langs::get_ops (line 12) ... ok
[INFO] [stdout] test analysis/src/ops.rs - ops::operands_and_operators (line 145) ... ok
[INFO] [stdout] test analysis/src/langs.rs - langs::action (line 16) ... ok
[INFO] [stdout] test analysis/src/output/dump_metrics.rs - output::dump_metrics::dump_root (line 25) ... ok
[INFO] [stdout] test analysis/src/output/dump.rs - output::dump::dump_node (line 14) ... ok
[INFO] [stdout] test analysis/src/spaces.rs - spaces::metrics (line 274) ... ok
[INFO] [stdout] 
[INFO] [stdout] failures:
[INFO] [stdout] 
[INFO] [stdout] ---- analysis/src/tools.rs - tools::guess_language (line 176) stdout ----
[INFO] [stdout] error: linking with `cc` failed: exit status: 1
[INFO] [stdout]   |
[INFO] [stdout]   = note: LC_ALL="C" PATH="/opt/rustwide/rustup-home/toolchains/1.75.0-x86_64-unknown-linux-gnu/lib/rustlib/x86_64-unknown-linux-gnu/bin:/opt/rustwide/cargo-home/bin:/usr/local/sbin:/usr/local/bin:/usr/sbin:/usr/bin:/sbin:/bin" VSLANG="1033" "cc" "-m64" "/tmp/rustcjeJkcA/symbols.o" "/tmp/rustdoctest8ioMjL/rust_out.rust_out.263fb70ac1c95110-cgu.0.rcgu.o" "/tmp/rustdoctest8ioMjL/rust_out.2uel00cfmdh5ufit.rcgu.o" "-Wl,--as-needed" "-L" "/opt/rustwide/target/debug/deps" "-L" "/opt/rustwide/target/debug/deps" "-L" "/opt/rustwide/target/debug/build/tree-sitter-2336fd3b3cdafbc3/out" "-L" "/opt/rustwide/target/debug/build/tree-sitter-ccomment-fb2654deb5eef288/out" "-L" "/opt/rustwide/target/debug/build/tree-sitter-cpp-a82e87744b999900/out" "-L" "/opt/rustwide/target/debug/build/tree-sitter-java-5a3b4e410eb9a6be/out" "-L" "/opt/rustwide/target/debug/build/tree-sitter-javascript-f501a8d46008a580/out" "-L" "/opt/rustwide/target/debug/build/tree-sitter-mozcpp-24b865ccfb42a829/out" "-L" "/opt/rustwide/target/debug/build/tree-sitter-mozjs-5a80cfcc9fff7023/out" "-L" "/opt/rustwide/target/debug/build/tree-sitter-preproc-39d561336c17d227/out" "-L" "/opt/rustwide/target/debug/build/tree-sitter-python-42597ca4997e5ec4/out" "-L" "/opt/rustwide/target/debug/build/tree-sitter-rust-4b071810b3f33c2f/out" "-L" "/opt/rustwide/target/debug/build/tree-sitter-typescript-a498d61c4f1e085f/out" "-L" "/opt/rustwide/rustup-home/toolchains/1.75.0-x86_64-unknown-linux-gnu/lib/rustlib/x86_64-unknown-linux-gnu/lib" "-Wl,-Bstatic" "/opt/rustwide/target/debug/deps/librust_code_analysis-f515e887df5f4f38.rlib" "/opt/rustwide/target/debug/deps/libtree_sitter_preproc-82a5031605eb3545.rlib" "/opt/rustwide/target/debug/deps/libtree_sitter_ccomment-7b5a15f152404aab.rlib" "/opt/rustwide/target/debug/deps/libtree_sitter_typescript-553187bee710b0f2.rlib" "/opt/rustwide/target/debug/deps/libtree_sitter_python-a9ee5046681d7c7f.rlib" "/opt/rustwide/target/debug/deps/libtree_sitter_mozcpp-c4b3d631d17b5093.rlib" "/opt/rustwide/target/debug/deps/libtree_sitter_rust-af06f897d9cc4df2.rlib" "/opt/rustwide/target/debug/deps/libtree_sitter_java-bbef02da5d1284ce.rlib" "/opt/rustwide/target/debug/deps/libtree_sitter_javascript-c3a78c0046581561.rlib" "/opt/rustwide/target/debug/deps/libtree_sitter_mozjs-ed044c8898ada941.rlib" "/opt/rustwide/target/debug/deps/libnum-4a3a26f90c6afde6.rlib" "/opt/rustwide/target/debug/deps/libnum_iter-d1841e2150e7b10f.rlib" "/opt/rustwide/target/debug/deps/libnum_rational-2ccb6d24d542ddfe.rlib" "/opt/rustwide/target/debug/deps/libnum_complex-05b7ee9803ee96b6.rlib" "/opt/rustwide/target/debug/deps/libnum_bigint-8364ce7c80436d50.rlib" "/opt/rustwide/target/debug/deps/libnum_integer-9c0f5a690acad44a.rlib" "/opt/rustwide/target/debug/deps/libnum_traits-a6410cac0a25d3f1.rlib" "/opt/rustwide/target/debug/deps/libwalkdir-6f37c7dff47afc4f.rlib" "/opt/rustwide/target/debug/deps/libsame_file-06a4c01142053b65.rlib" "/opt/rustwide/target/debug/deps/libglobset-4a7119e0d0819f90.rlib" "/opt/rustwide/target/debug/deps/libfnv-18bf5144d055e772.rlib" "/opt/rustwide/target/debug/deps/liblog-3ad322dff60a4fea.rlib" "/opt/rustwide/target/debug/deps/libbstr-852374839472b4e2.rlib" "/opt/rustwide/target/debug/deps/libcrossbeam-4c2f995b3a027995.rlib" "/opt/rustwide/target/debug/deps/libcrossbeam_channel-2468d9132ad22ccc.rlib" "/opt/rustwide/target/debug/deps/libcrossbeam_deque-aecb25cba76cb1ca.rlib" "/opt/rustwide/target/debug/deps/libcrossbeam_queue-dbfa0d6859aa2c14.rlib" "/opt/rustwide/target/debug/deps/libcrossbeam_epoch-dbbfa58e23043c1e.rlib" "/opt/rustwide/target/debug/deps/libmemoffset-f02e326318b611eb.rlib" "/opt/rustwide/target/debug/deps/libscopeguard-b35f5c652940acc2.rlib" "/opt/rustwide/target/debug/deps/libcrossbeam_utils-972f4fb7569bdadd.rlib" "/opt/rustwide/target/debug/deps/libcfg_if-61dc7a6799e72b18.rlib" "/opt/rustwide/target/debug/deps/libpetgraph-e530304568ba8f94.rlib" "/opt/rustwide/target/debug/deps/libindexmap-33261dd1128ea2d1.rlib" "/opt/rustwide/target/debug/deps/libhashbrown-567986452cb9bc94.rlib" "/opt/rustwide/target/debug/deps/libfixedbitset-95e26dbae8487c4c.rlib" "/opt/rustwide/target/debug/deps/libtermcolor-8398fdf37ae29334.rlib" "/opt/rustwide/target/debug/deps/liblazy_static-591486ebcb9a7ead.rlib" "/opt/rustwide/target/debug/deps/libfxhash-b01b7a3ef6565d3c.rlib" "/opt/rustwide/target/debug/deps/libbyteorder-b7588b59c1d17615.rlib" "/opt/rustwide/target/debug/deps/libserde-9486132644b98fa3.rlib" "/opt/rustwide/target/debug/deps/libtree_sitter-00bb4f3b99c3acc3.rlib" "/opt/rustwide/target/debug/deps/libregex-6607f512f449219b.rlib" "/opt/rustwide/target/debug/deps/libaho_corasick-fec14e281eb19588.rlib" "/opt/rustwide/target/debug/deps/libmemchr-4fdcfd9ddfba30cb.rlib" "/opt/rustwide/target/debug/deps/libregex_syntax-d3814c8360f64d09.rlib" "/opt/rustwide/target/debug/deps/libnum_format-4e1fa1c07c12f155.rlib" "/opt/rustwide/target/debug/deps/libitoa-a6ef745b0a0d98d5.rlib" "/opt/rustwide/target/debug/deps/libarrayvec-f19559cf4c7b17eb.rlib" "/opt/rustwide/rustup-home/toolchains/1.75.0-x86_64-unknown-linux-gnu/lib/rustlib/x86_64-unknown-linux-gnu/lib/libstd-90f6ddbf82de36ec.rlib" "/opt/rustwide/rustup-home/toolchains/1.75.0-x86_64-unknown-linux-gnu/lib/rustlib/x86_64-unknown-linux-gnu/lib/libpanic_unwind-480c41e9d4e1f677.rlib" "/opt/rustwide/rustup-home/toolchains/1.75.0-x86_64-unknown-linux-gnu/lib/rustlib/x86_64-unknown-linux-gnu/lib/libobject-db744c0ca03eed1d.rlib" "/opt/rustwide/rustup-home/toolchains/1.75.0-x86_64-unknown-linux-gnu/lib/rustlib/x86_64-unknown-linux-gnu/lib/libmemchr-8ba652dc7d4b285a.rlib" "/opt/rustwide/rustup-home/toolchains/1.75.0-x86_64-unknown-linux-gnu/lib/rustlib/x86_64-unknown-linux-gnu/lib/libaddr2line-d5f4520a9ebc0d58.rlib" "/opt/rustwide/rustup-home/toolchains/1.75.0-x86_64-unknown-linux-gnu/lib/rustlib/x86_64-unknown-linux-gnu/lib/libgimli-4ad84de58f0cb463.rlib" "/opt/rustwide/rustup-home/toolchains/1.75.0-x86_64-unknown-linux-gnu/lib/rustlib/x86_64-unknown-linux-gnu/lib/librustc_demangle-0d10aae2e0f38735.rlib" "/opt/rustwide/rustup-home/toolchains/1.75.0-x86_64-unknown-linux-gnu/lib/rustlib/x86_64-unknown-linux-gnu/lib/libstd_detect-0c17cff739e6745b.rlib" "/opt/rustwide/rustup-home/toolchains/1.75.0-x86_64-unknown-linux-gnu/lib/rustlib/x86_64-unknown-linux-gnu/lib/libhashbrown-b29e17139dde1aa8.rlib" "/opt/rustwide/rustup-home/toolchains/1.75.0-x86_64-unknown-linux-gnu/lib/rustlib/x86_64-unknown-linux-gnu/lib/librustc_std_workspace_alloc-1f975299829cc7bd.rlib" "/opt/rustwide/rustup-home/toolchains/1.75.0-x86_64-unknown-linux-gnu/lib/rustlib/x86_64-unknown-linux-gnu/lib/libminiz_oxide-86bae3bc3079f89b.rlib" "/opt/rustwide/rustup-home/toolchains/1.75.0-x86_64-unknown-linux-gnu/lib/rustlib/x86_64-unknown-linux-gnu/lib/libadler-321b82c30dffdf5f.rlib" "/opt/rustwide/rustup-home/toolchains/1.75.0-x86_64-unknown-linux-gnu/lib/rustlib/x86_64-unknown-linux-gnu/lib/libunwind-3dd8a6810a0bdfef.rlib" "/opt/rustwide/rustup-home/toolchains/1.75.0-x86_64-unknown-linux-gnu/lib/rustlib/x86_64-unknown-linux-gnu/lib/libcfg_if-eb39a61c0c879984.rlib" "/opt/rustwide/rustup-home/toolchains/1.75.0-x86_64-unknown-linux-gnu/lib/rustlib/x86_64-unknown-linux-gnu/lib/liblibc-aa769569f91c3548.rlib" "/opt/rustwide/rustup-home/toolchains/1.75.0-x86_64-unknown-linux-gnu/lib/rustlib/x86_64-unknown-linux-gnu/lib/liballoc-510a192a50a983ed.rlib" "/opt/rustwide/rustup-home/toolchains/1.75.0-x86_64-unknown-linux-gnu/lib/rustlib/x86_64-unknown-linux-gnu/lib/librustc_std_workspace_core-0577018320f99037.rlib" "/opt/rustwide/rustup-home/toolchains/1.75.0-x86_64-unknown-linux-gnu/lib/rustlib/x86_64-unknown-linux-gnu/lib/libcore-193cf992125ccd4c.rlib" "/opt/rustwide/rustup-home/toolchains/1.75.0-x86_64-unknown-linux-gnu/lib/rustlib/x86_64-unknown-linux-gnu/lib/libcompiler_builtins-8e138eaf26ebb4a8.rlib" "-Wl,-Bdynamic" "-lstdc++" "-lstdc++" "-lstdc++" "-lstdc++" "-lgcc_s" "-lutil" "-lrt" "-lpthread" "-lm" "-ldl" "-lc" "-Wl,--eh-frame-hdr" "-Wl,-z,noexecstack" "-L" "/opt/rustwide/rustup-home/toolchains/1.75.0-x86_64-unknown-linux-gnu/lib/rustlib/x86_64-unknown-linux-gnu/lib" "-o" "/tmp/rustdoctest8ioMjL/rust_out" "-Wl,--gc-sections" "-pie" "-Wl,-z,relro,-z,now" "-nodefaultlibs"
[INFO] [stdout]   = note: collect2: fatal error: ld terminated with signal 9 [Killed]
[INFO] [stdout]           compilation terminated.
[INFO] [stdout]           
[INFO] [stdout] 
[INFO] [stdout] error: aborting due to previous error
[INFO] [stdout] 
[INFO] [stdout] Couldn't compile the test.
[INFO] [stdout] ---- analysis/src/output/dump_ops.rs - output::dump_ops::dump_ops (line 12) stdout ----
[INFO] [stdout] error: linking with `cc` failed: exit status: 1
[INFO] [stdout]   |
[INFO] [stdout]   = note: LC_ALL="C" PATH="/opt/rustwide/rustup-home/toolchains/1.75.0-x86_64-unknown-linux-gnu/lib/rustlib/x86_64-unknown-linux-gnu/bin:/opt/rustwide/cargo-home/bin:/usr/local/sbin:/usr/local/bin:/usr/sbin:/usr/bin:/sbin:/bin" VSLANG="1033" "cc" "-m64" "/tmp/rustcn0kOYX/symbols.o" "/tmp/rustdoctestUvKnig/rust_out.rust_out.263fb70ac1c95110-cgu.0.rcgu.o" "/tmp/rustdoctestUvKnig/rust_out.2uel00cfmdh5ufit.rcgu.o" "-Wl,--as-needed" "-L" "/opt/rustwide/target/debug/deps" "-L" "/opt/rustwide/target/debug/deps" "-L" "/opt/rustwide/target/debug/build/tree-sitter-2336fd3b3cdafbc3/out" "-L" "/opt/rustwide/target/debug/build/tree-sitter-ccomment-fb2654deb5eef288/out" "-L" "/opt/rustwide/target/debug/build/tree-sitter-cpp-a82e87744b999900/out" "-L" "/opt/rustwide/target/debug/build/tree-sitter-java-5a3b4e410eb9a6be/out" "-L" "/opt/rustwide/target/debug/build/tree-sitter-javascript-f501a8d46008a580/out" "-L" "/opt/rustwide/target/debug/build/tree-sitter-mozcpp-24b865ccfb42a829/out" "-L" "/opt/rustwide/target/debug/build/tree-sitter-mozjs-5a80cfcc9fff7023/out" "-L" "/opt/rustwide/target/debug/build/tree-sitter-preproc-39d561336c17d227/out" "-L" "/opt/rustwide/target/debug/build/tree-sitter-python-42597ca4997e5ec4/out" "-L" "/opt/rustwide/target/debug/build/tree-sitter-rust-4b071810b3f33c2f/out" "-L" "/opt/rustwide/target/debug/build/tree-sitter-typescript-a498d61c4f1e085f/out" "-L" "/opt/rustwide/rustup-home/toolchains/1.75.0-x86_64-unknown-linux-gnu/lib/rustlib/x86_64-unknown-linux-gnu/lib" "-Wl,-Bstatic" "/opt/rustwide/target/debug/deps/librust_code_analysis-f515e887df5f4f38.rlib" "/opt/rustwide/target/debug/deps/libtree_sitter_preproc-82a5031605eb3545.rlib" "/opt/rustwide/target/debug/deps/libtree_sitter_ccomment-7b5a15f152404aab.rlib" "/opt/rustwide/target/debug/deps/libtree_sitter_typescript-553187bee710b0f2.rlib" "/opt/rustwide/target/debug/deps/libtree_sitter_python-a9ee5046681d7c7f.rlib" "/opt/rustwide/target/debug/deps/libtree_sitter_mozcpp-c4b3d631d17b5093.rlib" "/opt/rustwide/target/debug/deps/libtree_sitter_rust-af06f897d9cc4df2.rlib" "/opt/rustwide/target/debug/deps/libtree_sitter_java-bbef02da5d1284ce.rlib" "/opt/rustwide/target/debug/deps/libtree_sitter_javascript-c3a78c0046581561.rlib" "/opt/rustwide/target/debug/deps/libtree_sitter_mozjs-ed044c8898ada941.rlib" "/opt/rustwide/target/debug/deps/libnum-4a3a26f90c6afde6.rlib" "/opt/rustwide/target/debug/deps/libnum_iter-d1841e2150e7b10f.rlib" "/opt/rustwide/target/debug/deps/libnum_rational-2ccb6d24d542ddfe.rlib" "/opt/rustwide/target/debug/deps/libnum_complex-05b7ee9803ee96b6.rlib" "/opt/rustwide/target/debug/deps/libnum_bigint-8364ce7c80436d50.rlib" "/opt/rustwide/target/debug/deps/libnum_integer-9c0f5a690acad44a.rlib" "/opt/rustwide/target/debug/deps/libnum_traits-a6410cac0a25d3f1.rlib" "/opt/rustwide/target/debug/deps/libwalkdir-6f37c7dff47afc4f.rlib" "/opt/rustwide/target/debug/deps/libsame_file-06a4c01142053b65.rlib" "/opt/rustwide/target/debug/deps/libglobset-4a7119e0d0819f90.rlib" "/opt/rustwide/target/debug/deps/libfnv-18bf5144d055e772.rlib" "/opt/rustwide/target/debug/deps/liblog-3ad322dff60a4fea.rlib" "/opt/rustwide/target/debug/deps/libbstr-852374839472b4e2.rlib" "/opt/rustwide/target/debug/deps/libcrossbeam-4c2f995b3a027995.rlib" "/opt/rustwide/target/debug/deps/libcrossbeam_channel-2468d9132ad22ccc.rlib" "/opt/rustwide/target/debug/deps/libcrossbeam_deque-aecb25cba76cb1ca.rlib" "/opt/rustwide/target/debug/deps/libcrossbeam_queue-dbfa0d6859aa2c14.rlib" "/opt/rustwide/target/debug/deps/libcrossbeam_epoch-dbbfa58e23043c1e.rlib" "/opt/rustwide/target/debug/deps/libmemoffset-f02e326318b611eb.rlib" "/opt/rustwide/target/debug/deps/libscopeguard-b35f5c652940acc2.rlib" "/opt/rustwide/target/debug/deps/libcrossbeam_utils-972f4fb7569bdadd.rlib" "/opt/rustwide/target/debug/deps/libcfg_if-61dc7a6799e72b18.rlib" "/opt/rustwide/target/debug/deps/libpetgraph-e530304568ba8f94.rlib" "/opt/rustwide/target/debug/deps/libindexmap-33261dd1128ea2d1.rlib" "/opt/rustwide/target/debug/deps/libhashbrown-567986452cb9bc94.rlib" "/opt/rustwide/target/debug/deps/libfixedbitset-95e26dbae8487c4c.rlib" "/opt/rustwide/target/debug/deps/libtermcolor-8398fdf37ae29334.rlib" "/opt/rustwide/target/debug/deps/liblazy_static-591486ebcb9a7ead.rlib" "/opt/rustwide/target/debug/deps/libfxhash-b01b7a3ef6565d3c.rlib" "/opt/rustwide/target/debug/deps/libbyteorder-b7588b59c1d17615.rlib" "/opt/rustwide/target/debug/deps/libserde-9486132644b98fa3.rlib" "/opt/rustwide/target/debug/deps/libtree_sitter-00bb4f3b99c3acc3.rlib" "/opt/rustwide/target/debug/deps/libregex-6607f512f449219b.rlib" "/opt/rustwide/target/debug/deps/libaho_corasick-fec14e281eb19588.rlib" "/opt/rustwide/target/debug/deps/libmemchr-4fdcfd9ddfba30cb.rlib" "/opt/rustwide/target/debug/deps/libregex_syntax-d3814c8360f64d09.rlib" "/opt/rustwide/target/debug/deps/libnum_format-4e1fa1c07c12f155.rlib" "/opt/rustwide/target/debug/deps/libitoa-a6ef745b0a0d98d5.rlib" "/opt/rustwide/target/debug/deps/libarrayvec-f19559cf4c7b17eb.rlib" "/opt/rustwide/rustup-home/toolchains/1.75.0-x86_64-unknown-linux-gnu/lib/rustlib/x86_64-unknown-linux-gnu/lib/libstd-90f6ddbf82de36ec.rlib" "/opt/rustwide/rustup-home/toolchains/1.75.0-x86_64-unknown-linux-gnu/lib/rustlib/x86_64-unknown-linux-gnu/lib/libpanic_unwind-480c41e9d4e1f677.rlib" "/opt/rustwide/rustup-home/toolchains/1.75.0-x86_64-unknown-linux-gnu/lib/rustlib/x86_64-unknown-linux-gnu/lib/libobject-db744c0ca03eed1d.rlib" "/opt/rustwide/rustup-home/toolchains/1.75.0-x86_64-unknown-linux-gnu/lib/rustlib/x86_64-unknown-linux-gnu/lib/libmemchr-8ba652dc7d4b285a.rlib" "/opt/rustwide/rustup-home/toolchains/1.75.0-x86_64-unknown-linux-gnu/lib/rustlib/x86_64-unknown-linux-gnu/lib/libaddr2line-d5f4520a9ebc0d58.rlib" "/opt/rustwide/rustup-home/toolchains/1.75.0-x86_64-unknown-linux-gnu/lib/rustlib/x86_64-unknown-linux-gnu/lib/libgimli-4ad84de58f0cb463.rlib" "/opt/rustwide/rustup-home/toolchains/1.75.0-x86_64-unknown-linux-gnu/lib/rustlib/x86_64-unknown-linux-gnu/lib/librustc_demangle-0d10aae2e0f38735.rlib" "/opt/rustwide/rustup-home/toolchains/1.75.0-x86_64-unknown-linux-gnu/lib/rustlib/x86_64-unknown-linux-gnu/lib/libstd_detect-0c17cff739e6745b.rlib" "/opt/rustwide/rustup-home/toolchains/1.75.0-x86_64-unknown-linux-gnu/lib/rustlib/x86_64-unknown-linux-gnu/lib/libhashbrown-b29e17139dde1aa8.rlib" "/opt/rustwide/rustup-home/toolchains/1.75.0-x86_64-unknown-linux-gnu/lib/rustlib/x86_64-unknown-linux-gnu/lib/librustc_std_workspace_alloc-1f975299829cc7bd.rlib" "/opt/rustwide/rustup-home/toolchains/1.75.0-x86_64-unknown-linux-gnu/lib/rustlib/x86_64-unknown-linux-gnu/lib/libminiz_oxide-86bae3bc3079f89b.rlib" "/opt/rustwide/rustup-home/toolchains/1.75.0-x86_64-unknown-linux-gnu/lib/rustlib/x86_64-unknown-linux-gnu/lib/libadler-321b82c30dffdf5f.rlib" "/opt/rustwide/rustup-home/toolchains/1.75.0-x86_64-unknown-linux-gnu/lib/rustlib/x86_64-unknown-linux-gnu/lib/libunwind-3dd8a6810a0bdfef.rlib" "/opt/rustwide/rustup-home/toolchains/1.75.0-x86_64-unknown-linux-gnu/lib/rustlib/x86_64-unknown-linux-gnu/lib/libcfg_if-eb39a61c0c879984.rlib" "/opt/rustwide/rustup-home/toolchains/1.75.0-x86_64-unknown-linux-gnu/lib/rustlib/x86_64-unknown-linux-gnu/lib/liblibc-aa769569f91c3548.rlib" "/opt/rustwide/rustup-home/toolchains/1.75.0-x86_64-unknown-linux-gnu/lib/rustlib/x86_64-unknown-linux-gnu/lib/liballoc-510a192a50a983ed.rlib" "/opt/rustwide/rustup-home/toolchains/1.75.0-x86_64-unknown-linux-gnu/lib/rustlib/x86_64-unknown-linux-gnu/lib/librustc_std_workspace_core-0577018320f99037.rlib" "/opt/rustwide/rustup-home/toolchains/1.75.0-x86_64-unknown-linux-gnu/lib/rustlib/x86_64-unknown-linux-gnu/lib/libcore-193cf992125ccd4c.rlib" "/opt/rustwide/rustup-home/toolchains/1.75.0-x86_64-unknown-linux-gnu/lib/rustlib/x86_64-unknown-linux-gnu/lib/libcompiler_builtins-8e138eaf26ebb4a8.rlib" "-Wl,-Bdynamic" "-lstdc++" "-lstdc++" "-lstdc++" "-lstdc++" "-lgcc_s" "-lutil" "-lrt" "-lpthread" "-lm" "-ldl" "-lc" "-Wl,--eh-frame-hdr" "-Wl,-z,noexecstack" "-L" "/opt/rustwide/rustup-home/toolchains/1.75.0-x86_64-unknown-linux-gnu/lib/rustlib/x86_64-unknown-linux-gnu/lib" "-o" "/tmp/rustdoctestUvKnig/rust_out" "-Wl,--gc-sections" "-pie" "-Wl,-z,relro,-z,now" "-nodefaultlibs"
[INFO] [stdout]   = note: collect2: fatal error: ld terminated with signal 9 [Killed]
[INFO] [stdout]           compilation terminated.
[INFO] [stdout]           
[INFO] [stdout] 
[INFO] [stdout] error: aborting due to previous error
[INFO] [stdout] 
[INFO] [stdout] Couldn't compile the test.
[INFO] [stdout] ---- analysis/src/langs.rs - langs::get_from_emacs_mode (line 15) stdout ----
[INFO] [stdout] error: linking with `cc` failed: exit status: 1
[INFO] [stdout]   |
[INFO] [stdout]   = note: LC_ALL="C" PATH="/opt/rustwide/rustup-home/toolchains/1.75.0-x86_64-unknown-linux-gnu/lib/rustlib/x86_64-unknown-linux-gnu/bin:/opt/rustwide/cargo-home/bin:/usr/local/sbin:/usr/local/bin:/usr/sbin:/usr/bin:/sbin:/bin" VSLANG="1033" "cc" "-m64" "/tmp/rustcNhObqs/symbols.o" "/tmp/rustdoctestpZGqk6/rust_out.rust_out.263fb70ac1c95110-cgu.0.rcgu.o" "/tmp/rustdoctestpZGqk6/rust_out.2uel00cfmdh5ufit.rcgu.o" "-Wl,--as-needed" "-L" "/opt/rustwide/target/debug/deps" "-L" "/opt/rustwide/target/debug/deps" "-L" "/opt/rustwide/target/debug/build/tree-sitter-2336fd3b3cdafbc3/out" "-L" "/opt/rustwide/target/debug/build/tree-sitter-ccomment-fb2654deb5eef288/out" "-L" "/opt/rustwide/target/debug/build/tree-sitter-cpp-a82e87744b999900/out" "-L" "/opt/rustwide/target/debug/build/tree-sitter-java-5a3b4e410eb9a6be/out" "-L" "/opt/rustwide/target/debug/build/tree-sitter-javascript-f501a8d46008a580/out" "-L" "/opt/rustwide/target/debug/build/tree-sitter-mozcpp-24b865ccfb42a829/out" "-L" "/opt/rustwide/target/debug/build/tree-sitter-mozjs-5a80cfcc9fff7023/out" "-L" "/opt/rustwide/target/debug/build/tree-sitter-preproc-39d561336c17d227/out" "-L" "/opt/rustwide/target/debug/build/tree-sitter-python-42597ca4997e5ec4/out" "-L" "/opt/rustwide/target/debug/build/tree-sitter-rust-4b071810b3f33c2f/out" "-L" "/opt/rustwide/target/debug/build/tree-sitter-typescript-a498d61c4f1e085f/out" "-L" "/opt/rustwide/rustup-home/toolchains/1.75.0-x86_64-unknown-linux-gnu/lib/rustlib/x86_64-unknown-linux-gnu/lib" "-Wl,-Bstatic" "/opt/rustwide/target/debug/deps/librust_code_analysis-f515e887df5f4f38.rlib" "/opt/rustwide/target/debug/deps/libtree_sitter_preproc-82a5031605eb3545.rlib" "/opt/rustwide/target/debug/deps/libtree_sitter_ccomment-7b5a15f152404aab.rlib" "/opt/rustwide/target/debug/deps/libtree_sitter_typescript-553187bee710b0f2.rlib" "/opt/rustwide/target/debug/deps/libtree_sitter_python-a9ee5046681d7c7f.rlib" "/opt/rustwide/target/debug/deps/libtree_sitter_mozcpp-c4b3d631d17b5093.rlib" "/opt/rustwide/target/debug/deps/libtree_sitter_rust-af06f897d9cc4df2.rlib" "/opt/rustwide/target/debug/deps/libtree_sitter_java-bbef02da5d1284ce.rlib" "/opt/rustwide/target/debug/deps/libtree_sitter_javascript-c3a78c0046581561.rlib" "/opt/rustwide/target/debug/deps/libtree_sitter_mozjs-ed044c8898ada941.rlib" "/opt/rustwide/target/debug/deps/libnum-4a3a26f90c6afde6.rlib" "/opt/rustwide/target/debug/deps/libnum_iter-d1841e2150e7b10f.rlib" "/opt/rustwide/target/debug/deps/libnum_rational-2ccb6d24d542ddfe.rlib" "/opt/rustwide/target/debug/deps/libnum_complex-05b7ee9803ee96b6.rlib" "/opt/rustwide/target/debug/deps/libnum_bigint-8364ce7c80436d50.rlib" "/opt/rustwide/target/debug/deps/libnum_integer-9c0f5a690acad44a.rlib" "/opt/rustwide/target/debug/deps/libnum_traits-a6410cac0a25d3f1.rlib" "/opt/rustwide/target/debug/deps/libwalkdir-6f37c7dff47afc4f.rlib" "/opt/rustwide/target/debug/deps/libsame_file-06a4c01142053b65.rlib" "/opt/rustwide/target/debug/deps/libglobset-4a7119e0d0819f90.rlib" "/opt/rustwide/target/debug/deps/libfnv-18bf5144d055e772.rlib" "/opt/rustwide/target/debug/deps/liblog-3ad322dff60a4fea.rlib" "/opt/rustwide/target/debug/deps/libbstr-852374839472b4e2.rlib" "/opt/rustwide/target/debug/deps/libcrossbeam-4c2f995b3a027995.rlib" "/opt/rustwide/target/debug/deps/libcrossbeam_channel-2468d9132ad22ccc.rlib" "/opt/rustwide/target/debug/deps/libcrossbeam_deque-aecb25cba76cb1ca.rlib" "/opt/rustwide/target/debug/deps/libcrossbeam_queue-dbfa0d6859aa2c14.rlib" "/opt/rustwide/target/debug/deps/libcrossbeam_epoch-dbbfa58e23043c1e.rlib" "/opt/rustwide/target/debug/deps/libmemoffset-f02e326318b611eb.rlib" "/opt/rustwide/target/debug/deps/libscopeguard-b35f5c652940acc2.rlib" "/opt/rustwide/target/debug/deps/libcrossbeam_utils-972f4fb7569bdadd.rlib" "/opt/rustwide/target/debug/deps/libcfg_if-61dc7a6799e72b18.rlib" "/opt/rustwide/target/debug/deps/libpetgraph-e530304568ba8f94.rlib" "/opt/rustwide/target/debug/deps/libindexmap-33261dd1128ea2d1.rlib" "/opt/rustwide/target/debug/deps/libhashbrown-567986452cb9bc94.rlib" "/opt/rustwide/target/debug/deps/libfixedbitset-95e26dbae8487c4c.rlib" "/opt/rustwide/target/debug/deps/libtermcolor-8398fdf37ae29334.rlib" "/opt/rustwide/target/debug/deps/liblazy_static-591486ebcb9a7ead.rlib" "/opt/rustwide/target/debug/deps/libfxhash-b01b7a3ef6565d3c.rlib" "/opt/rustwide/target/debug/deps/libbyteorder-b7588b59c1d17615.rlib" "/opt/rustwide/target/debug/deps/libserde-9486132644b98fa3.rlib" "/opt/rustwide/target/debug/deps/libtree_sitter-00bb4f3b99c3acc3.rlib" "/opt/rustwide/target/debug/deps/libregex-6607f512f449219b.rlib" "/opt/rustwide/target/debug/deps/libaho_corasick-fec14e281eb19588.rlib" "/opt/rustwide/target/debug/deps/libmemchr-4fdcfd9ddfba30cb.rlib" "/opt/rustwide/target/debug/deps/libregex_syntax-d3814c8360f64d09.rlib" "/opt/rustwide/target/debug/deps/libnum_format-4e1fa1c07c12f155.rlib" "/opt/rustwide/target/debug/deps/libitoa-a6ef745b0a0d98d5.rlib" "/opt/rustwide/target/debug/deps/libarrayvec-f19559cf4c7b17eb.rlib" "/opt/rustwide/rustup-home/toolchains/1.75.0-x86_64-unknown-linux-gnu/lib/rustlib/x86_64-unknown-linux-gnu/lib/libstd-90f6ddbf82de36ec.rlib" "/opt/rustwide/rustup-home/toolchains/1.75.0-x86_64-unknown-linux-gnu/lib/rustlib/x86_64-unknown-linux-gnu/lib/libpanic_unwind-480c41e9d4e1f677.rlib" "/opt/rustwide/rustup-home/toolchains/1.75.0-x86_64-unknown-linux-gnu/lib/rustlib/x86_64-unknown-linux-gnu/lib/libobject-db744c0ca03eed1d.rlib" "/opt/rustwide/rustup-home/toolchains/1.75.0-x86_64-unknown-linux-gnu/lib/rustlib/x86_64-unknown-linux-gnu/lib/libmemchr-8ba652dc7d4b285a.rlib" "/opt/rustwide/rustup-home/toolchains/1.75.0-x86_64-unknown-linux-gnu/lib/rustlib/x86_64-unknown-linux-gnu/lib/libaddr2line-d5f4520a9ebc0d58.rlib" "/opt/rustwide/rustup-home/toolchains/1.75.0-x86_64-unknown-linux-gnu/lib/rustlib/x86_64-unknown-linux-gnu/lib/libgimli-4ad84de58f0cb463.rlib" "/opt/rustwide/rustup-home/toolchains/1.75.0-x86_64-unknown-linux-gnu/lib/rustlib/x86_64-unknown-linux-gnu/lib/librustc_demangle-0d10aae2e0f38735.rlib" "/opt/rustwide/rustup-home/toolchains/1.75.0-x86_64-unknown-linux-gnu/lib/rustlib/x86_64-unknown-linux-gnu/lib/libstd_detect-0c17cff739e6745b.rlib" "/opt/rustwide/rustup-home/toolchains/1.75.0-x86_64-unknown-linux-gnu/lib/rustlib/x86_64-unknown-linux-gnu/lib/libhashbrown-b29e17139dde1aa8.rlib" "/opt/rustwide/rustup-home/toolchains/1.75.0-x86_64-unknown-linux-gnu/lib/rustlib/x86_64-unknown-linux-gnu/lib/librustc_std_workspace_alloc-1f975299829cc7bd.rlib" "/opt/rustwide/rustup-home/toolchains/1.75.0-x86_64-unknown-linux-gnu/lib/rustlib/x86_64-unknown-linux-gnu/lib/libminiz_oxide-86bae3bc3079f89b.rlib" "/opt/rustwide/rustup-home/toolchains/1.75.0-x86_64-unknown-linux-gnu/lib/rustlib/x86_64-unknown-linux-gnu/lib/libadler-321b82c30dffdf5f.rlib" "/opt/rustwide/rustup-home/toolchains/1.75.0-x86_64-unknown-linux-gnu/lib/rustlib/x86_64-unknown-linux-gnu/lib/libunwind-3dd8a6810a0bdfef.rlib" "/opt/rustwide/rustup-home/toolchains/1.75.0-x86_64-unknown-linux-gnu/lib/rustlib/x86_64-unknown-linux-gnu/lib/libcfg_if-eb39a61c0c879984.rlib" "/opt/rustwide/rustup-home/toolchains/1.75.0-x86_64-unknown-linux-gnu/lib/rustlib/x86_64-unknown-linux-gnu/lib/liblibc-aa769569f91c3548.rlib" "/opt/rustwide/rustup-home/toolchains/1.75.0-x86_64-unknown-linux-gnu/lib/rustlib/x86_64-unknown-linux-gnu/lib/liballoc-510a192a50a983ed.rlib" "/opt/rustwide/rustup-home/toolchains/1.75.0-x86_64-unknown-linux-gnu/lib/rustlib/x86_64-unknown-linux-gnu/lib/librustc_std_workspace_core-0577018320f99037.rlib" "/opt/rustwide/rustup-home/toolchains/1.75.0-x86_64-unknown-linux-gnu/lib/rustlib/x86_64-unknown-linux-gnu/lib/libcore-193cf992125ccd4c.rlib" "/opt/rustwide/rustup-home/toolchains/1.75.0-x86_64-unknown-linux-gnu/lib/rustlib/x86_64-unknown-linux-gnu/lib/libcompiler_builtins-8e138eaf26ebb4a8.rlib" "-Wl,-Bdynamic" "-lstdc++" "-lstdc++" "-lstdc++" "-lstdc++" "-lgcc_s" "-lutil" "-lrt" "-lpthread" "-lm" "-ldl" "-lc" "-Wl,--eh-frame-hdr" "-Wl,-z,noexecstack" "-L" "/opt/rustwide/rustup-home/toolchains/1.75.0-x86_64-unknown-linux-gnu/lib/rustlib/x86_64-unknown-linux-gnu/lib" "-o" "/tmp/rustdoctestpZGqk6/rust_out" "-Wl,--gc-sections" "-pie" "-Wl,-z,relro,-z,now" "-nodefaultlibs"
[INFO] [stdout]   = note: collect2: fatal error: ld terminated with signal 9 [Killed]
[INFO] [stdout]           compilation terminated.
[INFO] [stdout]           
[INFO] [stdout] 
[INFO] [stdout] error: aborting due to previous error
[INFO] [stdout] 
[INFO] [stdout] Couldn't compile the test.
[INFO] [stdout] 
[INFO] [stdout] failures:
[INFO] [stdout]     analysis/src/langs.rs - langs::get_from_emacs_mode (line 15)
[INFO] [stdout]     analysis/src/output/dump_ops.rs - output::dump_ops::dump_ops (line 12)
[INFO] [stdout]     analysis/src/tools.rs - tools::guess_language (line 176)
[INFO] [stdout] 
[INFO] [stdout] test result: FAILED. 13 passed; 3 failed; 0 ignored; 0 measured; 0 filtered out; finished in 2.57s
[INFO] [stdout] 
[INFO] [stderr] error: doctest failed, to rerun pass `-p rust-code-analysis --doc`
[INFO] running `Command { std: "docker" "inspect" "b72992f2760fb2a7632d2ed74223efa3d580cb1b9cef446facea286463cf187d", kill_on_drop: false }`
[INFO] running `Command { std: "docker" "rm" "-f" "b72992f2760fb2a7632d2ed74223efa3d580cb1b9cef446facea286463cf187d", kill_on_drop: false }`
[INFO] [stdout] b72992f2760fb2a7632d2ed74223efa3d580cb1b9cef446facea286463cf187d
[INFO] testing xycloo/soroban-analyzer against beta-2023-12-22 for beta-1.76-1
[INFO] running `Command { std: "git" "clone" "/workspace/cache/git-repos/https%3A%2F%2Fgithub.com%2Fxycloo%2Fsoroban-analyzer" "/workspace/builds/worker-2-tc2/source", kill_on_drop: false }`
[INFO] [stderr] Cloning into '/workspace/builds/worker-2-tc2/source'...
[INFO] [stderr] done.
[INFO] validating manifest of git repo https://github.com/xycloo/soroban-analyzer on toolchain beta-2023-12-22
[INFO] running `Command { std: CARGO_HOME="/workspace/cargo-home" RUSTUP_HOME="/workspace/rustup-home" "/workspace/cargo-home/bin/cargo" "+beta-2023-12-22" "metadata" "--manifest-path" "Cargo.toml" "--no-deps", kill_on_drop: false }`
[INFO] started tweaking git repo https://github.com/xycloo/soroban-analyzer
[INFO] finished tweaking git repo https://github.com/xycloo/soroban-analyzer
[INFO] tweaked toml for git repo https://github.com/xycloo/soroban-analyzer written to /workspace/builds/worker-2-tc2/source/Cargo.toml
[INFO] crate git repo https://github.com/xycloo/soroban-analyzer already has a lockfile, it will not be regenerated
[INFO] running `Command { std: CARGO_HOME="/workspace/cargo-home" RUSTUP_HOME="/workspace/rustup-home" "/workspace/cargo-home/bin/cargo" "+beta-2023-12-22" "fetch" "--manifest-path" "Cargo.toml", kill_on_drop: false }`
[INFO] [stderr] warning: virtual workspace defaulting to `resolver = "1"` despite one or more workspace members being on edition 2021 which implies `resolver = "2"`
[INFO] [stderr] note: to keep the current resolver, specify `workspace.resolver = "1"` in the workspace root's manifest
[INFO] [stderr] note: to use the edition 2021 resolver, specify `workspace.resolver = "2"` in the workspace root's manifest
[INFO] [stderr] note: for more details see https://doc.rust-lang.org/cargo/reference/resolver.html#resolver-versions
[INFO] running `Command { std: "docker" "create" "-v" "/var/lib/crater-agent-workspace/builds/worker-2-tc2/target:/opt/rustwide/target:rw,Z" "-v" "/var/lib/crater-agent-workspace/builds/worker-2-tc2/source:/opt/rustwide/workdir:ro,Z" "-v" "/var/lib/crater-agent-workspace/cargo-home:/opt/rustwide/cargo-home:ro,Z" "-v" "/var/lib/crater-agent-workspace/rustup-home:/opt/rustwide/rustup-home:ro,Z" "-e" "SOURCE_DIR=/opt/rustwide/workdir" "-e" "CARGO_TARGET_DIR=/opt/rustwide/target" "-e" "CARGO_HOME=/opt/rustwide/cargo-home" "-e" "RUSTUP_HOME=/opt/rustwide/rustup-home" "-w" "/opt/rustwide/workdir" "-m" "1610612736" "--user" "0:0" "--network" "none" "ghcr.io/rust-lang/crates-build-env/linux@sha256:2788e3201cd34a07e3172128adcd8b3090168a8e3bcc40d7c032b9dda1df7d1c" "/opt/rustwide/cargo-home/bin/cargo" "+beta-2023-12-22" "metadata" "--no-deps" "--format-version=1", kill_on_drop: false }`
[INFO] [stdout] 669d6afad407c92823b0415372592d77f88c7fcf71a24bbbd009185c04c73765
[INFO] running `Command { std: "docker" "start" "-a" "669d6afad407c92823b0415372592d77f88c7fcf71a24bbbd009185c04c73765", kill_on_drop: false }`
[INFO] running `Command { std: "docker" "inspect" "669d6afad407c92823b0415372592d77f88c7fcf71a24bbbd009185c04c73765", kill_on_drop: false }`
[INFO] running `Command { std: "docker" "rm" "-f" "669d6afad407c92823b0415372592d77f88c7fcf71a24bbbd009185c04c73765", kill_on_drop: false }`
[INFO] [stdout] 669d6afad407c92823b0415372592d77f88c7fcf71a24bbbd009185c04c73765
[INFO] running `Command { std: "docker" "create" "-v" "/var/lib/crater-agent-workspace/builds/worker-2-tc2/target:/opt/rustwide/target:rw,Z" "-v" "/var/lib/crater-agent-workspace/builds/worker-2-tc2/source:/opt/rustwide/workdir:ro,Z" "-v" "/var/lib/crater-agent-workspace/cargo-home:/opt/rustwide/cargo-home:ro,Z" "-v" "/var/lib/crater-agent-workspace/rustup-home:/opt/rustwide/rustup-home:ro,Z" "-e" "SOURCE_DIR=/opt/rustwide/workdir" "-e" "CARGO_TARGET_DIR=/opt/rustwide/target" "-e" "CARGO_INCREMENTAL=0" "-e" "RUST_BACKTRACE=full" "-e" "RUSTFLAGS=--cap-lints=warn" "-e" "RUSTDOCFLAGS=--cap-lints=warn" "-e" "CARGO_HOME=/opt/rustwide/cargo-home" "-e" "RUSTUP_HOME=/opt/rustwide/rustup-home" "-w" "/opt/rustwide/workdir" "-m" "1610612736" "--user" "0:0" "--network" "none" "ghcr.io/rust-lang/crates-build-env/linux@sha256:2788e3201cd34a07e3172128adcd8b3090168a8e3bcc40d7c032b9dda1df7d1c" "/opt/rustwide/cargo-home/bin/cargo" "+beta-2023-12-22" "build" "--frozen" "--message-format=json", kill_on_drop: false }`
[INFO] [stdout] c966db98ec961933f04f814f930b8251e6a8557e79f3523b61a5fa7f3476a9bc
[INFO] running `Command { std: "docker" "start" "-a" "c966db98ec961933f04f814f930b8251e6a8557e79f3523b61a5fa7f3476a9bc", kill_on_drop: false }`
[INFO] [stderr] warning: virtual workspace defaulting to `resolver = "1"` despite one or more workspace members being on edition 2021 which implies `resolver = "2"`
[INFO] [stderr] note: to keep the current resolver, specify `workspace.resolver = "1"` in the workspace root's manifest
[INFO] [stderr] note: to use the edition 2021 resolver, specify `workspace.resolver = "2"` in the workspace root's manifest
[INFO] [stderr] note: for more details see https://doc.rust-lang.org/cargo/reference/resolver.html#resolver-versions
[INFO] [stderr]    Compiling cc v1.0.78
[INFO] [stderr]    Compiling autocfg v1.1.0
[INFO] [stderr]    Compiling memchr v2.5.0
[INFO] [stderr]    Compiling regex-syntax v0.6.28
[INFO] [stderr]    Compiling proc-macro2 v1.0.49
[INFO] [stderr]    Compiling quote v1.0.23
[INFO] [stderr]    Compiling unicode-ident v1.0.6
[INFO] [stderr]    Compiling syn v1.0.107
[INFO] [stderr]    Compiling version_check v0.9.4
[INFO] [stderr]    Compiling crossbeam-utils v0.8.14
[INFO] [stderr]    Compiling libc v0.2.139
[INFO] [stderr]    Compiling io-lifetimes v1.0.3
[INFO] [stderr]    Compiling crossbeam-queue v0.3.8
[INFO] [stderr]    Compiling log v0.4.17
[INFO] [stderr]    Compiling serde_derive v1.0.152
[INFO] [stderr]    Compiling rustix v0.36.6
[INFO] [stderr]    Compiling scopeguard v1.1.0
[INFO] [stderr]    Compiling linux-raw-sys v0.1.4
[INFO] [stderr]    Compiling serde v1.0.152
[INFO] [stderr]    Compiling bitflags v1.3.2
[INFO] [stderr]    Compiling hashbrown v0.12.3
[INFO] [stderr]    Compiling proc-macro-error-attr v1.0.4
[INFO] [stderr]    Compiling proc-macro-error v1.0.4
[INFO] [stderr]    Compiling num-traits v0.2.15
[INFO] [stderr]    Compiling num-integer v0.1.45
[INFO] [stderr]    Compiling memoffset v0.7.1
[INFO] [stderr]    Compiling crossbeam-epoch v0.9.13
[INFO] [stderr]    Compiling num-bigint v0.4.3
[INFO] [stderr]    Compiling num-rational v0.4.1
[INFO] [stderr]    Compiling num-iter v0.1.43
[INFO] [stderr]    Compiling indexmap v1.9.2
[INFO] [stderr]    Compiling aho-corasick v0.7.20
[INFO] [stderr]    Compiling bstr v1.1.0
[INFO] [stderr]    Compiling crossbeam-channel v0.5.6
[INFO] [stderr]    Compiling os_str_bytes v6.4.1
[INFO] [stderr]    Compiling arrayvec v0.7.2
[INFO] [stderr]    Compiling itoa v1.0.5
[INFO] [stderr]    Compiling crossbeam-deque v0.8.2
[INFO] [stderr]    Compiling once_cell v1.17.0
[INFO] [stderr]    Compiling fnv v1.0.7
[INFO] [stderr]    Compiling fixedbitset v0.4.2
[INFO] [stderr]    Compiling termcolor v1.1.3
[INFO] [stderr]    Compiling same-file v1.0.6
[INFO] [stderr]    Compiling byteorder v1.4.3
[INFO] [stderr]    Compiling heck v0.4.0
[INFO] [stderr]    Compiling crossbeam v0.8.2
[INFO] [stderr]    Compiling walkdir v2.3.2
[INFO] [stderr]    Compiling num-format v0.4.4
[INFO] [stderr]    Compiling clap_lex v0.3.0
[INFO] [stderr]    Compiling tree-sitter v0.20.9
[INFO] [stderr]    Compiling tree-sitter-javascript v0.20.0
[INFO] [stderr]    Compiling tree-sitter-cpp v0.20.0
[INFO] [stderr]    Compiling tree-sitter-typescript v0.20.1
[INFO] [stderr]    Compiling tree-sitter-ccomment v0.20.0 (/opt/rustwide/workdir/analysis/tree-sitter-ccomment)
[INFO] [stderr]    Compiling tree-sitter-rust v0.20.3
[INFO] [stderr]    Compiling tree-sitter-java v0.20.0
[INFO] [stderr]    Compiling tree-sitter-python v0.20.2
[INFO] [stderr]    Compiling tree-sitter-preproc v0.20.0 (/opt/rustwide/workdir/analysis/tree-sitter-preproc)
[INFO] [stderr]    Compiling regex v1.7.0
[INFO] [stderr]    Compiling num-complex v0.4.2
[INFO] [stderr]    Compiling fxhash v0.2.1
[INFO] [stderr]    Compiling petgraph v0.6.2
[INFO] [stderr]    Compiling lazy_static v1.4.0
[INFO] [stderr]    Compiling strsim v0.10.0
[INFO] [stderr]    Compiling globset v0.4.10
[INFO] [stderr]    Compiling is-terminal v0.4.2
[INFO] [stderr]    Compiling num v0.4.0
[INFO] [stderr]    Compiling tree-sitter-mozjs v0.20.0 (/opt/rustwide/workdir/analysis/tree-sitter-mozjs)
[INFO] [stderr]    Compiling tree-sitter-mozcpp v0.20.1 (/opt/rustwide/workdir/analysis/tree-sitter-mozcpp)
[INFO] [stderr]    Compiling num-derive v0.3.3
[INFO] [stderr]    Compiling clap_derive v4.0.21
[INFO] [stderr]    Compiling clap v4.0.32
[INFO] [stderr]    Compiling rust-code-analysis v0.0.24 (/opt/rustwide/workdir/analysis)
[INFO] [stderr]    Compiling soroban-analyzer v0.0.24 (/opt/rustwide/workdir/soroban-analyzer)
[INFO] [stdout] warning: unused import: `std::io::Write`
[INFO] [stdout]  --> soroban-analyzer/src/state.rs:7:5
[INFO] [stdout]   |
[INFO] [stdout] 7 | use std::io::Write;
[INFO] [stdout]   |     ^^^^^^^^^^^^^^
[INFO] [stdout]   |
[INFO] [stdout]   = note: `#[warn(unused_imports)]` on by default
[INFO] [stdout] 
[INFO] [stdout] 
[INFO] [stdout] warning: unused imports: `ColorSpec`, `Color`, `WriteColor`
[INFO] [stdout]  --> soroban-analyzer/src/state.rs:9:17
[INFO] [stdout]   |
[INFO] [stdout] 9 | use termcolor::{Color, ColorSpec, StandardStreamLock, WriteColor};
[INFO] [stdout]   |                 ^^^^^  ^^^^^^^^^                      ^^^^^^^^^^
[INFO] [stdout] 
[INFO] [stdout] 
[INFO] [stdout] warning: unused imports: `Path`, `ops::Deref`
[INFO] [stdout]  --> soroban-analyzer/src/types.rs:3:5
[INFO] [stdout]   |
[INFO] [stdout] 3 |     ops::Deref,
[INFO] [stdout]   |     ^^^^^^^^^^
[INFO] [stdout] 4 |     path::{Path, PathBuf},
[INFO] [stdout]   |            ^^^^
[INFO] [stdout] 
[INFO] [stdout] 
[INFO] [stdout] warning: unused variable: `stdout`
[INFO] [stdout]   --> soroban-analyzer/src/state.rs:86:5
[INFO] [stdout]    |
[INFO] [stdout] 86 |     stdout: &mut StandardStreamLock,
[INFO] [stdout]    |     ^^^^^^ help: if this is intentional, prefix it with an underscore: `_stdout`
[INFO] [stdout]    |
[INFO] [stdout]    = note: `#[warn(unused_variables)]` on by default
[INFO] [stdout] 
[INFO] [stdout] 
[INFO] [stdout] warning: unused variable: `write`
[INFO] [stdout]   --> soroban-analyzer/src/state.rs:87:5
[INFO] [stdout]    |
[INFO] [stdout] 87 |     write: bool,
[INFO] [stdout]    |     ^^^^^ help: if this is intentional, prefix it with an underscore: `_write`
[INFO] [stdout] 
[INFO] [stdout] 
[INFO] [stdout] warning: 5 warnings emitted
[INFO] [stdout] 
[INFO] [stdout] 
[INFO] [stderr]     Finished dev [unoptimized + debuginfo] target(s) in 9.98s
[INFO] running `Command { std: "docker" "inspect" "c966db98ec961933f04f814f930b8251e6a8557e79f3523b61a5fa7f3476a9bc", kill_on_drop: false }`
[INFO] running `Command { std: "docker" "rm" "-f" "c966db98ec961933f04f814f930b8251e6a8557e79f3523b61a5fa7f3476a9bc", kill_on_drop: false }`
[INFO] [stdout] c966db98ec961933f04f814f930b8251e6a8557e79f3523b61a5fa7f3476a9bc
[INFO] running `Command { std: "docker" "create" "-v" "/var/lib/crater-agent-workspace/builds/worker-2-tc2/target:/opt/rustwide/target:rw,Z" "-v" "/var/lib/crater-agent-workspace/builds/worker-2-tc2/source:/opt/rustwide/workdir:ro,Z" "-v" "/var/lib/crater-agent-workspace/cargo-home:/opt/rustwide/cargo-home:ro,Z" "-v" "/var/lib/crater-agent-workspace/rustup-home:/opt/rustwide/rustup-home:ro,Z" "-e" "SOURCE_DIR=/opt/rustwide/workdir" "-e" "CARGO_TARGET_DIR=/opt/rustwide/target" "-e" "CARGO_INCREMENTAL=0" "-e" "RUST_BACKTRACE=full" "-e" "RUSTFLAGS=--cap-lints=warn" "-e" "RUSTDOCFLAGS=--cap-lints=warn" "-e" "CARGO_HOME=/opt/rustwide/cargo-home" "-e" "RUSTUP_HOME=/opt/rustwide/rustup-home" "-w" "/opt/rustwide/workdir" "-m" "1610612736" "--user" "0:0" "--network" "none" "ghcr.io/rust-lang/crates-build-env/linux@sha256:2788e3201cd34a07e3172128adcd8b3090168a8e3bcc40d7c032b9dda1df7d1c" "/opt/rustwide/cargo-home/bin/cargo" "+beta-2023-12-22" "test" "--frozen" "--no-run" "--message-format=json", kill_on_drop: false }`
[INFO] [stdout] 344949b6d089eb37c1e19e5b1d8c487d5dd891cdc910f2856162795c3d8d04d5
[INFO] running `Command { std: "docker" "start" "-a" "344949b6d089eb37c1e19e5b1d8c487d5dd891cdc910f2856162795c3d8d04d5", kill_on_drop: false }`
[INFO] [stderr] warning: virtual workspace defaulting to `resolver = "1"` despite one or more workspace members being on edition 2021 which implies `resolver = "2"`
[INFO] [stderr] note: to keep the current resolver, specify `workspace.resolver = "1"` in the workspace root's manifest
[INFO] [stderr] note: to use the edition 2021 resolver, specify `workspace.resolver = "2"` in the workspace root's manifest
[INFO] [stderr] note: for more details see https://doc.rust-lang.org/cargo/reference/resolver.html#resolver-versions
[INFO] [stderr]    Compiling linked-hash-map v0.5.6
[INFO] [stderr]    Compiling console v0.15.4
[INFO] [stderr]    Compiling similar v2.2.1
[INFO] [stderr]    Compiling diff v0.1.13
[INFO] [stderr]    Compiling yansi v0.5.1
[INFO] [stderr]    Compiling tree-sitter-preproc v0.20.0 (/opt/rustwide/workdir/analysis/tree-sitter-preproc)
[INFO] [stderr]    Compiling tree-sitter-ccomment v0.20.0 (/opt/rustwide/workdir/analysis/tree-sitter-ccomment)
[INFO] [stderr]    Compiling tree-sitter-mozjs v0.20.0 (/opt/rustwide/workdir/analysis/tree-sitter-mozjs)
[INFO] [stderr]    Compiling tree-sitter-mozcpp v0.20.1 (/opt/rustwide/workdir/analysis/tree-sitter-mozcpp)
[INFO] [stderr]    Compiling soroban-analyzer v0.0.24 (/opt/rustwide/workdir/soroban-analyzer)
[INFO] [stdout] warning: unused import: `std::io::Write`
[INFO] [stdout]  --> soroban-analyzer/src/state.rs:7:5
[INFO] [stdout]   |
[INFO] [stdout] 7 | use std::io::Write;
[INFO] [stdout]   |     ^^^^^^^^^^^^^^
[INFO] [stdout]   |
[INFO] [stdout]   = note: `#[warn(unused_imports)]` on by default
[INFO] [stdout] 
[INFO] [stdout] 
[INFO] [stdout] warning: unused imports: `ColorSpec`, `Color`, `WriteColor`
[INFO] [stdout]  --> soroban-analyzer/src/state.rs:9:17
[INFO] [stdout]   |
[INFO] [stdout] 9 | use termcolor::{Color, ColorSpec, StandardStreamLock, WriteColor};
[INFO] [stdout]   |                 ^^^^^  ^^^^^^^^^                      ^^^^^^^^^^
[INFO] [stdout] 
[INFO] [stdout] 
[INFO] [stdout] warning: unused imports: `Path`, `ops::Deref`
[INFO] [stdout]  --> soroban-analyzer/src/types.rs:3:5
[INFO] [stdout]   |
[INFO] [stdout] 3 |     ops::Deref,
[INFO] [stdout]   |     ^^^^^^^^^^
[INFO] [stdout] 4 |     path::{Path, PathBuf},
[INFO] [stdout]   |            ^^^^
[INFO] [stdout] 
[INFO] [stdout] 
[INFO] [stderr]    Compiling pretty_assertions v1.3.0
[INFO] [stderr]    Compiling yaml-rust v0.4.5
[INFO] [stdout] warning: unused variable: `stdout`
[INFO] [stdout]   --> soroban-analyzer/src/state.rs:86:5
[INFO] [stdout]    |
[INFO] [stdout] 86 |     stdout: &mut StandardStreamLock,
[INFO] [stdout]    |     ^^^^^^ help: if this is intentional, prefix it with an underscore: `_stdout`
[INFO] [stdout]    |
[INFO] [stdout]    = note: `#[warn(unused_variables)]` on by default
[INFO] [stdout] 
[INFO] [stdout] 
[INFO] [stdout] warning: unused variable: `write`
[INFO] [stdout]   --> soroban-analyzer/src/state.rs:87:5
[INFO] [stdout]    |
[INFO] [stdout] 87 |     write: bool,
[INFO] [stdout]    |     ^^^^^ help: if this is intentional, prefix it with an underscore: `_write`
[INFO] [stdout] 
[INFO] [stdout] 
[INFO] [stdout] warning: 5 warnings emitted
[INFO] [stdout] 
[INFO] [stdout] 
[INFO] [stderr]    Compiling insta v1.26.0
[INFO] [stderr]    Compiling rust-code-analysis v0.0.24 (/opt/rustwide/workdir/analysis)
[INFO] [stderr]     Finished test [unoptimized + debuginfo] target(s) in 4.37s
[INFO] running `Command { std: "docker" "inspect" "344949b6d089eb37c1e19e5b1d8c487d5dd891cdc910f2856162795c3d8d04d5", kill_on_drop: false }`
[INFO] running `Command { std: "docker" "rm" "-f" "344949b6d089eb37c1e19e5b1d8c487d5dd891cdc910f2856162795c3d8d04d5", kill_on_drop: false }`
[INFO] [stdout] 344949b6d089eb37c1e19e5b1d8c487d5dd891cdc910f2856162795c3d8d04d5
[INFO] running `Command { std: "docker" "create" "-v" "/var/lib/crater-agent-workspace/builds/worker-2-tc2/target:/opt/rustwide/target:rw,Z" "-v" "/var/lib/crater-agent-workspace/builds/worker-2-tc2/source:/opt/rustwide/workdir:ro,Z" "-v" "/var/lib/crater-agent-workspace/cargo-home:/opt/rustwide/cargo-home:ro,Z" "-v" "/var/lib/crater-agent-workspace/rustup-home:/opt/rustwide/rustup-home:ro,Z" "-e" "SOURCE_DIR=/opt/rustwide/workdir" "-e" "CARGO_TARGET_DIR=/opt/rustwide/target" "-e" "CARGO_INCREMENTAL=0" "-e" "RUST_BACKTRACE=full" "-e" "RUSTFLAGS=--cap-lints=warn" "-e" "RUSTDOCFLAGS=--cap-lints=warn" "-e" "CARGO_HOME=/opt/rustwide/cargo-home" "-e" "RUSTUP_HOME=/opt/rustwide/rustup-home" "-w" "/opt/rustwide/workdir" "-m" "1610612736" "--user" "0:0" "--network" "none" "ghcr.io/rust-lang/crates-build-env/linux@sha256:2788e3201cd34a07e3172128adcd8b3090168a8e3bcc40d7c032b9dda1df7d1c" "/opt/rustwide/cargo-home/bin/cargo" "+beta-2023-12-22" "test" "--frozen", kill_on_drop: false }`
[INFO] [stdout] 8c12b232057231b0787e5bef5d6b767224195a67116926145907b4b68a9a0056
[INFO] running `Command { std: "docker" "start" "-a" "8c12b232057231b0787e5bef5d6b767224195a67116926145907b4b68a9a0056", kill_on_drop: false }`
[INFO] [stderr] warning: virtual workspace defaulting to `resolver = "1"` despite one or more workspace members being on edition 2021 which implies `resolver = "2"`
[INFO] [stderr] note: to keep the current resolver, specify `workspace.resolver = "1"` in the workspace root's manifest
[INFO] [stderr] note: to use the edition 2021 resolver, specify `workspace.resolver = "2"` in the workspace root's manifest
[INFO] [stderr] note: for more details see https://doc.rust-lang.org/cargo/reference/resolver.html#resolver-versions
[INFO] [stderr] warning: unused import: `std::io::Write`
[INFO] [stderr]  --> soroban-analyzer/src/state.rs:7:5
[INFO] [stderr]   |
[INFO] [stderr] 7 | use std::io::Write;
[INFO] [stderr]   |     ^^^^^^^^^^^^^^
[INFO] [stderr]   |
[INFO] [stderr]   = note: `#[warn(unused_imports)]` on by default
[INFO] [stderr] 
[INFO] [stderr] warning: unused imports: `ColorSpec`, `Color`, `WriteColor`
[INFO] [stderr]  --> soroban-analyzer/src/state.rs:9:17
[INFO] [stderr]   |
[INFO] [stderr] 9 | use termcolor::{Color, ColorSpec, StandardStreamLock, WriteColor};
[INFO] [stderr]   |                 ^^^^^  ^^^^^^^^^                      ^^^^^^^^^^
[INFO] [stderr] 
[INFO] [stderr] warning: unused imports: `Path`, `ops::Deref`
[INFO] [stderr]  --> soroban-analyzer/src/types.rs:3:5
[INFO] [stderr]   |
[INFO] [stderr] 3 |     ops::Deref,
[INFO] [stderr]   |     ^^^^^^^^^^
[INFO] [stderr] 4 |     path::{Path, PathBuf},
[INFO] [stderr]   |            ^^^^
[INFO] [stderr] 
[INFO] [stderr] warning: unused variable: `stdout`
[INFO] [stderr]   --> soroban-analyzer/src/state.rs:86:5
[INFO] [stderr]    |
[INFO] [stderr] 86 |     stdout: &mut StandardStreamLock,
[INFO] [stderr]    |     ^^^^^^ help: if this is intentional, prefix it with an underscore: `_stdout`
[INFO] [stderr]    |
[INFO] [stderr]    = note: `#[warn(unused_variables)]` on by default
[INFO] [stderr] 
[INFO] [stderr] warning: unused variable: `write`
[INFO] [stderr]   --> soroban-analyzer/src/state.rs:87:5
[INFO] [stderr]    |
[INFO] [stderr] 87 |     write: bool,
[INFO] [stderr]    |     ^^^^^ help: if this is intentional, prefix it with an underscore: `_write`
[INFO] [stderr] 
[INFO] [stderr] warning: `soroban-analyzer` (bin "soroban-analyzer" test) generated 5 warnings (run `cargo fix --bin "soroban-analyzer" --tests` to apply 5 suggestions)
[INFO] [stderr]     Finished test [unoptimized + debuginfo] target(s) in 0.05s
[INFO] [stderr]      Running unittests src/lib.rs (/opt/rustwide/target/debug/deps/rust_code_analysis-d9f11f31d1e14927)
[INFO] [stdout] 
[INFO] [stdout] running 242 tests
[INFO] [stdout] test c_langs_macros::tests::test_fn_id_strings ... ok
[INFO] [stdout] test c_langs_macros::tests::test_fn_macros_cpp ... ok
[INFO] [stdout] test c_langs_macros::tests::test_fn_qm_try_inspect_cpp ... ok
[INFO] [stdout] test c_langs_macros::tests::test_fn_macros ... ok
[INFO] [stdout] test comment_rm::tests::ccomment_remove_comments ... ok
[INFO] [stdout] test c_macro::tests::test_replace ... ok
[INFO] [stdout] test metrics::abc::tests::java_for_with_variable_declaration ... ok
[INFO] [stdout] test metrics::cognitive::tests::c_no_cognitive ... ok
[INFO] [stdout] test metrics::abc::tests::java_assignments_with_conditions ... ok
[INFO] [stdout] test metrics::abc::tests::java_constant_declarations ... ok
[INFO] [stdout] test metrics::abc::tests::java_for_without_variable_declaration ... ok
[INFO] [stdout] test metrics::abc::tests::java_return_with_conditions ... ok
[INFO] [stdout] test metrics::abc::tests::java_return_without_conditions ... ok
[INFO] [stdout] test metrics::cognitive::tests::c_sequence_different_booleans ... ok
[INFO] [stdout] test metrics::abc::tests::java_declarations_with_conditions ... ok
[INFO] [stdout] test metrics::abc::tests::java_methods_arguments_with_conditions ... ok
[INFO] [stdout] test metrics::abc::tests::java_if_multiple_conditions ... ok
[INFO] [stdout] test metrics::abc::tests::java_while_and_do_while_conditions ... ok
[INFO] [stdout] test metrics::abc::tests::java_ternary_conditions ... ok
[INFO] [stdout] test metrics::abc::tests::java_lambda_expressions_return_with_conditions ... ok
[INFO] [stdout] test metrics::cognitive::tests::mozjs_no_cognitive ... ok
[INFO] [stdout] test metrics::cognitive::tests::c_not_booleans ... ok
[INFO] [stdout] test metrics::cognitive::tests::c_simple_function ... ok
[INFO] [stdout] test metrics::cognitive::tests::c_sequence_same_booleans ... ok
[INFO] [stdout] test metrics::abc::tests::java_if_single_conditions ... ok
[INFO] [stdout] test metrics::cognitive::tests::c_goto ... ok
[INFO] [stdout] test metrics::cognitive::tests::c_1_level_nesting ... ok
[INFO] [stdout] test metrics::cognitive::tests::python_expression_statement ... ok
[INFO] [stdout] test metrics::cognitive::tests::mozjs_sequence_different_booleans ... ok
[INFO] [stdout] test metrics::cognitive::tests::python_elif_function ... ok
[INFO] [stdout] test metrics::cognitive::tests::c_switch ... ok
[INFO] [stdout] test metrics::cognitive::tests::python_1_level_nesting ... ok
[INFO] [stdout] test metrics::cognitive::tests::python_2_level_nesting ... ok
[INFO] [stdout] test metrics::cognitive::tests::mozjs_1_level_nesting ... ok
[INFO] [stdout] test metrics::cognitive::tests::mozjs_not_booleans ... ok
[INFO] [stdout] test metrics::cognitive::tests::mozjs_switch ... ok
[INFO] [stdout] test metrics::cognitive::tests::mozjs_simple_function ... ok
[INFO] [stdout] test metrics::cognitive::tests::mozjs_sequence_same_booleans ... ok
[INFO] [stdout] test metrics::cognitive::tests::mozjs_try_construct ... ok
[INFO] [stdout] test metrics::cognitive::tests::python_more_elifs_function ... ok
[INFO] [stdout] test metrics::cognitive::tests::python_sequence_different_booleans ... ok
[INFO] [stdout] test metrics::cognitive::tests::python_sequence_same_booleans ... ok
[INFO] [stdout] test metrics::cognitive::tests::python_no_cognitive ... ok
[INFO] [stdout] test metrics::cognitive::tests::python_formatted_sequence_different_booleans ... ok
[INFO] [stdout] test metrics::cognitive::tests::python_nested_functions_lambdas ... ok
[INFO] [stdout] test metrics::cognitive::tests::python_simple_function ... ok
[INFO] [stdout] test metrics::cognitive::tests::python_ternary_operator ... ok
[INFO] [stdout] test metrics::cognitive::tests::python_tuple ... ok
[INFO] [stdout] test metrics::cognitive::tests::python_try_construct ... ok
[INFO] [stdout] test metrics::cognitive::tests::rust_no_cognitive ... ok
[INFO] [stdout] test metrics::cognitive::tests::python_real_function ... ok
[INFO] [stdout] test metrics::cognitive::tests::rust_simple_function ... ok
[INFO] [stdout] test metrics::cognitive::tests::rust_sequence_different_booleans ... ok
[INFO] [stdout] test metrics::cognitive::tests::rust_2_level_nesting ... ok
[INFO] [stdout] test metrics::cognitive::tests::rust_sequence_same_booleans ... ok
[INFO] [stdout] test metrics::cognitive::tests::rust_not_booleans ... ok
[INFO] [stdout] test metrics::cognitive::tests::rust_if_let_else_if_else ... ok
[INFO] [stdout] test metrics::cyclomatic::tests::python_1_level_nesting ... ok
[INFO] [stdout] test metrics::cognitive::tests::rust_break_continue ... ok
[INFO] [stdout] test metrics::cyclomatic::tests::python_simple_function ... ok
[INFO] [stdout] test metrics::cyclomatic::tests::c_switch ... ok
[INFO] [stdout] test metrics::exit::tests::c_no_exit ... ok
[INFO] [stdout] test metrics::cognitive::tests::rust_1_level_nesting ... ok
[INFO] [stdout] test metrics::exit::tests::java_no_exit ... ok
[INFO] [stdout] test metrics::cognitive::tests::typescript_if_else_if_else ... ok
[INFO] [stdout] test metrics::cyclomatic::tests::c_real_function ... ok
[INFO] [stdout] test metrics::cyclomatic::tests::java_simple_class ... ok
[INFO] [stdout] test metrics::cyclomatic::tests::rust_1_level_nesting ... ok
[INFO] [stdout] test metrics::exit::tests::java_simple_function ... ok
[INFO] [stdout] test metrics::exit::tests::python_nested_functions ... ok
[INFO] [stdout] test metrics::cyclomatic::tests::c_unit_after ... ok
[INFO] [stdout] test metrics::cyclomatic::tests::c_unit_before ... ok
[INFO] [stdout] test metrics::exit::tests::python_no_exit ... ok
[INFO] [stdout] test metrics::exit::tests::java_split_function ... ok
[INFO] [stdout] test metrics::cyclomatic::tests::java_anonymous_class ... ok
[INFO] [stdout] test metrics::exit::tests::python_simple_function ... ok
[INFO] [stdout] test metrics::exit::tests::python_more_functions ... ok
[INFO] [stdout] test metrics::exit::tests::javascript_no_exit ... ok
[INFO] [stdout] test metrics::halstead::tests::python_check_metrics ... ok
[INFO] [stdout] test metrics::exit::tests::rust_no_exit ... ok
[INFO] [stdout] test metrics::halstead::tests::python_operators_and_operands ... ok
[INFO] [stdout] test metrics::halstead::tests::python_wrong_operators ... ok
[INFO] [stdout] test metrics::loc::tests::c_lloc ... ok
[INFO] [stdout] test metrics::halstead::tests::javascript_operators_and_operands ... ok
[INFO] [stdout] test metrics::cyclomatic::tests::java_real_class ... ok
[INFO] [stdout] test metrics::halstead::tests::java_operators_and_operands ... ok
[INFO] [stdout] test metrics::halstead::tests::rust_operators_and_operands ... ok
[INFO] [stdout] test metrics::halstead::tests::mozjs_operators_and_operands ... ok
[INFO] [stdout] test metrics::halstead::tests::typescript_operators_and_operands ... ok
[INFO] [stdout] test metrics::halstead::tests::cpp_operators_and_operands ... ok
[INFO] [stdout] test metrics::loc::tests::cpp_code_line_end_block_blank ... ok
[INFO] [stdout] test metrics::loc::tests::cpp_code_line_block_one_line_blank ... ok
[INFO] [stdout] test metrics::loc::tests::c_blank ... ok
[INFO] [stdout] test metrics::loc::tests::c_cloc ... ok
[INFO] [stdout] test metrics::loc::tests::cpp_block_comment_blank ... ok
[INFO] [stdout] test metrics::loc::tests::cpp_for_lloc ... ok
[INFO] [stdout] test metrics::loc::tests::cpp_code_line_start_block_blank ... ok
[INFO] [stdout] test metrics::halstead::tests::tsx_operators_and_operands ... ok
[INFO] [stdout] test metrics::loc::tests::cpp_namespace_loc ... ok
[INFO] [stdout] test metrics::loc::tests::java_blank ... ok
[INFO] [stdout] test metrics::loc::tests::java_class_loc ... ok
[INFO] [stdout] test metrics::loc::tests::cpp_while_lloc ... ok
[INFO] [stdout] test metrics::loc::tests::cpp_return_lloc ... ok
[INFO] [stdout] test metrics::loc::tests::java_do_while_lloc ... ok
[INFO] [stdout] test metrics::loc::tests::java_comments ... ok
[INFO] [stdout] test metrics::loc::tests::java_foreach_lloc ... ok
[INFO] [stdout] test metrics::loc::tests::cpp_no_zero_blank ... ok
[INFO] [stdout] test metrics::loc::tests::cpp_lloc ... ok
[INFO] [stdout] test metrics::loc::tests::java_for_lloc ... ok
[INFO] [stdout] test metrics::loc::tests::java_module_sloc ... ok
[INFO] [stdout] test metrics::loc::tests::java_single_statement_lloc ... ok
[INFO] [stdout] test metrics::loc::tests::java_main_class_loc ... ok
[INFO] [stdout] test metrics::loc::tests::java_continue_lloc ... ok
[INFO] [stdout] test metrics::loc::tests::java_multi_ploc ... ok
[INFO] [stdout] test metrics::loc::tests::java_general_loc ... ok
[INFO] [stdout] test metrics::loc::tests::java_single_ploc ... ok
[INFO] [stdout] test metrics::loc::tests::python_cloc ... ok
[INFO] [stdout] test metrics::loc::tests::java_statement_inline_loc ... ok
[INFO] [stdout] test metrics::loc::tests::java_simple_ploc ... ok
[INFO] [stdout] test metrics::loc::tests::java_while_lloc ... ok
[INFO] [stdout] test metrics::loc::tests::java_expressions_lloc ... ok
[INFO] [stdout] test metrics::loc::tests::java_try_lloc ... ok
[INFO] [stdout] test metrics::loc::tests::java_sloc ... ok
[INFO] [stdout] test metrics::loc::tests::python_blank ... ok
[INFO] [stdout] test metrics::loc::tests::javascript_real_loc ... ok
[INFO] [stdout] test metrics::loc::tests::javascript_no_zero_blank ... ok
[INFO] [stdout] test metrics::loc::tests::java_switch_lloc ... ok
[INFO] [stdout] test metrics::loc::tests::mozjs_real_loc ... ok
[INFO] [stdout] test metrics::loc::tests::python_sloc ... ok
[INFO] [stdout] test metrics::loc::tests::python_general_loc ... ok
[INFO] [stdout] test metrics::loc::tests::python_no_blank ... ok
[INFO] [stdout] test metrics::loc::tests::python_string_on_new_line ... ok
[INFO] [stdout] test metrics::loc::tests::python_lloc ... ok
[INFO] [stdout] test metrics::loc::tests::rust_blank ... ok
[INFO] [stdout] test metrics::loc::tests::python_no_zero_blank ... ok
[INFO] [stdout] test metrics::loc::tests::python_no_zero_blank_more_comments ... ok
[INFO] [stdout] test metrics::loc::tests::rust_call_function_lloc ... ok
[INFO] [stdout] test metrics::loc::tests::rust_cloc ... ok
[INFO] [stdout] test metrics::loc::tests::rust_function_in_if_lloc ... ok
[INFO] [stdout] test metrics::loc::tests::rust_macro_invocation_lloc ... ok
[INFO] [stdout] test metrics::loc::tests::rust_no_unit_expression_lloc ... ok
[INFO] [stdout] test metrics::loc::tests::rust_lloc ... ok
[INFO] [stdout] test metrics::loc::tests::rust_function_in_return_lloc ... ok
[INFO] [stdout] test metrics::loc::tests::rust_no_parenthesized_expression_lloc ... ok
[INFO] [stdout] test metrics::mi::tests::check_mi_metrics ... ok
[INFO] [stdout] test metrics::loc::tests::rust_closure_expression_lloc ... ok
[INFO] [stdout] test metrics::loc::tests::rust_no_array_expression_lloc ... ok
[INFO] [stdout] test metrics::loc::tests::rust_no_field_expression_lloc ... ok
[INFO] [stdout] test metrics::loc::tests::python_real_loc ... ok
[INFO] [stdout] test metrics::loc::tests::rust_no_tuple_expression_lloc ... ok
[INFO] [stdout] test metrics::loc::tests::rust_function_in_loop_lloc ... ok
[INFO] [stdout] test metrics::nargs::tests::c_single_function ... ok
[INFO] [stdout] test metrics::loc::tests::rust_no_zero_blank ... ok
[INFO] [stdout] test metrics::nargs::tests::cpp_no_functions_and_closures ... ok
[INFO] [stdout] test metrics::nargs::tests::cpp_single_lambda ... ok
[INFO] [stdout] test metrics::nargs::tests::python_no_functions_and_closures ... ok
[INFO] [stdout] test metrics::nargs::tests::javascript_no_functions_and_closures ... ok
[INFO] [stdout] test metrics::nargs::tests::python_single_lambda ... ok
[INFO] [stdout] test metrics::nargs::tests::rust_no_functions_and_closures ... ok
[INFO] [stdout] test metrics::nargs::tests::python_nested_functions ... ok
[INFO] [stdout] test metrics::nargs::tests::rust_single_function ... ok
[INFO] [stdout] test metrics::nargs::tests::rust_single_closure ... ok
[INFO] [stdout] test metrics::nargs::tests::javascript_functions ... ok
[INFO] [stdout] test metrics::nargs::tests::javascript_nested_functions ... ok
[INFO] [stdout] test metrics::nargs::tests::javascript_single_closure ... ok
[INFO] [stdout] test metrics::nargs::tests::python_single_function ... ok
[INFO] [stdout] test metrics::nom::tests::c_nom ... ok
[INFO] [stdout] test metrics::nargs::tests::javascript_single_function ... ok
[INFO] [stdout] test metrics::nargs::tests::python_functions ... ok
[INFO] [stdout] test metrics::nargs::tests::cpp_nested_functions ... ok
[INFO] [stdout] test metrics::nargs::tests::c_functions ... ok
[INFO] [stdout] test metrics::nargs::tests::rust_nested_functions ... ok
[INFO] [stdout] test metrics::nom::tests::javascript_arrow_assignment_nom ... ok
[INFO] [stdout] test metrics::nom::tests::javascript_arrow_nom ... ok
[INFO] [stdout] test metrics::nom::tests::javascript_assignment_nom ... ok
[INFO] [stdout] test metrics::nom::tests::java_nom ... ok
[INFO] [stdout] test metrics::nom::tests::javascript_labeled_arrow_nom ... ok
[INFO] [stdout] test metrics::nom::tests::javascript_labeled_nom ... ok
[INFO] [stdout] test metrics::nom::tests::javascript_arrow_call_nom ... ok
[INFO] [stdout] test metrics::nom::tests::javascript_arrow_new_nom ... ok
[INFO] [stdout] test metrics::nargs::tests::rust_functions ... ok
[INFO] [stdout] test metrics::nom::tests::python_nom ... ok
[INFO] [stdout] test metrics::nom::tests::javascript_unnamed_nom ... ok
[INFO] [stdout] test metrics::nom::tests::javascript_call_nom ... ok
[INFO] [stdout] test metrics::nom::tests::javascript_pair_nom ... ok
[INFO] [stdout] test metrics::nom::tests::rust_nom ... ok
[INFO] [stdout] test metrics::nom::tests::java_closure_nom ... ok
[INFO] [stdout] test metrics::nom::tests::javascript_nom ... ok
[INFO] [stdout] test metrics::nom::tests::cpp_nom ... ok
[INFO] [stdout] test metrics::npa::tests::java_interface ... ok
[INFO] [stdout] test metrics::npa::tests::java_nested_inner_classes ... ok
[INFO] [stdout] test metrics::npa::tests::java_classes ... ok
[INFO] [stdout] test metrics::npa::tests::java_anonymous_inner_classes ... ok
[INFO] [stdout] test metrics::npa::tests::java_local_inner_classes ... ok
[INFO] [stdout] test metrics::npm::tests::java_interface ... ok
[INFO] [stdout] test metrics::npm::tests::java_classes ... ok
[INFO] [stdout] test metrics::npa::tests::java_attribute_modifiers ... ok
[INFO] [stdout] test metrics::npm::tests::java_constructors ... ok
[INFO] [stdout] test metrics::npm::tests::java_anonymous_inner_classes ... ok
[INFO] [stdout] test metrics::npa::tests::java_generic_attributes ... ok
[INFO] [stdout] test metrics::npm::tests::java_local_inner_classes ... ok
[INFO] [stdout] test metrics::npa::tests::java_multiple_attributes ... ok
[INFO] [stdout] test metrics::npa::tests::java_single_attributes ... ok
[INFO] [stdout] test metrics::npm::tests::java_interfaces_and_class ... ok
[INFO] [stdout] test metrics::npm::tests::java_nested_inner_classes ... ok
[INFO] [stdout] test metrics::npa::tests::java_object_attributes ... ok
[INFO] [stdout] test metrics::npa::tests::java_initialized_attributes ... ok
[INFO] [stdout] test metrics::npm::tests::java_method_modifiers ... ok
[INFO] [stdout] test metrics::npa::tests::java_array_attributes ... ok
[INFO] [stdout] test metrics::wmc::tests::java_class_in_interface ... ok
[INFO] [stdout] test metrics::wmc::tests::java_anonymous_inner_class ... ok
[INFO] [stdout] test metrics::npm::tests::java_methods_returning_objects ... ok
[INFO] [stdout] test metrics::wmc::tests::java_interface_in_class ... ok
[INFO] [stdout] test metrics::wmc::tests::java_nested_inner_interfaces ... ok
[INFO] [stdout] test metrics::npm::tests::java_methods_returning_arrays ... ok
[INFO] [stdout] test metrics::wmc::tests::java_lambda_expression ... ok
[INFO] [stdout] test metrics::npm::tests::java_methods_returning_primitive_types ... ok
[INFO] [stdout] test metrics::wmc::tests::java_multiple_classes ... ok
[INFO] [stdout] test metrics::wmc::tests::java_multiple_interfaces ... ok
[INFO] [stdout] test metrics::npm::tests::java_methods_with_generic_types ... ok
[INFO] [stdout] test metrics::wmc::tests::java_static_nested_class ... ok
[INFO] [stdout] test metrics::wmc::tests::java_local_inner_class ... ok
[INFO] [stdout] test metrics::wmc::tests::java_single_interface ... ok
[INFO] [stdout] test ops::tests::javascript_function_ops ... ok
[INFO] [stdout] test ops::tests::cpp_ops ... ok
[INFO] [stdout] test ops::tests::javascript_ops ... ok
[INFO] [stdout] test ops::tests::mozjs_function_ops ... ok
[INFO] [stdout] test ops::tests::cpp_function_ops ... ok
[INFO] [stdout] test ops::tests::python_ops ... ok
[INFO] [stdout] test ops::tests::python_function_ops ... ok
[INFO] [stdout] test ops::tests::mozjs_ops ... ok
[INFO] [stdout] test ops::tests::rust_ops ... ok
[INFO] [stdout] test metrics::wmc::tests::java_nested_anonymous_inner_classes ... ok
[INFO] [stdout] test ops::tests::rust_function_ops ... ok
[INFO] [stdout] test ops::tests::tsx_function_ops ... ok
[INFO] [stdout] test ops::tests::tsx_ops ... ok
[INFO] [stdout] test ops::tests::typescript_ops ... ok
[INFO] [stdout] test ops::tests::typescript_function_ops ... ok
[INFO] [stdout] test metrics::wmc::tests::java_nested_inner_classes ... ok
[INFO] [stdout] test metrics::wmc::tests::java_single_class ... ok
[INFO] [stdout] test tools::tests::test_read ... ok
[INFO] [stdout] test tools::tests::test_guess_language ... ok
[INFO] [stdout] 
[INFO] [stdout] test result: ok. 242 passed; 0 failed; 0 ignored; 0 measured; 0 filtered out; finished in 0.06s
[INFO] [stdout] 
[INFO] [stderr]      Running unittests src/main.rs (/opt/rustwide/target/debug/deps/soroban_analyzer-7918695997e625b4)
[INFO] [stdout] 
[INFO] [stdout] running 0 tests
[INFO] [stdout] 
[INFO] [stdout] test result: ok. 0 passed; 0 failed; 0 ignored; 0 measured; 0 filtered out; finished in 0.00s
[INFO] [stdout] 
[INFO] [stderr]      Running unittests bindings/rust/lib.rs (/opt/rustwide/target/debug/deps/tree_sitter_ccomment-571658d6d2a209d3)
[INFO] [stdout] 
[INFO] [stdout] running 1 test
[INFO] [stdout] test tests::can_load_grammar ... ok
[INFO] [stdout] 
[INFO] [stdout] test result: ok. 1 passed; 0 failed; 0 ignored; 0 measured; 0 filtered out; finished in 0.00s
[INFO] [stdout] 
[INFO] [stderr]      Running unittests bindings/rust/lib.rs (/opt/rustwide/target/debug/deps/tree_sitter_mozcpp-bc91b0a630ee34f7)
[INFO] [stdout] 
[INFO] [stdout] running 1 test
[INFO] [stdout] test tests::can_load_grammar ... ok
[INFO] [stdout] 
[INFO] [stdout] test result: ok. 1 passed; 0 failed; 0 ignored; 0 measured; 0 filtered out; finished in 0.00s
[INFO] [stdout] 
[INFO] [stderr]      Running unittests bindings/rust/lib.rs (/opt/rustwide/target/debug/deps/tree_sitter_mozjs-f712c644ddf76cff)
[INFO] [stdout] 
[INFO] [stdout] running 1 test
[INFO] [stdout] test tests::can_load_grammar ... ok
[INFO] [stdout] 
[INFO] [stdout] test result: ok. 1 passed; 0 failed; 0 ignored; 0 measured; 0 filtered out; finished in 0.00s
[INFO] [stdout] 
[INFO] [stderr]      Running unittests bindings/rust/lib.rs (/opt/rustwide/target/debug/deps/tree_sitter_preproc-30d8db67ed32c275)
[INFO] [stdout] 
[INFO] [stdout] running 1 test
[INFO] [stdout] test tests::can_load_grammar ... ok
[INFO] [stdout] 
[INFO] [stdout] test result: ok. 1 passed; 0 failed; 0 ignored; 0 measured; 0 filtered out; finished in 0.00s
[INFO] [stdout] 
[INFO] [stderr]    Doc-tests rust-code-analysis
[INFO] [stdout] 
[INFO] [stdout] running 16 tests
[INFO] [stdout] test analysis/src/tools.rs - tools::write_file (line 93) - compile ... ok
[INFO] [stdout] test analysis/src/langs.rs - langs::get_function_spaces (line 12) ... FAILED
[INFO] [stdout] test analysis/src/langs.rs - langs::action (line 16) ... FAILED
[INFO] [stdout] test analysis/src/tools.rs - tools::guess_language (line 176) ... FAILED
[INFO] [stdout] test analysis/src/tools.rs - tools::get_language_for_file (line 114) ... ok
[INFO] [stdout] test analysis/src/output/dump_ops.rs - output::dump_ops::dump_ops (line 12) ... ok
[INFO] [stdout] test analysis/src/langs.rs - langs::get_from_emacs_mode (line 15) ... ok
[INFO] [stdout] test analysis/src/langs.rs - langs::LANG::get_name (line 12) ... ok
[INFO] [stdout] test analysis/src/ops.rs - ops::operands_and_operators (line 145) ... ok
[INFO] [stdout] test analysis/src/tools.rs - tools::read_file_with_eol (line 39) ... ok
[INFO] [stdout] test analysis/src/langs.rs - langs::get_from_ext (line 12) ... ok
[INFO] [stdout] test analysis/src/tools.rs - tools::read_file (line 17) ... ok
[INFO] [stdout] test analysis/src/output/dump_metrics.rs - output::dump_metrics::dump_root (line 25) ... ok
[INFO] [stdout] test analysis/src/spaces.rs - spaces::metrics (line 274) ... ok
[INFO] [stdout] test analysis/src/output/dump.rs - output::dump::dump_node (line 14) ... ok
[INFO] [stdout] test analysis/src/langs.rs - langs::get_ops (line 12) ... ok
[INFO] [stdout] 
[INFO] [stdout] failures:
[INFO] [stdout] 
[INFO] [stdout] ---- analysis/src/langs.rs - langs::get_function_spaces (line 12) stdout ----
[INFO] [stdout] Couldn't compile the test.
[INFO] [stdout] ---- analysis/src/langs.rs - langs::action (line 16) stdout ----
[INFO] [stdout] Couldn't compile the test.
[INFO] [stdout] ---- analysis/src/tools.rs - tools::guess_language (line 176) stdout ----
[INFO] [stdout] error: linking with `cc` failed: exit status: 1
[INFO] [stdout]   |
[INFO] [stdout]   = note: LC_ALL="C" PATH="/opt/rustwide/rustup-home/toolchains/beta-2023-12-22-x86_64-unknown-linux-gnu/lib/rustlib/x86_64-unknown-linux-gnu/bin:/opt/rustwide/cargo-home/bin:/usr/local/sbin:/usr/local/bin:/usr/sbin:/usr/bin:/sbin:/bin" VSLANG="1033" "cc" "-m64" "/tmp/rustc0vKEVW/symbols.o" "/tmp/rustdoctestjKmc5B/rust_out.rust_out.1380c8ea7c88b8e2-cgu.0.rcgu.o" "/tmp/rustdoctestjKmc5B/rust_out.3lr6z6385pynyhem.rcgu.o" "-Wl,--as-needed" "-L" "/opt/rustwide/target/debug/deps" "-L" "/opt/rustwide/target/debug/deps" "-L" "/opt/rustwide/target/debug/build/tree-sitter-ccomment-6166048c677f42d1/out" "-L" "/opt/rustwide/target/debug/build/tree-sitter-cpp-a4dd6f1cba6e693e/out" "-L" "/opt/rustwide/target/debug/build/tree-sitter-e7175fef739b82b1/out" "-L" "/opt/rustwide/target/debug/build/tree-sitter-java-46bcc73d36897f26/out" "-L" "/opt/rustwide/target/debug/build/tree-sitter-javascript-30e0d841096f51b3/out" "-L" "/opt/rustwide/target/debug/build/tree-sitter-mozcpp-01d27dff2e3b2e26/out" "-L" "/opt/rustwide/target/debug/build/tree-sitter-mozjs-3f75fb34901a5570/out" "-L" "/opt/rustwide/target/debug/build/tree-sitter-preproc-0601d5e27eaaea87/out" "-L" "/opt/rustwide/target/debug/build/tree-sitter-python-ebf7b7a90cf88885/out" "-L" "/opt/rustwide/target/debug/build/tree-sitter-rust-13be2a2bf7b99cde/out" "-L" "/opt/rustwide/target/debug/build/tree-sitter-typescript-2b4fa8193e67f66e/out" "-L" "/opt/rustwide/rustup-home/toolchains/beta-2023-12-22-x86_64-unknown-linux-gnu/lib/rustlib/x86_64-unknown-linux-gnu/lib" "-Wl,-Bstatic" "/opt/rustwide/target/debug/deps/librust_code_analysis-261127ca2ef0a1f2.rlib" "/opt/rustwide/target/debug/deps/libtree_sitter_preproc-b227e4c18a166848.rlib" "/opt/rustwide/target/debug/deps/libtree_sitter_ccomment-615d3be58b9bf390.rlib" "/opt/rustwide/target/debug/deps/libtree_sitter_typescript-5f4d11fe4ac6ddec.rlib" "/opt/rustwide/target/debug/deps/libtree_sitter_python-a8675b09184d2467.rlib" "/opt/rustwide/target/debug/deps/libtree_sitter_mozcpp-5f5354dd2df448c0.rlib" "/opt/rustwide/target/debug/deps/libtree_sitter_rust-5d3f4ab91fdffda1.rlib" "/opt/rustwide/target/debug/deps/libtree_sitter_java-1e4023a6dde5af14.rlib" "/opt/rustwide/target/debug/deps/libtree_sitter_javascript-5860c59eb8c59f56.rlib" "/opt/rustwide/target/debug/deps/libtree_sitter_mozjs-07aca902625b148d.rlib" "/opt/rustwide/target/debug/deps/libnum-6f5b9bb09367363c.rlib" "/opt/rustwide/target/debug/deps/libnum_iter-690bee54e7f69e5c.rlib" "/opt/rustwide/target/debug/deps/libnum_rational-cbd8cf537639a446.rlib" "/opt/rustwide/target/debug/deps/libnum_complex-dc15c1b1179d594b.rlib" "/opt/rustwide/target/debug/deps/libnum_bigint-9fe19a965d62dbe6.rlib" "/opt/rustwide/target/debug/deps/libnum_integer-991285890de7eeec.rlib" "/opt/rustwide/target/debug/deps/libnum_traits-e8834603c0747d08.rlib" "/opt/rustwide/target/debug/deps/libwalkdir-f0b67fbf628bcd90.rlib" "/opt/rustwide/target/debug/deps/libsame_file-5e62a1af5be346fb.rlib" "/opt/rustwide/target/debug/deps/libglobset-31bf896b7d606db0.rlib" "/opt/rustwide/target/debug/deps/libfnv-953831fe314029b4.rlib" "/opt/rustwide/target/debug/deps/liblog-c50132996933641a.rlib" "/opt/rustwide/target/debug/deps/libbstr-96c0e747fa90a5c1.rlib" "/opt/rustwide/target/debug/deps/libcrossbeam-e0f5a43bd6b252da.rlib" "/opt/rustwide/target/debug/deps/libcrossbeam_channel-a7141c60135f13f6.rlib" "/opt/rustwide/target/debug/deps/libcrossbeam_deque-33774da85f80b0a1.rlib" "/opt/rustwide/target/debug/deps/libcrossbeam_queue-17f48615bc0c53b8.rlib" "/opt/rustwide/target/debug/deps/libcrossbeam_epoch-55781f63660d9008.rlib" "/opt/rustwide/target/debug/deps/libmemoffset-df5843969cc9c3a9.rlib" "/opt/rustwide/target/debug/deps/libscopeguard-31f1b56a39f2a372.rlib" "/opt/rustwide/target/debug/deps/libcrossbeam_utils-73a7297533da78d2.rlib" "/opt/rustwide/target/debug/deps/libcfg_if-e7002d307f97bc56.rlib" "/opt/rustwide/target/debug/deps/libpetgraph-64566e7a788e63b4.rlib" "/opt/rustwide/target/debug/deps/libindexmap-1e959d246920a7d3.rlib" "/opt/rustwide/target/debug/deps/libhashbrown-e273ba0f8cdcbe5b.rlib" "/opt/rustwide/target/debug/deps/libfixedbitset-1e18bec89b8fbe9c.rlib" "/opt/rustwide/target/debug/deps/libtermcolor-fe47d483106080c8.rlib" "/opt/rustwide/target/debug/deps/liblazy_static-efa3519517df6cf0.rlib" "/opt/rustwide/target/debug/deps/libfxhash-50ec1e7e2db7710c.rlib" "/opt/rustwide/target/debug/deps/libbyteorder-0ef92d8cf14cf0b1.rlib" "/opt/rustwide/target/debug/deps/libserde-8239af9eda9adc7a.rlib" "/opt/rustwide/target/debug/deps/libtree_sitter-733d331304d08acc.rlib" "/opt/rustwide/target/debug/deps/libregex-aa61df085060da23.rlib" "/opt/rustwide/target/debug/deps/libaho_corasick-13dc14dca1895e31.rlib" "/opt/rustwide/target/debug/deps/libmemchr-33d05ae5bba76030.rlib" "/opt/rustwide/target/debug/deps/libregex_syntax-ffa6382ce54a3f92.rlib" "/opt/rustwide/target/debug/deps/libnum_format-53cf28273ae31092.rlib" "/opt/rustwide/target/debug/deps/libitoa-0907925ccea3b058.rlib" "/opt/rustwide/target/debug/deps/libarrayvec-f483bd2e3fc44b0d.rlib" "/opt/rustwide/rustup-home/toolchains/beta-2023-12-22-x86_64-unknown-linux-gnu/lib/rustlib/x86_64-unknown-linux-gnu/lib/libstd-0672489a78b613de.rlib" "/opt/rustwide/rustup-home/toolchains/beta-2023-12-22-x86_64-unknown-linux-gnu/lib/rustlib/x86_64-unknown-linux-gnu/lib/libpanic_unwind-7eb3ffc34a49f675.rlib" "/opt/rustwide/rustup-home/toolchains/beta-2023-12-22-x86_64-unknown-linux-gnu/lib/rustlib/x86_64-unknown-linux-gnu/lib/libobject-6478a9daa4bee8e2.rlib" "/opt/rustwide/rustup-home/toolchains/beta-2023-12-22-x86_64-unknown-linux-gnu/lib/rustlib/x86_64-unknown-linux-gnu/lib/libmemchr-0c75d871a5c3923d.rlib" "/opt/rustwide/rustup-home/toolchains/beta-2023-12-22-x86_64-unknown-linux-gnu/lib/rustlib/x86_64-unknown-linux-gnu/lib/libaddr2line-d163ef63ad37bb71.rlib" "/opt/rustwide/rustup-home/toolchains/beta-2023-12-22-x86_64-unknown-linux-gnu/lib/rustlib/x86_64-unknown-linux-gnu/lib/libgimli-8a3fd810a85b9f4c.rlib" "/opt/rustwide/rustup-home/toolchains/beta-2023-12-22-x86_64-unknown-linux-gnu/lib/rustlib/x86_64-unknown-linux-gnu/lib/librustc_demangle-462a2cde8c5dfc10.rlib" "/opt/rustwide/rustup-home/toolchains/beta-2023-12-22-x86_64-unknown-linux-gnu/lib/rustlib/x86_64-unknown-linux-gnu/lib/libstd_detect-cb06ac9f54713f71.rlib" "/opt/rustwide/rustup-home/toolchains/beta-2023-12-22-x86_64-unknown-linux-gnu/lib/rustlib/x86_64-unknown-linux-gnu/lib/libhashbrown-f20bfd1f8e59b393.rlib" "/opt/rustwide/rustup-home/toolchains/beta-2023-12-22-x86_64-unknown-linux-gnu/lib/rustlib/x86_64-unknown-linux-gnu/lib/librustc_std_workspace_alloc-1ef460949b49da4b.rlib" "/opt/rustwide/rustup-home/toolchains/beta-2023-12-22-x86_64-unknown-linux-gnu/lib/rustlib/x86_64-unknown-linux-gnu/lib/libminiz_oxide-2cb0c0ffe4f87514.rlib" "/opt/rustwide/rustup-home/toolchains/beta-2023-12-22-x86_64-unknown-linux-gnu/lib/rustlib/x86_64-unknown-linux-gnu/lib/libadler-58d841eb322a11a2.rlib" "/opt/rustwide/rustup-home/toolchains/beta-2023-12-22-x86_64-unknown-linux-gnu/lib/rustlib/x86_64-unknown-linux-gnu/lib/libunwind-aa2ae0b0a9d11533.rlib" "/opt/rustwide/rustup-home/toolchains/beta-2023-12-22-x86_64-unknown-linux-gnu/lib/rustlib/x86_64-unknown-linux-gnu/lib/libcfg_if-23874e15830ed336.rlib" "/opt/rustwide/rustup-home/toolchains/beta-2023-12-22-x86_64-unknown-linux-gnu/lib/rustlib/x86_64-unknown-linux-gnu/lib/liblibc-e47cddc003bce885.rlib" "/opt/rustwide/rustup-home/toolchains/beta-2023-12-22-x86_64-unknown-linux-gnu/lib/rustlib/x86_64-unknown-linux-gnu/lib/liballoc-c22b13b48a8f128e.rlib" "/opt/rustwide/rustup-home/toolchains/beta-2023-12-22-x86_64-unknown-linux-gnu/lib/rustlib/x86_64-unknown-linux-gnu/lib/librustc_std_workspace_core-e46bc3da6d7c462f.rlib" "/opt/rustwide/rustup-home/toolchains/beta-2023-12-22-x86_64-unknown-linux-gnu/lib/rustlib/x86_64-unknown-linux-gnu/lib/libcore-8d1ac131d3cb2645.rlib" "/opt/rustwide/rustup-home/toolchains/beta-2023-12-22-x86_64-unknown-linux-gnu/lib/rustlib/x86_64-unknown-linux-gnu/lib/libcompiler_builtins-a1b43df8c6899c1f.rlib" "-Wl,-Bdynamic" "-lstdc++" "-lstdc++" "-lstdc++" "-lstdc++" "-lgcc_s" "-lutil" "-lrt" "-lpthread" "-lm" "-ldl" "-lc" "-Wl,--eh-frame-hdr" "-Wl,-z,noexecstack" "-L" "/opt/rustwide/rustup-home/toolchains/beta-2023-12-22-x86_64-unknown-linux-gnu/lib/rustlib/x86_64-unknown-linux-gnu/lib" "-o" "/tmp/rustdoctestjKmc5B/rust_out" "-Wl,--gc-sections" "-pie" "-Wl,-z,relro,-z,now" "-nodefaultlibs"
[INFO] [stdout]   = note: collect2: fatal error: ld terminated with signal 9 [Killed]
[INFO] [stdout]           compilation terminated.
[INFO] [stdout]           
[INFO] [stdout] 
[INFO] [stdout] error: aborting due to 1 previous error
[INFO] [stdout] 
[INFO] [stdout] Couldn't compile the test.
[INFO] [stdout] 
[INFO] [stdout] failures:
[INFO] [stdout]     analysis/src/langs.rs - langs::action (line 16)
[INFO] [stdout]     analysis/src/langs.rs - langs::get_function_spaces (line 12)
[INFO] [stdout]     analysis/src/tools.rs - tools::guess_language (line 176)
[INFO] [stdout] 
[INFO] [stdout] test result: FAILED. 13 passed; 3 failed; 0 ignored; 0 measured; 0 filtered out; finished in 1.85s
[INFO] [stdout] 
[INFO] [stderr] error: doctest failed, to rerun pass `-p rust-code-analysis --doc`
[INFO] running `Command { std: "docker" "inspect" "8c12b232057231b0787e5bef5d6b767224195a67116926145907b4b68a9a0056", kill_on_drop: false }`
[INFO] running `Command { std: "docker" "rm" "-f" "8c12b232057231b0787e5bef5d6b767224195a67116926145907b4b68a9a0056", kill_on_drop: false }`
[INFO] [stdout] 8c12b232057231b0787e5bef5d6b767224195a67116926145907b4b68a9a0056
