[INFO] cloning repository https://github.com/xukgo/simd_slice_search
[INFO] running `Command { std: "git" "-c" "credential.helper=" "-c" "credential.helper=/workspace/cargo-home/bin/git-credential-null" "clone" "--bare" "https://github.com/xukgo/simd_slice_search" "/workspace/cache/git-repos/https%3A%2F%2Fgithub.com%2Fxukgo%2Fsimd_slice_search", kill_on_drop: false }`
[INFO] [stderr] Cloning into bare repository '/workspace/cache/git-repos/https%3A%2F%2Fgithub.com%2Fxukgo%2Fsimd_slice_search'...
[INFO] running `Command { std: "git" "rev-parse" "HEAD", kill_on_drop: false }`
[INFO] [stdout] b4553c5945f93eb64dda643e6815fede6c2c7d80
[INFO] testing xukgo/simd_slice_search against 1.75.0 for beta-1.76-1
[INFO] running `Command { std: "git" "clone" "/workspace/cache/git-repos/https%3A%2F%2Fgithub.com%2Fxukgo%2Fsimd_slice_search" "/workspace/builds/worker-3-tc1/source", kill_on_drop: false }`
[INFO] [stderr] Cloning into '/workspace/builds/worker-3-tc1/source'...
[INFO] [stderr] done.
[INFO] validating manifest of git repo https://github.com/xukgo/simd_slice_search on toolchain 1.75.0
[INFO] running `Command { std: CARGO_HOME="/workspace/cargo-home" RUSTUP_HOME="/workspace/rustup-home" "/workspace/cargo-home/bin/cargo" "+1.75.0" "metadata" "--manifest-path" "Cargo.toml" "--no-deps", kill_on_drop: false }`
[INFO] started tweaking git repo https://github.com/xukgo/simd_slice_search
[INFO] finished tweaking git repo https://github.com/xukgo/simd_slice_search
[INFO] tweaked toml for git repo https://github.com/xukgo/simd_slice_search written to /workspace/builds/worker-3-tc1/source/Cargo.toml
[INFO] crate git repo https://github.com/xukgo/simd_slice_search already has a lockfile, it will not be regenerated
[INFO] running `Command { std: CARGO_HOME="/workspace/cargo-home" RUSTUP_HOME="/workspace/rustup-home" "/workspace/cargo-home/bin/cargo" "+1.75.0" "fetch" "--manifest-path" "Cargo.toml", kill_on_drop: false }`
[INFO] [stderr]  Downloading crates ...
[INFO] [stderr]   Downloaded seq-macro v0.2.2
[INFO] running `Command { std: "docker" "create" "-v" "/var/lib/crater-agent-workspace/builds/worker-3-tc1/target:/opt/rustwide/target:rw,Z" "-v" "/var/lib/crater-agent-workspace/builds/worker-3-tc1/source:/opt/rustwide/workdir:ro,Z" "-v" "/var/lib/crater-agent-workspace/cargo-home:/opt/rustwide/cargo-home:ro,Z" "-v" "/var/lib/crater-agent-workspace/rustup-home:/opt/rustwide/rustup-home:ro,Z" "-e" "SOURCE_DIR=/opt/rustwide/workdir" "-e" "CARGO_TARGET_DIR=/opt/rustwide/target" "-e" "CARGO_HOME=/opt/rustwide/cargo-home" "-e" "RUSTUP_HOME=/opt/rustwide/rustup-home" "-w" "/opt/rustwide/workdir" "-m" "1610612736" "--user" "0:0" "--network" "none" "ghcr.io/rust-lang/crates-build-env/linux@sha256:2788e3201cd34a07e3172128adcd8b3090168a8e3bcc40d7c032b9dda1df7d1c" "/opt/rustwide/cargo-home/bin/cargo" "+1.75.0" "metadata" "--no-deps" "--format-version=1", kill_on_drop: false }`
[INFO] [stdout] 52aea03e06f474eab8b7aea8e4a63ebcdb4ec0d7341a1ac51554e30b0fd81ac8
[INFO] running `Command { std: "docker" "start" "-a" "52aea03e06f474eab8b7aea8e4a63ebcdb4ec0d7341a1ac51554e30b0fd81ac8", kill_on_drop: false }`
[INFO] running `Command { std: "docker" "inspect" "52aea03e06f474eab8b7aea8e4a63ebcdb4ec0d7341a1ac51554e30b0fd81ac8", kill_on_drop: false }`
[INFO] running `Command { std: "docker" "rm" "-f" "52aea03e06f474eab8b7aea8e4a63ebcdb4ec0d7341a1ac51554e30b0fd81ac8", kill_on_drop: false }`
[INFO] [stdout] 52aea03e06f474eab8b7aea8e4a63ebcdb4ec0d7341a1ac51554e30b0fd81ac8
[INFO] running `Command { std: "docker" "create" "-v" "/var/lib/crater-agent-workspace/builds/worker-3-tc1/target:/opt/rustwide/target:rw,Z" "-v" "/var/lib/crater-agent-workspace/builds/worker-3-tc1/source:/opt/rustwide/workdir:ro,Z" "-v" "/var/lib/crater-agent-workspace/cargo-home:/opt/rustwide/cargo-home:ro,Z" "-v" "/var/lib/crater-agent-workspace/rustup-home:/opt/rustwide/rustup-home:ro,Z" "-e" "SOURCE_DIR=/opt/rustwide/workdir" "-e" "CARGO_TARGET_DIR=/opt/rustwide/target" "-e" "CARGO_INCREMENTAL=0" "-e" "RUST_BACKTRACE=full" "-e" "RUSTFLAGS=--cap-lints=warn" "-e" "RUSTDOCFLAGS=--cap-lints=warn" "-e" "CARGO_HOME=/opt/rustwide/cargo-home" "-e" "RUSTUP_HOME=/opt/rustwide/rustup-home" "-w" "/opt/rustwide/workdir" "-m" "1610612736" "--user" "0:0" "--network" "none" "ghcr.io/rust-lang/crates-build-env/linux@sha256:2788e3201cd34a07e3172128adcd8b3090168a8e3bcc40d7c032b9dda1df7d1c" "/opt/rustwide/cargo-home/bin/cargo" "+1.75.0" "build" "--frozen" "--message-format=json", kill_on_drop: false }`
[INFO] [stdout] 4a3d6b89137c3fba042759d2325e9fc15aeff16e0dab36519d3786019067d3d3
[INFO] running `Command { std: "docker" "start" "-a" "4a3d6b89137c3fba042759d2325e9fc15aeff16e0dab36519d3786019067d3d3", kill_on_drop: false }`
[INFO] [stderr]    Compiling proc-macro2 v1.0.57
[INFO] [stderr]    Compiling quote v1.0.27
[INFO] [stderr]    Compiling unicode-ident v1.0.8
[INFO] [stderr]    Compiling syn v1.0.109
[INFO] [stderr]    Compiling memchr v2.5.0
[INFO] [stderr]    Compiling seq-macro v0.2.2
[INFO] [stderr]    Compiling multiversion-macros v0.6.1
[INFO] [stderr]    Compiling multiversion v0.6.1
[INFO] [stderr]    Compiling simd_slice_search v0.1.0 (/opt/rustwide/workdir)
[INFO] [stderr]     Finished dev [unoptimized + debuginfo] target(s) in 3.97s
[INFO] running `Command { std: "docker" "inspect" "4a3d6b89137c3fba042759d2325e9fc15aeff16e0dab36519d3786019067d3d3", kill_on_drop: false }`
[INFO] running `Command { std: "docker" "rm" "-f" "4a3d6b89137c3fba042759d2325e9fc15aeff16e0dab36519d3786019067d3d3", kill_on_drop: false }`
[INFO] [stdout] 4a3d6b89137c3fba042759d2325e9fc15aeff16e0dab36519d3786019067d3d3
[INFO] running `Command { std: "docker" "create" "-v" "/var/lib/crater-agent-workspace/builds/worker-3-tc1/target:/opt/rustwide/target:rw,Z" "-v" "/var/lib/crater-agent-workspace/builds/worker-3-tc1/source:/opt/rustwide/workdir:ro,Z" "-v" "/var/lib/crater-agent-workspace/cargo-home:/opt/rustwide/cargo-home:ro,Z" "-v" "/var/lib/crater-agent-workspace/rustup-home:/opt/rustwide/rustup-home:ro,Z" "-e" "SOURCE_DIR=/opt/rustwide/workdir" "-e" "CARGO_TARGET_DIR=/opt/rustwide/target" "-e" "CARGO_INCREMENTAL=0" "-e" "RUST_BACKTRACE=full" "-e" "RUSTFLAGS=--cap-lints=warn" "-e" "RUSTDOCFLAGS=--cap-lints=warn" "-e" "CARGO_HOME=/opt/rustwide/cargo-home" "-e" "RUSTUP_HOME=/opt/rustwide/rustup-home" "-w" "/opt/rustwide/workdir" "-m" "1610612736" "--user" "0:0" "--network" "none" "ghcr.io/rust-lang/crates-build-env/linux@sha256:2788e3201cd34a07e3172128adcd8b3090168a8e3bcc40d7c032b9dda1df7d1c" "/opt/rustwide/cargo-home/bin/cargo" "+1.75.0" "test" "--frozen" "--no-run" "--message-format=json", kill_on_drop: false }`
[INFO] [stdout] 4774b1b56cc42d7648c9030c863bfafb31a133a5b5d9fed1cb1a288f3f073184
[INFO] running `Command { std: "docker" "start" "-a" "4774b1b56cc42d7648c9030c863bfafb31a133a5b5d9fed1cb1a288f3f073184", kill_on_drop: false }`
[INFO] [stderr]    Compiling simd_slice_search v0.1.0 (/opt/rustwide/workdir)
[INFO] [stderr]     Finished test [unoptimized + debuginfo] target(s) in 0.72s
[INFO] running `Command { std: "docker" "inspect" "4774b1b56cc42d7648c9030c863bfafb31a133a5b5d9fed1cb1a288f3f073184", kill_on_drop: false }`
[INFO] running `Command { std: "docker" "rm" "-f" "4774b1b56cc42d7648c9030c863bfafb31a133a5b5d9fed1cb1a288f3f073184", kill_on_drop: false }`
[INFO] [stdout] 4774b1b56cc42d7648c9030c863bfafb31a133a5b5d9fed1cb1a288f3f073184
[INFO] running `Command { std: "docker" "create" "-v" "/var/lib/crater-agent-workspace/builds/worker-3-tc1/target:/opt/rustwide/target:rw,Z" "-v" "/var/lib/crater-agent-workspace/builds/worker-3-tc1/source:/opt/rustwide/workdir:ro,Z" "-v" "/var/lib/crater-agent-workspace/cargo-home:/opt/rustwide/cargo-home:ro,Z" "-v" "/var/lib/crater-agent-workspace/rustup-home:/opt/rustwide/rustup-home:ro,Z" "-e" "SOURCE_DIR=/opt/rustwide/workdir" "-e" "CARGO_TARGET_DIR=/opt/rustwide/target" "-e" "CARGO_INCREMENTAL=0" "-e" "RUST_BACKTRACE=full" "-e" "RUSTFLAGS=--cap-lints=warn" "-e" "RUSTDOCFLAGS=--cap-lints=warn" "-e" "CARGO_HOME=/opt/rustwide/cargo-home" "-e" "RUSTUP_HOME=/opt/rustwide/rustup-home" "-w" "/opt/rustwide/workdir" "-m" "1610612736" "--user" "0:0" "--network" "none" "ghcr.io/rust-lang/crates-build-env/linux@sha256:2788e3201cd34a07e3172128adcd8b3090168a8e3bcc40d7c032b9dda1df7d1c" "/opt/rustwide/cargo-home/bin/cargo" "+1.75.0" "test" "--frozen", kill_on_drop: false }`
[INFO] [stdout] d292fa932d4cbf037ce117e1eddc8b5c04a67e2b1768fea506e784d2463a665f
[INFO] running `Command { std: "docker" "start" "-a" "d292fa932d4cbf037ce117e1eddc8b5c04a67e2b1768fea506e784d2463a665f", kill_on_drop: false }`
[INFO] [stderr]     Finished test [unoptimized + debuginfo] target(s) in 0.01s
[INFO] [stderr]      Running unittests src/lib.rs (/opt/rustwide/target/debug/deps/simd_slice_search-a4abf76e71aff80e)
[INFO] [stdout] 
[INFO] [stdout] running 26 tests
[INFO] [stdout] test tests::memchr_search_different ... ok
[INFO] [stdout] test tests::memchr_search_middle ... ok
[INFO] [stdout] test tests::memchr_search_prefix ... ok
[INFO] [stdout] test tests::memchr_search_mutiple ... ok
[INFO] [stdout] test tests::memchr_search_same ... ok
[INFO] [stdout] test tests::memchr_search_suffix ... ok
[INFO] [stdout] test tests::needle_array_size ... ok
[INFO] [stdout] test tests::needle_slice_size ... ok
[INFO] [stdout] test x86::tests::avx2_searcher::test_search_different ... ok
[INFO] [stdout] test x86::tests::avx2_searcher::test_search_multiple ... ok
[INFO] [stdout] test x86::tests::avx2_searcher::test_search_middle ... ok
[INFO] [stdout] test x86::tests::avx2_searcher::test_search_prefix ... ok
[INFO] [stdout] test x86::tests::avx2_searcher::test_search_same ... ok
[INFO] [stdout] test x86::tests::avx2_searcher::test_search_suffix ... ok
[INFO] [stdout] test x86::tests::dynamic_avx2_searcher::test_search_multiple ... ok
[INFO] [stdout] test x86::tests::size_of_dynamic_avx2_searcher ... ok
[INFO] [stdout] test x86::tests::dynamic_avx2_searcher::test_search_prefix ... ok
[INFO] [stdout] test x86::tests::dynamic_avx2_searcher::test_search_middle ... ok
[INFO] [stdout] test x86::tests::dynamic_avx2_searcher::test_search_same ... ok
[INFO] [stdout] test x86::tests::size_of_avx2_searcher ... ok
[INFO] [stdout] test x86::tests::dynamic_avx2_searcher::test_search_different ... ok
[INFO] [stdout] test x86::tests::dynamic_avx2_searcher::test_search_suffix ... ok
[INFO] [stdout] test x86::tests::avx2_empty_needle - should panic ... ok
[INFO] [stdout] test x86::tests::avx2_invalid_position - should panic ... ok
[INFO] [stdout] test x86::tests::avx2_invalid_size - should panic ... ok
[INFO] [stdout] test x86::tests::dynamic_avx2_invalid_position - should panic ... ok
[INFO] [stdout] 
[INFO] [stdout] test result: ok. 26 passed; 0 failed; 0 ignored; 0 measured; 0 filtered out; finished in 0.01s
[INFO] [stdout] 
[INFO] [stderr]    Doc-tests simd_slice_search
[INFO] [stdout] 
[INFO] [stdout] running 1 test
[INFO] [stdout] test src/lib.rs - x86 (line 27) ... FAILED
[INFO] [stdout] 
[INFO] [stdout] failures:
[INFO] [stdout] 
[INFO] [stdout] ---- src/lib.rs - x86 (line 27) stdout ----
[INFO] [stdout] error[E0433]: failed to resolve: use of undeclared crate or module `sliceslice`
[INFO] [stdout]  --> src/lib.rs:28:5
[INFO] [stdout]   |
[INFO] [stdout] 3 | use sliceslice::x86::DynamicAvx2Searcher;
[INFO] [stdout]   |     ^^^^^^^^^^ use of undeclared crate or module `sliceslice`
[INFO] [stdout] 
[INFO] [stdout] error: aborting due to previous error
[INFO] [stdout] 
[INFO] [stdout] For more information about this error, try `rustc --explain E0433`.
[INFO] [stdout] Couldn't compile the test.
[INFO] [stdout] 
[INFO] [stdout] failures:
[INFO] [stdout]     src/lib.rs - x86 (line 27)
[INFO] [stdout] 
[INFO] [stdout] test result: FAILED. 0 passed; 1 failed; 0 ignored; 0 measured; 0 filtered out; finished in 0.02s
[INFO] [stdout] 
[INFO] [stderr] error: doctest failed, to rerun pass `--doc`
[INFO] running `Command { std: "docker" "inspect" "d292fa932d4cbf037ce117e1eddc8b5c04a67e2b1768fea506e784d2463a665f", kill_on_drop: false }`
[INFO] running `Command { std: "docker" "rm" "-f" "d292fa932d4cbf037ce117e1eddc8b5c04a67e2b1768fea506e784d2463a665f", kill_on_drop: false }`
[INFO] [stdout] d292fa932d4cbf037ce117e1eddc8b5c04a67e2b1768fea506e784d2463a665f
