[INFO] cloning repository https://github.com/xodix/pug-rust-compiler
[INFO] running `Command { std: "git" "-c" "credential.helper=" "-c" "credential.helper=/workspace/cargo-home/bin/git-credential-null" "clone" "--bare" "https://github.com/xodix/pug-rust-compiler" "/workspace/cache/git-repos/https%3A%2F%2Fgithub.com%2Fxodix%2Fpug-rust-compiler", kill_on_drop: false }`
[INFO] [stderr] Cloning into bare repository '/workspace/cache/git-repos/https%3A%2F%2Fgithub.com%2Fxodix%2Fpug-rust-compiler'...
[INFO] running `Command { std: "git" "rev-parse" "HEAD", kill_on_drop: false }`
[INFO] [stdout] c5980fdfd564fc5a0dd9d27eb1de889247cd754b
[INFO] testing xodix/pug-rust-compiler against 1.75.0 for beta-1.76-1
[INFO] running `Command { std: "git" "clone" "/workspace/cache/git-repos/https%3A%2F%2Fgithub.com%2Fxodix%2Fpug-rust-compiler" "/workspace/builds/worker-5-tc1/source", kill_on_drop: false }`
[INFO] [stderr] Cloning into '/workspace/builds/worker-5-tc1/source'...
[INFO] [stderr] done.
[INFO] validating manifest of git repo https://github.com/xodix/pug-rust-compiler on toolchain 1.75.0
[INFO] running `Command { std: CARGO_HOME="/workspace/cargo-home" RUSTUP_HOME="/workspace/rustup-home" "/workspace/cargo-home/bin/cargo" "+1.75.0" "metadata" "--manifest-path" "Cargo.toml" "--no-deps", kill_on_drop: false }`
[INFO] started tweaking git repo https://github.com/xodix/pug-rust-compiler
[INFO] finished tweaking git repo https://github.com/xodix/pug-rust-compiler
[INFO] tweaked toml for git repo https://github.com/xodix/pug-rust-compiler written to /workspace/builds/worker-5-tc1/source/Cargo.toml
[INFO] crate git repo https://github.com/xodix/pug-rust-compiler already has a lockfile, it will not be regenerated
[INFO] running `Command { std: CARGO_HOME="/workspace/cargo-home" RUSTUP_HOME="/workspace/rustup-home" "/workspace/cargo-home/bin/cargo" "+1.75.0" "fetch" "--manifest-path" "Cargo.toml", kill_on_drop: false }`
[INFO] [stderr] warning: virtual workspace defaulting to `resolver = "1"` despite one or more workspace members being on edition 2021 which implies `resolver = "2"`
[INFO] [stderr] note: to keep the current resolver, specify `workspace.resolver = "1"` in the workspace root's manifest
[INFO] [stderr] note: to use the edition 2021 resolver, specify `workspace.resolver = "2"` in the workspace root's manifest
[INFO] [stderr] note: for more details see https://doc.rust-lang.org/cargo/reference/resolver.html#resolver-versions
[INFO] running `Command { std: "docker" "create" "-v" "/var/lib/crater-agent-workspace/builds/worker-5-tc1/target:/opt/rustwide/target:rw,Z" "-v" "/var/lib/crater-agent-workspace/builds/worker-5-tc1/source:/opt/rustwide/workdir:ro,Z" "-v" "/var/lib/crater-agent-workspace/cargo-home:/opt/rustwide/cargo-home:ro,Z" "-v" "/var/lib/crater-agent-workspace/rustup-home:/opt/rustwide/rustup-home:ro,Z" "-e" "SOURCE_DIR=/opt/rustwide/workdir" "-e" "CARGO_TARGET_DIR=/opt/rustwide/target" "-e" "CARGO_HOME=/opt/rustwide/cargo-home" "-e" "RUSTUP_HOME=/opt/rustwide/rustup-home" "-w" "/opt/rustwide/workdir" "-m" "1610612736" "--user" "0:0" "--network" "none" "ghcr.io/rust-lang/crates-build-env/linux@sha256:2788e3201cd34a07e3172128adcd8b3090168a8e3bcc40d7c032b9dda1df7d1c" "/opt/rustwide/cargo-home/bin/cargo" "+1.75.0" "metadata" "--no-deps" "--format-version=1", kill_on_drop: false }`
[INFO] [stdout] 5f2c11cccfd7309f8aa6651d1e2f4e585351a1532694f00e452a587313ebaeef
[INFO] running `Command { std: "docker" "start" "-a" "5f2c11cccfd7309f8aa6651d1e2f4e585351a1532694f00e452a587313ebaeef", kill_on_drop: false }`
[INFO] running `Command { std: "docker" "inspect" "5f2c11cccfd7309f8aa6651d1e2f4e585351a1532694f00e452a587313ebaeef", kill_on_drop: false }`
[INFO] running `Command { std: "docker" "rm" "-f" "5f2c11cccfd7309f8aa6651d1e2f4e585351a1532694f00e452a587313ebaeef", kill_on_drop: false }`
[INFO] [stdout] 5f2c11cccfd7309f8aa6651d1e2f4e585351a1532694f00e452a587313ebaeef
[INFO] running `Command { std: "docker" "create" "-v" "/var/lib/crater-agent-workspace/builds/worker-5-tc1/target:/opt/rustwide/target:rw,Z" "-v" "/var/lib/crater-agent-workspace/builds/worker-5-tc1/source:/opt/rustwide/workdir:ro,Z" "-v" "/var/lib/crater-agent-workspace/cargo-home:/opt/rustwide/cargo-home:ro,Z" "-v" "/var/lib/crater-agent-workspace/rustup-home:/opt/rustwide/rustup-home:ro,Z" "-e" "SOURCE_DIR=/opt/rustwide/workdir" "-e" "CARGO_TARGET_DIR=/opt/rustwide/target" "-e" "CARGO_INCREMENTAL=0" "-e" "RUST_BACKTRACE=full" "-e" "RUSTFLAGS=--cap-lints=warn" "-e" "RUSTDOCFLAGS=--cap-lints=warn" "-e" "CARGO_HOME=/opt/rustwide/cargo-home" "-e" "RUSTUP_HOME=/opt/rustwide/rustup-home" "-w" "/opt/rustwide/workdir" "-m" "1610612736" "--user" "0:0" "--network" "none" "ghcr.io/rust-lang/crates-build-env/linux@sha256:2788e3201cd34a07e3172128adcd8b3090168a8e3bcc40d7c032b9dda1df7d1c" "/opt/rustwide/cargo-home/bin/cargo" "+1.75.0" "build" "--frozen" "--message-format=json", kill_on_drop: false }`
[INFO] [stdout] 6a074e2fe7fd41b876a6bc293f87276c031dbce014508d00879f27959d3acdbe
[INFO] running `Command { std: "docker" "start" "-a" "6a074e2fe7fd41b876a6bc293f87276c031dbce014508d00879f27959d3acdbe", kill_on_drop: false }`
[INFO] [stderr] warning: virtual workspace defaulting to `resolver = "1"` despite one or more workspace members being on edition 2021 which implies `resolver = "2"`
[INFO] [stderr] note: to keep the current resolver, specify `workspace.resolver = "1"` in the workspace root's manifest
[INFO] [stderr] note: to use the edition 2021 resolver, specify `workspace.resolver = "2"` in the workspace root's manifest
[INFO] [stderr] note: for more details see https://doc.rust-lang.org/cargo/reference/resolver.html#resolver-versions
[INFO] [stderr]    Compiling utils v0.1.0 (/opt/rustwide/workdir/utils)
[INFO] [stderr]    Compiling pug-scripts-compiler v0.1.0 (/opt/rustwide/workdir/pug-scripts-compiler)
[INFO] [stdout] warning: variable `indent_level` is assigned to, but never used
[INFO] [stdout]  --> pug-scripts-compiler/src/compiler/mod.rs:4:13
[INFO] [stdout]   |
[INFO] [stdout] 4 |     let mut indent_level = 0;
[INFO] [stdout]   |             ^^^^^^^^^^^^
[INFO] [stdout]   |
[INFO] [stdout]   = note: consider using `_indent_level` instead
[INFO] [stdout]   = note: `#[warn(unused_variables)]` on by default
[INFO] [stdout] 
[INFO] [stdout] 
[INFO] [stdout] warning: variable does not need to be mutable
[INFO] [stdout]  --> pug-scripts-compiler/src/compiler/mod.rs:5:9
[INFO] [stdout]   |
[INFO] [stdout] 5 |     let mut exec_pos = 0;
[INFO] [stdout]   |         ----^^^^^^^^
[INFO] [stdout]   |         |
[INFO] [stdout]   |         help: remove this `mut`
[INFO] [stdout]   |
[INFO] [stdout]   = note: `#[warn(unused_mut)]` on by default
[INFO] [stdout] 
[INFO] [stdout] 
[INFO] [stdout] warning: function `compile` is never used
[INFO] [stdout]  --> pug-scripts-compiler/src/compiler/mod.rs:3:4
[INFO] [stdout]   |
[INFO] [stdout] 3 | fn compile(src: Vec<u8>) {
[INFO] [stdout]   |    ^^^^^^^
[INFO] [stdout]   |
[INFO] [stdout]   = note: `#[warn(dead_code)]` on by default
[INFO] [stdout] 
[INFO] [stdout] 
[INFO] [stdout] warning: 3 warnings emitted
[INFO] [stdout] 
[INFO] [stdout] 
[INFO] [stderr]    Compiling pug-html-compiler v0.1.0 (/opt/rustwide/workdir/pug-html-compiler)
[INFO] [stderr]     Finished dev [unoptimized + debuginfo] target(s) in 0.32s
[INFO] running `Command { std: "docker" "inspect" "6a074e2fe7fd41b876a6bc293f87276c031dbce014508d00879f27959d3acdbe", kill_on_drop: false }`
[INFO] running `Command { std: "docker" "rm" "-f" "6a074e2fe7fd41b876a6bc293f87276c031dbce014508d00879f27959d3acdbe", kill_on_drop: false }`
[INFO] [stdout] 6a074e2fe7fd41b876a6bc293f87276c031dbce014508d00879f27959d3acdbe
[INFO] running `Command { std: "docker" "create" "-v" "/var/lib/crater-agent-workspace/builds/worker-5-tc1/target:/opt/rustwide/target:rw,Z" "-v" "/var/lib/crater-agent-workspace/builds/worker-5-tc1/source:/opt/rustwide/workdir:ro,Z" "-v" "/var/lib/crater-agent-workspace/cargo-home:/opt/rustwide/cargo-home:ro,Z" "-v" "/var/lib/crater-agent-workspace/rustup-home:/opt/rustwide/rustup-home:ro,Z" "-e" "SOURCE_DIR=/opt/rustwide/workdir" "-e" "CARGO_TARGET_DIR=/opt/rustwide/target" "-e" "CARGO_INCREMENTAL=0" "-e" "RUST_BACKTRACE=full" "-e" "RUSTFLAGS=--cap-lints=warn" "-e" "RUSTDOCFLAGS=--cap-lints=warn" "-e" "CARGO_HOME=/opt/rustwide/cargo-home" "-e" "RUSTUP_HOME=/opt/rustwide/rustup-home" "-w" "/opt/rustwide/workdir" "-m" "1610612736" "--user" "0:0" "--network" "none" "ghcr.io/rust-lang/crates-build-env/linux@sha256:2788e3201cd34a07e3172128adcd8b3090168a8e3bcc40d7c032b9dda1df7d1c" "/opt/rustwide/cargo-home/bin/cargo" "+1.75.0" "test" "--frozen" "--no-run" "--message-format=json", kill_on_drop: false }`
[INFO] [stdout] 9e2b30830abcce995103697457bc56c8b153d19a8de5894e2b0e8e5f82843694
[INFO] running `Command { std: "docker" "start" "-a" "9e2b30830abcce995103697457bc56c8b153d19a8de5894e2b0e8e5f82843694", kill_on_drop: false }`
[INFO] [stderr] warning: virtual workspace defaulting to `resolver = "1"` despite one or more workspace members being on edition 2021 which implies `resolver = "2"`
[INFO] [stderr] note: to keep the current resolver, specify `workspace.resolver = "1"` in the workspace root's manifest
[INFO] [stderr] note: to use the edition 2021 resolver, specify `workspace.resolver = "2"` in the workspace root's manifest
[INFO] [stderr] note: for more details see https://doc.rust-lang.org/cargo/reference/resolver.html#resolver-versions
[INFO] [stdout] warning: variable `indent_level` is assigned to, but never used
[INFO] [stdout]  --> pug-scripts-compiler/src/compiler/mod.rs:4:13
[INFO] [stdout]   |
[INFO] [stdout] 4 |     let mut indent_level = 0;
[INFO] [stdout]   |             ^^^^^^^^^^^^
[INFO] [stdout]   |
[INFO] [stdout]   = note: consider using `_indent_level` instead
[INFO] [stdout]   = note: `#[warn(unused_variables)]` on by default
[INFO] [stdout] 
[INFO] [stdout] 
[INFO] [stdout] warning: variable does not need to be mutable
[INFO] [stdout]  --> pug-scripts-compiler/src/compiler/mod.rs:5:9
[INFO] [stdout]   |
[INFO] [stdout] 5 |     let mut exec_pos = 0;
[INFO] [stdout]   |         ----^^^^^^^^
[INFO] [stdout]   |         |
[INFO] [stdout]   |         help: remove this `mut`
[INFO] [stdout]   |
[INFO] [stdout]   = note: `#[warn(unused_mut)]` on by default
[INFO] [stdout] 
[INFO] [stdout] 
[INFO] [stderr]    Compiling pug-html-compiler v0.1.0 (/opt/rustwide/workdir/pug-html-compiler)
[INFO] [stdout] warning: function `compile` is never used
[INFO] [stdout]  --> pug-scripts-compiler/src/compiler/mod.rs:3:4
[INFO] [stdout]   |
[INFO] [stdout] 3 | fn compile(src: Vec<u8>) {
[INFO] [stdout]   |    ^^^^^^^
[INFO] [stdout]   |
[INFO] [stdout]   = note: `#[warn(dead_code)]` on by default
[INFO] [stdout] 
[INFO] [stdout] 
[INFO] [stdout] warning: 3 warnings emitted
[INFO] [stdout] 
[INFO] [stdout] 
[INFO] [stderr]    Compiling pug-scripts-compiler v0.1.0 (/opt/rustwide/workdir/pug-scripts-compiler)
[INFO] [stderr]    Compiling utils v0.1.0 (/opt/rustwide/workdir/utils)
[INFO] [stdout] warning: variable `indent_level` is assigned to, but never used
[INFO] [stdout]  --> pug-scripts-compiler/src/compiler/mod.rs:4:13
[INFO] [stdout]   |
[INFO] [stdout] 4 |     let mut indent_level = 0;
[INFO] [stdout]   |             ^^^^^^^^^^^^
[INFO] [stdout]   |
[INFO] [stdout]   = note: consider using `_indent_level` instead
[INFO] [stdout]   = note: `#[warn(unused_variables)]` on by default
[INFO] [stdout] 
[INFO] [stdout] 
[INFO] [stdout] warning: variable does not need to be mutable
[INFO] [stdout]  --> pug-scripts-compiler/src/compiler/mod.rs:5:9
[INFO] [stdout]   |
[INFO] [stdout] 5 |     let mut exec_pos = 0;
[INFO] [stdout]   |         ----^^^^^^^^
[INFO] [stdout]   |         |
[INFO] [stdout]   |         help: remove this `mut`
[INFO] [stdout]   |
[INFO] [stdout]   = note: `#[warn(unused_mut)]` on by default
[INFO] [stdout] 
[INFO] [stdout] 
[INFO] [stdout] warning: function `compile` is never used
[INFO] [stdout]  --> pug-scripts-compiler/src/compiler/mod.rs:3:4
[INFO] [stdout]   |
[INFO] [stdout] 3 | fn compile(src: Vec<u8>) {
[INFO] [stdout]   |    ^^^^^^^
[INFO] [stdout]   |
[INFO] [stdout]   = note: `#[warn(dead_code)]` on by default
[INFO] [stdout] 
[INFO] [stdout] 
[INFO] [stdout] warning: function `load_script` is never used
[INFO] [stdout]  --> pug-scripts-compiler/src/tests/mod.rs:1:4
[INFO] [stdout]   |
[INFO] [stdout] 1 | fn load_script(path: &std::path::Path) -> Result<Vec<u8>, std::io::Error> {
[INFO] [stdout]   |    ^^^^^^^^^^^
[INFO] [stdout] 
[INFO] [stdout] 
[INFO] [stdout] warning: 4 warnings emitted
[INFO] [stdout] 
[INFO] [stdout] 
[INFO] [stderr]     Finished test [unoptimized + debuginfo] target(s) in 0.29s
[INFO] running `Command { std: "docker" "inspect" "9e2b30830abcce995103697457bc56c8b153d19a8de5894e2b0e8e5f82843694", kill_on_drop: false }`
[INFO] running `Command { std: "docker" "rm" "-f" "9e2b30830abcce995103697457bc56c8b153d19a8de5894e2b0e8e5f82843694", kill_on_drop: false }`
[INFO] [stdout] 9e2b30830abcce995103697457bc56c8b153d19a8de5894e2b0e8e5f82843694
[INFO] running `Command { std: "docker" "create" "-v" "/var/lib/crater-agent-workspace/builds/worker-5-tc1/target:/opt/rustwide/target:rw,Z" "-v" "/var/lib/crater-agent-workspace/builds/worker-5-tc1/source:/opt/rustwide/workdir:ro,Z" "-v" "/var/lib/crater-agent-workspace/cargo-home:/opt/rustwide/cargo-home:ro,Z" "-v" "/var/lib/crater-agent-workspace/rustup-home:/opt/rustwide/rustup-home:ro,Z" "-e" "SOURCE_DIR=/opt/rustwide/workdir" "-e" "CARGO_TARGET_DIR=/opt/rustwide/target" "-e" "CARGO_INCREMENTAL=0" "-e" "RUST_BACKTRACE=full" "-e" "RUSTFLAGS=--cap-lints=warn" "-e" "RUSTDOCFLAGS=--cap-lints=warn" "-e" "CARGO_HOME=/opt/rustwide/cargo-home" "-e" "RUSTUP_HOME=/opt/rustwide/rustup-home" "-w" "/opt/rustwide/workdir" "-m" "1610612736" "--user" "0:0" "--network" "none" "ghcr.io/rust-lang/crates-build-env/linux@sha256:2788e3201cd34a07e3172128adcd8b3090168a8e3bcc40d7c032b9dda1df7d1c" "/opt/rustwide/cargo-home/bin/cargo" "+1.75.0" "test" "--frozen", kill_on_drop: false }`
[INFO] [stdout] 034d1d6016334c5fdacc729015d88698696d09f078d83a63c8da6923867b701b
[INFO] running `Command { std: "docker" "start" "-a" "034d1d6016334c5fdacc729015d88698696d09f078d83a63c8da6923867b701b", kill_on_drop: false }`
[INFO] [stderr] warning: virtual workspace defaulting to `resolver = "1"` despite one or more workspace members being on edition 2021 which implies `resolver = "2"`
[INFO] [stderr] note: to keep the current resolver, specify `workspace.resolver = "1"` in the workspace root's manifest
[INFO] [stderr] note: to use the edition 2021 resolver, specify `workspace.resolver = "2"` in the workspace root's manifest
[INFO] [stderr] note: for more details see https://doc.rust-lang.org/cargo/reference/resolver.html#resolver-versions
[INFO] [stderr] warning: variable `indent_level` is assigned to, but never used
[INFO] [stderr]  --> pug-scripts-compiler/src/compiler/mod.rs:4:13
[INFO] [stderr]   |
[INFO] [stderr] 4 |     let mut indent_level = 0;
[INFO] [stderr]   |             ^^^^^^^^^^^^
[INFO] [stderr]   |
[INFO] [stderr]   = note: consider using `_indent_level` instead
[INFO] [stderr]   = note: `#[warn(unused_variables)]` on by default
[INFO] [stderr] 
[INFO] [stderr] warning: variable does not need to be mutable
[INFO] [stderr]  --> pug-scripts-compiler/src/compiler/mod.rs:5:9
[INFO] [stderr]   |
[INFO] [stderr] 5 |     let mut exec_pos = 0;
[INFO] [stderr]   |         ----^^^^^^^^
[INFO] [stderr]   |         |
[INFO] [stderr]   |         help: remove this `mut`
[INFO] [stderr]   |
[INFO] [stderr]   = note: `#[warn(unused_mut)]` on by default
[INFO] [stderr] 
[INFO] [stderr] warning: function `compile` is never used
[INFO] [stderr]  --> pug-scripts-compiler/src/compiler/mod.rs:3:4
[INFO] [stderr]   |
[INFO] [stderr] 3 | fn compile(src: Vec<u8>) {
[INFO] [stderr]   |    ^^^^^^^
[INFO] [stderr]   |
[INFO] [stderr]   = note: `#[warn(dead_code)]` on by default
[INFO] [stderr] 
[INFO] [stderr] warning: `pug-scripts-compiler` (lib) generated 3 warnings (run `cargo fix --lib -p pug-scripts-compiler` to apply 1 suggestion)
[INFO] [stderr] warning: function `load_script` is never used
[INFO] [stderr]  --> pug-scripts-compiler/src/tests/mod.rs:1:4
[INFO] [stderr]   |
[INFO] [stderr] 1 | fn load_script(path: &std::path::Path) -> Result<Vec<u8>, std::io::Error> {
[INFO] [stderr]   |    ^^^^^^^^^^^
[INFO] [stderr] 
[INFO] [stderr] warning: `pug-scripts-compiler` (lib test) generated 4 warnings (3 duplicates)
[INFO] [stderr]     Finished test [unoptimized + debuginfo] target(s) in 0.00s
[INFO] [stderr]      Running unittests src/main.rs (/opt/rustwide/target/debug/deps/pug_html_compiler-7a0413f994653be5)
[INFO] [stdout] 
[INFO] [stdout] running 12 tests
[INFO] [stdout] test tests::tokenizer::extractions::test_attribute_extraction ... ok
[INFO] [stdout] test tests::tokenizer::extractions::test_text_extraction ... ok
[INFO] [stdout] test tests::tokenizer::html_operations::test_close_elem ... ok
[INFO] [stdout] test tests::tokenizer::node_types::test_doctype_recognition ... ok
[INFO] [stdout] test tests::tokenizer::html_operations::test_open_elem ... ok
[INFO] [stdout] test tests::tokenizer::node_types::test_invisible_comment_recognition ... ok
[INFO] [stdout] test tests::tokenizer::node::test_new_node ... ok
[INFO] [stdout] test tests::tokenizer::node_types::test_is_self_closing ... ok
[INFO] [stdout] test tests::tokenizer::node_types::test_normal_tag ... ok
[INFO] [stdout] test tests::tokenizer::node_types::test_plain_text ... ok
[INFO] [stdout] test tests::tokenizer::node_types::test_self_closing_tag ... ok
[INFO] [stdout] test tests::tokenizer::node_types::test_visible_comment_recognition ... ok
[INFO] [stdout] 
[INFO] [stdout] test result: ok. 12 passed; 0 failed; 0 ignored; 0 measured; 0 filtered out; finished in 0.00s
[INFO] [stdout] 
[INFO] [stderr]      Running unittests src/lib.rs (/opt/rustwide/target/debug/deps/pug_scripts_compiler-395192af1ca159b4)
[INFO] [stdout] 
[INFO] [stdout] running 0 tests
[INFO] [stdout] 
[INFO] [stdout] test result: ok. 0 passed; 0 failed; 0 ignored; 0 measured; 0 filtered out; finished in 0.00s
[INFO] [stdout] 
[INFO] [stderr]      Running unittests src/lib.rs (/opt/rustwide/target/debug/deps/utils-e82010aa8d7d76cf)
[INFO] [stdout] 
[INFO] [stdout] running 5 tests
[INFO] [stdout] test tests::test_find_element ... ok
[INFO] [stdout] test tests::test_output_to_str ... ok
[INFO] [stdout] test tests::test_remove_whitespace ... ok
[INFO] [stdout] test tests::test_slice_begins_with ... ok
[INFO] [stdout] test tests::test_output_to_file ... FAILED
[INFO] [stdout] 
[INFO] [stdout] failures:
[INFO] [stdout] 
[INFO] [stdout] ---- tests::test_output_to_file stdout ----
[INFO] [stdout] Error: Os { code: 30, kind: ReadOnlyFilesystem, message: "Read-only file system" }
[INFO] [stdout] 
[INFO] [stdout] 
[INFO] [stdout] failures:
[INFO] [stdout]     tests::test_output_to_file
[INFO] [stdout] 
[INFO] [stdout] test result: FAILED. 4 passed; 1 failed; 0 ignored; 0 measured; 0 filtered out; finished in 0.00s
[INFO] [stdout] 
[INFO] [stderr] error: test failed, to rerun pass `-p utils --lib`
[INFO] running `Command { std: "docker" "inspect" "034d1d6016334c5fdacc729015d88698696d09f078d83a63c8da6923867b701b", kill_on_drop: false }`
[INFO] running `Command { std: "docker" "rm" "-f" "034d1d6016334c5fdacc729015d88698696d09f078d83a63c8da6923867b701b", kill_on_drop: false }`
[INFO] [stdout] 034d1d6016334c5fdacc729015d88698696d09f078d83a63c8da6923867b701b
[INFO] testing xodix/pug-rust-compiler against beta-2023-12-22 for beta-1.76-1
[INFO] running `Command { std: "git" "clone" "/workspace/cache/git-repos/https%3A%2F%2Fgithub.com%2Fxodix%2Fpug-rust-compiler" "/workspace/builds/worker-5-tc2/source", kill_on_drop: false }`
[INFO] [stderr] Cloning into '/workspace/builds/worker-5-tc2/source'...
[INFO] [stderr] done.
[INFO] validating manifest of git repo https://github.com/xodix/pug-rust-compiler on toolchain beta-2023-12-22
[INFO] running `Command { std: CARGO_HOME="/workspace/cargo-home" RUSTUP_HOME="/workspace/rustup-home" "/workspace/cargo-home/bin/cargo" "+beta-2023-12-22" "metadata" "--manifest-path" "Cargo.toml" "--no-deps", kill_on_drop: false }`
[INFO] started tweaking git repo https://github.com/xodix/pug-rust-compiler
[INFO] finished tweaking git repo https://github.com/xodix/pug-rust-compiler
[INFO] tweaked toml for git repo https://github.com/xodix/pug-rust-compiler written to /workspace/builds/worker-5-tc2/source/Cargo.toml
[INFO] crate git repo https://github.com/xodix/pug-rust-compiler already has a lockfile, it will not be regenerated
[INFO] running `Command { std: CARGO_HOME="/workspace/cargo-home" RUSTUP_HOME="/workspace/rustup-home" "/workspace/cargo-home/bin/cargo" "+beta-2023-12-22" "fetch" "--manifest-path" "Cargo.toml", kill_on_drop: false }`
[INFO] [stderr] warning: virtual workspace defaulting to `resolver = "1"` despite one or more workspace members being on edition 2021 which implies `resolver = "2"`
[INFO] [stderr] note: to keep the current resolver, specify `workspace.resolver = "1"` in the workspace root's manifest
[INFO] [stderr] note: to use the edition 2021 resolver, specify `workspace.resolver = "2"` in the workspace root's manifest
[INFO] [stderr] note: for more details see https://doc.rust-lang.org/cargo/reference/resolver.html#resolver-versions
[INFO] running `Command { std: "docker" "create" "-v" "/var/lib/crater-agent-workspace/builds/worker-5-tc2/target:/opt/rustwide/target:rw,Z" "-v" "/var/lib/crater-agent-workspace/builds/worker-5-tc2/source:/opt/rustwide/workdir:ro,Z" "-v" "/var/lib/crater-agent-workspace/cargo-home:/opt/rustwide/cargo-home:ro,Z" "-v" "/var/lib/crater-agent-workspace/rustup-home:/opt/rustwide/rustup-home:ro,Z" "-e" "SOURCE_DIR=/opt/rustwide/workdir" "-e" "CARGO_TARGET_DIR=/opt/rustwide/target" "-e" "CARGO_HOME=/opt/rustwide/cargo-home" "-e" "RUSTUP_HOME=/opt/rustwide/rustup-home" "-w" "/opt/rustwide/workdir" "-m" "1610612736" "--user" "0:0" "--network" "none" "ghcr.io/rust-lang/crates-build-env/linux@sha256:2788e3201cd34a07e3172128adcd8b3090168a8e3bcc40d7c032b9dda1df7d1c" "/opt/rustwide/cargo-home/bin/cargo" "+beta-2023-12-22" "metadata" "--no-deps" "--format-version=1", kill_on_drop: false }`
[INFO] [stdout] b4a42405d5417fd8ab323edaf8705a753005b83dee43df1b5d6742b2b8773537
[INFO] running `Command { std: "docker" "start" "-a" "b4a42405d5417fd8ab323edaf8705a753005b83dee43df1b5d6742b2b8773537", kill_on_drop: false }`
[INFO] running `Command { std: "docker" "inspect" "b4a42405d5417fd8ab323edaf8705a753005b83dee43df1b5d6742b2b8773537", kill_on_drop: false }`
[INFO] running `Command { std: "docker" "rm" "-f" "b4a42405d5417fd8ab323edaf8705a753005b83dee43df1b5d6742b2b8773537", kill_on_drop: false }`
[INFO] [stdout] b4a42405d5417fd8ab323edaf8705a753005b83dee43df1b5d6742b2b8773537
[INFO] running `Command { std: "docker" "create" "-v" "/var/lib/crater-agent-workspace/builds/worker-5-tc2/target:/opt/rustwide/target:rw,Z" "-v" "/var/lib/crater-agent-workspace/builds/worker-5-tc2/source:/opt/rustwide/workdir:ro,Z" "-v" "/var/lib/crater-agent-workspace/cargo-home:/opt/rustwide/cargo-home:ro,Z" "-v" "/var/lib/crater-agent-workspace/rustup-home:/opt/rustwide/rustup-home:ro,Z" "-e" "SOURCE_DIR=/opt/rustwide/workdir" "-e" "CARGO_TARGET_DIR=/opt/rustwide/target" "-e" "CARGO_INCREMENTAL=0" "-e" "RUST_BACKTRACE=full" "-e" "RUSTFLAGS=--cap-lints=warn" "-e" "RUSTDOCFLAGS=--cap-lints=warn" "-e" "CARGO_HOME=/opt/rustwide/cargo-home" "-e" "RUSTUP_HOME=/opt/rustwide/rustup-home" "-w" "/opt/rustwide/workdir" "-m" "1610612736" "--user" "0:0" "--network" "none" "ghcr.io/rust-lang/crates-build-env/linux@sha256:2788e3201cd34a07e3172128adcd8b3090168a8e3bcc40d7c032b9dda1df7d1c" "/opt/rustwide/cargo-home/bin/cargo" "+beta-2023-12-22" "build" "--frozen" "--message-format=json", kill_on_drop: false }`
[INFO] [stdout] 2f66d20fe46dba97f97d9805eda26a3731b0adedc6600dd5899b9e11b7abf8e1
[INFO] running `Command { std: "docker" "start" "-a" "2f66d20fe46dba97f97d9805eda26a3731b0adedc6600dd5899b9e11b7abf8e1", kill_on_drop: false }`
[INFO] [stderr] warning: virtual workspace defaulting to `resolver = "1"` despite one or more workspace members being on edition 2021 which implies `resolver = "2"`
[INFO] [stderr] note: to keep the current resolver, specify `workspace.resolver = "1"` in the workspace root's manifest
[INFO] [stderr] note: to use the edition 2021 resolver, specify `workspace.resolver = "2"` in the workspace root's manifest
[INFO] [stderr] note: for more details see https://doc.rust-lang.org/cargo/reference/resolver.html#resolver-versions
[INFO] [stderr]    Compiling utils v0.1.0 (/opt/rustwide/workdir/utils)
[INFO] [stderr]    Compiling pug-scripts-compiler v0.1.0 (/opt/rustwide/workdir/pug-scripts-compiler)
[INFO] [stdout] warning: variable `indent_level` is assigned to, but never used
[INFO] [stdout]  --> pug-scripts-compiler/src/compiler/mod.rs:4:13
[INFO] [stdout]   |
[INFO] [stdout] 4 |     let mut indent_level = 0;
[INFO] [stdout]   |             ^^^^^^^^^^^^
[INFO] [stdout]   |
[INFO] [stdout]   = note: consider using `_indent_level` instead
[INFO] [stdout]   = note: `#[warn(unused_variables)]` on by default
[INFO] [stdout] 
[INFO] [stdout] 
[INFO] [stdout] warning: variable does not need to be mutable
[INFO] [stdout]  --> pug-scripts-compiler/src/compiler/mod.rs:5:9
[INFO] [stdout]   |
[INFO] [stdout] 5 |     let mut exec_pos = 0;
[INFO] [stdout]   |         ----^^^^^^^^
[INFO] [stdout]   |         |
[INFO] [stdout]   |         help: remove this `mut`
[INFO] [stdout]   |
[INFO] [stdout]   = note: `#[warn(unused_mut)]` on by default
[INFO] [stdout] 
[INFO] [stdout] 
[INFO] [stdout] warning: function `compile` is never used
[INFO] [stdout]  --> pug-scripts-compiler/src/compiler/mod.rs:3:4
[INFO] [stdout]   |
[INFO] [stdout] 3 | fn compile(src: Vec<u8>) {
[INFO] [stdout]   |    ^^^^^^^
[INFO] [stdout]   |
[INFO] [stdout]   = note: `#[warn(dead_code)]` on by default
[INFO] [stdout] 
[INFO] [stdout] 
[INFO] [stdout] warning: 3 warnings emitted
[INFO] [stdout] 
[INFO] [stdout] 
[INFO] [stderr]    Compiling pug-html-compiler v0.1.0 (/opt/rustwide/workdir/pug-html-compiler)
[INFO] [stderr]     Finished dev [unoptimized + debuginfo] target(s) in 0.34s
[INFO] running `Command { std: "docker" "inspect" "2f66d20fe46dba97f97d9805eda26a3731b0adedc6600dd5899b9e11b7abf8e1", kill_on_drop: false }`
[INFO] running `Command { std: "docker" "rm" "-f" "2f66d20fe46dba97f97d9805eda26a3731b0adedc6600dd5899b9e11b7abf8e1", kill_on_drop: false }`
[INFO] [stdout] 2f66d20fe46dba97f97d9805eda26a3731b0adedc6600dd5899b9e11b7abf8e1
[INFO] running `Command { std: "docker" "create" "-v" "/var/lib/crater-agent-workspace/builds/worker-5-tc2/target:/opt/rustwide/target:rw,Z" "-v" "/var/lib/crater-agent-workspace/builds/worker-5-tc2/source:/opt/rustwide/workdir:ro,Z" "-v" "/var/lib/crater-agent-workspace/cargo-home:/opt/rustwide/cargo-home:ro,Z" "-v" "/var/lib/crater-agent-workspace/rustup-home:/opt/rustwide/rustup-home:ro,Z" "-e" "SOURCE_DIR=/opt/rustwide/workdir" "-e" "CARGO_TARGET_DIR=/opt/rustwide/target" "-e" "CARGO_INCREMENTAL=0" "-e" "RUST_BACKTRACE=full" "-e" "RUSTFLAGS=--cap-lints=warn" "-e" "RUSTDOCFLAGS=--cap-lints=warn" "-e" "CARGO_HOME=/opt/rustwide/cargo-home" "-e" "RUSTUP_HOME=/opt/rustwide/rustup-home" "-w" "/opt/rustwide/workdir" "-m" "1610612736" "--user" "0:0" "--network" "none" "ghcr.io/rust-lang/crates-build-env/linux@sha256:2788e3201cd34a07e3172128adcd8b3090168a8e3bcc40d7c032b9dda1df7d1c" "/opt/rustwide/cargo-home/bin/cargo" "+beta-2023-12-22" "test" "--frozen" "--no-run" "--message-format=json", kill_on_drop: false }`
[INFO] [stdout] bf431632d3cc82977fc863242826828034c7ec98a76ffe97ae6fd0dbadacc1f3
[INFO] running `Command { std: "docker" "start" "-a" "bf431632d3cc82977fc863242826828034c7ec98a76ffe97ae6fd0dbadacc1f3", kill_on_drop: false }`
[INFO] [stderr] warning: virtual workspace defaulting to `resolver = "1"` despite one or more workspace members being on edition 2021 which implies `resolver = "2"`
[INFO] [stderr] note: to keep the current resolver, specify `workspace.resolver = "1"` in the workspace root's manifest
[INFO] [stderr] note: to use the edition 2021 resolver, specify `workspace.resolver = "2"` in the workspace root's manifest
[INFO] [stderr] note: for more details see https://doc.rust-lang.org/cargo/reference/resolver.html#resolver-versions
[INFO] [stdout] warning: variable `indent_level` is assigned to, but never used
[INFO] [stdout]  --> pug-scripts-compiler/src/compiler/mod.rs:4:13
[INFO] [stdout]   |
[INFO] [stdout] 4 |     let mut indent_level = 0;
[INFO] [stdout]   |             ^^^^^^^^^^^^
[INFO] [stdout]   |
[INFO] [stdout]   = note: consider using `_indent_level` instead
[INFO] [stdout]   = note: `#[warn(unused_variables)]` on by default
[INFO] [stdout] 
[INFO] [stdout] 
[INFO] [stdout] warning: variable does not need to be mutable
[INFO] [stdout]  --> pug-scripts-compiler/src/compiler/mod.rs:5:9
[INFO] [stdout]   |
[INFO] [stdout] 5 |     let mut exec_pos = 0;
[INFO] [stdout]   |         ----^^^^^^^^
[INFO] [stdout]   |         |
[INFO] [stdout]   |         help: remove this `mut`
[INFO] [stdout]   |
[INFO] [stdout]   = note: `#[warn(unused_mut)]` on by default
[INFO] [stdout] 
[INFO] [stdout] 
[INFO] [stdout] warning: function `compile` is never used
[INFO] [stdout]  --> pug-scripts-compiler/src/compiler/mod.rs:3:4
[INFO] [stdout]   |
[INFO] [stdout] 3 | fn compile(src: Vec<u8>) {
[INFO] [stdout]   |    ^^^^^^^
[INFO] [stdout]   |
[INFO] [stdout]   = note: `#[warn(dead_code)]` on by default
[INFO] [stdout] 
[INFO] [stdout] 
[INFO] [stdout] warning: 3 warnings emitted
[INFO] [stdout] 
[INFO] [stdout] 
[INFO] [stderr]    Compiling pug-html-compiler v0.1.0 (/opt/rustwide/workdir/pug-html-compiler)
[INFO] [stderr]    Compiling pug-scripts-compiler v0.1.0 (/opt/rustwide/workdir/pug-scripts-compiler)
[INFO] [stderr]    Compiling utils v0.1.0 (/opt/rustwide/workdir/utils)
[INFO] [stdout] warning: variable `indent_level` is assigned to, but never used
[INFO] [stdout]  --> pug-scripts-compiler/src/compiler/mod.rs:4:13
[INFO] [stdout]   |
[INFO] [stdout] 4 |     let mut indent_level = 0;
[INFO] [stdout]   |             ^^^^^^^^^^^^
[INFO] [stdout]   |
[INFO] [stdout]   = note: consider using `_indent_level` instead
[INFO] [stdout]   = note: `#[warn(unused_variables)]` on by default
[INFO] [stdout] 
[INFO] [stdout] 
[INFO] [stdout] warning: variable does not need to be mutable
[INFO] [stdout]  --> pug-scripts-compiler/src/compiler/mod.rs:5:9
[INFO] [stdout]   |
[INFO] [stdout] 5 |     let mut exec_pos = 0;
[INFO] [stdout]   |         ----^^^^^^^^
[INFO] [stdout]   |         |
[INFO] [stdout]   |         help: remove this `mut`
[INFO] [stdout]   |
[INFO] [stdout]   = note: `#[warn(unused_mut)]` on by default
[INFO] [stdout] 
[INFO] [stdout] 
[INFO] [stdout] warning: function `compile` is never used
[INFO] [stdout]  --> pug-scripts-compiler/src/compiler/mod.rs:3:4
[INFO] [stdout]   |
[INFO] [stdout] 3 | fn compile(src: Vec<u8>) {
[INFO] [stdout]   |    ^^^^^^^
[INFO] [stdout]   |
[INFO] [stdout]   = note: `#[warn(dead_code)]` on by default
[INFO] [stdout] 
[INFO] [stdout] 
[INFO] [stdout] warning: function `load_script` is never used
[INFO] [stdout]  --> pug-scripts-compiler/src/tests/mod.rs:1:4
[INFO] [stdout]   |
[INFO] [stdout] 1 | fn load_script(path: &std::path::Path) -> Result<Vec<u8>, std::io::Error> {
[INFO] [stdout]   |    ^^^^^^^^^^^
[INFO] [stdout] 
[INFO] [stdout] 
[INFO] [stdout] warning: 4 warnings emitted
[INFO] [stdout] 
[INFO] [stdout] 
[INFO] [stderr]     Finished test [unoptimized + debuginfo] target(s) in 0.29s
[INFO] running `Command { std: "docker" "inspect" "bf431632d3cc82977fc863242826828034c7ec98a76ffe97ae6fd0dbadacc1f3", kill_on_drop: false }`
[INFO] running `Command { std: "docker" "rm" "-f" "bf431632d3cc82977fc863242826828034c7ec98a76ffe97ae6fd0dbadacc1f3", kill_on_drop: false }`
[INFO] [stdout] bf431632d3cc82977fc863242826828034c7ec98a76ffe97ae6fd0dbadacc1f3
[INFO] running `Command { std: "docker" "create" "-v" "/var/lib/crater-agent-workspace/builds/worker-5-tc2/target:/opt/rustwide/target:rw,Z" "-v" "/var/lib/crater-agent-workspace/builds/worker-5-tc2/source:/opt/rustwide/workdir:ro,Z" "-v" "/var/lib/crater-agent-workspace/cargo-home:/opt/rustwide/cargo-home:ro,Z" "-v" "/var/lib/crater-agent-workspace/rustup-home:/opt/rustwide/rustup-home:ro,Z" "-e" "SOURCE_DIR=/opt/rustwide/workdir" "-e" "CARGO_TARGET_DIR=/opt/rustwide/target" "-e" "CARGO_INCREMENTAL=0" "-e" "RUST_BACKTRACE=full" "-e" "RUSTFLAGS=--cap-lints=warn" "-e" "RUSTDOCFLAGS=--cap-lints=warn" "-e" "CARGO_HOME=/opt/rustwide/cargo-home" "-e" "RUSTUP_HOME=/opt/rustwide/rustup-home" "-w" "/opt/rustwide/workdir" "-m" "1610612736" "--user" "0:0" "--network" "none" "ghcr.io/rust-lang/crates-build-env/linux@sha256:2788e3201cd34a07e3172128adcd8b3090168a8e3bcc40d7c032b9dda1df7d1c" "/opt/rustwide/cargo-home/bin/cargo" "+beta-2023-12-22" "test" "--frozen", kill_on_drop: false }`
[INFO] [stdout] e4c84593ee5687015d8b8db9024cb3a4dd1bc2eb9ebe0c1900f336d5fc9203bb
[INFO] running `Command { std: "docker" "start" "-a" "e4c84593ee5687015d8b8db9024cb3a4dd1bc2eb9ebe0c1900f336d5fc9203bb", kill_on_drop: false }`
[INFO] [stderr] warning: virtual workspace defaulting to `resolver = "1"` despite one or more workspace members being on edition 2021 which implies `resolver = "2"`
[INFO] [stderr] note: to keep the current resolver, specify `workspace.resolver = "1"` in the workspace root's manifest
[INFO] [stderr] note: to use the edition 2021 resolver, specify `workspace.resolver = "2"` in the workspace root's manifest
[INFO] [stderr] note: for more details see https://doc.rust-lang.org/cargo/reference/resolver.html#resolver-versions
[INFO] [stderr] warning: variable `indent_level` is assigned to, but never used
[INFO] [stderr]  --> pug-scripts-compiler/src/compiler/mod.rs:4:13
[INFO] [stderr]   |
[INFO] [stderr] 4 |     let mut indent_level = 0;
[INFO] [stderr]   |             ^^^^^^^^^^^^
[INFO] [stderr]   |
[INFO] [stderr]   = note: consider using `_indent_level` instead
[INFO] [stderr]   = note: `#[warn(unused_variables)]` on by default
[INFO] [stderr] 
[INFO] [stderr] warning: variable does not need to be mutable
[INFO] [stderr]  --> pug-scripts-compiler/src/compiler/mod.rs:5:9
[INFO] [stderr]   |
[INFO] [stderr] 5 |     let mut exec_pos = 0;
[INFO] [stderr]   |         ----^^^^^^^^
[INFO] [stderr]   |         |
[INFO] [stderr]   |         help: remove this `mut`
[INFO] [stderr]   |
[INFO] [stderr]   = note: `#[warn(unused_mut)]` on by default
[INFO] [stderr] 
[INFO] [stderr] warning: function `compile` is never used
[INFO] [stderr]  --> pug-scripts-compiler/src/compiler/mod.rs:3:4
[INFO] [stderr]   |
[INFO] [stderr] 3 | fn compile(src: Vec<u8>) {
[INFO] [stderr]   |    ^^^^^^^
[INFO] [stderr]   |
[INFO] [stderr]   = note: `#[warn(dead_code)]` on by default
[INFO] [stderr] 
[INFO] [stderr] warning: `pug-scripts-compiler` (lib) generated 3 warnings (run `cargo fix --lib -p pug-scripts-compiler` to apply 1 suggestion)
[INFO] [stderr] warning: function `load_script` is never used
[INFO] [stderr]  --> pug-scripts-compiler/src/tests/mod.rs:1:4
[INFO] [stderr]   |
[INFO] [stderr] 1 | fn load_script(path: &std::path::Path) -> Result<Vec<u8>, std::io::Error> {
[INFO] [stderr]   |    ^^^^^^^^^^^
[INFO] [stderr] 
[INFO] [stderr] warning: `pug-scripts-compiler` (lib test) generated 4 warnings (3 duplicates)
[INFO] [stderr]     Finished test [unoptimized + debuginfo] target(s) in 0.00s
[INFO] [stderr]      Running unittests src/main.rs (/opt/rustwide/target/debug/deps/pug_html_compiler-04a3676b18126cf3)
[INFO] [stdout] 
[INFO] [stdout] running 12 tests
[INFO] [stdout] test tests::tokenizer::extractions::test_text_extraction ... ok
[INFO] [stdout] test tests::tokenizer::html_operations::test_close_elem ... ok
[INFO] [stdout] test tests::tokenizer::extractions::test_attribute_extraction ... ok
[INFO] [stdout] test tests::tokenizer::html_operations::test_open_elem ... ok
[INFO] [stdout] test tests::tokenizer::node::test_new_node ... ok
[INFO] [stdout] test tests::tokenizer::node_types::test_doctype_recognition ... ok
[INFO] [stdout] test tests::tokenizer::node_types::test_invisible_comment_recognition ... ok
[INFO] [stdout] test tests::tokenizer::node_types::test_is_self_closing ... ok
[INFO] [stdout] test tests::tokenizer::node_types::test_normal_tag ... ok
[INFO] [stdout] test tests::tokenizer::node_types::test_plain_text ... ok
[INFO] [stdout] test tests::tokenizer::node_types::test_self_closing_tag ... ok
[INFO] [stdout] test tests::tokenizer::node_types::test_visible_comment_recognition ... ok
[INFO] [stdout] 
[INFO] [stdout] test result: ok. 12 passed; 0 failed; 0 ignored; 0 measured; 0 filtered out; finished in 0.00s
[INFO] [stdout] 
[INFO] [stderr]      Running unittests src/lib.rs (/opt/rustwide/target/debug/deps/pug_scripts_compiler-a03ec6dba68fd5f9)
[INFO] [stdout] 
[INFO] [stdout] running 0 tests
[INFO] [stdout] 
[INFO] [stdout] test result: ok. 0 passed; 0 failed; 0 ignored; 0 measured; 0 filtered out; finished in 0.00s
[INFO] [stdout] 
[INFO] [stderr]      Running unittests src/lib.rs (/opt/rustwide/target/debug/deps/utils-c914f10c4f7e1cd6)
[INFO] [stdout] 
[INFO] [stdout] running 5 tests
[INFO] [stdout] test tests::test_find_element ... ok
[INFO] [stdout] test tests::test_output_to_str ... ok
[INFO] [stdout] test tests::test_output_to_file ... FAILED
[INFO] [stdout] test tests::test_remove_whitespace ... ok
[INFO] [stdout] test tests::test_slice_begins_with ... ok
[INFO] [stdout] 
[INFO] [stdout] failures:
[INFO] [stdout] 
[INFO] [stdout] ---- tests::test_output_to_file stdout ----
[INFO] [stdout] Error: Os { code: 30, kind: ReadOnlyFilesystem, message: "Read-only file system" }
[INFO] [stdout] 
[INFO] [stdout] 
[INFO] [stdout] failures:
[INFO] [stdout]     tests::test_output_to_file
[INFO] [stdout] 
[INFO] [stdout] test result: FAILED. 4 passed; 1 failed; 0 ignored; 0 measured; 0 filtered out; finished in 0.00s
[INFO] [stdout] 
[INFO] [stderr] error: test failed, to rerun pass `-p utils --lib`
[INFO] running `Command { std: "docker" "inspect" "e4c84593ee5687015d8b8db9024cb3a4dd1bc2eb9ebe0c1900f336d5fc9203bb", kill_on_drop: false }`
[INFO] running `Command { std: "docker" "rm" "-f" "e4c84593ee5687015d8b8db9024cb3a4dd1bc2eb9ebe0c1900f336d5fc9203bb", kill_on_drop: false }`
[INFO] [stdout] e4c84593ee5687015d8b8db9024cb3a4dd1bc2eb9ebe0c1900f336d5fc9203bb
