[INFO] cloning repository https://github.com/xoac/reproduction-tonic-967-issue
[INFO] running `Command { std: "git" "-c" "credential.helper=" "-c" "credential.helper=/workspace/cargo-home/bin/git-credential-null" "clone" "--bare" "https://github.com/xoac/reproduction-tonic-967-issue" "/workspace/cache/git-repos/https%3A%2F%2Fgithub.com%2Fxoac%2Freproduction-tonic-967-issue", kill_on_drop: false }`
[INFO] [stderr] Cloning into bare repository '/workspace/cache/git-repos/https%3A%2F%2Fgithub.com%2Fxoac%2Freproduction-tonic-967-issue'...
[INFO] running `Command { std: "git" "rev-parse" "HEAD", kill_on_drop: false }`
[INFO] [stdout] d6e63a69a4f177bf1919e6680bd5e914fd4815e3
[INFO] testing xoac/reproduction-tonic-967-issue against 1.75.0 for beta-1.76-1
[INFO] running `Command { std: "git" "clone" "/workspace/cache/git-repos/https%3A%2F%2Fgithub.com%2Fxoac%2Freproduction-tonic-967-issue" "/workspace/builds/worker-7-tc1/source", kill_on_drop: false }`
[INFO] [stderr] Cloning into '/workspace/builds/worker-7-tc1/source'...
[INFO] [stderr] done.
[INFO] validating manifest of git repo https://github.com/xoac/reproduction-tonic-967-issue on toolchain 1.75.0
[INFO] running `Command { std: CARGO_HOME="/workspace/cargo-home" RUSTUP_HOME="/workspace/rustup-home" "/workspace/cargo-home/bin/cargo" "+1.75.0" "metadata" "--manifest-path" "Cargo.toml" "--no-deps", kill_on_drop: false }`
[INFO] started tweaking git repo https://github.com/xoac/reproduction-tonic-967-issue
[INFO] finished tweaking git repo https://github.com/xoac/reproduction-tonic-967-issue
[INFO] tweaked toml for git repo https://github.com/xoac/reproduction-tonic-967-issue written to /workspace/builds/worker-7-tc1/source/Cargo.toml
[INFO] crate git repo https://github.com/xoac/reproduction-tonic-967-issue already has a lockfile, it will not be regenerated
[INFO] running `Command { std: CARGO_HOME="/workspace/cargo-home" RUSTUP_HOME="/workspace/rustup-home" "/workspace/cargo-home/bin/cargo" "+1.75.0" "fetch" "--manifest-path" "Cargo.toml", kill_on_drop: false }`
[INFO] [stderr]  Downloading crates ...
[INFO] [stderr]   Downloaded prost-derive v0.10.0
[INFO] [stderr]   Downloaded prost-types v0.10.0
[INFO] [stderr]   Downloaded prost v0.10.0
[INFO] [stderr]   Downloaded tonic v0.7.1
[INFO] [stderr]   Downloaded prettyplease v0.1.9
[INFO] [stderr]   Downloaded tonic-build v0.7.0
[INFO] [stderr]   Downloaded prost-build v0.10.0
[INFO] running `Command { std: "docker" "create" "-v" "/var/lib/crater-agent-workspace/builds/worker-7-tc1/target:/opt/rustwide/target:rw,Z" "-v" "/var/lib/crater-agent-workspace/builds/worker-7-tc1/source:/opt/rustwide/workdir:ro,Z" "-v" "/var/lib/crater-agent-workspace/cargo-home:/opt/rustwide/cargo-home:ro,Z" "-v" "/var/lib/crater-agent-workspace/rustup-home:/opt/rustwide/rustup-home:ro,Z" "-e" "SOURCE_DIR=/opt/rustwide/workdir" "-e" "CARGO_TARGET_DIR=/opt/rustwide/target" "-e" "CARGO_HOME=/opt/rustwide/cargo-home" "-e" "RUSTUP_HOME=/opt/rustwide/rustup-home" "-w" "/opt/rustwide/workdir" "-m" "1610612736" "--user" "0:0" "--network" "none" "ghcr.io/rust-lang/crates-build-env/linux@sha256:2788e3201cd34a07e3172128adcd8b3090168a8e3bcc40d7c032b9dda1df7d1c" "/opt/rustwide/cargo-home/bin/cargo" "+1.75.0" "metadata" "--no-deps" "--format-version=1", kill_on_drop: false }`
[INFO] [stdout] e862b881ae0fe0103a4629c1dbe3122489f0bbdac0696d75f972a558cdbbd8f9
[INFO] running `Command { std: "docker" "start" "-a" "e862b881ae0fe0103a4629c1dbe3122489f0bbdac0696d75f972a558cdbbd8f9", kill_on_drop: false }`
[INFO] running `Command { std: "docker" "inspect" "e862b881ae0fe0103a4629c1dbe3122489f0bbdac0696d75f972a558cdbbd8f9", kill_on_drop: false }`
[INFO] running `Command { std: "docker" "rm" "-f" "e862b881ae0fe0103a4629c1dbe3122489f0bbdac0696d75f972a558cdbbd8f9", kill_on_drop: false }`
[INFO] [stdout] e862b881ae0fe0103a4629c1dbe3122489f0bbdac0696d75f972a558cdbbd8f9
[INFO] running `Command { std: "docker" "create" "-v" "/var/lib/crater-agent-workspace/builds/worker-7-tc1/target:/opt/rustwide/target:rw,Z" "-v" "/var/lib/crater-agent-workspace/builds/worker-7-tc1/source:/opt/rustwide/workdir:ro,Z" "-v" "/var/lib/crater-agent-workspace/cargo-home:/opt/rustwide/cargo-home:ro,Z" "-v" "/var/lib/crater-agent-workspace/rustup-home:/opt/rustwide/rustup-home:ro,Z" "-e" "SOURCE_DIR=/opt/rustwide/workdir" "-e" "CARGO_TARGET_DIR=/opt/rustwide/target" "-e" "CARGO_INCREMENTAL=0" "-e" "RUST_BACKTRACE=full" "-e" "RUSTFLAGS=--cap-lints=warn" "-e" "RUSTDOCFLAGS=--cap-lints=warn" "-e" "CARGO_HOME=/opt/rustwide/cargo-home" "-e" "RUSTUP_HOME=/opt/rustwide/rustup-home" "-w" "/opt/rustwide/workdir" "-m" "1610612736" "--user" "0:0" "--network" "none" "ghcr.io/rust-lang/crates-build-env/linux@sha256:2788e3201cd34a07e3172128adcd8b3090168a8e3bcc40d7c032b9dda1df7d1c" "/opt/rustwide/cargo-home/bin/cargo" "+1.75.0" "build" "--frozen" "--message-format=json", kill_on_drop: false }`
[INFO] [stdout] 60c289a8d0163cab35a944c9b2cabe541ebb4f3e51bcb41b252fabccd99001a6
[INFO] running `Command { std: "docker" "start" "-a" "60c289a8d0163cab35a944c9b2cabe541ebb4f3e51bcb41b252fabccd99001a6", kill_on_drop: false }`
[INFO] [stderr]    Compiling proc-macro2 v1.0.37
[INFO] [stderr]    Compiling unicode-xid v0.2.2
[INFO] [stderr]    Compiling syn v1.0.91
[INFO] [stderr]    Compiling cfg-if v1.0.0
[INFO] [stderr]    Compiling libc v0.2.122
[INFO] [stderr]    Compiling log v0.4.16
[INFO] [stderr]    Compiling autocfg v1.1.0
[INFO] [stderr]    Compiling pin-project-lite v0.2.8
[INFO] [stderr]    Compiling futures-core v0.3.21
[INFO] [stderr]    Compiling lazy_static v1.4.0
[INFO] [stderr]    Compiling bytes v1.1.0
[INFO] [stderr]    Compiling hashbrown v0.11.2
[INFO] [stderr]    Compiling either v1.6.1
[INFO] [stderr]    Compiling memchr v2.4.1
[INFO] [stderr]    Compiling anyhow v1.0.56
[INFO] [stderr]    Compiling futures-task v0.3.21
[INFO] [stderr]    Compiling futures-util v0.3.21
[INFO] [stderr]    Compiling tracing-core v0.1.24
[INFO] [stderr]    Compiling pin-utils v0.1.0
[INFO] [stderr]    Compiling itoa v1.0.1
[INFO] [stderr]    Compiling fnv v1.0.7
[INFO] [stderr]    Compiling itertools v0.10.3
[INFO] [stderr]    Compiling futures-sink v0.3.21
[INFO] [stderr]    Compiling cc v1.0.73
[INFO] [stderr]    Compiling slab v0.4.6
[INFO] [stderr]    Compiling tower-service v0.3.1
[INFO] [stderr]    Compiling futures-channel v0.3.21
[INFO] [stderr]    Compiling indexmap v1.8.1
[INFO] [stderr]    Compiling http v0.2.6
[INFO] [stderr]    Compiling ppv-lite86 v0.2.16
[INFO] [stderr]    Compiling httparse v1.6.0
[INFO] [stderr]    Compiling cmake v0.1.48
[INFO] [stderr]    Compiling fastrand v1.7.0
[INFO] [stderr]    Compiling fixedbitset v0.4.1
[INFO] [stderr]    Compiling try-lock v0.2.3
[INFO] [stderr]    Compiling quote v1.0.17
[INFO] [stderr]    Compiling async-trait v0.1.53
[INFO] [stderr]    Compiling remove_dir_all v0.5.3
[INFO] [stderr]    Compiling regex-syntax v0.6.25
[INFO] [stderr]    Compiling want v0.3.0
[INFO] [stderr]    Compiling mio v0.8.2
[INFO] [stderr]    Compiling socket2 v0.4.4
[INFO] [stderr]    Compiling getrandom v0.2.6
[INFO] [stderr]    Compiling which v4.2.5
[INFO] [stderr]    Compiling tempfile v3.3.0
[INFO] [stderr]    Compiling serde v1.0.136
[INFO] [stderr]    Compiling rand_core v0.6.3
[INFO] [stderr]    Compiling petgraph v0.6.0
[INFO] [stderr]    Compiling tower-layer v0.3.1
[INFO] [stderr]    Compiling multimap v0.8.3
[INFO] [stderr]    Compiling heck v0.4.0
[INFO] [stderr]    Compiling httpdate v1.0.2
[INFO] [stderr]    Compiling bitflags v1.3.2
[INFO] [stderr]    Compiling rand_chacha v0.3.1
[INFO] [stderr]    Compiling mime v0.3.16
[INFO] [stderr]    Compiling prost-build v0.10.0
[INFO] [stderr]    Compiling http-range-header v0.3.0
[INFO] [stderr]    Compiling matchit v0.5.0
[INFO] [stderr]    Compiling sync_wrapper v0.1.1
[INFO] [stderr]    Compiling percent-encoding v2.1.0
[INFO] [stderr]    Compiling base64 v0.13.0
[INFO] [stderr]    Compiling rand v0.8.5
[INFO] [stderr]    Compiling http-body v0.4.4
[INFO] [stderr]    Compiling regex v1.5.5
[INFO] [stderr]    Compiling prettyplease v0.1.9
[INFO] [stderr]    Compiling tokio-macros v1.7.0
[INFO] [stderr]    Compiling tracing-attributes v0.1.20
[INFO] [stderr]    Compiling prost-derive v0.10.0
[INFO] [stderr]    Compiling pin-project-internal v1.0.10
[INFO] [stderr]    Compiling async-stream-impl v0.3.3
[INFO] [stderr]    Compiling async-stream v0.3.3
[INFO] [stderr]    Compiling tokio v1.17.0
[INFO] [stderr]    Compiling axum-core v0.2.1
[INFO] [stderr]    Compiling pin-project v1.0.10
[INFO] [stderr]    Compiling tracing v0.1.32
[INFO] [stderr]    Compiling tracing-futures v0.2.5
[INFO] [stderr]    Compiling prost v0.10.0
[INFO] [stderr]    Compiling prost-types v0.10.0
[INFO] [stderr]    Compiling tonic-build v0.7.0
[INFO] [stderr]    Compiling reproduction-tonic-967-issue v0.1.0 (/opt/rustwide/workdir)
[INFO] [stderr]    Compiling tokio-util v0.7.1
[INFO] [stderr]    Compiling tokio-io-timeout v1.2.0
[INFO] [stderr]    Compiling tokio-stream v0.1.8
[INFO] [stderr]    Compiling h2 v0.3.13
[INFO] [stderr]    Compiling tower v0.4.12
[INFO] [stderr]    Compiling tower-http v0.2.5
[INFO] [stderr]    Compiling hyper v0.14.18
[INFO] [stderr]    Compiling axum v0.5.1
[INFO] [stderr]    Compiling hyper-timeout v0.4.1
[INFO] [stderr]    Compiling tonic v0.7.1
[INFO] [stderr]     Finished dev [unoptimized + debuginfo] target(s) in 16.41s
[INFO] running `Command { std: "docker" "inspect" "60c289a8d0163cab35a944c9b2cabe541ebb4f3e51bcb41b252fabccd99001a6", kill_on_drop: false }`
[INFO] running `Command { std: "docker" "rm" "-f" "60c289a8d0163cab35a944c9b2cabe541ebb4f3e51bcb41b252fabccd99001a6", kill_on_drop: false }`
[INFO] [stdout] 60c289a8d0163cab35a944c9b2cabe541ebb4f3e51bcb41b252fabccd99001a6
[INFO] running `Command { std: "docker" "create" "-v" "/var/lib/crater-agent-workspace/builds/worker-7-tc1/target:/opt/rustwide/target:rw,Z" "-v" "/var/lib/crater-agent-workspace/builds/worker-7-tc1/source:/opt/rustwide/workdir:ro,Z" "-v" "/var/lib/crater-agent-workspace/cargo-home:/opt/rustwide/cargo-home:ro,Z" "-v" "/var/lib/crater-agent-workspace/rustup-home:/opt/rustwide/rustup-home:ro,Z" "-e" "SOURCE_DIR=/opt/rustwide/workdir" "-e" "CARGO_TARGET_DIR=/opt/rustwide/target" "-e" "CARGO_INCREMENTAL=0" "-e" "RUST_BACKTRACE=full" "-e" "RUSTFLAGS=--cap-lints=warn" "-e" "RUSTDOCFLAGS=--cap-lints=warn" "-e" "CARGO_HOME=/opt/rustwide/cargo-home" "-e" "RUSTUP_HOME=/opt/rustwide/rustup-home" "-w" "/opt/rustwide/workdir" "-m" "1610612736" "--user" "0:0" "--network" "none" "ghcr.io/rust-lang/crates-build-env/linux@sha256:2788e3201cd34a07e3172128adcd8b3090168a8e3bcc40d7c032b9dda1df7d1c" "/opt/rustwide/cargo-home/bin/cargo" "+1.75.0" "test" "--frozen" "--no-run" "--message-format=json", kill_on_drop: false }`
[INFO] [stdout] 112be5e17a166bd17e9cee34c2b6a2b6c3c8c9d2965e938c45685a6d92dc5dcb
[INFO] running `Command { std: "docker" "start" "-a" "112be5e17a166bd17e9cee34c2b6a2b6c3c8c9d2965e938c45685a6d92dc5dcb", kill_on_drop: false }`
[INFO] [stderr]    Compiling reproduction-tonic-967-issue v0.1.0 (/opt/rustwide/workdir)
[INFO] [stderr]     Finished test [unoptimized + debuginfo] target(s) in 0.33s
[INFO] running `Command { std: "docker" "inspect" "112be5e17a166bd17e9cee34c2b6a2b6c3c8c9d2965e938c45685a6d92dc5dcb", kill_on_drop: false }`
[INFO] running `Command { std: "docker" "rm" "-f" "112be5e17a166bd17e9cee34c2b6a2b6c3c8c9d2965e938c45685a6d92dc5dcb", kill_on_drop: false }`
[INFO] [stdout] 112be5e17a166bd17e9cee34c2b6a2b6c3c8c9d2965e938c45685a6d92dc5dcb
[INFO] running `Command { std: "docker" "create" "-v" "/var/lib/crater-agent-workspace/builds/worker-7-tc1/target:/opt/rustwide/target:rw,Z" "-v" "/var/lib/crater-agent-workspace/builds/worker-7-tc1/source:/opt/rustwide/workdir:ro,Z" "-v" "/var/lib/crater-agent-workspace/cargo-home:/opt/rustwide/cargo-home:ro,Z" "-v" "/var/lib/crater-agent-workspace/rustup-home:/opt/rustwide/rustup-home:ro,Z" "-e" "SOURCE_DIR=/opt/rustwide/workdir" "-e" "CARGO_TARGET_DIR=/opt/rustwide/target" "-e" "CARGO_INCREMENTAL=0" "-e" "RUST_BACKTRACE=full" "-e" "RUSTFLAGS=--cap-lints=warn" "-e" "RUSTDOCFLAGS=--cap-lints=warn" "-e" "CARGO_HOME=/opt/rustwide/cargo-home" "-e" "RUSTUP_HOME=/opt/rustwide/rustup-home" "-w" "/opt/rustwide/workdir" "-m" "1610612736" "--user" "0:0" "--network" "none" "ghcr.io/rust-lang/crates-build-env/linux@sha256:2788e3201cd34a07e3172128adcd8b3090168a8e3bcc40d7c032b9dda1df7d1c" "/opt/rustwide/cargo-home/bin/cargo" "+1.75.0" "test" "--frozen", kill_on_drop: false }`
[INFO] [stdout] 2af17cd8c34d82c7342e31a364d4922c1ee08fb8fb337b2d99f0acae1680a632
[INFO] running `Command { std: "docker" "start" "-a" "2af17cd8c34d82c7342e31a364d4922c1ee08fb8fb337b2d99f0acae1680a632", kill_on_drop: false }`
[INFO] [stderr]     Finished test [unoptimized + debuginfo] target(s) in 0.05s
[INFO] [stderr]      Running unittests src/lib.rs (/opt/rustwide/target/debug/deps/reproduction_tonic_967_issue-a67ba7f879ce677b)
[INFO] [stdout] 
[INFO] [stdout] running 0 tests
[INFO] [stdout] 
[INFO] [stdout] test result: ok. 0 passed; 0 failed; 0 ignored; 0 measured; 0 filtered out; finished in 0.00s
[INFO] [stdout] 
[INFO] [stderr]      Running unittests src/main.rs (/opt/rustwide/target/debug/deps/reproduction_tonic_967_issue-9c95f9807b28305e)
[INFO] [stdout] 
[INFO] [stdout] running 0 tests
[INFO] [stdout] 
[INFO] [stdout] test result: ok. 0 passed; 0 failed; 0 ignored; 0 measured; 0 filtered out; finished in 0.00s
[INFO] [stdout] 
[INFO] [stderr]    Doc-tests reproduction-tonic-967-issue
[INFO] [stdout] 
[INFO] [stdout] running 6 tests
[INFO] [stdout] test /opt/rustwide/target/debug/build/reproduction-tonic-967-issue-29ab817229d82104/out/google.protobuf.rs - google::protobuf::Timestamp (line 54) ... FAILED
[INFO] [stdout] test /opt/rustwide/target/debug/build/reproduction-tonic-967-issue-29ab817229d82104/out/google.protobuf.rs - google::protobuf::Timestamp (line 46) ... FAILED
[INFO] [stdout] test /opt/rustwide/target/debug/build/reproduction-tonic-967-issue-29ab817229d82104/out/google.protobuf.rs - google::protobuf::Timestamp (line 34) ... FAILED
[INFO] [stdout] test /opt/rustwide/target/debug/build/reproduction-tonic-967-issue-29ab817229d82104/out/google.protobuf.rs - google::protobuf::Timestamp (line 19) ... FAILED
[INFO] [stdout] test /opt/rustwide/target/debug/build/reproduction-tonic-967-issue-29ab817229d82104/out/google.protobuf.rs - google::protobuf::Timestamp (line 25) ... FAILED
[INFO] [stdout] test /opt/rustwide/target/debug/build/reproduction-tonic-967-issue-29ab817229d82104/out/google.protobuf.rs - google::protobuf::Timestamp (line 63) ... FAILED
[INFO] [stdout] 
[INFO] [stdout] failures:
[INFO] [stdout] 
[INFO] [stdout] ---- /opt/rustwide/target/debug/build/reproduction-tonic-967-issue-29ab817229d82104/out/google.protobuf.rs - google::protobuf::Timestamp (line 54) stdout ----
[INFO] [stdout] error: expected one of `!`, `.`, `::`, `;`, `?`, `{`, `}`, or an operator, found `now`
[INFO] [stdout]  --> /opt/rustwide/target/debug/build/reproduction-tonic-967-issue-29ab817229d82104/out/google.protobuf.rs:55:9
[INFO] [stdout]   |
[INFO] [stdout] 3 | Instant now = Instant.now();
[INFO] [stdout]   |         ^^^ expected one of 8 possible tokens
[INFO] [stdout] 
[INFO] [stdout] error: aborting due to previous error
[INFO] [stdout] 
[INFO] [stdout] Couldn't compile the test.
[INFO] [stdout] ---- /opt/rustwide/target/debug/build/reproduction-tonic-967-issue-29ab817229d82104/out/google.protobuf.rs - google::protobuf::Timestamp (line 46) stdout ----
[INFO] [stdout] error: expected one of `!`, `.`, `::`, `;`, `?`, `{`, `}`, or an operator, found `millis`
[INFO] [stdout]  --> /opt/rustwide/target/debug/build/reproduction-tonic-967-issue-29ab817229d82104/out/google.protobuf.rs:47:6
[INFO] [stdout]   |
[INFO] [stdout] 3 | long millis = System.currentTimeMillis();
[INFO] [stdout]   |      ^^^^^^ expected one of 8 possible tokens
[INFO] [stdout] 
[INFO] [stdout] error: aborting due to previous error
[INFO] [stdout] 
[INFO] [stdout] Couldn't compile the test.
[INFO] [stdout] ---- /opt/rustwide/target/debug/build/reproduction-tonic-967-issue-29ab817229d82104/out/google.protobuf.rs - google::protobuf::Timestamp (line 34) stdout ----
[INFO] [stdout] error: expected one of `!`, `.`, `::`, `;`, `?`, `{`, `}`, or an operator, found `ft`
[INFO] [stdout]  --> /opt/rustwide/target/debug/build/reproduction-tonic-967-issue-29ab817229d82104/out/google.protobuf.rs:35:10
[INFO] [stdout]   |
[INFO] [stdout] 3 | FILETIME ft;
[INFO] [stdout]   |          ^^ expected one of 8 possible tokens
[INFO] [stdout] 
[INFO] [stdout] error: aborting due to previous error
[INFO] [stdout] 
[INFO] [stdout] Couldn't compile the test.
[INFO] [stdout] ---- /opt/rustwide/target/debug/build/reproduction-tonic-967-issue-29ab817229d82104/out/google.protobuf.rs - google::protobuf::Timestamp (line 19) stdout ----
[INFO] [stdout] error: expected one of `!`, `.`, `::`, `;`, `?`, `{`, `}`, or an operator, found `timestamp`
[INFO] [stdout]  --> /opt/rustwide/target/debug/build/reproduction-tonic-967-issue-29ab817229d82104/out/google.protobuf.rs:20:11
[INFO] [stdout]   |
[INFO] [stdout] 3 | Timestamp timestamp;
[INFO] [stdout]   |           ^^^^^^^^^ expected one of 8 possible tokens
[INFO] [stdout] 
[INFO] [stdout] error: aborting due to previous error
[INFO] [stdout] 
[INFO] [stdout] Couldn't compile the test.
[INFO] [stdout] ---- /opt/rustwide/target/debug/build/reproduction-tonic-967-issue-29ab817229d82104/out/google.protobuf.rs - google::protobuf::Timestamp (line 25) stdout ----
[INFO] [stdout] error: expected `where`, `{`, `(`, or `;` after struct name, found `tv`
[INFO] [stdout]  --> /opt/rustwide/target/debug/build/reproduction-tonic-967-issue-29ab817229d82104/out/google.protobuf.rs:26:16
[INFO] [stdout]   |
[INFO] [stdout] 3 | struct timeval tv;
[INFO] [stdout]   |                ^^ expected `where`, `{`, `(`, or `;` after struct name
[INFO] [stdout] 
[INFO] [stdout] error: aborting due to previous error
[INFO] [stdout] 
[INFO] [stdout] Couldn't compile the test.
[INFO] [stdout] ---- /opt/rustwide/target/debug/build/reproduction-tonic-967-issue-29ab817229d82104/out/google.protobuf.rs - google::protobuf::Timestamp (line 63) stdout ----
[INFO] [stdout] error: expected `;`, found `timestamp`
[INFO] [stdout]  --> /opt/rustwide/target/debug/build/reproduction-tonic-967-issue-29ab817229d82104/out/google.protobuf.rs:64:24
[INFO] [stdout]   |
[INFO] [stdout] 3 | timestamp = Timestamp()
[INFO] [stdout]   |                        ^ help: add `;` here
[INFO] [stdout] 4 | timestamp.GetCurrentTime()
[INFO] [stdout]   | --------- unexpected token
[INFO] [stdout] 
[INFO] [stdout] error[E0425]: cannot find value `timestamp` in this scope
[INFO] [stdout]  --> /opt/rustwide/target/debug/build/reproduction-tonic-967-issue-29ab817229d82104/out/google.protobuf.rs:65:1
[INFO] [stdout]   |
[INFO] [stdout] 4 | timestamp.GetCurrentTime()
[INFO] [stdout]   | ^^^^^^^^^ not found in this scope
[INFO] [stdout] 
[INFO] [stdout] error: aborting due to 2 previous errors
[INFO] [stdout] 
[INFO] [stdout] For more information about this error, try `rustc --explain E0425`.
[INFO] [stdout] Couldn't compile the test.
[INFO] [stdout] 
[INFO] [stdout] failures:
[INFO] [stdout]     /opt/rustwide/target/debug/build/reproduction-tonic-967-issue-29ab817229d82104/out/google.protobuf.rs - google::protobuf::Timestamp (line 19)
[INFO] [stdout]     /opt/rustwide/target/debug/build/reproduction-tonic-967-issue-29ab817229d82104/out/google.protobuf.rs - google::protobuf::Timestamp (line 25)
[INFO] [stdout]     /opt/rustwide/target/debug/build/reproduction-tonic-967-issue-29ab817229d82104/out/google.protobuf.rs - google::protobuf::Timestamp (line 34)
[INFO] [stdout]     /opt/rustwide/target/debug/build/reproduction-tonic-967-issue-29ab817229d82104/out/google.protobuf.rs - google::protobuf::Timestamp (line 46)
[INFO] [stdout]     /opt/rustwide/target/debug/build/reproduction-tonic-967-issue-29ab817229d82104/out/google.protobuf.rs - google::protobuf::Timestamp (line 54)
[INFO] [stdout]     /opt/rustwide/target/debug/build/reproduction-tonic-967-issue-29ab817229d82104/out/google.protobuf.rs - google::protobuf::Timestamp (line 63)
[INFO] [stdout] 
[INFO] [stdout] test result: FAILED. 0 passed; 6 failed; 0 ignored; 0 measured; 0 filtered out; finished in 0.06s
[INFO] [stdout] 
[INFO] [stderr] error: doctest failed, to rerun pass `--doc`
[INFO] running `Command { std: "docker" "inspect" "2af17cd8c34d82c7342e31a364d4922c1ee08fb8fb337b2d99f0acae1680a632", kill_on_drop: false }`
[INFO] running `Command { std: "docker" "rm" "-f" "2af17cd8c34d82c7342e31a364d4922c1ee08fb8fb337b2d99f0acae1680a632", kill_on_drop: false }`
[INFO] [stdout] 2af17cd8c34d82c7342e31a364d4922c1ee08fb8fb337b2d99f0acae1680a632
