[INFO] cloning repository https://github.com/xmh0511/rust-xfinal
[INFO] running `Command { std: "git" "-c" "credential.helper=" "-c" "credential.helper=/workspace/cargo-home/bin/git-credential-null" "clone" "--bare" "https://github.com/xmh0511/rust-xfinal" "/workspace/cache/git-repos/https%3A%2F%2Fgithub.com%2Fxmh0511%2Frust-xfinal", kill_on_drop: false }`
[INFO] [stderr] Cloning into bare repository '/workspace/cache/git-repos/https%3A%2F%2Fgithub.com%2Fxmh0511%2Frust-xfinal'...
[INFO] running `Command { std: "git" "rev-parse" "HEAD", kill_on_drop: false }`
[INFO] [stdout] 7f8637217539a93474c09f3237869cf1ec98962b
[INFO] testing xmh0511/rust-xfinal against 1.75.0 for beta-1.76-1
[INFO] running `Command { std: "git" "clone" "/workspace/cache/git-repos/https%3A%2F%2Fgithub.com%2Fxmh0511%2Frust-xfinal" "/workspace/builds/worker-0-tc1/source", kill_on_drop: false }`
[INFO] [stderr] Cloning into '/workspace/builds/worker-0-tc1/source'...
[INFO] [stderr] done.
[INFO] validating manifest of git repo https://github.com/xmh0511/rust-xfinal on toolchain 1.75.0
[INFO] running `Command { std: CARGO_HOME="/workspace/cargo-home" RUSTUP_HOME="/workspace/rustup-home" "/workspace/cargo-home/bin/cargo" "+1.75.0" "metadata" "--manifest-path" "Cargo.toml" "--no-deps", kill_on_drop: false }`
[INFO] started tweaking git repo https://github.com/xmh0511/rust-xfinal
[INFO] finished tweaking git repo https://github.com/xmh0511/rust-xfinal
[INFO] tweaked toml for git repo https://github.com/xmh0511/rust-xfinal written to /workspace/builds/worker-0-tc1/source/Cargo.toml
[INFO] crate git repo https://github.com/xmh0511/rust-xfinal already has a lockfile, it will not be regenerated
[INFO] running `Command { std: CARGO_HOME="/workspace/cargo-home" RUSTUP_HOME="/workspace/rustup-home" "/workspace/cargo-home/bin/cargo" "+1.75.0" "fetch" "--manifest-path" "Cargo.toml", kill_on_drop: false }`
[INFO] [stderr] warning: virtual workspace defaulting to `resolver = "1"` despite one or more workspace members being on edition 2021 which implies `resolver = "2"`
[INFO] [stderr] note: to keep the current resolver, specify `workspace.resolver = "1"` in the workspace root's manifest
[INFO] [stderr] note: to use the edition 2021 resolver, specify `workspace.resolver = "2"` in the workspace root's manifest
[INFO] [stderr] note: for more details see https://doc.rust-lang.org/cargo/reference/resolver.html#resolver-versions
[INFO] [stderr]     Updating crates.io index
[INFO] [stderr]  Downloading crates ...
[INFO] [stderr]   Downloaded expedite v0.1.0
[INFO] running `Command { std: "docker" "create" "-v" "/var/lib/crater-agent-workspace/builds/worker-0-tc1/target:/opt/rustwide/target:rw,Z" "-v" "/var/lib/crater-agent-workspace/builds/worker-0-tc1/source:/opt/rustwide/workdir:ro,Z" "-v" "/var/lib/crater-agent-workspace/cargo-home:/opt/rustwide/cargo-home:ro,Z" "-v" "/var/lib/crater-agent-workspace/rustup-home:/opt/rustwide/rustup-home:ro,Z" "-e" "SOURCE_DIR=/opt/rustwide/workdir" "-e" "CARGO_TARGET_DIR=/opt/rustwide/target" "-e" "CARGO_HOME=/opt/rustwide/cargo-home" "-e" "RUSTUP_HOME=/opt/rustwide/rustup-home" "-w" "/opt/rustwide/workdir" "-m" "1610612736" "--user" "0:0" "--network" "none" "ghcr.io/rust-lang/crates-build-env/linux@sha256:2788e3201cd34a07e3172128adcd8b3090168a8e3bcc40d7c032b9dda1df7d1c" "/opt/rustwide/cargo-home/bin/cargo" "+1.75.0" "metadata" "--no-deps" "--format-version=1", kill_on_drop: false }`
[INFO] [stdout] 2200f02b1bd78a59b5551655fce03270bc3d55bc1114701f38ce3d341a773f3a
[INFO] running `Command { std: "docker" "start" "-a" "2200f02b1bd78a59b5551655fce03270bc3d55bc1114701f38ce3d341a773f3a", kill_on_drop: false }`
[INFO] running `Command { std: "docker" "inspect" "2200f02b1bd78a59b5551655fce03270bc3d55bc1114701f38ce3d341a773f3a", kill_on_drop: false }`
[INFO] running `Command { std: "docker" "rm" "-f" "2200f02b1bd78a59b5551655fce03270bc3d55bc1114701f38ce3d341a773f3a", kill_on_drop: false }`
[INFO] [stdout] 2200f02b1bd78a59b5551655fce03270bc3d55bc1114701f38ce3d341a773f3a
[INFO] running `Command { std: "docker" "create" "-v" "/var/lib/crater-agent-workspace/builds/worker-0-tc1/target:/opt/rustwide/target:rw,Z" "-v" "/var/lib/crater-agent-workspace/builds/worker-0-tc1/source:/opt/rustwide/workdir:ro,Z" "-v" "/var/lib/crater-agent-workspace/cargo-home:/opt/rustwide/cargo-home:ro,Z" "-v" "/var/lib/crater-agent-workspace/rustup-home:/opt/rustwide/rustup-home:ro,Z" "-e" "SOURCE_DIR=/opt/rustwide/workdir" "-e" "CARGO_TARGET_DIR=/opt/rustwide/target" "-e" "CARGO_INCREMENTAL=0" "-e" "RUST_BACKTRACE=full" "-e" "RUSTFLAGS=--cap-lints=warn" "-e" "RUSTDOCFLAGS=--cap-lints=warn" "-e" "CARGO_HOME=/opt/rustwide/cargo-home" "-e" "RUSTUP_HOME=/opt/rustwide/rustup-home" "-w" "/opt/rustwide/workdir" "-m" "1610612736" "--user" "0:0" "--network" "none" "ghcr.io/rust-lang/crates-build-env/linux@sha256:2788e3201cd34a07e3172128adcd8b3090168a8e3bcc40d7c032b9dda1df7d1c" "/opt/rustwide/cargo-home/bin/cargo" "+1.75.0" "build" "--frozen" "--message-format=json", kill_on_drop: false }`
[INFO] [stdout] d0aa9898952fc459af26380fb32359369bd26addfc7ddebe78686eb165dc78ce
[INFO] running `Command { std: "docker" "start" "-a" "d0aa9898952fc459af26380fb32359369bd26addfc7ddebe78686eb165dc78ce", kill_on_drop: false }`
[INFO] [stderr] warning: virtual workspace defaulting to `resolver = "1"` despite one or more workspace members being on edition 2021 which implies `resolver = "2"`
[INFO] [stderr] note: to keep the current resolver, specify `workspace.resolver = "1"` in the workspace root's manifest
[INFO] [stderr] note: to use the edition 2021 resolver, specify `workspace.resolver = "2"` in the workspace root's manifest
[INFO] [stderr] note: for more details see https://doc.rust-lang.org/cargo/reference/resolver.html#resolver-versions
[INFO] [stderr]    Compiling version_check v0.9.4
[INFO] [stderr]    Compiling cfg-if v1.0.0
[INFO] [stderr]    Compiling proc-macro2 v1.0.49
[INFO] [stderr]    Compiling quote v1.0.23
[INFO] [stderr]    Compiling libc v0.2.138
[INFO] [stderr]    Compiling unicode-ident v1.0.6
[INFO] [stderr]    Compiling syn v1.0.107
[INFO] [stderr]    Compiling memchr v2.5.0
[INFO] [stderr]    Compiling typenum v1.16.0
[INFO] [stderr]    Compiling ppv-lite86 v0.2.17
[INFO] [stderr]    Compiling regex-syntax v0.6.28
[INFO] [stderr]    Compiling siphasher v0.3.10
[INFO] [stderr]    Compiling autocfg v1.1.0
[INFO] [stderr]    Compiling thiserror v1.0.38
[INFO] [stderr]    Compiling serde_derive v1.0.151
[INFO] [stderr]    Compiling once_cell v1.16.0
[INFO] [stderr]    Compiling serde v1.0.151
[INFO] [stderr]    Compiling log v0.4.17
[INFO] [stderr]    Compiling subtle v2.4.1
[INFO] [stderr]    Compiling ucd-trie v0.1.5
[INFO] [stderr]    Compiling uncased v0.9.7
[INFO] [stderr]    Compiling generic-array v0.14.6
[INFO] [stderr]    Compiling crossbeam-utils v0.8.14
[INFO] [stderr]    Compiling same-file v1.0.6
[INFO] [stderr]    Compiling serde_json v1.0.91
[INFO] [stderr]    Compiling unic-char-range v0.9.0
[INFO] [stderr]    Compiling fnv v1.0.7
[INFO] [stderr]    Compiling num-traits v0.2.15
[INFO] [stderr]    Compiling num-integer v0.1.45
[INFO] [stderr]    Compiling unic-common v0.9.0
[INFO] [stderr]    Compiling walkdir v2.3.2
[INFO] [stderr]    Compiling unic-char-property v0.9.0
[INFO] [stderr]    Compiling unic-ucd-version v0.9.0
[INFO] [stderr]    Compiling thread_local v1.1.4
[INFO] [stderr]    Compiling ryu v1.0.12
[INFO] [stderr]    Compiling iana-time-zone v0.1.53
[INFO] [stderr]    Compiling itoa v1.0.5
[INFO] [stderr]    Compiling phf_shared v0.11.1
[INFO] [stderr]    Compiling cpufeatures v0.2.5
[INFO] [stderr]    Compiling lazy_static v1.4.0
[INFO] [stderr]    Compiling unic-ucd-segment v0.9.0
[INFO] [stderr]    Compiling deunicode v0.4.3
[INFO] [stderr]    Compiling bitflags v1.3.2
[INFO] [stderr]    Compiling base64 v0.13.1
[INFO] [stderr]    Compiling percent-encoding v2.2.0
[INFO] [stderr]    Compiling aho-corasick v0.7.20
[INFO] [stderr]    Compiling phf v0.11.1
[INFO] [stderr]    Compiling bstr v0.2.17
[INFO] [stderr]    Compiling slug v0.1.4
[INFO] [stderr]    Compiling humansize v1.1.1
[INFO] [stderr]    Compiling hex-literal v0.3.4
[INFO] [stderr]    Compiling getrandom v0.2.8
[INFO] [stderr]    Compiling time v0.1.45
[INFO] [stderr]    Compiling xfinal-macro v0.1.2 (/opt/rustwide/workdir/crates/macros)
[INFO] [stderr]    Compiling unic-segment v0.9.0
[INFO] [stderr]    Compiling rand_core v0.6.4
[INFO] [stderr]    Compiling expedite v0.1.0
[INFO] [stderr]    Compiling rand_chacha v0.3.1
[INFO] [stderr]    Compiling rand v0.8.5
[INFO] [stderr]    Compiling chrono v0.4.23
[INFO] [stderr]    Compiling regex v1.7.0
[INFO] [stderr]    Compiling crypto-common v0.1.6
[INFO] [stderr]    Compiling block-buffer v0.10.3
[INFO] [stderr]    Compiling digest v0.10.6
[INFO] [stderr]    Compiling hmac v0.12.1
[INFO] [stderr]    Compiling sha2 v0.10.6
[INFO] [stderr]    Compiling sha1 v0.10.5
[INFO] [stderr]    Compiling phf_generator v0.11.1
[INFO] [stderr]    Compiling phf_codegen v0.11.1
[INFO] [stderr]    Compiling parse-zoneinfo v0.3.0
[INFO] [stderr]    Compiling globset v0.4.9
[INFO] [stderr]    Compiling ignore v0.4.18
[INFO] [stderr]    Compiling chrono-tz-build v0.0.3
[INFO] [stderr]    Compiling globwalk v0.8.1
[INFO] [stderr]    Compiling chrono-tz v0.6.3
[INFO] [stderr]    Compiling thiserror-impl v1.0.38
[INFO] [stderr]    Compiling uuid-macro-internal v1.2.2
[INFO] [stderr]    Compiling uuid v1.2.2
[INFO] [stderr]    Compiling pest v2.5.1
[INFO] [stderr]    Compiling pest_meta v2.5.1
[INFO] [stderr]    Compiling pest_generator v2.5.1
[INFO] [stderr]    Compiling pest_derive v2.5.1
[INFO] [stderr]    Compiling multimap v0.8.3
[INFO] [stderr]    Compiling tera v1.17.1
[INFO] [stderr]    Compiling jwt v0.16.0
[INFO] [stderr]    Compiling rust-xfinal v0.8.35 (/opt/rustwide/workdir/crates/xfinal)
[INFO] [stdout] warning: use of deprecated method `chrono::TimeZone::ymd`: use `with_ymd_and_hms()` instead
[INFO] [stdout]    --> crates/xfinal/src/cookie.rs:160:18
[INFO] [stdout]     |
[INFO] [stdout] 160 |                 .ymd(t.date.year as i32, t.date.month, t.date.day)
[INFO] [stdout]     |                  ^^^
[INFO] [stdout]     |
[INFO] [stdout]     = note: `#[warn(deprecated)]` on by default
[INFO] [stdout] 
[INFO] [stdout] 
[INFO] [stdout] warning: use of deprecated method `chrono::Date::<Tz>::and_hms`: Use and_hms_opt() instead
[INFO] [stdout]    --> crates/xfinal/src/cookie.rs:161:18
[INFO] [stdout]     |
[INFO] [stdout] 161 |                 .and_hms(t.hours, t.minutes, t.seconds);
[INFO] [stdout]     |                  ^^^^^^^
[INFO] [stdout] 
[INFO] [stdout] 
[INFO] [stdout] warning: 2 warnings emitted
[INFO] [stdout] 
[INFO] [stdout] 
[INFO] [stderr]     Finished dev [unoptimized + debuginfo] target(s) in 13.96s
[INFO] running `Command { std: "docker" "inspect" "d0aa9898952fc459af26380fb32359369bd26addfc7ddebe78686eb165dc78ce", kill_on_drop: false }`
[INFO] running `Command { std: "docker" "rm" "-f" "d0aa9898952fc459af26380fb32359369bd26addfc7ddebe78686eb165dc78ce", kill_on_drop: false }`
[INFO] [stdout] d0aa9898952fc459af26380fb32359369bd26addfc7ddebe78686eb165dc78ce
[INFO] running `Command { std: "docker" "create" "-v" "/var/lib/crater-agent-workspace/builds/worker-0-tc1/target:/opt/rustwide/target:rw,Z" "-v" "/var/lib/crater-agent-workspace/builds/worker-0-tc1/source:/opt/rustwide/workdir:ro,Z" "-v" "/var/lib/crater-agent-workspace/cargo-home:/opt/rustwide/cargo-home:ro,Z" "-v" "/var/lib/crater-agent-workspace/rustup-home:/opt/rustwide/rustup-home:ro,Z" "-e" "SOURCE_DIR=/opt/rustwide/workdir" "-e" "CARGO_TARGET_DIR=/opt/rustwide/target" "-e" "CARGO_INCREMENTAL=0" "-e" "RUST_BACKTRACE=full" "-e" "RUSTFLAGS=--cap-lints=warn" "-e" "RUSTDOCFLAGS=--cap-lints=warn" "-e" "CARGO_HOME=/opt/rustwide/cargo-home" "-e" "RUSTUP_HOME=/opt/rustwide/rustup-home" "-w" "/opt/rustwide/workdir" "-m" "1610612736" "--user" "0:0" "--network" "none" "ghcr.io/rust-lang/crates-build-env/linux@sha256:2788e3201cd34a07e3172128adcd8b3090168a8e3bcc40d7c032b9dda1df7d1c" "/opt/rustwide/cargo-home/bin/cargo" "+1.75.0" "test" "--frozen" "--no-run" "--message-format=json", kill_on_drop: false }`
[INFO] [stdout] 9622e6d447d1396bc398801b896cd089cdec6962f76aed3c175aab9cbf0c463e
[INFO] running `Command { std: "docker" "start" "-a" "9622e6d447d1396bc398801b896cd089cdec6962f76aed3c175aab9cbf0c463e", kill_on_drop: false }`
[INFO] [stderr] warning: virtual workspace defaulting to `resolver = "1"` despite one or more workspace members being on edition 2021 which implies `resolver = "2"`
[INFO] [stderr] note: to keep the current resolver, specify `workspace.resolver = "1"` in the workspace root's manifest
[INFO] [stderr] note: to use the edition 2021 resolver, specify `workspace.resolver = "2"` in the workspace root's manifest
[INFO] [stderr] note: for more details see https://doc.rust-lang.org/cargo/reference/resolver.html#resolver-versions
[INFO] [stderr]    Compiling xfinal-macro v0.1.2 (/opt/rustwide/workdir/crates/macros)
[INFO] [stderr]    Compiling rust-xfinal v0.8.35 (/opt/rustwide/workdir/crates/xfinal)
[INFO] [stdout] warning: use of deprecated method `chrono::TimeZone::ymd`: use `with_ymd_and_hms()` instead
[INFO] [stdout]    --> crates/xfinal/src/cookie.rs:160:18
[INFO] [stdout]     |
[INFO] [stdout] 160 |                 .ymd(t.date.year as i32, t.date.month, t.date.day)
[INFO] [stdout]     |                  ^^^
[INFO] [stdout]     |
[INFO] [stdout]     = note: `#[warn(deprecated)]` on by default
[INFO] [stdout] 
[INFO] [stdout] 
[INFO] [stdout] warning: use of deprecated method `chrono::Date::<Tz>::and_hms`: Use and_hms_opt() instead
[INFO] [stdout]    --> crates/xfinal/src/cookie.rs:161:18
[INFO] [stdout]     |
[INFO] [stdout] 161 |                 .and_hms(t.hours, t.minutes, t.seconds);
[INFO] [stdout]     |                  ^^^^^^^
[INFO] [stdout] 
[INFO] [stdout] 
[INFO] [stdout] warning: use of deprecated method `chrono::TimeZone::ymd`: use `with_ymd_and_hms()` instead
[INFO] [stdout]    --> crates/xfinal/src/cookie.rs:160:18
[INFO] [stdout]     |
[INFO] [stdout] 160 |                 .ymd(t.date.year as i32, t.date.month, t.date.day)
[INFO] [stdout]     |                  ^^^
[INFO] [stdout]     |
[INFO] [stdout]     = note: `#[warn(deprecated)]` on by default
[INFO] [stdout] 
[INFO] [stdout] 
[INFO] [stdout] warning: use of deprecated method `chrono::Date::<Tz>::and_hms`: Use and_hms_opt() instead
[INFO] [stdout]    --> crates/xfinal/src/cookie.rs:161:18
[INFO] [stdout]     |
[INFO] [stdout] 161 |                 .and_hms(t.hours, t.minutes, t.seconds);
[INFO] [stdout]     |                  ^^^^^^^
[INFO] [stdout] 
[INFO] [stdout] 
[INFO] [stdout] warning: 2 warnings emitted
[INFO] [stdout] 
[INFO] [stdout] 
[INFO] [stdout] warning: 2 warnings emitted
[INFO] [stdout] 
[INFO] [stdout] 
[INFO] [stderr]     Finished test [unoptimized + debuginfo] target(s) in 1.80s
[INFO] running `Command { std: "docker" "inspect" "9622e6d447d1396bc398801b896cd089cdec6962f76aed3c175aab9cbf0c463e", kill_on_drop: false }`
[INFO] running `Command { std: "docker" "rm" "-f" "9622e6d447d1396bc398801b896cd089cdec6962f76aed3c175aab9cbf0c463e", kill_on_drop: false }`
[INFO] [stdout] 9622e6d447d1396bc398801b896cd089cdec6962f76aed3c175aab9cbf0c463e
[INFO] running `Command { std: "docker" "create" "-v" "/var/lib/crater-agent-workspace/builds/worker-0-tc1/target:/opt/rustwide/target:rw,Z" "-v" "/var/lib/crater-agent-workspace/builds/worker-0-tc1/source:/opt/rustwide/workdir:ro,Z" "-v" "/var/lib/crater-agent-workspace/cargo-home:/opt/rustwide/cargo-home:ro,Z" "-v" "/var/lib/crater-agent-workspace/rustup-home:/opt/rustwide/rustup-home:ro,Z" "-e" "SOURCE_DIR=/opt/rustwide/workdir" "-e" "CARGO_TARGET_DIR=/opt/rustwide/target" "-e" "CARGO_INCREMENTAL=0" "-e" "RUST_BACKTRACE=full" "-e" "RUSTFLAGS=--cap-lints=warn" "-e" "RUSTDOCFLAGS=--cap-lints=warn" "-e" "CARGO_HOME=/opt/rustwide/cargo-home" "-e" "RUSTUP_HOME=/opt/rustwide/rustup-home" "-w" "/opt/rustwide/workdir" "-m" "1610612736" "--user" "0:0" "--network" "none" "ghcr.io/rust-lang/crates-build-env/linux@sha256:2788e3201cd34a07e3172128adcd8b3090168a8e3bcc40d7c032b9dda1df7d1c" "/opt/rustwide/cargo-home/bin/cargo" "+1.75.0" "test" "--frozen", kill_on_drop: false }`
[INFO] [stdout] d7b540b89e162afbb2f504b8f587731127bfcdbe3e518785bf916af05eab0506
[INFO] running `Command { std: "docker" "start" "-a" "d7b540b89e162afbb2f504b8f587731127bfcdbe3e518785bf916af05eab0506", kill_on_drop: false }`
[INFO] [stderr] warning: virtual workspace defaulting to `resolver = "1"` despite one or more workspace members being on edition 2021 which implies `resolver = "2"`
[INFO] [stderr] note: to keep the current resolver, specify `workspace.resolver = "1"` in the workspace root's manifest
[INFO] [stderr] note: to use the edition 2021 resolver, specify `workspace.resolver = "2"` in the workspace root's manifest
[INFO] [stderr] note: for more details see https://doc.rust-lang.org/cargo/reference/resolver.html#resolver-versions
[INFO] [stderr] warning: use of deprecated method `chrono::TimeZone::ymd`: use `with_ymd_and_hms()` instead
[INFO] [stderr]    --> crates/xfinal/src/cookie.rs:160:18
[INFO] [stderr]     |
[INFO] [stderr] 160 |                 .ymd(t.date.year as i32, t.date.month, t.date.day)
[INFO] [stderr]     |                  ^^^
[INFO] [stderr]     |
[INFO] [stderr]     = note: `#[warn(deprecated)]` on by default
[INFO] [stderr] 
[INFO] [stderr] warning: use of deprecated method `chrono::Date::<Tz>::and_hms`: Use and_hms_opt() instead
[INFO] [stderr]    --> crates/xfinal/src/cookie.rs:161:18
[INFO] [stderr]     |
[INFO] [stderr] 161 |                 .and_hms(t.hours, t.minutes, t.seconds);
[INFO] [stderr]     |                  ^^^^^^^
[INFO] [stderr] 
[INFO] [stderr] warning: `rust-xfinal` (lib) generated 2 warnings
[INFO] [stderr] warning: `rust-xfinal` (lib test) generated 2 warnings (2 duplicates)
[INFO] [stderr]     Finished test [unoptimized + debuginfo] target(s) in 0.08s
[INFO] [stderr]      Running unittests src/lib.rs (/opt/rustwide/target/debug/deps/rust_xfinal-0a7aa417946ed63c)
[INFO] [stdout] 
[INFO] [stdout] running 0 tests
[INFO] [stdout] 
[INFO] [stdout] test result: ok. 0 passed; 0 failed; 0 ignored; 0 measured; 0 filtered out; finished in 0.00s
[INFO] [stdout] 
[INFO] [stderr]      Running unittests src/lib.rs (/opt/rustwide/target/debug/deps/xfinal_macro-e01057ec83aa452e)
[INFO] [stdout] 
[INFO] [stdout] running 0 tests
[INFO] [stdout] 
[INFO] [stdout] test result: ok. 0 passed; 0 failed; 0 ignored; 0 measured; 0 filtered out; finished in 0.00s
[INFO] [stdout] 
[INFO] [stderr]    Doc-tests rust-xfinal
[INFO] [stdout] 
[INFO] [stdout] running 4 tests
[INFO] [stdout] test crates/xfinal/src/http_parser/connection.rs - http_parser::connection::Request<'a>::get_file (line 243) ... FAILED
[INFO] [stdout] test crates/xfinal/src/http_parser/connection.rs - http_parser::connection::Response<'a>::remove_header (line 654) ... FAILED
[INFO] [stdout] test crates/xfinal/src/http_parser/connection.rs - http_parser::connection::Response<'a>::add_header (line 677) ... FAILED
[INFO] [stderr] error: doctest failed, to rerun pass `-p rust-xfinal --doc`
[INFO] [stdout] test crates/xfinal/src/http_parser/connection.rs - http_parser::connection::Response<'a>::remove_header (line 650) ... FAILED
[INFO] [stdout] 
[INFO] [stdout] failures:
[INFO] [stdout] 
[INFO] [stdout] ---- crates/xfinal/src/http_parser/connection.rs - http_parser::connection::Request<'a>::get_file (line 243) stdout ----
[INFO] [stdout] error: expected `::`, found `<`
[INFO] [stdout]  --> crates/xfinal/src/http_parser/connection.rs:245:4
[INFO] [stdout]   |
[INFO] [stdout] 3 | <form>
[INFO] [stdout]   |       - expected `::`
[INFO] [stdout] 4 |    <input type="file" name="file1" />
[INFO] [stdout]   |    ^ unexpected token
[INFO] [stdout] 
[INFO] [stdout] error: aborting due to previous error
[INFO] [stdout] 
[INFO] [stdout] Couldn't compile the test.
[INFO] [stdout] ---- crates/xfinal/src/http_parser/connection.rs - http_parser::connection::Response<'a>::remove_header (line 654) stdout ----
[INFO] [stdout] error[E0425]: cannot find function `remove_header` in this scope
[INFO] [stdout]  --> crates/xfinal/src/http_parser/connection.rs:655:1
[INFO] [stdout]   |
[INFO] [stdout] 3 | remove_header(String::from("a"))
[INFO] [stdout]   | ^^^^^^^^^^^^^ not found in this scope
[INFO] [stdout] 
[INFO] [stdout] error: aborting due to previous error
[INFO] [stdout] 
[INFO] [stdout] For more information about this error, try `rustc --explain E0425`.
[INFO] [stdout] Couldn't compile the test.
[INFO] [stdout] ---- crates/xfinal/src/http_parser/connection.rs - http_parser::connection::Response<'a>::add_header (line 677) stdout ----
[INFO] [stdout] error[E0425]: cannot find function `add_header` in this scope
[INFO] [stdout]  --> crates/xfinal/src/http_parser/connection.rs:678:1
[INFO] [stdout]   |
[INFO] [stdout] 3 | add_header(String::from("a"),String::from("b"))
[INFO] [stdout]   | ^^^^^^^^^^ not found in this scope
[INFO] [stdout] 
[INFO] [stdout] error: aborting due to previous error
[INFO] [stdout] 
[INFO] [stdout] For more information about this error, try `rustc --explain E0425`.
[INFO] [stdout] Couldn't compile the test.
[INFO] [stdout] ---- crates/xfinal/src/http_parser/connection.rs - http_parser::connection::Response<'a>::remove_header (line 650) stdout ----
[INFO] [stdout] error[E0425]: cannot find function `add_header` in this scope
[INFO] [stdout]  --> crates/xfinal/src/http_parser/connection.rs:651:1
[INFO] [stdout]   |
[INFO] [stdout] 3 | add_header(String::from("a"),String::from("b"))
[INFO] [stdout]   | ^^^^^^^^^^ not found in this scope
[INFO] [stdout] 
[INFO] [stdout] error: aborting due to previous error
[INFO] [stdout] 
[INFO] [stdout] For more information about this error, try `rustc --explain E0425`.
[INFO] [stdout] Couldn't compile the test.
[INFO] [stdout] 
[INFO] [stdout] failures:
[INFO] [stdout]     crates/xfinal/src/http_parser/connection.rs - http_parser::connection::Request<'a>::get_file (line 243)
[INFO] [stdout]     crates/xfinal/src/http_parser/connection.rs - http_parser::connection::Response<'a>::add_header (line 677)
[INFO] [stdout]     crates/xfinal/src/http_parser/connection.rs - http_parser::connection::Response<'a>::remove_header (line 650)
[INFO] [stdout]     crates/xfinal/src/http_parser/connection.rs - http_parser::connection::Response<'a>::remove_header (line 654)
[INFO] [stdout] 
[INFO] [stdout] test result: FAILED. 0 passed; 4 failed; 0 ignored; 0 measured; 0 filtered out; finished in 0.14s
[INFO] [stdout] 
[INFO] running `Command { std: "docker" "inspect" "d7b540b89e162afbb2f504b8f587731127bfcdbe3e518785bf916af05eab0506", kill_on_drop: false }`
[INFO] running `Command { std: "docker" "rm" "-f" "d7b540b89e162afbb2f504b8f587731127bfcdbe3e518785bf916af05eab0506", kill_on_drop: false }`
[INFO] [stdout] d7b540b89e162afbb2f504b8f587731127bfcdbe3e518785bf916af05eab0506
