[INFO] cloning repository https://github.com/xfxpositions/maria
[INFO] running `Command { std: "git" "-c" "credential.helper=" "-c" "credential.helper=/workspace/cargo-home/bin/git-credential-null" "clone" "--bare" "https://github.com/xfxpositions/maria" "/workspace/cache/git-repos/https%3A%2F%2Fgithub.com%2Fxfxpositions%2Fmaria", kill_on_drop: false }`
[INFO] [stderr] Cloning into bare repository '/workspace/cache/git-repos/https%3A%2F%2Fgithub.com%2Fxfxpositions%2Fmaria'...
[INFO] running `Command { std: "git" "rev-parse" "HEAD", kill_on_drop: false }`
[INFO] [stdout] 166d04bf0804d11967cb85f619734163abcdc6a6
[INFO] testing xfxpositions/maria against 1.75.0 for beta-1.76-1
[INFO] running `Command { std: "git" "clone" "/workspace/cache/git-repos/https%3A%2F%2Fgithub.com%2Fxfxpositions%2Fmaria" "/workspace/builds/worker-3-tc1/source", kill_on_drop: false }`
[INFO] [stderr] Cloning into '/workspace/builds/worker-3-tc1/source'...
[INFO] [stderr] done.
[INFO] validating manifest of git repo https://github.com/xfxpositions/maria on toolchain 1.75.0
[INFO] running `Command { std: CARGO_HOME="/workspace/cargo-home" RUSTUP_HOME="/workspace/rustup-home" "/workspace/cargo-home/bin/cargo" "+1.75.0" "metadata" "--manifest-path" "Cargo.toml" "--no-deps", kill_on_drop: false }`
[INFO] started tweaking git repo https://github.com/xfxpositions/maria
[INFO] finished tweaking git repo https://github.com/xfxpositions/maria
[INFO] tweaked toml for git repo https://github.com/xfxpositions/maria written to /workspace/builds/worker-3-tc1/source/Cargo.toml
[INFO] crate git repo https://github.com/xfxpositions/maria already has a lockfile, it will not be regenerated
[INFO] running `Command { std: CARGO_HOME="/workspace/cargo-home" RUSTUP_HOME="/workspace/rustup-home" "/workspace/cargo-home/bin/cargo" "+1.75.0" "fetch" "--manifest-path" "Cargo.toml", kill_on_drop: false }`
[INFO] running `Command { std: "docker" "create" "-v" "/var/lib/crater-agent-workspace/builds/worker-3-tc1/target:/opt/rustwide/target:rw,Z" "-v" "/var/lib/crater-agent-workspace/builds/worker-3-tc1/source:/opt/rustwide/workdir:ro,Z" "-v" "/var/lib/crater-agent-workspace/cargo-home:/opt/rustwide/cargo-home:ro,Z" "-v" "/var/lib/crater-agent-workspace/rustup-home:/opt/rustwide/rustup-home:ro,Z" "-e" "SOURCE_DIR=/opt/rustwide/workdir" "-e" "CARGO_TARGET_DIR=/opt/rustwide/target" "-e" "CARGO_HOME=/opt/rustwide/cargo-home" "-e" "RUSTUP_HOME=/opt/rustwide/rustup-home" "-w" "/opt/rustwide/workdir" "-m" "1610612736" "--user" "0:0" "--network" "none" "ghcr.io/rust-lang/crates-build-env/linux@sha256:2788e3201cd34a07e3172128adcd8b3090168a8e3bcc40d7c032b9dda1df7d1c" "/opt/rustwide/cargo-home/bin/cargo" "+1.75.0" "metadata" "--no-deps" "--format-version=1", kill_on_drop: false }`
[INFO] [stdout] 670332ba5a7e995faa0a2241cf8d88d2212d9e7a86605201849b6c22ffa0598e
[INFO] running `Command { std: "docker" "start" "-a" "670332ba5a7e995faa0a2241cf8d88d2212d9e7a86605201849b6c22ffa0598e", kill_on_drop: false }`
[INFO] running `Command { std: "docker" "inspect" "670332ba5a7e995faa0a2241cf8d88d2212d9e7a86605201849b6c22ffa0598e", kill_on_drop: false }`
[INFO] running `Command { std: "docker" "rm" "-f" "670332ba5a7e995faa0a2241cf8d88d2212d9e7a86605201849b6c22ffa0598e", kill_on_drop: false }`
[INFO] [stdout] 670332ba5a7e995faa0a2241cf8d88d2212d9e7a86605201849b6c22ffa0598e
[INFO] running `Command { std: "docker" "create" "-v" "/var/lib/crater-agent-workspace/builds/worker-3-tc1/target:/opt/rustwide/target:rw,Z" "-v" "/var/lib/crater-agent-workspace/builds/worker-3-tc1/source:/opt/rustwide/workdir:ro,Z" "-v" "/var/lib/crater-agent-workspace/cargo-home:/opt/rustwide/cargo-home:ro,Z" "-v" "/var/lib/crater-agent-workspace/rustup-home:/opt/rustwide/rustup-home:ro,Z" "-e" "SOURCE_DIR=/opt/rustwide/workdir" "-e" "CARGO_TARGET_DIR=/opt/rustwide/target" "-e" "CARGO_INCREMENTAL=0" "-e" "RUST_BACKTRACE=full" "-e" "RUSTFLAGS=--cap-lints=warn" "-e" "RUSTDOCFLAGS=--cap-lints=warn" "-e" "CARGO_HOME=/opt/rustwide/cargo-home" "-e" "RUSTUP_HOME=/opt/rustwide/rustup-home" "-w" "/opt/rustwide/workdir" "-m" "1610612736" "--user" "0:0" "--network" "none" "ghcr.io/rust-lang/crates-build-env/linux@sha256:2788e3201cd34a07e3172128adcd8b3090168a8e3bcc40d7c032b9dda1df7d1c" "/opt/rustwide/cargo-home/bin/cargo" "+1.75.0" "build" "--frozen" "--message-format=json", kill_on_drop: false }`
[INFO] [stdout] dfe28ee51d89e644308fdd608545d2c4a12e17813494c5a92788c487d254467a
[INFO] running `Command { std: "docker" "start" "-a" "dfe28ee51d89e644308fdd608545d2c4a12e17813494c5a92788c487d254467a", kill_on_drop: false }`
[INFO] [stderr]    Compiling libc v0.2.147
[INFO] [stderr]    Compiling autocfg v1.1.0
[INFO] [stderr]    Compiling proc-macro2 v1.0.66
[INFO] [stderr]    Compiling quote v1.0.28
[INFO] [stderr]    Compiling unicode-ident v1.0.9
[INFO] [stderr]    Compiling parking_lot_core v0.9.8
[INFO] [stderr]    Compiling smallvec v1.11.0
[INFO] [stderr]    Compiling serde v1.0.174
[INFO] [stderr]    Compiling cfg-if v1.0.0
[INFO] [stderr]    Compiling scopeguard v1.1.0
[INFO] [stderr]    Compiling serde_derive v1.0.174
[INFO] [stderr]    Compiling serde_json v1.0.96
[INFO] [stderr]    Compiling ryu v1.0.13
[INFO] [stderr]    Compiling pin-project-lite v0.2.10
[INFO] [stderr]    Compiling bytes v1.4.0
[INFO] [stderr]    Compiling itoa v1.0.6
[INFO] [stderr]    Compiling lock_api v0.4.10
[INFO] [stderr]    Compiling tokio v1.29.1
[INFO] [stderr]    Compiling socket2 v0.4.9
[INFO] [stderr]    Compiling mio v0.8.8
[INFO] [stderr]    Compiling signal-hook-registry v1.4.1
[INFO] [stderr]    Compiling num_cpus v1.16.0
[INFO] [stderr]    Compiling syn v2.0.27
[INFO] [stderr]    Compiling parking_lot v0.12.1
[INFO] [stderr]    Compiling tokio-macros v2.1.0
[INFO] [stderr]    Compiling maria v0.8.1 (/opt/rustwide/workdir)
[INFO] [stdout] warning: unused import: `ContentType`
[INFO] [stdout]  --> src/router.rs:4:24
[INFO] [stdout]   |
[INFO] [stdout] 4 | pub use crate::types::{ContentType, HttpMethod, StatusCode};
[INFO] [stdout]   |                        ^^^^^^^^^^^
[INFO] [stdout]   |
[INFO] [stdout]   = note: `#[warn(unused_imports)]` on by default
[INFO] [stdout] 
[INFO] [stdout] 
[INFO] [stdout] warning: 1 warning emitted
[INFO] [stdout] 
[INFO] [stdout] 
[INFO] [stderr]     Finished dev [unoptimized + debuginfo] target(s) in 8.52s
[INFO] running `Command { std: "docker" "inspect" "dfe28ee51d89e644308fdd608545d2c4a12e17813494c5a92788c487d254467a", kill_on_drop: false }`
[INFO] running `Command { std: "docker" "rm" "-f" "dfe28ee51d89e644308fdd608545d2c4a12e17813494c5a92788c487d254467a", kill_on_drop: false }`
[INFO] [stdout] dfe28ee51d89e644308fdd608545d2c4a12e17813494c5a92788c487d254467a
[INFO] running `Command { std: "docker" "create" "-v" "/var/lib/crater-agent-workspace/builds/worker-3-tc1/target:/opt/rustwide/target:rw,Z" "-v" "/var/lib/crater-agent-workspace/builds/worker-3-tc1/source:/opt/rustwide/workdir:ro,Z" "-v" "/var/lib/crater-agent-workspace/cargo-home:/opt/rustwide/cargo-home:ro,Z" "-v" "/var/lib/crater-agent-workspace/rustup-home:/opt/rustwide/rustup-home:ro,Z" "-e" "SOURCE_DIR=/opt/rustwide/workdir" "-e" "CARGO_TARGET_DIR=/opt/rustwide/target" "-e" "CARGO_INCREMENTAL=0" "-e" "RUST_BACKTRACE=full" "-e" "RUSTFLAGS=--cap-lints=warn" "-e" "RUSTDOCFLAGS=--cap-lints=warn" "-e" "CARGO_HOME=/opt/rustwide/cargo-home" "-e" "RUSTUP_HOME=/opt/rustwide/rustup-home" "-w" "/opt/rustwide/workdir" "-m" "1610612736" "--user" "0:0" "--network" "none" "ghcr.io/rust-lang/crates-build-env/linux@sha256:2788e3201cd34a07e3172128adcd8b3090168a8e3bcc40d7c032b9dda1df7d1c" "/opt/rustwide/cargo-home/bin/cargo" "+1.75.0" "test" "--frozen" "--no-run" "--message-format=json", kill_on_drop: false }`
[INFO] [stdout] 296198534df1b5be3a924b3d3aec39684702c31090fe21070ae8814418e091c6
[INFO] running `Command { std: "docker" "start" "-a" "296198534df1b5be3a924b3d3aec39684702c31090fe21070ae8814418e091c6", kill_on_drop: false }`
[INFO] [stdout] warning: unused import: `ContentType`
[INFO] [stdout]  --> src/router.rs:4:24
[INFO] [stdout]   |
[INFO] [stdout] 4 | pub use crate::types::{ContentType, HttpMethod, StatusCode};
[INFO] [stdout]   |                        ^^^^^^^^^^^
[INFO] [stdout]   |
[INFO] [stdout]   = note: `#[warn(unused_imports)]` on by default
[INFO] [stdout] 
[INFO] [stdout] 
[INFO] [stderr]    Compiling maria v0.8.1 (/opt/rustwide/workdir)
[INFO] [stdout] warning: 1 warning emitted
[INFO] [stdout] 
[INFO] [stdout] 
[INFO] [stdout] warning: unused import: `ContentType`
[INFO] [stdout]  --> src/router.rs:4:24
[INFO] [stdout]   |
[INFO] [stdout] 4 | pub use crate::types::{ContentType, HttpMethod, StatusCode};
[INFO] [stdout]   |                        ^^^^^^^^^^^
[INFO] [stdout]   |
[INFO] [stdout]   = note: `#[warn(unused_imports)]` on by default
[INFO] [stdout] 
[INFO] [stdout] 
[INFO] [stdout] warning: 1 warning emitted
[INFO] [stdout] 
[INFO] [stdout] 
[INFO] [stderr]     Finished test [unoptimized + debuginfo] target(s) in 1.19s
[INFO] running `Command { std: "docker" "inspect" "296198534df1b5be3a924b3d3aec39684702c31090fe21070ae8814418e091c6", kill_on_drop: false }`
[INFO] running `Command { std: "docker" "rm" "-f" "296198534df1b5be3a924b3d3aec39684702c31090fe21070ae8814418e091c6", kill_on_drop: false }`
[INFO] [stdout] 296198534df1b5be3a924b3d3aec39684702c31090fe21070ae8814418e091c6
[INFO] running `Command { std: "docker" "create" "-v" "/var/lib/crater-agent-workspace/builds/worker-3-tc1/target:/opt/rustwide/target:rw,Z" "-v" "/var/lib/crater-agent-workspace/builds/worker-3-tc1/source:/opt/rustwide/workdir:ro,Z" "-v" "/var/lib/crater-agent-workspace/cargo-home:/opt/rustwide/cargo-home:ro,Z" "-v" "/var/lib/crater-agent-workspace/rustup-home:/opt/rustwide/rustup-home:ro,Z" "-e" "SOURCE_DIR=/opt/rustwide/workdir" "-e" "CARGO_TARGET_DIR=/opt/rustwide/target" "-e" "CARGO_INCREMENTAL=0" "-e" "RUST_BACKTRACE=full" "-e" "RUSTFLAGS=--cap-lints=warn" "-e" "RUSTDOCFLAGS=--cap-lints=warn" "-e" "CARGO_HOME=/opt/rustwide/cargo-home" "-e" "RUSTUP_HOME=/opt/rustwide/rustup-home" "-w" "/opt/rustwide/workdir" "-m" "1610612736" "--user" "0:0" "--network" "none" "ghcr.io/rust-lang/crates-build-env/linux@sha256:2788e3201cd34a07e3172128adcd8b3090168a8e3bcc40d7c032b9dda1df7d1c" "/opt/rustwide/cargo-home/bin/cargo" "+1.75.0" "test" "--frozen", kill_on_drop: false }`
[INFO] [stdout] 5b2458b03d62effc2c1560e95fe922145fc41d36314f60d53223241bf0d79fe3
[INFO] running `Command { std: "docker" "start" "-a" "5b2458b03d62effc2c1560e95fe922145fc41d36314f60d53223241bf0d79fe3", kill_on_drop: false }`
[INFO] [stderr] warning: unused import: `ContentType`
[INFO] [stderr]  --> src/router.rs:4:24
[INFO] [stderr]   |
[INFO] [stderr] 4 | pub use crate::types::{ContentType, HttpMethod, StatusCode};
[INFO] [stderr]   |                        ^^^^^^^^^^^
[INFO] [stderr]   |
[INFO] [stderr]   = note: `#[warn(unused_imports)]` on by default
[INFO] [stderr] 
[INFO] [stderr] warning: `maria` (lib) generated 1 warning (run `cargo fix --lib -p maria` to apply 1 suggestion)
[INFO] [stderr] warning: `maria` (lib test) generated 1 warning (1 duplicate)
[INFO] [stderr]     Finished test [unoptimized + debuginfo] target(s) in 0.04s
[INFO] [stderr]      Running unittests src/lib.rs (/opt/rustwide/target/debug/deps/maria-672f44a522514d5e)
[INFO] [stdout] 
[INFO] [stdout] running 0 tests
[INFO] [stdout] 
[INFO] [stdout] test result: ok. 0 passed; 0 failed; 0 ignored; 0 measured; 0 filtered out; finished in 0.00s
[INFO] [stdout] 
[INFO] [stderr]      Running unittests src/main.rs (/opt/rustwide/target/debug/deps/maria-e3b4205470ae1da6)
[INFO] [stdout] 
[INFO] [stdout] running 0 tests
[INFO] [stdout] 
[INFO] [stdout] test result: ok. 0 passed; 0 failed; 0 ignored; 0 measured; 0 filtered out; finished in 0.00s
[INFO] [stdout] 
[INFO] [stderr]    Doc-tests maria
[INFO] [stdout] 
[INFO] [stdout] running 7 tests
[INFO] [stdout] test src/router.rs - router::Router::delete (line 422) ... FAILED
[INFO] [stdout] test src/router.rs - router::Router::listen (line 291) ... FAILED
[INFO] [stdout] test src/router.rs - router::Router::post (line 369) ... FAILED
[INFO] [stdout] test src/router.rs - router::Router::get (line 342) ... FAILED
[INFO] [stdout] test src/router.rs - router::Router::put (line 396) ... FAILED
[INFO] [stdout] test src/lib.rs - handler (line 18) ... FAILED
[INFO] [stdout] test src/router.rs - router::Router::r#use (line 446) ... FAILED
[INFO] [stdout] 
[INFO] [stdout] failures:
[INFO] [stdout] 
[INFO] [stdout] ---- src/router.rs - router::Router::delete (line 422) stdout ----
[INFO] [stdout] error[E0433]: failed to resolve: use of undeclared type `Router`
[INFO] [stdout]  --> src/router.rs:423:18
[INFO] [stdout]   |
[INFO] [stdout] 3 | let mut router = Router::new();
[INFO] [stdout]   |                  ^^^^^^ use of undeclared type `Router`
[INFO] [stdout]   |
[INFO] [stdout] help: consider importing this struct
[INFO] [stdout]   |
[INFO] [stdout] 2 + use maria::Router;
[INFO] [stdout]   |
[INFO] [stdout] 
[INFO] [stdout] error[E0425]: cannot find value `handler1` in this scope
[INFO] [stdout]  --> src/router.rs:425:25
[INFO] [stdout]   |
[INFO] [stdout] 5 | router.delete("/", vec![handler1, handler2]);
[INFO] [stdout]   |                         ^^^^^^^^ not found in this scope
[INFO] [stdout] 
[INFO] [stdout] error[E0425]: cannot find value `handler2` in this scope
[INFO] [stdout]  --> src/router.rs:425:35
[INFO] [stdout]   |
[INFO] [stdout] 5 | router.delete("/", vec![handler1, handler2]);
[INFO] [stdout]   |                                   ^^^^^^^^ not found in this scope
[INFO] [stdout] 
[INFO] [stdout] error: aborting due to 3 previous errors
[INFO] [stdout] 
[INFO] [stdout] Some errors have detailed explanations: E0425, E0433.
[INFO] [stdout] For more information about an error, try `rustc --explain E0425`.
[INFO] [stdout] Couldn't compile the test.
[INFO] [stdout] ---- src/router.rs - router::Router::listen (line 291) stdout ----
[INFO] [stdout] error[E0433]: failed to resolve: use of undeclared type `Router`
[INFO] [stdout]  --> src/router.rs:292:18
[INFO] [stdout]   |
[INFO] [stdout] 3 | let mut router = Router::new();
[INFO] [stdout]   |                  ^^^^^^ use of undeclared type `Router`
[INFO] [stdout]   |
[INFO] [stdout] help: consider importing this struct
[INFO] [stdout]   |
[INFO] [stdout] 2 + use maria::Router;
[INFO] [stdout]   |
[INFO] [stdout] 
[INFO] [stdout] error[E0728]: `await` is only allowed inside `async` functions and blocks
[INFO] [stdout]  --> src/router.rs:293:21
[INFO] [stdout]   |
[INFO] [stdout] 2 | fn main() { #[allow(non_snake_case)] fn _doctest_main_src_router_rs_291_0() {
[INFO] [stdout]   |                                         --------------------------------- this is not `async`
[INFO] [stdout] 3 | let mut router = Router::new();
[INFO] [stdout] 4 | router.listen(8080).await;
[INFO] [stdout]   |                     ^^^^^ only allowed inside `async` functions and blocks
[INFO] [stdout] 
[INFO] [stdout] error: aborting due to 2 previous errors
[INFO] [stdout] 
[INFO] [stdout] Some errors have detailed explanations: E0433, E0728.
[INFO] [stdout] For more information about an error, try `rustc --explain E0433`.
[INFO] [stdout] Couldn't compile the test.
[INFO] [stdout] ---- src/router.rs - router::Router::post (line 369) stdout ----
[INFO] [stdout] error[E0433]: failed to resolve: use of undeclared type `Router`
[INFO] [stdout]  --> src/router.rs:370:18
[INFO] [stdout]   |
[INFO] [stdout] 3 | let mut router = Router::new();
[INFO] [stdout]   |                  ^^^^^^ use of undeclared type `Router`
[INFO] [stdout]   |
[INFO] [stdout] help: consider importing this struct
[INFO] [stdout]   |
[INFO] [stdout] 2 + use maria::Router;
[INFO] [stdout]   |
[INFO] [stdout] 
[INFO] [stdout] error[E0425]: cannot find value `handler1` in this scope
[INFO] [stdout]  --> src/router.rs:372:27
[INFO] [stdout]   |
[INFO] [stdout] 5 | router.post("/post", vec![handler1, handler2]);
[INFO] [stdout]   |                           ^^^^^^^^ not found in this scope
[INFO] [stdout] 
[INFO] [stdout] error[E0425]: cannot find value `handler2` in this scope
[INFO] [stdout]  --> src/router.rs:372:37
[INFO] [stdout]   |
[INFO] [stdout] 5 | router.post("/post", vec![handler1, handler2]);
[INFO] [stdout]   |                                     ^^^^^^^^ not found in this scope
[INFO] [stdout] 
[INFO] [stdout] error: aborting due to 3 previous errors
[INFO] [stdout] 
[INFO] [stdout] Some errors have detailed explanations: E0425, E0433.
[INFO] [stdout] For more information about an error, try `rustc --explain E0425`.
[INFO] [stdout] Couldn't compile the test.
[INFO] [stdout] ---- src/router.rs - router::Router::get (line 342) stdout ----
[INFO] [stdout] error[E0433]: failed to resolve: use of undeclared type `Router`
[INFO] [stdout]  --> src/router.rs:343:18
[INFO] [stdout]   |
[INFO] [stdout] 3 | let mut router = Router::new();
[INFO] [stdout]   |                  ^^^^^^ use of undeclared type `Router`
[INFO] [stdout]   |
[INFO] [stdout] help: consider importing this struct
[INFO] [stdout]   |
[INFO] [stdout] 2 + use maria::Router;
[INFO] [stdout]   |
[INFO] [stdout] 
[INFO] [stdout] error[E0425]: cannot find value `handler1` in this scope
[INFO] [stdout]  --> src/router.rs:345:22
[INFO] [stdout]   |
[INFO] [stdout] 5 | router.get("/", vec![handler1, handler2]);
[INFO] [stdout]   |                      ^^^^^^^^ not found in this scope
[INFO] [stdout] 
[INFO] [stdout] error[E0425]: cannot find value `handler2` in this scope
[INFO] [stdout]  --> src/router.rs:345:32
[INFO] [stdout]   |
[INFO] [stdout] 5 | router.get("/", vec![handler1, handler2]);
[INFO] [stdout]   |                                ^^^^^^^^ not found in this scope
[INFO] [stdout] 
[INFO] [stdout] error: aborting due to 3 previous errors
[INFO] [stdout] 
[INFO] [stdout] Some errors have detailed explanations: E0425, E0433.
[INFO] [stdout] For more information about an error, try `rustc --explain E0425`.
[INFO] [stdout] Couldn't compile the test.
[INFO] [stdout] ---- src/router.rs - router::Router::put (line 396) stdout ----
[INFO] [stdout] error[E0433]: failed to resolve: use of undeclared type `Router`
[INFO] [stdout]  --> src/router.rs:397:18
[INFO] [stdout]   |
[INFO] [stdout] 3 | let mut router = Router::new();
[INFO] [stdout]   |                  ^^^^^^ use of undeclared type `Router`
[INFO] [stdout]   |
[INFO] [stdout] help: consider importing this struct
[INFO] [stdout]   |
[INFO] [stdout] 2 + use maria::Router;
[INFO] [stdout]   |
[INFO] [stdout] 
[INFO] [stdout] error[E0425]: cannot find value `handler1` in this scope
[INFO] [stdout]  --> src/router.rs:399:25
[INFO] [stdout]   |
[INFO] [stdout] 5 | router.put("/put", vec![handler1, handler2]);
[INFO] [stdout]   |                         ^^^^^^^^ not found in this scope
[INFO] [stdout] 
[INFO] [stdout] error[E0425]: cannot find value `handler2` in this scope
[INFO] [stdout]  --> src/router.rs:399:35
[INFO] [stdout]   |
[INFO] [stdout] 5 | router.put("/put", vec![handler1, handler2]);
[INFO] [stdout]   |                                   ^^^^^^^^ not found in this scope
[INFO] [stdout] 
[INFO] [stdout] error: aborting due to 3 previous errors
[INFO] [stdout] 
[INFO] [stdout] Some errors have detailed explanations: E0425, E0433.
[INFO] [stdout] For more information about an error, try `rustc --explain E0425`.
[INFO] [stdout] Couldn't compile the test.
[INFO] [stdout] ---- src/lib.rs - handler (line 18) stdout ----
[INFO] [stdout] error: cannot find macro `handler` in this scope
[INFO] [stdout]  --> src/lib.rs:19:23
[INFO] [stdout]   |
[INFO] [stdout] 3 | let home: HandlerFn = handler!(req, res, {
[INFO] [stdout]   |                       ^^^^^^^
[INFO] [stdout]   |
[INFO] [stdout] help: consider importing this macro
[INFO] [stdout]   |
[INFO] [stdout] 2 + use maria::handler;
[INFO] [stdout]   |
[INFO] [stdout] 
[INFO] [stdout] error[E0412]: cannot find type `HandlerFn` in this scope
[INFO] [stdout]  --> src/lib.rs:19:11
[INFO] [stdout]   |
[INFO] [stdout] 3 | let home: HandlerFn = handler!(req, res, {
[INFO] [stdout]   |           ^^^^^^^^^ not found in this scope
[INFO] [stdout]   |
[INFO] [stdout] help: consider importing this type alias
[INFO] [stdout]   |
[INFO] [stdout] 2 + use maria::HandlerFn;
[INFO] [stdout]   |
[INFO] [stdout] 
[INFO] [stdout] error: aborting due to 2 previous errors
[INFO] [stdout] 
[INFO] [stdout] For more information about this error, try `rustc --explain E0412`.
[INFO] [stdout] Couldn't compile the test.
[INFO] [stdout] ---- src/router.rs - router::Router::r#use (line 446) stdout ----
[INFO] [stdout] error: expected identifier, found keyword `use`
[INFO] [stdout]  --> src/router.rs:449:8
[INFO] [stdout]   |
[INFO] [stdout] 5 | router.use(vec![handler1, handler2]);
[INFO] [stdout]   |        ^^^ expected identifier, found keyword
[INFO] [stdout]   |
[INFO] [stdout] help: escape `use` to use it as an identifier
[INFO] [stdout]   |
[INFO] [stdout] 5 | router.r#use(vec![handler1, handler2]);
[INFO] [stdout]   |        ++
[INFO] [stdout] 
[INFO] [stdout] error[E0433]: failed to resolve: use of undeclared type `Router`
[INFO] [stdout]  --> src/router.rs:447:18
[INFO] [stdout]   |
[INFO] [stdout] 3 | let mut router = Router::new();
[INFO] [stdout]   |                  ^^^^^^ use of undeclared type `Router`
[INFO] [stdout]   |
[INFO] [stdout] help: consider importing this struct
[INFO] [stdout]   |
[INFO] [stdout] 2 + use maria::Router;
[INFO] [stdout]   |
[INFO] [stdout] 
[INFO] [stdout] error[E0425]: cannot find value `handler1` in this scope
[INFO] [stdout]  --> src/router.rs:449:17
[INFO] [stdout]   |
[INFO] [stdout] 5 | router.use(vec![handler1, handler2]);
[INFO] [stdout]   |                 ^^^^^^^^ not found in this scope
[INFO] [stdout] 
[INFO] [stdout] error[E0425]: cannot find value `handler2` in this scope
[INFO] [stdout]  --> src/router.rs:449:27
[INFO] [stdout]   |
[INFO] [stdout] 5 | router.use(vec![handler1, handler2]);
[INFO] [stdout]   |                           ^^^^^^^^ not found in this scope
[INFO] [stdout] 
[INFO] [stdout] error: aborting due to 4 previous errors
[INFO] [stdout] 
[INFO] [stdout] Some errors have detailed explanations: E0425, E0433.
[INFO] [stdout] For more information about an error, try `rustc --explain E0425`.
[INFO] [stdout] Couldn't compile the test.
[INFO] [stdout] 
[INFO] [stdout] failures:
[INFO] [stdout]     src/lib.rs - handler (line 18)
[INFO] [stdout]     src/router.rs - router::Router::delete (line 422)
[INFO] [stdout]     src/router.rs - router::Router::get (line 342)
[INFO] [stdout]     src/router.rs - router::Router::listen (line 291)
[INFO] [stdout]     src/router.rs - router::Router::post (line 369)
[INFO] [stdout]     src/router.rs - router::Router::put (line 396)
[INFO] [stdout]     src/router.rs - router::Router::r#use (line 446)
[INFO] [stdout] 
[INFO] [stdout] test result: FAILED. 0 passed; 7 failed; 0 ignored; 0 measured; 0 filtered out; finished in 0.11s
[INFO] [stdout] 
[INFO] [stderr] error: doctest failed, to rerun pass `--doc`
[INFO] running `Command { std: "docker" "inspect" "5b2458b03d62effc2c1560e95fe922145fc41d36314f60d53223241bf0d79fe3", kill_on_drop: false }`
[INFO] running `Command { std: "docker" "rm" "-f" "5b2458b03d62effc2c1560e95fe922145fc41d36314f60d53223241bf0d79fe3", kill_on_drop: false }`
[INFO] [stdout] 5b2458b03d62effc2c1560e95fe922145fc41d36314f60d53223241bf0d79fe3
[INFO] testing xfxpositions/maria against beta-2023-12-22 for beta-1.76-1
[INFO] running `Command { std: "git" "clone" "/workspace/cache/git-repos/https%3A%2F%2Fgithub.com%2Fxfxpositions%2Fmaria" "/workspace/builds/worker-3-tc2/source", kill_on_drop: false }`
[INFO] [stderr] Cloning into '/workspace/builds/worker-3-tc2/source'...
[INFO] [stderr] done.
[INFO] validating manifest of git repo https://github.com/xfxpositions/maria on toolchain beta-2023-12-22
[INFO] running `Command { std: CARGO_HOME="/workspace/cargo-home" RUSTUP_HOME="/workspace/rustup-home" "/workspace/cargo-home/bin/cargo" "+beta-2023-12-22" "metadata" "--manifest-path" "Cargo.toml" "--no-deps", kill_on_drop: false }`
[INFO] started tweaking git repo https://github.com/xfxpositions/maria
[INFO] finished tweaking git repo https://github.com/xfxpositions/maria
[INFO] tweaked toml for git repo https://github.com/xfxpositions/maria written to /workspace/builds/worker-3-tc2/source/Cargo.toml
[INFO] crate git repo https://github.com/xfxpositions/maria already has a lockfile, it will not be regenerated
[INFO] running `Command { std: CARGO_HOME="/workspace/cargo-home" RUSTUP_HOME="/workspace/rustup-home" "/workspace/cargo-home/bin/cargo" "+beta-2023-12-22" "fetch" "--manifest-path" "Cargo.toml", kill_on_drop: false }`
[INFO] [stderr]     Blocking waiting for file lock on package cache
[INFO] [stderr]     Blocking waiting for file lock on package cache
[INFO] running `Command { std: "docker" "create" "-v" "/var/lib/crater-agent-workspace/builds/worker-3-tc2/target:/opt/rustwide/target:rw,Z" "-v" "/var/lib/crater-agent-workspace/builds/worker-3-tc2/source:/opt/rustwide/workdir:ro,Z" "-v" "/var/lib/crater-agent-workspace/cargo-home:/opt/rustwide/cargo-home:ro,Z" "-v" "/var/lib/crater-agent-workspace/rustup-home:/opt/rustwide/rustup-home:ro,Z" "-e" "SOURCE_DIR=/opt/rustwide/workdir" "-e" "CARGO_TARGET_DIR=/opt/rustwide/target" "-e" "CARGO_HOME=/opt/rustwide/cargo-home" "-e" "RUSTUP_HOME=/opt/rustwide/rustup-home" "-w" "/opt/rustwide/workdir" "-m" "1610612736" "--user" "0:0" "--network" "none" "ghcr.io/rust-lang/crates-build-env/linux@sha256:2788e3201cd34a07e3172128adcd8b3090168a8e3bcc40d7c032b9dda1df7d1c" "/opt/rustwide/cargo-home/bin/cargo" "+beta-2023-12-22" "metadata" "--no-deps" "--format-version=1", kill_on_drop: false }`
[INFO] [stdout] bd3e96379225a0184f2bd1923c302ff87fec4b681f92dd3b20962b63ab7dfcb5
[INFO] running `Command { std: "docker" "start" "-a" "bd3e96379225a0184f2bd1923c302ff87fec4b681f92dd3b20962b63ab7dfcb5", kill_on_drop: false }`
[INFO] running `Command { std: "docker" "inspect" "bd3e96379225a0184f2bd1923c302ff87fec4b681f92dd3b20962b63ab7dfcb5", kill_on_drop: false }`
[INFO] running `Command { std: "docker" "rm" "-f" "bd3e96379225a0184f2bd1923c302ff87fec4b681f92dd3b20962b63ab7dfcb5", kill_on_drop: false }`
[INFO] [stdout] bd3e96379225a0184f2bd1923c302ff87fec4b681f92dd3b20962b63ab7dfcb5
[INFO] running `Command { std: "docker" "create" "-v" "/var/lib/crater-agent-workspace/builds/worker-3-tc2/target:/opt/rustwide/target:rw,Z" "-v" "/var/lib/crater-agent-workspace/builds/worker-3-tc2/source:/opt/rustwide/workdir:ro,Z" "-v" "/var/lib/crater-agent-workspace/cargo-home:/opt/rustwide/cargo-home:ro,Z" "-v" "/var/lib/crater-agent-workspace/rustup-home:/opt/rustwide/rustup-home:ro,Z" "-e" "SOURCE_DIR=/opt/rustwide/workdir" "-e" "CARGO_TARGET_DIR=/opt/rustwide/target" "-e" "CARGO_INCREMENTAL=0" "-e" "RUST_BACKTRACE=full" "-e" "RUSTFLAGS=--cap-lints=warn" "-e" "RUSTDOCFLAGS=--cap-lints=warn" "-e" "CARGO_HOME=/opt/rustwide/cargo-home" "-e" "RUSTUP_HOME=/opt/rustwide/rustup-home" "-w" "/opt/rustwide/workdir" "-m" "1610612736" "--user" "0:0" "--network" "none" "ghcr.io/rust-lang/crates-build-env/linux@sha256:2788e3201cd34a07e3172128adcd8b3090168a8e3bcc40d7c032b9dda1df7d1c" "/opt/rustwide/cargo-home/bin/cargo" "+beta-2023-12-22" "build" "--frozen" "--message-format=json", kill_on_drop: false }`
[INFO] [stdout] 6b58a19c6e4b3f4069bf3ed781811e3b6cc011fa668ac0096b2625cb7d852c25
[INFO] running `Command { std: "docker" "start" "-a" "6b58a19c6e4b3f4069bf3ed781811e3b6cc011fa668ac0096b2625cb7d852c25", kill_on_drop: false }`
[INFO] [stderr]    Compiling libc v0.2.147
[INFO] [stderr]    Compiling autocfg v1.1.0
[INFO] [stderr]    Compiling proc-macro2 v1.0.66
[INFO] [stderr]    Compiling unicode-ident v1.0.9
[INFO] [stderr]    Compiling quote v1.0.28
[INFO] [stderr]    Compiling parking_lot_core v0.9.8
[INFO] [stderr]    Compiling scopeguard v1.1.0
[INFO] [stderr]    Compiling serde v1.0.174
[INFO] [stderr]    Compiling smallvec v1.11.0
[INFO] [stderr]    Compiling cfg-if v1.0.0
[INFO] [stderr]    Compiling serde_json v1.0.96
[INFO] [stderr]    Compiling serde_derive v1.0.174
[INFO] [stderr]    Compiling pin-project-lite v0.2.10
[INFO] [stderr]    Compiling ryu v1.0.13
[INFO] [stderr]    Compiling itoa v1.0.6
[INFO] [stderr]    Compiling bytes v1.4.0
[INFO] [stderr]    Compiling lock_api v0.4.10
[INFO] [stderr]    Compiling tokio v1.29.1
[INFO] [stderr]    Compiling syn v2.0.27
[INFO] [stderr]    Compiling socket2 v0.4.9
[INFO] [stderr]    Compiling num_cpus v1.16.0
[INFO] [stderr]    Compiling signal-hook-registry v1.4.1
[INFO] [stderr]    Compiling mio v0.8.8
[INFO] [stderr]    Compiling parking_lot v0.12.1
[INFO] [stderr]    Compiling tokio-macros v2.1.0
[INFO] [stderr]    Compiling maria v0.8.1 (/opt/rustwide/workdir)
[INFO] [stdout] warning: unused import: `ContentType`
[INFO] [stdout]  --> src/router.rs:4:24
[INFO] [stdout]   |
[INFO] [stdout] 4 | pub use crate::types::{ContentType, HttpMethod, StatusCode};
[INFO] [stdout]   |                        ^^^^^^^^^^^
[INFO] [stdout]   |
[INFO] [stdout]   = note: `#[warn(unused_imports)]` on by default
[INFO] [stdout] 
[INFO] [stdout] 
[INFO] [stdout] warning: 1 warning emitted
[INFO] [stdout] 
[INFO] [stdout] 
[INFO] [stderr]     Finished dev [unoptimized + debuginfo] target(s) in 15.31s
[INFO] running `Command { std: "docker" "inspect" "6b58a19c6e4b3f4069bf3ed781811e3b6cc011fa668ac0096b2625cb7d852c25", kill_on_drop: false }`
[INFO] running `Command { std: "docker" "rm" "-f" "6b58a19c6e4b3f4069bf3ed781811e3b6cc011fa668ac0096b2625cb7d852c25", kill_on_drop: false }`
[INFO] [stdout] 6b58a19c6e4b3f4069bf3ed781811e3b6cc011fa668ac0096b2625cb7d852c25
[INFO] running `Command { std: "docker" "create" "-v" "/var/lib/crater-agent-workspace/builds/worker-3-tc2/target:/opt/rustwide/target:rw,Z" "-v" "/var/lib/crater-agent-workspace/builds/worker-3-tc2/source:/opt/rustwide/workdir:ro,Z" "-v" "/var/lib/crater-agent-workspace/cargo-home:/opt/rustwide/cargo-home:ro,Z" "-v" "/var/lib/crater-agent-workspace/rustup-home:/opt/rustwide/rustup-home:ro,Z" "-e" "SOURCE_DIR=/opt/rustwide/workdir" "-e" "CARGO_TARGET_DIR=/opt/rustwide/target" "-e" "CARGO_INCREMENTAL=0" "-e" "RUST_BACKTRACE=full" "-e" "RUSTFLAGS=--cap-lints=warn" "-e" "RUSTDOCFLAGS=--cap-lints=warn" "-e" "CARGO_HOME=/opt/rustwide/cargo-home" "-e" "RUSTUP_HOME=/opt/rustwide/rustup-home" "-w" "/opt/rustwide/workdir" "-m" "1610612736" "--user" "0:0" "--network" "none" "ghcr.io/rust-lang/crates-build-env/linux@sha256:2788e3201cd34a07e3172128adcd8b3090168a8e3bcc40d7c032b9dda1df7d1c" "/opt/rustwide/cargo-home/bin/cargo" "+beta-2023-12-22" "test" "--frozen" "--no-run" "--message-format=json", kill_on_drop: false }`
[INFO] [stdout] c3e663f67879fdeda2399d49fe49c944458b443e039716d5147cd0a2f00cb3e5
[INFO] running `Command { std: "docker" "start" "-a" "c3e663f67879fdeda2399d49fe49c944458b443e039716d5147cd0a2f00cb3e5", kill_on_drop: false }`
[INFO] [stderr]    Compiling maria v0.8.1 (/opt/rustwide/workdir)
[INFO] [stdout] warning: unused import: `ContentType`
[INFO] [stdout]  --> src/router.rs:4:24
[INFO] [stdout]   |
[INFO] [stdout] 4 | pub use crate::types::{ContentType, HttpMethod, StatusCode};
[INFO] [stdout]   |                        ^^^^^^^^^^^
[INFO] [stdout]   |
[INFO] [stdout]   = note: `#[warn(unused_imports)]` on by default
[INFO] [stdout] 
[INFO] [stdout] 
[INFO] [stdout] warning: 1 warning emitted
[INFO] [stdout] 
[INFO] [stdout] 
[INFO] [stdout] warning: unused import: `ContentType`
[INFO] [stdout]  --> src/router.rs:4:24
[INFO] [stdout]   |
[INFO] [stdout] 4 | pub use crate::types::{ContentType, HttpMethod, StatusCode};
[INFO] [stdout]   |                        ^^^^^^^^^^^
[INFO] [stdout]   |
[INFO] [stdout]   = note: `#[warn(unused_imports)]` on by default
[INFO] [stdout] 
[INFO] [stdout] 
[INFO] [stdout] warning: 1 warning emitted
[INFO] [stdout] 
[INFO] [stdout] 
[INFO] [stderr]     Finished test [unoptimized + debuginfo] target(s) in 1.91s
[INFO] running `Command { std: "docker" "inspect" "c3e663f67879fdeda2399d49fe49c944458b443e039716d5147cd0a2f00cb3e5", kill_on_drop: false }`
[INFO] running `Command { std: "docker" "rm" "-f" "c3e663f67879fdeda2399d49fe49c944458b443e039716d5147cd0a2f00cb3e5", kill_on_drop: false }`
[INFO] [stdout] c3e663f67879fdeda2399d49fe49c944458b443e039716d5147cd0a2f00cb3e5
[INFO] running `Command { std: "docker" "create" "-v" "/var/lib/crater-agent-workspace/builds/worker-3-tc2/target:/opt/rustwide/target:rw,Z" "-v" "/var/lib/crater-agent-workspace/builds/worker-3-tc2/source:/opt/rustwide/workdir:ro,Z" "-v" "/var/lib/crater-agent-workspace/cargo-home:/opt/rustwide/cargo-home:ro,Z" "-v" "/var/lib/crater-agent-workspace/rustup-home:/opt/rustwide/rustup-home:ro,Z" "-e" "SOURCE_DIR=/opt/rustwide/workdir" "-e" "CARGO_TARGET_DIR=/opt/rustwide/target" "-e" "CARGO_INCREMENTAL=0" "-e" "RUST_BACKTRACE=full" "-e" "RUSTFLAGS=--cap-lints=warn" "-e" "RUSTDOCFLAGS=--cap-lints=warn" "-e" "CARGO_HOME=/opt/rustwide/cargo-home" "-e" "RUSTUP_HOME=/opt/rustwide/rustup-home" "-w" "/opt/rustwide/workdir" "-m" "1610612736" "--user" "0:0" "--network" "none" "ghcr.io/rust-lang/crates-build-env/linux@sha256:2788e3201cd34a07e3172128adcd8b3090168a8e3bcc40d7c032b9dda1df7d1c" "/opt/rustwide/cargo-home/bin/cargo" "+beta-2023-12-22" "test" "--frozen", kill_on_drop: false }`
[INFO] [stdout] bdf645593eba429914fd8ef4a6654fd59b3b68c23ce05459a6ad2c5dd74a0fba
[INFO] running `Command { std: "docker" "start" "-a" "bdf645593eba429914fd8ef4a6654fd59b3b68c23ce05459a6ad2c5dd74a0fba", kill_on_drop: false }`
[INFO] [stderr] warning: unused import: `ContentType`
[INFO] [stderr]  --> src/router.rs:4:24
[INFO] [stderr]   |
[INFO] [stderr] 4 | pub use crate::types::{ContentType, HttpMethod, StatusCode};
[INFO] [stderr]   |                        ^^^^^^^^^^^
[INFO] [stderr]   |
[INFO] [stderr]   = note: `#[warn(unused_imports)]` on by default
[INFO] [stderr] 
[INFO] [stderr] warning: `maria` (lib) generated 1 warning (run `cargo fix --lib -p maria` to apply 1 suggestion)
[INFO] [stderr] warning: `maria` (lib test) generated 1 warning (1 duplicate)
[INFO] [stderr]     Finished test [unoptimized + debuginfo] target(s) in 0.05s
[INFO] [stderr]      Running unittests src/lib.rs (/opt/rustwide/target/debug/deps/maria-bc87565f0f24f382)
[INFO] [stdout] 
[INFO] [stdout] running 0 tests
[INFO] [stdout] 
[INFO] [stdout] test result: ok. 0 passed; 0 failed; 0 ignored; 0 measured; 0 filtered out; finished in 0.00s
[INFO] [stdout] 
[INFO] [stderr]      Running unittests src/main.rs (/opt/rustwide/target/debug/deps/maria-cc1367ad89e8ac92)
[INFO] [stdout] 
[INFO] [stdout] running 0 tests
[INFO] [stdout] 
[INFO] [stdout] test result: ok. 0 passed; 0 failed; 0 ignored; 0 measured; 0 filtered out; finished in 0.00s
[INFO] [stdout] 
[INFO] [stderr]    Doc-tests maria
[INFO] [stdout] 
[INFO] [stdout] running 7 tests
[INFO] [stdout] test src/router.rs - router::Router::listen (line 291) ... FAILED
[INFO] [stdout] test src/router.rs - router::Router::r#use (line 446) ... FAILED
[INFO] [stdout] test src/router.rs - router::Router::delete (line 422) ... FAILED
[INFO] [stdout] test src/router.rs - router::Router::post (line 369) ... FAILED
[INFO] [stdout] test src/router.rs - router::Router::put (line 396) ... FAILED
[INFO] [stdout] test src/lib.rs - handler (line 18) ... FAILED
[INFO] [stdout] test src/router.rs - router::Router::get (line 342) ... FAILED
[INFO] [stdout] 
[INFO] [stdout] failures:
[INFO] [stdout] 
[INFO] [stdout] ---- src/router.rs - router::Router::listen (line 291) stdout ----
[INFO] [stdout] error[E0433]: failed to resolve: use of undeclared type `Router`
[INFO] [stdout]  --> src/router.rs:292:18
[INFO] [stdout]   |
[INFO] [stdout] 3 | let mut router = Router::new();
[INFO] [stdout]   |                  ^^^^^^ use of undeclared type `Router`
[INFO] [stdout]   |
[INFO] [stdout] help: consider importing this struct
[INFO] [stdout]   |
[INFO] [stdout] 2 + use maria::Router;
[INFO] [stdout]   |
[INFO] [stdout] 
[INFO] [stdout] error[E0728]: `await` is only allowed inside `async` functions and blocks
[INFO] [stdout]  --> src/router.rs:293:21
[INFO] [stdout]   |
[INFO] [stdout] 2 | fn main() { #[allow(non_snake_case)] fn _doctest_main_src_router_rs_291_0() {
[INFO] [stdout]   |                                         --------------------------------- this is not `async`
[INFO] [stdout] 3 | let mut router = Router::new();
[INFO] [stdout] 4 | router.listen(8080).await;
[INFO] [stdout]   |                     ^^^^^ only allowed inside `async` functions and blocks
[INFO] [stdout] 
[INFO] [stdout] error: aborting due to 2 previous errors
[INFO] [stdout] 
[INFO] [stdout] Some errors have detailed explanations: E0433, E0728.
[INFO] [stdout] For more information about an error, try `rustc --explain E0433`.
[INFO] [stdout] Couldn't compile the test.
[INFO] [stdout] ---- src/router.rs - router::Router::r#use (line 446) stdout ----
[INFO] [stdout] error: expected identifier, found keyword `use`
[INFO] [stdout]  --> src/router.rs:449:8
[INFO] [stdout]   |
[INFO] [stdout] 5 | router.use(vec![handler1, handler2]);
[INFO] [stdout]   |        ^^^ expected identifier, found keyword
[INFO] [stdout]   |
[INFO] [stdout] help: escape `use` to use it as an identifier
[INFO] [stdout]   |
[INFO] [stdout] 5 | router.r#use(vec![handler1, handler2]);
[INFO] [stdout]   |        ++
[INFO] [stdout] 
[INFO] [stdout] error[E0433]: failed to resolve: use of undeclared type `Router`
[INFO] [stdout]  --> src/router.rs:447:18
[INFO] [stdout]   |
[INFO] [stdout] 3 | let mut router = Router::new();
[INFO] [stdout]   |                  ^^^^^^ use of undeclared type `Router`
[INFO] [stdout]   |
[INFO] [stdout] help: consider importing this struct
[INFO] [stdout]   |
[INFO] [stdout] 2 + use maria::Router;
[INFO] [stdout]   |
[INFO] [stdout] 
[INFO] [stdout] error[E0425]: cannot find value `handler1` in this scope
[INFO] [stdout]  --> src/router.rs:449:17
[INFO] [stdout]   |
[INFO] [stdout] 5 | router.use(vec![handler1, handler2]);
[INFO] [stdout]   |                 ^^^^^^^^ not found in this scope
[INFO] [stdout] 
[INFO] [stdout] error[E0425]: cannot find value `handler2` in this scope
[INFO] [stdout]  --> src/router.rs:449:27
[INFO] [stdout]   |
[INFO] [stdout] 5 | router.use(vec![handler1, handler2]);
[INFO] [stdout]   |                           ^^^^^^^^ not found in this scope
[INFO] [stdout] 
[INFO] [stdout] error: aborting due to 4 previous errors
[INFO] [stdout] 
[INFO] [stdout] Some errors have detailed explanations: E0425, E0433.
[INFO] [stdout] For more information about an error, try `rustc --explain E0425`.
[INFO] [stdout] Couldn't compile the test.
[INFO] [stdout] ---- src/router.rs - router::Router::delete (line 422) stdout ----
[INFO] [stdout] error[E0433]: failed to resolve: use of undeclared type `Router`
[INFO] [stdout]  --> src/router.rs:423:18
[INFO] [stdout]   |
[INFO] [stdout] 3 | let mut router = Router::new();
[INFO] [stdout]   |                  ^^^^^^ use of undeclared type `Router`
[INFO] [stdout]   |
[INFO] [stdout] help: consider importing this struct
[INFO] [stdout]   |
[INFO] [stdout] 2 + use maria::Router;
[INFO] [stdout]   |
[INFO] [stdout] 
[INFO] [stdout] error[E0425]: cannot find value `handler1` in this scope
[INFO] [stdout]  --> src/router.rs:425:25
[INFO] [stdout]   |
[INFO] [stdout] 5 | router.delete("/", vec![handler1, handler2]);
[INFO] [stdout]   |                         ^^^^^^^^ not found in this scope
[INFO] [stdout] 
[INFO] [stdout] error[E0425]: cannot find value `handler2` in this scope
[INFO] [stdout]  --> src/router.rs:425:35
[INFO] [stdout]   |
[INFO] [stdout] 5 | router.delete("/", vec![handler1, handler2]);
[INFO] [stdout]   |                                   ^^^^^^^^ not found in this scope
[INFO] [stdout] 
[INFO] [stdout] error: aborting due to 3 previous errors
[INFO] [stdout] 
[INFO] [stdout] Some errors have detailed explanations: E0425, E0433.
[INFO] [stdout] For more information about an error, try `rustc --explain E0425`.
[INFO] [stdout] Couldn't compile the test.
[INFO] [stdout] ---- src/router.rs - router::Router::post (line 369) stdout ----
[INFO] [stdout] error[E0433]: failed to resolve: use of undeclared type `Router`
[INFO] [stdout]  --> src/router.rs:370:18
[INFO] [stdout]   |
[INFO] [stdout] 3 | let mut router = Router::new();
[INFO] [stdout]   |                  ^^^^^^ use of undeclared type `Router`
[INFO] [stdout]   |
[INFO] [stdout] help: consider importing this struct
[INFO] [stdout]   |
[INFO] [stdout] 2 + use maria::Router;
[INFO] [stdout]   |
[INFO] [stdout] 
[INFO] [stdout] error[E0425]: cannot find value `handler1` in this scope
[INFO] [stdout]  --> src/router.rs:372:27
[INFO] [stdout]   |
[INFO] [stdout] 5 | router.post("/post", vec![handler1, handler2]);
[INFO] [stdout]   |                           ^^^^^^^^ not found in this scope
[INFO] [stdout] 
[INFO] [stdout] error[E0425]: cannot find value `handler2` in this scope
[INFO] [stdout]  --> src/router.rs:372:37
[INFO] [stdout]   |
[INFO] [stdout] 5 | router.post("/post", vec![handler1, handler2]);
[INFO] [stdout]   |                                     ^^^^^^^^ not found in this scope
[INFO] [stdout] 
[INFO] [stdout] error: aborting due to 3 previous errors
[INFO] [stdout] 
[INFO] [stdout] Some errors have detailed explanations: E0425, E0433.
[INFO] [stdout] For more information about an error, try `rustc --explain E0425`.
[INFO] [stdout] Couldn't compile the test.
[INFO] [stdout] ---- src/router.rs - router::Router::put (line 396) stdout ----
[INFO] [stdout] error[E0433]: failed to resolve: use of undeclared type `Router`
[INFO] [stdout]  --> src/router.rs:397:18
[INFO] [stdout]   |
[INFO] [stdout] 3 | let mut router = Router::new();
[INFO] [stdout]   |                  ^^^^^^ use of undeclared type `Router`
[INFO] [stdout]   |
[INFO] [stdout] help: consider importing this struct
[INFO] [stdout]   |
[INFO] [stdout] 2 + use maria::Router;
[INFO] [stdout]   |
[INFO] [stdout] 
[INFO] [stdout] error[E0425]: cannot find value `handler1` in this scope
[INFO] [stdout]  --> src/router.rs:399:25
[INFO] [stdout]   |
[INFO] [stdout] 5 | router.put("/put", vec![handler1, handler2]);
[INFO] [stdout]   |                         ^^^^^^^^ not found in this scope
[INFO] [stdout] 
[INFO] [stdout] error[E0425]: cannot find value `handler2` in this scope
[INFO] [stdout]  --> src/router.rs:399:35
[INFO] [stdout]   |
[INFO] [stdout] 5 | router.put("/put", vec![handler1, handler2]);
[INFO] [stdout]   |                                   ^^^^^^^^ not found in this scope
[INFO] [stdout] 
[INFO] [stdout] error: aborting due to 3 previous errors
[INFO] [stdout] 
[INFO] [stdout] Some errors have detailed explanations: E0425, E0433.
[INFO] [stdout] For more information about an error, try `rustc --explain E0425`.
[INFO] [stdout] Couldn't compile the test.
[INFO] [stdout] ---- src/lib.rs - handler (line 18) stdout ----
[INFO] [stdout] error: cannot find macro `handler` in this scope
[INFO] [stdout]  --> src/lib.rs:19:23
[INFO] [stdout]   |
[INFO] [stdout] 3 | let home: HandlerFn = handler!(req, res, {
[INFO] [stdout]   |                       ^^^^^^^
[INFO] [stdout]   |
[INFO] [stdout] help: consider importing this macro
[INFO] [stdout]   |
[INFO] [stdout] 2 + use maria::handler;
[INFO] [stdout]   |
[INFO] [stdout] 
[INFO] [stdout] error[E0412]: cannot find type `HandlerFn` in this scope
[INFO] [stdout]  --> src/lib.rs:19:11
[INFO] [stdout]   |
[INFO] [stdout] 3 | let home: HandlerFn = handler!(req, res, {
[INFO] [stdout]   |           ^^^^^^^^^ not found in this scope
[INFO] [stdout]   |
[INFO] [stdout] help: consider importing this type alias
[INFO] [stdout]   |
[INFO] [stdout] 2 + use maria::HandlerFn;
[INFO] [stdout]   |
[INFO] [stdout] 
[INFO] [stdout] error: aborting due to 2 previous errors
[INFO] [stdout] 
[INFO] [stdout] For more information about this error, try `rustc --explain E0412`.
[INFO] [stdout] Couldn't compile the test.
[INFO] [stdout] ---- src/router.rs - router::Router::get (line 342) stdout ----
[INFO] [stdout] error[E0433]: failed to resolve: use of undeclared type `Router`
[INFO] [stdout]  --> src/router.rs:343:18
[INFO] [stdout]   |
[INFO] [stdout] 3 | let mut router = Router::new();
[INFO] [stdout]   |                  ^^^^^^ use of undeclared type `Router`
[INFO] [stdout]   |
[INFO] [stdout] help: consider importing this struct
[INFO] [stdout]   |
[INFO] [stdout] 2 + use maria::Router;
[INFO] [stdout]   |
[INFO] [stdout] 
[INFO] [stdout] error[E0425]: cannot find value `handler1` in this scope
[INFO] [stdout]  --> src/router.rs:345:22
[INFO] [stdout]   |
[INFO] [stdout] 5 | router.get("/", vec![handler1, handler2]);
[INFO] [stdout]   |                      ^^^^^^^^ not found in this scope
[INFO] [stdout] 
[INFO] [stdout] error[E0425]: cannot find value `handler2` in this scope
[INFO] [stdout]  --> src/router.rs:345:32
[INFO] [stdout]   |
[INFO] [stdout] 5 | router.get("/", vec![handler1, handler2]);
[INFO] [stdout]   |                                ^^^^^^^^ not found in this scope
[INFO] [stdout] 
[INFO] [stdout] error: aborting due to 3 previous errors
[INFO] [stdout] 
[INFO] [stdout] Some errors have detailed explanations: E0425, E0433.
[INFO] [stdout] For more information about an error, try `rustc --explain E0425`.
[INFO] [stdout] Couldn't compile the test.
[INFO] [stdout] 
[INFO] [stdout] failures:
[INFO] [stdout]     src/lib.rs - handler (line 18)
[INFO] [stdout]     src/router.rs - router::Router::delete (line 422)
[INFO] [stdout]     src/router.rs - router::Router::get (line 342)
[INFO] [stdout]     src/router.rs - router::Router::listen (line 291)
[INFO] [stdout]     src/router.rs - router::Router::post (line 369)
[INFO] [stdout]     src/router.rs - router::Router::put (line 396)
[INFO] [stdout]     src/router.rs - router::Router::r#use (line 446)
[INFO] [stdout] 
[INFO] [stdout] test result: FAILED. 0 passed; 7 failed; 0 ignored; 0 measured; 0 filtered out; finished in 0.17s
[INFO] [stdout] 
[INFO] [stderr] error: doctest failed, to rerun pass `--doc`
[INFO] running `Command { std: "docker" "inspect" "bdf645593eba429914fd8ef4a6654fd59b3b68c23ce05459a6ad2c5dd74a0fba", kill_on_drop: false }`
[INFO] running `Command { std: "docker" "rm" "-f" "bdf645593eba429914fd8ef4a6654fd59b3b68c23ce05459a6ad2c5dd74a0fba", kill_on_drop: false }`
[INFO] [stdout] bdf645593eba429914fd8ef4a6654fd59b3b68c23ce05459a6ad2c5dd74a0fba
