[INFO] cloning repository https://github.com/wyhaya/loading
[INFO] running `Command { std: "git" "-c" "credential.helper=" "-c" "credential.helper=/workspace/cargo-home/bin/git-credential-null" "clone" "--bare" "https://github.com/wyhaya/loading" "/workspace/cache/git-repos/https%3A%2F%2Fgithub.com%2Fwyhaya%2Floading", kill_on_drop: false }`
[INFO] [stderr] Cloning into bare repository '/workspace/cache/git-repos/https%3A%2F%2Fgithub.com%2Fwyhaya%2Floading'...
[INFO] running `Command { std: "git" "rev-parse" "HEAD", kill_on_drop: false }`
[INFO] [stdout] 73137d19c2c347a81f4affc00b36d02e23a3d367
[INFO] testing wyhaya/loading against 1.75.0 for beta-1.76-1
[INFO] running `Command { std: "git" "clone" "/workspace/cache/git-repos/https%3A%2F%2Fgithub.com%2Fwyhaya%2Floading" "/workspace/builds/worker-6-tc1/source", kill_on_drop: false }`
[INFO] [stderr] Cloning into '/workspace/builds/worker-6-tc1/source'...
[INFO] [stderr] done.
[INFO] validating manifest of git repo https://github.com/wyhaya/loading on toolchain 1.75.0
[INFO] running `Command { std: CARGO_HOME="/workspace/cargo-home" RUSTUP_HOME="/workspace/rustup-home" "/workspace/cargo-home/bin/cargo" "+1.75.0" "metadata" "--manifest-path" "Cargo.toml" "--no-deps", kill_on_drop: false }`
[INFO] started tweaking git repo https://github.com/wyhaya/loading
[INFO] finished tweaking git repo https://github.com/wyhaya/loading
[INFO] tweaked toml for git repo https://github.com/wyhaya/loading written to /workspace/builds/worker-6-tc1/source/Cargo.toml
[INFO] running `Command { std: CARGO_HOME="/workspace/cargo-home" RUSTUP_HOME="/workspace/rustup-home" "/workspace/cargo-home/bin/cargo" "+1.75.0" "generate-lockfile" "--manifest-path" "Cargo.toml", kill_on_drop: false }`
[INFO] running `Command { std: CARGO_HOME="/workspace/cargo-home" RUSTUP_HOME="/workspace/rustup-home" "/workspace/cargo-home/bin/cargo" "+1.75.0" "fetch" "--manifest-path" "Cargo.toml", kill_on_drop: false }`
[INFO] running `Command { std: "docker" "create" "-v" "/var/lib/crater-agent-workspace/builds/worker-6-tc1/target:/opt/rustwide/target:rw,Z" "-v" "/var/lib/crater-agent-workspace/builds/worker-6-tc1/source:/opt/rustwide/workdir:ro,Z" "-v" "/var/lib/crater-agent-workspace/cargo-home:/opt/rustwide/cargo-home:ro,Z" "-v" "/var/lib/crater-agent-workspace/rustup-home:/opt/rustwide/rustup-home:ro,Z" "-e" "SOURCE_DIR=/opt/rustwide/workdir" "-e" "CARGO_TARGET_DIR=/opt/rustwide/target" "-e" "CARGO_HOME=/opt/rustwide/cargo-home" "-e" "RUSTUP_HOME=/opt/rustwide/rustup-home" "-w" "/opt/rustwide/workdir" "-m" "1610612736" "--user" "0:0" "--network" "none" "ghcr.io/rust-lang/crates-build-env/linux@sha256:2788e3201cd34a07e3172128adcd8b3090168a8e3bcc40d7c032b9dda1df7d1c" "/opt/rustwide/cargo-home/bin/cargo" "+1.75.0" "metadata" "--no-deps" "--format-version=1", kill_on_drop: false }`
[INFO] [stdout] bed1bdc7e31d5e4fe5bf9be66424973a3a6d6e53f615090b8d7e1407eb3a03ae
[INFO] running `Command { std: "docker" "start" "-a" "bed1bdc7e31d5e4fe5bf9be66424973a3a6d6e53f615090b8d7e1407eb3a03ae", kill_on_drop: false }`
[INFO] running `Command { std: "docker" "inspect" "bed1bdc7e31d5e4fe5bf9be66424973a3a6d6e53f615090b8d7e1407eb3a03ae", kill_on_drop: false }`
[INFO] running `Command { std: "docker" "rm" "-f" "bed1bdc7e31d5e4fe5bf9be66424973a3a6d6e53f615090b8d7e1407eb3a03ae", kill_on_drop: false }`
[INFO] [stdout] bed1bdc7e31d5e4fe5bf9be66424973a3a6d6e53f615090b8d7e1407eb3a03ae
[INFO] running `Command { std: "docker" "create" "-v" "/var/lib/crater-agent-workspace/builds/worker-6-tc1/target:/opt/rustwide/target:rw,Z" "-v" "/var/lib/crater-agent-workspace/builds/worker-6-tc1/source:/opt/rustwide/workdir:ro,Z" "-v" "/var/lib/crater-agent-workspace/cargo-home:/opt/rustwide/cargo-home:ro,Z" "-v" "/var/lib/crater-agent-workspace/rustup-home:/opt/rustwide/rustup-home:ro,Z" "-e" "SOURCE_DIR=/opt/rustwide/workdir" "-e" "CARGO_TARGET_DIR=/opt/rustwide/target" "-e" "CARGO_INCREMENTAL=0" "-e" "RUST_BACKTRACE=full" "-e" "RUSTFLAGS=--cap-lints=warn" "-e" "RUSTDOCFLAGS=--cap-lints=warn" "-e" "CARGO_HOME=/opt/rustwide/cargo-home" "-e" "RUSTUP_HOME=/opt/rustwide/rustup-home" "-w" "/opt/rustwide/workdir" "-m" "1610612736" "--user" "0:0" "--network" "none" "ghcr.io/rust-lang/crates-build-env/linux@sha256:2788e3201cd34a07e3172128adcd8b3090168a8e3bcc40d7c032b9dda1df7d1c" "/opt/rustwide/cargo-home/bin/cargo" "+1.75.0" "build" "--frozen" "--message-format=json", kill_on_drop: false }`
[INFO] [stdout] c1016ed1be591db842bb973706aff533f21df31497c6feda0001cdba2abd97ea
[INFO] running `Command { std: "docker" "start" "-a" "c1016ed1be591db842bb973706aff533f21df31497c6feda0001cdba2abd97ea", kill_on_drop: false }`
[INFO] [stderr]    Compiling loading v0.3.0 (/opt/rustwide/workdir)
[INFO] [stderr]     Finished dev [unoptimized + debuginfo] target(s) in 0.23s
[INFO] running `Command { std: "docker" "inspect" "c1016ed1be591db842bb973706aff533f21df31497c6feda0001cdba2abd97ea", kill_on_drop: false }`
[INFO] running `Command { std: "docker" "rm" "-f" "c1016ed1be591db842bb973706aff533f21df31497c6feda0001cdba2abd97ea", kill_on_drop: false }`
[INFO] [stdout] c1016ed1be591db842bb973706aff533f21df31497c6feda0001cdba2abd97ea
[INFO] running `Command { std: "docker" "create" "-v" "/var/lib/crater-agent-workspace/builds/worker-6-tc1/target:/opt/rustwide/target:rw,Z" "-v" "/var/lib/crater-agent-workspace/builds/worker-6-tc1/source:/opt/rustwide/workdir:ro,Z" "-v" "/var/lib/crater-agent-workspace/cargo-home:/opt/rustwide/cargo-home:ro,Z" "-v" "/var/lib/crater-agent-workspace/rustup-home:/opt/rustwide/rustup-home:ro,Z" "-e" "SOURCE_DIR=/opt/rustwide/workdir" "-e" "CARGO_TARGET_DIR=/opt/rustwide/target" "-e" "CARGO_INCREMENTAL=0" "-e" "RUST_BACKTRACE=full" "-e" "RUSTFLAGS=--cap-lints=warn" "-e" "RUSTDOCFLAGS=--cap-lints=warn" "-e" "CARGO_HOME=/opt/rustwide/cargo-home" "-e" "RUSTUP_HOME=/opt/rustwide/rustup-home" "-w" "/opt/rustwide/workdir" "-m" "1610612736" "--user" "0:0" "--network" "none" "ghcr.io/rust-lang/crates-build-env/linux@sha256:2788e3201cd34a07e3172128adcd8b3090168a8e3bcc40d7c032b9dda1df7d1c" "/opt/rustwide/cargo-home/bin/cargo" "+1.75.0" "test" "--frozen" "--no-run" "--message-format=json", kill_on_drop: false }`
[INFO] [stdout] c0c6ad8a776adc66e723c1645d43c9b71a1938bc3594a1a66dc146f204ead269
[INFO] running `Command { std: "docker" "start" "-a" "c0c6ad8a776adc66e723c1645d43c9b71a1938bc3594a1a66dc146f204ead269", kill_on_drop: false }`
[INFO] [stderr]    Compiling loading v0.3.0 (/opt/rustwide/workdir)
[INFO] [stderr]     Finished test [unoptimized + debuginfo] target(s) in 0.22s
[INFO] running `Command { std: "docker" "inspect" "c0c6ad8a776adc66e723c1645d43c9b71a1938bc3594a1a66dc146f204ead269", kill_on_drop: false }`
[INFO] running `Command { std: "docker" "rm" "-f" "c0c6ad8a776adc66e723c1645d43c9b71a1938bc3594a1a66dc146f204ead269", kill_on_drop: false }`
[INFO] [stdout] c0c6ad8a776adc66e723c1645d43c9b71a1938bc3594a1a66dc146f204ead269
[INFO] running `Command { std: "docker" "create" "-v" "/var/lib/crater-agent-workspace/builds/worker-6-tc1/target:/opt/rustwide/target:rw,Z" "-v" "/var/lib/crater-agent-workspace/builds/worker-6-tc1/source:/opt/rustwide/workdir:ro,Z" "-v" "/var/lib/crater-agent-workspace/cargo-home:/opt/rustwide/cargo-home:ro,Z" "-v" "/var/lib/crater-agent-workspace/rustup-home:/opt/rustwide/rustup-home:ro,Z" "-e" "SOURCE_DIR=/opt/rustwide/workdir" "-e" "CARGO_TARGET_DIR=/opt/rustwide/target" "-e" "CARGO_INCREMENTAL=0" "-e" "RUST_BACKTRACE=full" "-e" "RUSTFLAGS=--cap-lints=warn" "-e" "RUSTDOCFLAGS=--cap-lints=warn" "-e" "CARGO_HOME=/opt/rustwide/cargo-home" "-e" "RUSTUP_HOME=/opt/rustwide/rustup-home" "-w" "/opt/rustwide/workdir" "-m" "1610612736" "--user" "0:0" "--network" "none" "ghcr.io/rust-lang/crates-build-env/linux@sha256:2788e3201cd34a07e3172128adcd8b3090168a8e3bcc40d7c032b9dda1df7d1c" "/opt/rustwide/cargo-home/bin/cargo" "+1.75.0" "test" "--frozen", kill_on_drop: false }`
[INFO] [stdout] 8661f74435f0b8866297dcca781898613c93e69c46ccde5c9a9978f222ca1da2
[INFO] running `Command { std: "docker" "start" "-a" "8661f74435f0b8866297dcca781898613c93e69c46ccde5c9a9978f222ca1da2", kill_on_drop: false }`
[INFO] [stderr]     Finished test [unoptimized + debuginfo] target(s) in 0.00s
[INFO] [stderr]      Running unittests src/lib.rs (/opt/rustwide/target/debug/deps/loading-10808caed44d6b61)
[INFO] [stdout] 
[INFO] [stdout] running 0 tests
[INFO] [stdout] 
[INFO] [stdout] test result: ok. 0 passed; 0 failed; 0 ignored; 0 measured; 0 filtered out; finished in 0.00s
[INFO] [stdout] 
[INFO] [stderr]    Doc-tests loading
[INFO] [stdout] 
[INFO] [stdout] running 3 tests
[INFO] [stdout] test src/lib.rs - Spinner::new (line 165) ... FAILED
[INFO] [stdout] test src/lib.rs - Spinner::new (line 161) ... FAILED
[INFO] [stdout] test src/lib.rs - (line 2) ... ok
[INFO] [stdout] 
[INFO] [stdout] failures:
[INFO] [stdout] 
[INFO] [stdout] ---- src/lib.rs - Spinner::new (line 165) stdout ----
[INFO] [stdout] error: expected `;`, found `}`
[INFO] [stdout]  --> src/lib.rs:166:50
[INFO] [stdout]   |
[INFO] [stdout] 3 | let spin = Spinner::new(vec!["+", "-", "*", "/"])
[INFO] [stdout]   |                                                  ^ help: add `;` here
[INFO] [stdout] 4 | } _doctest_main_src_lib_rs_165_0() }
[INFO] [stdout]   | - unexpected token
[INFO] [stdout] 
[INFO] [stdout] error[E0433]: failed to resolve: use of undeclared type `Spinner`
[INFO] [stdout]  --> src/lib.rs:166:12
[INFO] [stdout]   |
[INFO] [stdout] 3 | let spin = Spinner::new(vec!["+", "-", "*", "/"])
[INFO] [stdout]   |            ^^^^^^^ use of undeclared type `Spinner`
[INFO] [stdout]   |
[INFO] [stdout] help: consider importing this struct
[INFO] [stdout]   |
[INFO] [stdout] 2 + use loading::Spinner;
[INFO] [stdout]   |
[INFO] [stdout] 
[INFO] [stdout] error: aborting due to 2 previous errors
[INFO] [stdout] 
[INFO] [stdout] For more information about this error, try `rustc --explain E0433`.
[INFO] [stdout] Couldn't compile the test.
[INFO] [stdout] ---- src/lib.rs - Spinner::new (line 161) stdout ----
[INFO] [stdout] error: expected `;`, found `}`
[INFO] [stdout]  --> src/lib.rs:162:58
[INFO] [stdout]   |
[INFO] [stdout] 3 | let spin = Spinner::new(vec!["∙∙∙", "●∙∙", "∙●∙", "∙∙●"])
[INFO] [stdout]   |                                                          ^ help: add `;` here
[INFO] [stdout] 4 | } _doctest_main_src_lib_rs_161_0() }
[INFO] [stdout]   | - unexpected token
[INFO] [stdout] 
[INFO] [stdout] error[E0433]: failed to resolve: use of undeclared type `Spinner`
[INFO] [stdout]  --> src/lib.rs:162:12
[INFO] [stdout]   |
[INFO] [stdout] 3 | let spin = Spinner::new(vec!["∙∙∙", "●∙∙", "∙●∙", "∙∙●"])
[INFO] [stdout]   |            ^^^^^^^ use of undeclared type `Spinner`
[INFO] [stdout]   |
[INFO] [stdout] help: consider importing this struct
[INFO] [stdout]   |
[INFO] [stdout] 2 + use loading::Spinner;
[INFO] [stdout]   |
[INFO] [stdout] 
[INFO] [stdout] error: aborting due to 2 previous errors
[INFO] [stdout] 
[INFO] [stdout] For more information about this error, try `rustc --explain E0433`.
[INFO] [stdout] Couldn't compile the test.
[INFO] [stdout] 
[INFO] [stdout] failures:
[INFO] [stdout]     src/lib.rs - Spinner::new (line 161)
[INFO] [stdout]     src/lib.rs - Spinner::new (line 165)
[INFO] [stdout] 
[INFO] [stdout] test result: FAILED. 1 passed; 2 failed; 0 ignored; 0 measured; 0 filtered out; finished in 5.22s
[INFO] [stdout] 
[INFO] [stderr] error: doctest failed, to rerun pass `--doc`
[INFO] running `Command { std: "docker" "inspect" "8661f74435f0b8866297dcca781898613c93e69c46ccde5c9a9978f222ca1da2", kill_on_drop: false }`
[INFO] running `Command { std: "docker" "rm" "-f" "8661f74435f0b8866297dcca781898613c93e69c46ccde5c9a9978f222ca1da2", kill_on_drop: false }`
[INFO] [stdout] 8661f74435f0b8866297dcca781898613c93e69c46ccde5c9a9978f222ca1da2
[INFO] testing wyhaya/loading against beta-2023-12-22 for beta-1.76-1
[INFO] running `Command { std: "git" "clone" "/workspace/cache/git-repos/https%3A%2F%2Fgithub.com%2Fwyhaya%2Floading" "/workspace/builds/worker-6-tc2/source", kill_on_drop: false }`
[INFO] [stderr] Cloning into '/workspace/builds/worker-6-tc2/source'...
[INFO] [stderr] done.
[INFO] validating manifest of git repo https://github.com/wyhaya/loading on toolchain beta-2023-12-22
[INFO] running `Command { std: CARGO_HOME="/workspace/cargo-home" RUSTUP_HOME="/workspace/rustup-home" "/workspace/cargo-home/bin/cargo" "+beta-2023-12-22" "metadata" "--manifest-path" "Cargo.toml" "--no-deps", kill_on_drop: false }`
[INFO] started tweaking git repo https://github.com/wyhaya/loading
[INFO] finished tweaking git repo https://github.com/wyhaya/loading
[INFO] tweaked toml for git repo https://github.com/wyhaya/loading written to /workspace/builds/worker-6-tc2/source/Cargo.toml
[INFO] running `Command { std: CARGO_HOME="/workspace/cargo-home" RUSTUP_HOME="/workspace/rustup-home" "/workspace/cargo-home/bin/cargo" "+beta-2023-12-22" "generate-lockfile" "--manifest-path" "Cargo.toml", kill_on_drop: false }`
[INFO] running `Command { std: CARGO_HOME="/workspace/cargo-home" RUSTUP_HOME="/workspace/rustup-home" "/workspace/cargo-home/bin/cargo" "+beta-2023-12-22" "fetch" "--manifest-path" "Cargo.toml", kill_on_drop: false }`
[INFO] running `Command { std: "docker" "create" "-v" "/var/lib/crater-agent-workspace/builds/worker-6-tc2/target:/opt/rustwide/target:rw,Z" "-v" "/var/lib/crater-agent-workspace/builds/worker-6-tc2/source:/opt/rustwide/workdir:ro,Z" "-v" "/var/lib/crater-agent-workspace/cargo-home:/opt/rustwide/cargo-home:ro,Z" "-v" "/var/lib/crater-agent-workspace/rustup-home:/opt/rustwide/rustup-home:ro,Z" "-e" "SOURCE_DIR=/opt/rustwide/workdir" "-e" "CARGO_TARGET_DIR=/opt/rustwide/target" "-e" "CARGO_HOME=/opt/rustwide/cargo-home" "-e" "RUSTUP_HOME=/opt/rustwide/rustup-home" "-w" "/opt/rustwide/workdir" "-m" "1610612736" "--user" "0:0" "--network" "none" "ghcr.io/rust-lang/crates-build-env/linux@sha256:2788e3201cd34a07e3172128adcd8b3090168a8e3bcc40d7c032b9dda1df7d1c" "/opt/rustwide/cargo-home/bin/cargo" "+beta-2023-12-22" "metadata" "--no-deps" "--format-version=1", kill_on_drop: false }`
[INFO] [stdout] 3f6e6e3814ee383fe612aac173a1ae7a7cf6cfdb68d1c9ec49ae02e9859141ce
[INFO] running `Command { std: "docker" "start" "-a" "3f6e6e3814ee383fe612aac173a1ae7a7cf6cfdb68d1c9ec49ae02e9859141ce", kill_on_drop: false }`
[INFO] running `Command { std: "docker" "inspect" "3f6e6e3814ee383fe612aac173a1ae7a7cf6cfdb68d1c9ec49ae02e9859141ce", kill_on_drop: false }`
[INFO] running `Command { std: "docker" "rm" "-f" "3f6e6e3814ee383fe612aac173a1ae7a7cf6cfdb68d1c9ec49ae02e9859141ce", kill_on_drop: false }`
[INFO] [stdout] 3f6e6e3814ee383fe612aac173a1ae7a7cf6cfdb68d1c9ec49ae02e9859141ce
[INFO] running `Command { std: "docker" "create" "-v" "/var/lib/crater-agent-workspace/builds/worker-6-tc2/target:/opt/rustwide/target:rw,Z" "-v" "/var/lib/crater-agent-workspace/builds/worker-6-tc2/source:/opt/rustwide/workdir:ro,Z" "-v" "/var/lib/crater-agent-workspace/cargo-home:/opt/rustwide/cargo-home:ro,Z" "-v" "/var/lib/crater-agent-workspace/rustup-home:/opt/rustwide/rustup-home:ro,Z" "-e" "SOURCE_DIR=/opt/rustwide/workdir" "-e" "CARGO_TARGET_DIR=/opt/rustwide/target" "-e" "CARGO_INCREMENTAL=0" "-e" "RUST_BACKTRACE=full" "-e" "RUSTFLAGS=--cap-lints=warn" "-e" "RUSTDOCFLAGS=--cap-lints=warn" "-e" "CARGO_HOME=/opt/rustwide/cargo-home" "-e" "RUSTUP_HOME=/opt/rustwide/rustup-home" "-w" "/opt/rustwide/workdir" "-m" "1610612736" "--user" "0:0" "--network" "none" "ghcr.io/rust-lang/crates-build-env/linux@sha256:2788e3201cd34a07e3172128adcd8b3090168a8e3bcc40d7c032b9dda1df7d1c" "/opt/rustwide/cargo-home/bin/cargo" "+beta-2023-12-22" "build" "--frozen" "--message-format=json", kill_on_drop: false }`
[INFO] [stdout] 44d8780dcdbfdd37fc501474dc748d3f2710a893fcc402a2d7556eb18ec1d864
[INFO] running `Command { std: "docker" "start" "-a" "44d8780dcdbfdd37fc501474dc748d3f2710a893fcc402a2d7556eb18ec1d864", kill_on_drop: false }`
[INFO] [stderr]    Compiling loading v0.3.0 (/opt/rustwide/workdir)
[INFO] [stderr]     Finished dev [unoptimized + debuginfo] target(s) in 0.23s
[INFO] running `Command { std: "docker" "inspect" "44d8780dcdbfdd37fc501474dc748d3f2710a893fcc402a2d7556eb18ec1d864", kill_on_drop: false }`
[INFO] running `Command { std: "docker" "rm" "-f" "44d8780dcdbfdd37fc501474dc748d3f2710a893fcc402a2d7556eb18ec1d864", kill_on_drop: false }`
[INFO] [stdout] 44d8780dcdbfdd37fc501474dc748d3f2710a893fcc402a2d7556eb18ec1d864
[INFO] running `Command { std: "docker" "create" "-v" "/var/lib/crater-agent-workspace/builds/worker-6-tc2/target:/opt/rustwide/target:rw,Z" "-v" "/var/lib/crater-agent-workspace/builds/worker-6-tc2/source:/opt/rustwide/workdir:ro,Z" "-v" "/var/lib/crater-agent-workspace/cargo-home:/opt/rustwide/cargo-home:ro,Z" "-v" "/var/lib/crater-agent-workspace/rustup-home:/opt/rustwide/rustup-home:ro,Z" "-e" "SOURCE_DIR=/opt/rustwide/workdir" "-e" "CARGO_TARGET_DIR=/opt/rustwide/target" "-e" "CARGO_INCREMENTAL=0" "-e" "RUST_BACKTRACE=full" "-e" "RUSTFLAGS=--cap-lints=warn" "-e" "RUSTDOCFLAGS=--cap-lints=warn" "-e" "CARGO_HOME=/opt/rustwide/cargo-home" "-e" "RUSTUP_HOME=/opt/rustwide/rustup-home" "-w" "/opt/rustwide/workdir" "-m" "1610612736" "--user" "0:0" "--network" "none" "ghcr.io/rust-lang/crates-build-env/linux@sha256:2788e3201cd34a07e3172128adcd8b3090168a8e3bcc40d7c032b9dda1df7d1c" "/opt/rustwide/cargo-home/bin/cargo" "+beta-2023-12-22" "test" "--frozen" "--no-run" "--message-format=json", kill_on_drop: false }`
[INFO] [stdout] 7152377cc02de06cbdc2dd5cbb731239d3bb078a94ccca516ea406777abb524c
[INFO] running `Command { std: "docker" "start" "-a" "7152377cc02de06cbdc2dd5cbb731239d3bb078a94ccca516ea406777abb524c", kill_on_drop: false }`
[INFO] [stderr]    Compiling loading v0.3.0 (/opt/rustwide/workdir)
[INFO] [stderr]     Finished test [unoptimized + debuginfo] target(s) in 0.22s
[INFO] running `Command { std: "docker" "inspect" "7152377cc02de06cbdc2dd5cbb731239d3bb078a94ccca516ea406777abb524c", kill_on_drop: false }`
[INFO] running `Command { std: "docker" "rm" "-f" "7152377cc02de06cbdc2dd5cbb731239d3bb078a94ccca516ea406777abb524c", kill_on_drop: false }`
[INFO] [stdout] 7152377cc02de06cbdc2dd5cbb731239d3bb078a94ccca516ea406777abb524c
[INFO] running `Command { std: "docker" "create" "-v" "/var/lib/crater-agent-workspace/builds/worker-6-tc2/target:/opt/rustwide/target:rw,Z" "-v" "/var/lib/crater-agent-workspace/builds/worker-6-tc2/source:/opt/rustwide/workdir:ro,Z" "-v" "/var/lib/crater-agent-workspace/cargo-home:/opt/rustwide/cargo-home:ro,Z" "-v" "/var/lib/crater-agent-workspace/rustup-home:/opt/rustwide/rustup-home:ro,Z" "-e" "SOURCE_DIR=/opt/rustwide/workdir" "-e" "CARGO_TARGET_DIR=/opt/rustwide/target" "-e" "CARGO_INCREMENTAL=0" "-e" "RUST_BACKTRACE=full" "-e" "RUSTFLAGS=--cap-lints=warn" "-e" "RUSTDOCFLAGS=--cap-lints=warn" "-e" "CARGO_HOME=/opt/rustwide/cargo-home" "-e" "RUSTUP_HOME=/opt/rustwide/rustup-home" "-w" "/opt/rustwide/workdir" "-m" "1610612736" "--user" "0:0" "--network" "none" "ghcr.io/rust-lang/crates-build-env/linux@sha256:2788e3201cd34a07e3172128adcd8b3090168a8e3bcc40d7c032b9dda1df7d1c" "/opt/rustwide/cargo-home/bin/cargo" "+beta-2023-12-22" "test" "--frozen", kill_on_drop: false }`
[INFO] [stdout] 3d548b000a5f31d3485c4e37de06bac9b7ee4cde7b88eaff3bd4b7a6fca080a1
[INFO] running `Command { std: "docker" "start" "-a" "3d548b000a5f31d3485c4e37de06bac9b7ee4cde7b88eaff3bd4b7a6fca080a1", kill_on_drop: false }`
[INFO] [stderr]     Finished test [unoptimized + debuginfo] target(s) in 0.00s
[INFO] [stderr]      Running unittests src/lib.rs (/opt/rustwide/target/debug/deps/loading-61b0c4432e8f88c0)
[INFO] [stdout] 
[INFO] [stdout] running 0 tests
[INFO] [stdout] 
[INFO] [stdout] test result: ok. 0 passed; 0 failed; 0 ignored; 0 measured; 0 filtered out; finished in 0.00s
[INFO] [stdout] 
[INFO] [stderr]    Doc-tests loading
[INFO] [stdout] 
[INFO] [stdout] running 3 tests
[INFO] [stdout] test src/lib.rs - Spinner::new (line 161) ... FAILED
[INFO] [stdout] test src/lib.rs - Spinner::new (line 165) ... FAILED
[INFO] [stdout] test src/lib.rs - (line 2) ... ok
[INFO] [stdout] 
[INFO] [stdout] failures:
[INFO] [stdout] 
[INFO] [stdout] ---- src/lib.rs - Spinner::new (line 161) stdout ----
[INFO] [stdout] error: expected `;`, found `}`
[INFO] [stdout]  --> src/lib.rs:162:58
[INFO] [stdout]   |
[INFO] [stdout] 3 | let spin = Spinner::new(vec!["∙∙∙", "●∙∙", "∙●∙", "∙∙●"])
[INFO] [stdout]   |                                                          ^ help: add `;` here
[INFO] [stdout] 4 | } _doctest_main_src_lib_rs_161_0() }
[INFO] [stdout]   | - unexpected token
[INFO] [stdout] 
[INFO] [stdout] error[E0433]: failed to resolve: use of undeclared type `Spinner`
[INFO] [stdout]  --> src/lib.rs:162:12
[INFO] [stdout]   |
[INFO] [stdout] 3 | let spin = Spinner::new(vec!["∙∙∙", "●∙∙", "∙●∙", "∙∙●"])
[INFO] [stdout]   |            ^^^^^^^ use of undeclared type `Spinner`
[INFO] [stdout]   |
[INFO] [stdout] help: consider importing this struct
[INFO] [stdout]   |
[INFO] [stdout] 2 + use loading::Spinner;
[INFO] [stdout]   |
[INFO] [stdout] 
[INFO] [stdout] error: aborting due to 2 previous errors
[INFO] [stdout] 
[INFO] [stdout] For more information about this error, try `rustc --explain E0433`.
[INFO] [stdout] Couldn't compile the test.
[INFO] [stdout] ---- src/lib.rs - Spinner::new (line 165) stdout ----
[INFO] [stdout] error: expected `;`, found `}`
[INFO] [stdout]  --> src/lib.rs:166:50
[INFO] [stdout]   |
[INFO] [stdout] 3 | let spin = Spinner::new(vec!["+", "-", "*", "/"])
[INFO] [stdout]   |                                                  ^ help: add `;` here
[INFO] [stdout] 4 | } _doctest_main_src_lib_rs_165_0() }
[INFO] [stdout]   | - unexpected token
[INFO] [stdout] 
[INFO] [stdout] error[E0433]: failed to resolve: use of undeclared type `Spinner`
[INFO] [stdout]  --> src/lib.rs:166:12
[INFO] [stdout]   |
[INFO] [stdout] 3 | let spin = Spinner::new(vec!["+", "-", "*", "/"])
[INFO] [stdout]   |            ^^^^^^^ use of undeclared type `Spinner`
[INFO] [stdout]   |
[INFO] [stdout] help: consider importing this struct
[INFO] [stdout]   |
[INFO] [stdout] 2 + use loading::Spinner;
[INFO] [stdout]   |
[INFO] [stdout] 
[INFO] [stdout] error: aborting due to 2 previous errors
[INFO] [stdout] 
[INFO] [stdout] For more information about this error, try `rustc --explain E0433`.
[INFO] [stdout] Couldn't compile the test.
[INFO] [stdout] 
[INFO] [stdout] failures:
[INFO] [stdout]     src/lib.rs - Spinner::new (line 161)
[INFO] [stdout]     src/lib.rs - Spinner::new (line 165)
[INFO] [stdout] 
[INFO] [stdout] test result: FAILED. 1 passed; 2 failed; 0 ignored; 0 measured; 0 filtered out; finished in 5.22s
[INFO] [stdout] 
[INFO] [stderr] error: doctest failed, to rerun pass `--doc`
[INFO] running `Command { std: "docker" "inspect" "3d548b000a5f31d3485c4e37de06bac9b7ee4cde7b88eaff3bd4b7a6fca080a1", kill_on_drop: false }`
[INFO] running `Command { std: "docker" "rm" "-f" "3d548b000a5f31d3485c4e37de06bac9b7ee4cde7b88eaff3bd4b7a6fca080a1", kill_on_drop: false }`
[INFO] [stdout] 3d548b000a5f31d3485c4e37de06bac9b7ee4cde7b88eaff3bd4b7a6fca080a1
