[INFO] cloning repository https://github.com/wugifer/rawsocket-helper
[INFO] running `Command { std: "git" "-c" "credential.helper=" "-c" "credential.helper=/workspace/cargo-home/bin/git-credential-null" "clone" "--bare" "https://github.com/wugifer/rawsocket-helper" "/workspace/cache/git-repos/https%3A%2F%2Fgithub.com%2Fwugifer%2Frawsocket-helper", kill_on_drop: false }`
[INFO] [stderr] Cloning into bare repository '/workspace/cache/git-repos/https%3A%2F%2Fgithub.com%2Fwugifer%2Frawsocket-helper'...
[INFO] running `Command { std: "git" "rev-parse" "HEAD", kill_on_drop: false }`
[INFO] [stdout] 8e4bb7e0fad763e46066d4f7be984d0f67ec77fa
[INFO] testing wugifer/rawsocket-helper against 1.75.0 for beta-1.76-1
[INFO] running `Command { std: "git" "clone" "/workspace/cache/git-repos/https%3A%2F%2Fgithub.com%2Fwugifer%2Frawsocket-helper" "/workspace/builds/worker-2-tc1/source", kill_on_drop: false }`
[INFO] [stderr] Cloning into '/workspace/builds/worker-2-tc1/source'...
[INFO] [stderr] done.
[INFO] validating manifest of git repo https://github.com/wugifer/rawsocket-helper on toolchain 1.75.0
[INFO] running `Command { std: CARGO_HOME="/workspace/cargo-home" RUSTUP_HOME="/workspace/rustup-home" "/workspace/cargo-home/bin/cargo" "+1.75.0" "metadata" "--manifest-path" "Cargo.toml" "--no-deps", kill_on_drop: false }`
[INFO] started tweaking git repo https://github.com/wugifer/rawsocket-helper
[INFO] finished tweaking git repo https://github.com/wugifer/rawsocket-helper
[INFO] tweaked toml for git repo https://github.com/wugifer/rawsocket-helper written to /workspace/builds/worker-2-tc1/source/Cargo.toml
[INFO] crate git repo https://github.com/wugifer/rawsocket-helper already has a lockfile, it will not be regenerated
[INFO] running `Command { std: CARGO_HOME="/workspace/cargo-home" RUSTUP_HOME="/workspace/rustup-home" "/workspace/cargo-home/bin/cargo" "+1.75.0" "fetch" "--manifest-path" "Cargo.toml", kill_on_drop: false }`
[INFO] [stderr]     Updating crates.io index
[INFO] [stderr]  Downloading crates ...
[INFO] [stderr]   Downloaded pnet_transport v0.28.0
[INFO] [stderr]   Downloaded sudo v0.6.0
[INFO] [stderr]   Downloaded pnet_sys v0.28.0
[INFO] [stderr]   Downloaded pcap v0.8.1
[INFO] [stderr]   Downloaded rust_decimal v1.12.4
[INFO] [stderr]   Downloaded pnet v0.28.0
[INFO] [stderr]   Downloaded cidr-utils v0.5.5
[INFO] [stderr]   Downloaded pnet_datalink v0.28.0
[INFO] [stderr]   Downloaded pnet_packet v0.28.0
[INFO] [stderr]   Downloaded python_comm v0.2.5
[INFO] [stderr]   Downloaded python_comm_macros v0.2.5
[INFO] [stderr]   Downloaded pprof v0.5.0
[INFO] running `Command { std: "docker" "create" "-v" "/var/lib/crater-agent-workspace/builds/worker-2-tc1/target:/opt/rustwide/target:rw,Z" "-v" "/var/lib/crater-agent-workspace/builds/worker-2-tc1/source:/opt/rustwide/workdir:ro,Z" "-v" "/var/lib/crater-agent-workspace/cargo-home:/opt/rustwide/cargo-home:ro,Z" "-v" "/var/lib/crater-agent-workspace/rustup-home:/opt/rustwide/rustup-home:ro,Z" "-e" "SOURCE_DIR=/opt/rustwide/workdir" "-e" "CARGO_TARGET_DIR=/opt/rustwide/target" "-e" "CARGO_HOME=/opt/rustwide/cargo-home" "-e" "RUSTUP_HOME=/opt/rustwide/rustup-home" "-w" "/opt/rustwide/workdir" "-m" "1610612736" "--user" "0:0" "--network" "none" "ghcr.io/rust-lang/crates-build-env/linux@sha256:2788e3201cd34a07e3172128adcd8b3090168a8e3bcc40d7c032b9dda1df7d1c" "/opt/rustwide/cargo-home/bin/cargo" "+1.75.0" "metadata" "--no-deps" "--format-version=1", kill_on_drop: false }`
[INFO] [stdout] 78004929bdf4ec4b6e5380cc7312e9c21a6a9a48277ab2cdc2f809ad522eddce
[INFO] running `Command { std: "docker" "start" "-a" "78004929bdf4ec4b6e5380cc7312e9c21a6a9a48277ab2cdc2f809ad522eddce", kill_on_drop: false }`
[INFO] running `Command { std: "docker" "inspect" "78004929bdf4ec4b6e5380cc7312e9c21a6a9a48277ab2cdc2f809ad522eddce", kill_on_drop: false }`
[INFO] running `Command { std: "docker" "rm" "-f" "78004929bdf4ec4b6e5380cc7312e9c21a6a9a48277ab2cdc2f809ad522eddce", kill_on_drop: false }`
[INFO] [stdout] 78004929bdf4ec4b6e5380cc7312e9c21a6a9a48277ab2cdc2f809ad522eddce
[INFO] running `Command { std: "docker" "create" "-v" "/var/lib/crater-agent-workspace/builds/worker-2-tc1/target:/opt/rustwide/target:rw,Z" "-v" "/var/lib/crater-agent-workspace/builds/worker-2-tc1/source:/opt/rustwide/workdir:ro,Z" "-v" "/var/lib/crater-agent-workspace/cargo-home:/opt/rustwide/cargo-home:ro,Z" "-v" "/var/lib/crater-agent-workspace/rustup-home:/opt/rustwide/rustup-home:ro,Z" "-e" "SOURCE_DIR=/opt/rustwide/workdir" "-e" "CARGO_TARGET_DIR=/opt/rustwide/target" "-e" "CARGO_INCREMENTAL=0" "-e" "RUST_BACKTRACE=full" "-e" "RUSTFLAGS=--cap-lints=warn" "-e" "RUSTDOCFLAGS=--cap-lints=warn" "-e" "CARGO_HOME=/opt/rustwide/cargo-home" "-e" "RUSTUP_HOME=/opt/rustwide/rustup-home" "-w" "/opt/rustwide/workdir" "-m" "1610612736" "--user" "0:0" "--network" "none" "ghcr.io/rust-lang/crates-build-env/linux@sha256:2788e3201cd34a07e3172128adcd8b3090168a8e3bcc40d7c032b9dda1df7d1c" "/opt/rustwide/cargo-home/bin/cargo" "+1.75.0" "build" "--frozen" "--message-format=json", kill_on_drop: false }`
[INFO] [stdout] 5ae4c4eadc113a7a5b46d45de43921105468971825873871ae190ccac6946946
[INFO] running `Command { std: "docker" "start" "-a" "5ae4c4eadc113a7a5b46d45de43921105468971825873871ae190ccac6946946", kill_on_drop: false }`
[INFO] [stderr]    Compiling libc v0.2.105
[INFO] [stderr]    Compiling autocfg v1.0.1
[INFO] [stderr]    Compiling cfg-if v1.0.0
[INFO] [stderr]    Compiling proc-macro2 v1.0.32
[INFO] [stderr]    Compiling unicode-xid v0.2.2
[INFO] [stderr]    Compiling syn v1.0.81
[INFO] [stderr]    Compiling version_check v0.9.3
[INFO] [stderr]    Compiling once_cell v1.8.0
[INFO] [stderr]    Compiling cc v1.0.71
[INFO] [stderr]    Compiling memchr v2.4.1
[INFO] [stderr]    Compiling serde_derive v1.0.130
[INFO] [stderr]    Compiling pkg-config v0.3.22
[INFO] [stderr]    Compiling serde v1.0.130
[INFO] [stderr]    Compiling proc-macro-hack v0.5.19
[INFO] [stderr]    Compiling num-traits v0.2.14
[INFO] [stderr]    Compiling quote v1.0.10
[INFO] [stderr]    Compiling bitflags v1.2.1
[INFO] [stderr]    Compiling num-integer v0.1.44
[INFO] [stderr]    Compiling aho-corasick v0.7.18
[INFO] [stderr]    Compiling ppv-lite86 v0.2.15
[INFO] [stderr]    Compiling regex-syntax v0.6.25
[INFO] [stderr]    Compiling ahash v0.7.6
[INFO] [stderr]    Compiling typenum v1.14.0
[INFO] [stderr]    Compiling getrandom v0.2.3
[INFO] [stderr]    Compiling rand_core v0.6.3
[INFO] [stderr]    Compiling openssl-sys v0.9.67
[INFO] [stderr]    Compiling standback v0.2.17
[INFO] [stderr]    Compiling log v0.4.14
[INFO] [stderr]    Compiling pyo3-build-config v0.14.5
[INFO] [stderr]    Compiling ryu v1.0.5
[INFO] [stderr]    Compiling getrandom v0.1.16
[INFO] [stderr]    Compiling rand_chacha v0.3.1
[INFO] [stderr]    Compiling uuid v0.8.2
[INFO] [stderr]    Compiling itoa v0.4.8
[INFO] [stderr]    Compiling regex v1.5.4
[INFO] [stderr]    Compiling generic-array v0.12.4
[INFO] [stderr]    Compiling hashbrown v0.11.2
[INFO] [stderr]    Compiling rand v0.8.4
[INFO] [stderr]    Compiling libz-sys v1.1.3
[INFO] [stderr]    Compiling num-bigint v0.2.6
[INFO] [stderr]    Compiling byte-tools v0.3.1
[INFO] [stderr]    Compiling arrayvec v0.4.12
[INFO] [stderr]    Compiling static_assertions v1.1.0
[INFO] [stderr]    Compiling crc32fast v1.2.1
[INFO] [stderr]    Compiling lexical-core v0.7.6
[INFO] [stderr]    Compiling const_fn v0.4.8
[INFO] [stderr]    Compiling parking_lot_core v0.8.5
[INFO] [stderr]    Compiling tinyvec_macros v0.1.0
[INFO] [stderr]    Compiling arrayvec v0.5.2
[INFO] [stderr]    Compiling tinyvec v1.5.0
[INFO] [stderr]    Compiling block-padding v0.1.5
[INFO] [stderr]    Compiling rand_core v0.5.1
[INFO] [stderr]    Compiling time v0.1.43
[INFO] [stderr]    Compiling memoffset v0.6.4
[INFO] [stderr]    Compiling indexmap v1.7.0
[INFO] [stderr]    Compiling miniz_oxide v0.4.4
[INFO] [stderr]    Compiling time v0.2.27
[INFO] [stderr]    Compiling instant v0.1.12
[INFO] [stderr]    Compiling foreign-types-shared v0.1.1
[INFO] [stderr]    Compiling cpp_demangle v0.3.3
[INFO] [stderr]    Compiling nodrop v0.1.14
[INFO] [stderr]    Compiling pnet_base v0.28.0
[INFO] [stderr]    Compiling scopeguard v1.1.0
[INFO] [stderr]    Compiling smallvec v1.7.0
[INFO] [stderr]    Compiling serde_json v1.0.68
[INFO] [stderr]    Compiling openssl v0.10.36
[INFO] [stderr]    Compiling matches v0.1.9
[INFO] [stderr]    Compiling byteorder v1.4.3
[INFO] [stderr]    Compiling lazy_static v1.4.0
[INFO] [stderr]    Compiling unicode-normalization v0.1.19
[INFO] [stderr]    Compiling block-buffer v0.7.3
[INFO] [stderr]    Compiling lock_api v0.4.5
[INFO] [stderr]    Compiling foreign-types v0.3.2
[INFO] [stderr]    Compiling rand_chacha v0.2.2
[INFO] [stderr]    Compiling digest v0.8.1
[INFO] [stderr]    Compiling debugid v0.7.2
[INFO] [stderr]    Compiling memmap v0.7.0
[INFO] [stderr]    Compiling backtrace v0.3.62
[INFO] [stderr]    Compiling io-enum v0.2.6
[INFO] [stderr]    Compiling fake-simd v0.1.2
[INFO] [stderr]    Compiling symbolic-demangle v8.3.2
[INFO] [stderr]    Compiling unindent v0.1.7
[INFO] [stderr]    Compiling percent-encoding v2.1.0
[INFO] [stderr]    Compiling bytemuck v1.7.2
[INFO] [stderr]    Compiling opaque-debug v0.2.3
[INFO] [stderr]    Compiling adler v1.0.2
[INFO] [stderr]    Compiling rustc-demangle v0.1.21
[INFO] [stderr]    Compiling stable_deref_trait v1.2.0
[INFO] [stderr]    Compiling gimli v0.25.0
[INFO] [stderr]    Compiling unicode-bidi v0.3.7
[INFO] [stderr]    Compiling native-tls v0.2.8
[INFO] [stderr]    Compiling rgb v0.8.27
[INFO] [stderr]    Compiling idna v0.2.3
[INFO] [stderr]    Compiling lexical v5.2.2
[INFO] [stderr]    Compiling symbolic-common v8.3.2
[INFO] [stderr]    Compiling sha2 v0.8.2
[INFO] [stderr]    Compiling form_urlencoded v1.0.1
[INFO] [stderr]    Compiling flate2 v1.0.22
[INFO] [stderr]    Compiling rand v0.7.3
[INFO] [stderr]    Compiling num-format v0.4.0
[INFO] [stderr]    Compiling parking_lot v0.11.2
[INFO] [stderr]    Compiling derive_utils v0.11.2
[INFO] [stderr]    Compiling pyo3-macros-backend v0.14.5
[INFO] [stderr]    Compiling pnet_macros_support v0.28.0
[INFO] [stderr]    Compiling time-macros-impl v0.1.2
[INFO] [stderr]    Compiling thiserror-impl v1.0.30
[INFO] [stderr]    Compiling indoc-impl v0.3.6
[INFO] [stderr]    Compiling pnet_macros v0.28.0
[INFO] [stderr]    Compiling addr2line v0.16.0
[INFO] [stderr]    Compiling time-macros v0.1.1
[INFO] [stderr]    Compiling pyo3 v0.14.5
[INFO] [stderr]    Compiling twox-hash v1.6.1
[INFO] [stderr]    Compiling paste-impl v0.1.18
[INFO] [stderr]    Compiling pnet_sys v0.28.0
[INFO] [stderr]    Compiling atty v0.2.14
[INFO] [stderr]    Compiling quick-xml v0.22.0
[INFO] [stderr]    Compiling object v0.27.1
[INFO] [stderr]    Compiling num-bigint v0.4.2
[INFO] [stderr]    Compiling base64 v0.12.3
[INFO] [stderr]    Compiling remove_dir_all v0.5.3
[INFO] [stderr]    Compiling anyhow v1.0.44
[INFO] [stderr]    Compiling sha1 v0.6.0
[INFO] [stderr]    Compiling openssl-probe v0.1.4
[INFO] [stderr]    Compiling bytes v0.5.6
[INFO] [stderr]    Compiling base64 v0.13.0
[INFO] [stderr]    Compiling pprof v0.5.0
[INFO] [stderr]    Compiling mysql v20.1.0
[INFO] [stderr]    Compiling str_stack v0.1.0
[INFO] [stderr]    Compiling pyo3-macros v0.14.5
[INFO] [stderr]    Compiling inferno v0.10.7
[INFO] [stderr]    Compiling pem v0.8.3
[INFO] [stderr]    Compiling paste v0.1.18
[INFO] [stderr]    Compiling tempfile v3.2.0
[INFO] [stderr]    Compiling pnet_packet v0.28.0
[INFO] [stderr]    Compiling thiserror v1.0.30
[INFO] [stderr]    Compiling indoc v0.3.6
[INFO] [stderr]    Compiling nix v0.20.2
[INFO] [stderr]    Compiling url v2.2.2
[INFO] [stderr]    Compiling lru v0.6.6
[INFO] [stderr]    Compiling socket2 v0.3.19
[INFO] [stderr]    Compiling nix v0.19.1
[INFO] [stderr]    Compiling bufstream v0.1.4
[INFO] [stderr]    Compiling pnet v0.28.0
[INFO] [stderr]    Compiling debug-helper v0.3.12
[INFO] [stderr]    Compiling sudo v0.6.0
[INFO] [stderr]    Compiling cidr-utils v0.5.5
[INFO] [stderr]    Compiling pnet_transport v0.28.0
[INFO] [stderr]    Compiling chrono v0.4.19
[INFO] [stderr]    Compiling rust_decimal v1.12.4
[INFO] [stderr]    Compiling bigdecimal v0.1.2
[INFO] [stderr]    Compiling ipnetwork v0.18.0
[INFO] [stderr]    Compiling pnet_datalink v0.28.0
[INFO] [stderr]    Compiling mysql_common v0.24.1
[INFO] [stderr]    Compiling python_comm_macros v0.2.5
[INFO] [stderr]    Compiling python_comm v0.2.5
[INFO] [stderr]    Compiling rawsocket_helper v0.1.10 (/opt/rustwide/workdir)
[INFO] [stderr]     Finished dev [unoptimized + debuginfo] target(s) in 1m 04s
[INFO] [stderr] warning: the following packages contain code that will be rejected by a future version of Rust: quick-xml v0.22.0
[INFO] [stderr] note: to see what the problems were, use the option `--future-incompat-report`, or run `cargo report future-incompatibilities --id 1`
[INFO] running `Command { std: "docker" "inspect" "5ae4c4eadc113a7a5b46d45de43921105468971825873871ae190ccac6946946", kill_on_drop: false }`
[INFO] running `Command { std: "docker" "rm" "-f" "5ae4c4eadc113a7a5b46d45de43921105468971825873871ae190ccac6946946", kill_on_drop: false }`
[INFO] [stdout] 5ae4c4eadc113a7a5b46d45de43921105468971825873871ae190ccac6946946
[INFO] running `Command { std: "docker" "create" "-v" "/var/lib/crater-agent-workspace/builds/worker-2-tc1/target:/opt/rustwide/target:rw,Z" "-v" "/var/lib/crater-agent-workspace/builds/worker-2-tc1/source:/opt/rustwide/workdir:ro,Z" "-v" "/var/lib/crater-agent-workspace/cargo-home:/opt/rustwide/cargo-home:ro,Z" "-v" "/var/lib/crater-agent-workspace/rustup-home:/opt/rustwide/rustup-home:ro,Z" "-e" "SOURCE_DIR=/opt/rustwide/workdir" "-e" "CARGO_TARGET_DIR=/opt/rustwide/target" "-e" "CARGO_INCREMENTAL=0" "-e" "RUST_BACKTRACE=full" "-e" "RUSTFLAGS=--cap-lints=warn" "-e" "RUSTDOCFLAGS=--cap-lints=warn" "-e" "CARGO_HOME=/opt/rustwide/cargo-home" "-e" "RUSTUP_HOME=/opt/rustwide/rustup-home" "-w" "/opt/rustwide/workdir" "-m" "1610612736" "--user" "0:0" "--network" "none" "ghcr.io/rust-lang/crates-build-env/linux@sha256:2788e3201cd34a07e3172128adcd8b3090168a8e3bcc40d7c032b9dda1df7d1c" "/opt/rustwide/cargo-home/bin/cargo" "+1.75.0" "test" "--frozen" "--no-run" "--message-format=json", kill_on_drop: false }`
[INFO] [stdout] 6c1fccc09eb8ffad58c4646e43f3371e386941cd87de0237234f1623b32b0644
[INFO] running `Command { std: "docker" "start" "-a" "6c1fccc09eb8ffad58c4646e43f3371e386941cd87de0237234f1623b32b0644", kill_on_drop: false }`
[INFO] [stderr]    Compiling rawsocket_helper v0.1.10 (/opt/rustwide/workdir)
[INFO] [stderr]     Finished test [unoptimized + debuginfo] target(s) in 3.57s
[INFO] [stderr] warning: the following packages contain code that will be rejected by a future version of Rust: quick-xml v0.22.0
[INFO] [stderr] note: to see what the problems were, use the option `--future-incompat-report`, or run `cargo report future-incompatibilities --id 1`
[INFO] running `Command { std: "docker" "inspect" "6c1fccc09eb8ffad58c4646e43f3371e386941cd87de0237234f1623b32b0644", kill_on_drop: false }`
[INFO] running `Command { std: "docker" "rm" "-f" "6c1fccc09eb8ffad58c4646e43f3371e386941cd87de0237234f1623b32b0644", kill_on_drop: false }`
[INFO] [stdout] 6c1fccc09eb8ffad58c4646e43f3371e386941cd87de0237234f1623b32b0644
[INFO] running `Command { std: "docker" "create" "-v" "/var/lib/crater-agent-workspace/builds/worker-2-tc1/target:/opt/rustwide/target:rw,Z" "-v" "/var/lib/crater-agent-workspace/builds/worker-2-tc1/source:/opt/rustwide/workdir:ro,Z" "-v" "/var/lib/crater-agent-workspace/cargo-home:/opt/rustwide/cargo-home:ro,Z" "-v" "/var/lib/crater-agent-workspace/rustup-home:/opt/rustwide/rustup-home:ro,Z" "-e" "SOURCE_DIR=/opt/rustwide/workdir" "-e" "CARGO_TARGET_DIR=/opt/rustwide/target" "-e" "CARGO_INCREMENTAL=0" "-e" "RUST_BACKTRACE=full" "-e" "RUSTFLAGS=--cap-lints=warn" "-e" "RUSTDOCFLAGS=--cap-lints=warn" "-e" "CARGO_HOME=/opt/rustwide/cargo-home" "-e" "RUSTUP_HOME=/opt/rustwide/rustup-home" "-w" "/opt/rustwide/workdir" "-m" "1610612736" "--user" "0:0" "--network" "none" "ghcr.io/rust-lang/crates-build-env/linux@sha256:2788e3201cd34a07e3172128adcd8b3090168a8e3bcc40d7c032b9dda1df7d1c" "/opt/rustwide/cargo-home/bin/cargo" "+1.75.0" "test" "--frozen", kill_on_drop: false }`
[INFO] [stdout] c520423708c3e3e98ed22261cf17e4377e8db4fc84e83c1861adc2bca3279ce6
[INFO] running `Command { std: "docker" "start" "-a" "c520423708c3e3e98ed22261cf17e4377e8db4fc84e83c1861adc2bca3279ce6", kill_on_drop: false }`
[INFO] [stderr]     Finished test [unoptimized + debuginfo] target(s) in 0.13s
[INFO] [stderr] warning: the following packages contain code that will be rejected by a future version of Rust: quick-xml v0.22.0
[INFO] [stderr] note: to see what the problems were, use the option `--future-incompat-report`, or run `cargo report future-incompatibilities --id 1`
[INFO] [stderr]      Running unittests src/lib.rs (/opt/rustwide/target/debug/deps/rawsocket_helper-a229962bc7bc18e9)
[INFO] [stdout] 
[INFO] [stdout] running 6 tests
[INFO] [stdout] test parse::test::test_parse_range_ports ... ok
[INFO] [stdout] test parse::test::test_parse_ports ... ok
[INFO] [stdout] test sys::test::test_is_root ... ok
[INFO] [stdout] test parse::test::test_parse_mac ... ok
[INFO] [stdout] test parse::test::test_parse_ips ... ok
[INFO] [stdout] test parse::test::test_parse_range_ips ... ok
[INFO] [stdout] 
[INFO] [stdout] test result: ok. 6 passed; 0 failed; 0 ignored; 0 measured; 0 filtered out; finished in 0.01s
[INFO] [stdout] 
[INFO] [stderr]      Running unittests src/bin/test.rs (/opt/rustwide/target/debug/deps/test-0498a0679ad68e66)
[INFO] [stdout] 
[INFO] [stdout] running 0 tests
[INFO] [stdout] 
[INFO] [stderr]      Running unittests src/bin/test_recv.rs (/opt/rustwide/target/debug/deps/test_recv-341ae8f5b34b7e9b)
[INFO] [stdout] test result: ok. 0 passed; 0 failed; 0 ignored; 0 measured; 0 filtered out; finished in 0.00s
[INFO] [stdout] 
[INFO] [stdout] 
[INFO] [stdout] running 0 tests
[INFO] [stdout] 
[INFO] [stdout] test result: ok. 0 passed; 0 failed; 0 ignored; 0 measured; 0 filtered out; finished in 0.00s
[INFO] [stdout] 
[INFO] [stderr]      Running unittests src/bin/test_send.rs (/opt/rustwide/target/debug/deps/test_send-a2d1bd01efe7f394)
[INFO] [stdout] 
[INFO] [stdout] running 0 tests
[INFO] [stdout] 
[INFO] [stdout] test result: ok. 0 passed; 0 failed; 0 ignored; 0 measured; 0 filtered out; finished in 0.00s
[INFO] [stdout] 
[INFO] [stderr]    Doc-tests rawsocket_helper
[INFO] [stdout] 
[INFO] [stdout] running 9 tests
[INFO] [stdout] test src/parse.rs - parse::parse_range_ports (line 154) ... FAILED
[INFO] [stdout] test src/out_going.rs - out_going::get_out_going_ip (line 317) ... FAILED
[INFO] [stdout] test src/parse.rs - parse::parse_ports (line 97) ... ok
[INFO] [stdout] test src/parse.rs - parse::parse_mac (line 35) ... ok
[INFO] [stdout] test src/out_going.rs - out_going::get_ifaces (line 228) ... ok
[INFO] [stdout] test src/recv.rs - recv (line 5) ... FAILED
[INFO] [stdout] test src/parse.rs - parse::parse_ips (line 12) ... ok
[INFO] [stdout] test src/parse.rs - parse::parse_range_ips (line 116) ... ok
[INFO] [stdout] test src/send.rs - send (line 6) ... FAILED
[INFO] [stdout] 
[INFO] [stdout] failures:
[INFO] [stdout] 
[INFO] [stdout] ---- src/parse.rs - parse::parse_range_ports (line 154) stdout ----
[INFO] [stdout] error: linking with `cc` failed: exit status: 1
[INFO] [stdout]   |
[INFO] [stdout]   = note: LC_ALL="C" PATH="/opt/rustwide/rustup-home/toolchains/1.75.0-x86_64-unknown-linux-gnu/lib/rustlib/x86_64-unknown-linux-gnu/bin:/opt/rustwide/cargo-home/bin:/usr/local/sbin:/usr/local/bin:/usr/sbin:/usr/bin:/sbin:/bin" VSLANG="1033" "cc" "-m64" "/tmp/rustcFhcCN6/symbols.o" "/tmp/rustdoctestQH0DHp/rust_out.rust_out.263fb70ac1c95110-cgu.0.rcgu.o" "/tmp/rustdoctestQH0DHp/rust_out.2uel00cfmdh5ufit.rcgu.o" "-Wl,--as-needed" "-L" "/opt/rustwide/target/debug/deps" "-L" "/opt/rustwide/target/debug/deps" "-L" "/usr/lib/x86_64-linux-gnu" "-L" "/opt/rustwide/rustup-home/toolchains/1.75.0-x86_64-unknown-linux-gnu/lib/rustlib/x86_64-unknown-linux-gnu/lib" "-Wl,-Bstatic" "/opt/rustwide/target/debug/deps/librawsocket_helper-baf47b8ffa74f8ef.rlib" "/opt/rustwide/target/debug/deps/libsudo-ff35170781339e30.rlib" "/opt/rustwide/target/debug/deps/libcidr_utils-de2f5609813bf875.rlib" "/opt/rustwide/target/debug/deps/libdebug_helper-ea5d99e020b9e4ad.rlib" "/opt/rustwide/target/debug/deps/libnum_bigint-5088d772aa4bd9ac.rlib" "/opt/rustwide/target/debug/deps/libpython_comm-2f51096d24e3b89b.rlib" "/opt/rustwide/target/debug/deps/libanyhow-51a8871a10332037.rlib" "/opt/rustwide/target/debug/deps/libmysql-48c853c11c5a8447.rlib" "/opt/rustwide/target/debug/deps/libpem-b4966f99644a7ffc.rlib" "/opt/rustwide/target/debug/deps/libbase64-8ea64d3566a9d67e.rlib" "/opt/rustwide/target/debug/deps/libnix-c1191dd148d85d45.rlib" "/opt/rustwide/target/debug/deps/libsocket2-2e16e534ccfbf30b.rlib" "/opt/rustwide/target/debug/deps/libnative_tls-e360f13ac4631e38.rlib" "/opt/rustwide/target/debug/deps/libopenssl_probe-337040a071287d36.rlib" "/opt/rustwide/target/debug/deps/libopenssl-eca88afaa434d19d.rlib" "/opt/rustwide/target/debug/deps/libforeign_types-c05743815e5b8a9d.rlib" "/opt/rustwide/target/debug/deps/libforeign_types_shared-d149f5491fde2862.rlib" "/opt/rustwide/target/debug/deps/libopenssl_sys-2539c711e50f5d2a.rlib" "/opt/rustwide/target/debug/deps/liblog-0a8665efbc1725c2.rlib" "/opt/rustwide/target/debug/deps/libbufstream-ede2677981b93c0b.rlib" "/opt/rustwide/target/debug/deps/liblru-be800d7031b939ce.rlib" "/opt/rustwide/target/debug/deps/libhashbrown-8c494d0e1f79e62d.rlib" "/opt/rustwide/target/debug/deps/liburl-67aba239de99ce14.rlib" "/opt/rustwide/target/debug/deps/libidna-1490133ec5a74fd6.rlib" "/opt/rustwide/target/debug/deps/libunicode_normalization-89a4ae126b277b3c.rlib" "/opt/rustwide/target/debug/deps/libtinyvec-6885cdf29ec8b58c.rlib" "/opt/rustwide/target/debug/deps/libtinyvec_macros-bfeb7a087f0273ce.rlib" "/opt/rustwide/target/debug/deps/libunicode_bidi-d3ecfe40977b4a59.rlib" "/opt/rustwide/target/debug/deps/libform_urlencoded-74b1dcad9e8d80e6.rlib" "/opt/rustwide/target/debug/deps/libmatches-e0861c3f10bd1789.rlib" "/opt/rustwide/target/debug/deps/libpercent_encoding-526c9d71c02fb5bb.rlib" "/opt/rustwide/target/debug/deps/libmysql_common-adc96377d2ac2541.rlib" "/opt/rustwide/target/debug/deps/libsha2-74b7f1d2c94e20fd.rlib" "/opt/rustwide/target/debug/deps/libdigest-a61c34cfcbfcff9f.rlib" "/opt/rustwide/target/debug/deps/libopaque_debug-804d9e13b6282a7a.rlib" "/opt/rustwide/target/debug/deps/libfake_simd-f5f63bdff85047cd.rlib" "/opt/rustwide/target/debug/deps/libblock_buffer-2c4966333e049d91.rlib" "/opt/rustwide/target/debug/deps/libgeneric_array-bd26323944606f86.rlib" "/opt/rustwide/target/debug/deps/libtypenum-4b247780d87be374.rlib" "/opt/rustwide/target/debug/deps/libblock_padding-2267d541f673c456.rlib" "/opt/rustwide/target/debug/deps/libbyte_tools-2219004c21e9b9ac.rlib" "/opt/rustwide/target/debug/deps/libbytes-b61f00db724d2015.rlib" "/opt/rustwide/target/debug/deps/libflate2-be55e4bc56bc7149.rlib" "/opt/rustwide/target/debug/deps/liblibz_sys-4e09e4e157295179.rlib" "/opt/rustwide/target/debug/deps/libcrc32fast-5c588ff8779a69e8.rlib" "/opt/rustwide/target/debug/deps/libtwox_hash-5ef9dc36d74c106f.rlib" "/opt/rustwide/target/debug/deps/librand-9634a15699149902.rlib" "/opt/rustwide/target/debug/deps/librand_chacha-101436bcc679a6d2.rlib" "/opt/rustwide/target/debug/deps/librand_core-0a7d0c38d32445d5.rlib" "/opt/rustwide/target/debug/deps/liblexical-8a0de7bb7605025c.rlib" "/opt/rustwide/target/debug/deps/liblexical_core-c249763e3b329c1e.rlib" "/opt/rustwide/target/debug/deps/libstatic_assertions-06b6572b5d394a0a.rlib" "/opt/rustwide/target/debug/deps/libsha1-65a7c133a68dab4c.rlib" "/opt/rustwide/target/debug/deps/libregex-930036e353b5683d.rlib" "/opt/rustwide/target/debug/deps/libaho_corasick-4efc27b8b413d73f.rlib" "/opt/rustwide/target/debug/deps/libmemchr-651b9a52835bc194.rlib" "/opt/rustwide/target/debug/deps/libregex_syntax-df051bb3664d7987.rlib" "/opt/rustwide/target/debug/deps/libbase64-bb9c40ac0e3c2087.rlib" "/opt/rustwide/target/debug/deps/librand-ef25cd7e1841b952.rlib" "/opt/rustwide/target/debug/deps/librand_chacha-aea0dffe1d8ed231.rlib" "/opt/rustwide/target/debug/deps/libppv_lite86-170061c62a7a96f6.rlib" "/opt/rustwide/target/debug/deps/librand_core-3f54d56833ac00c9.rlib" "/opt/rustwide/target/debug/deps/libgetrandom-8dd36d8702707527.rlib" "/opt/rustwide/target/debug/deps/libuuid-53def97e2632f890.rlib" "/opt/rustwide/target/debug/deps/libtime-25bd74aecab74d7d.rlib" "/opt/rustwide/target/debug/deps/libtime_macros-e936350b53154c93.rlib" "/opt/rustwide/target/debug/deps/libstandback-86778b4e1bdcda31.rlib" "/opt/rustwide/target/debug/deps/libbigdecimal-ebcbb0ccf24b8a67.rlib" "/opt/rustwide/target/debug/deps/libnum_bigint-f2a071fb7caf74ce.rlib" "/opt/rustwide/target/debug/deps/libbitflags-31f9d3daa2ba65e2.rlib" "/opt/rustwide/target/debug/deps/libserde_json-23e766e618c4a5a7.rlib" "/opt/rustwide/target/debug/deps/libryu-aa04a306730705ee.rlib" "/opt/rustwide/target/debug/deps/libitoa-db351e0c2bae89e9.rlib" "/opt/rustwide/target/debug/deps/librust_decimal-e3e681025b69d221.rlib" "/opt/rustwide/target/debug/deps/libarrayvec-6640fc98a3385380.rlib" "/opt/rustwide/target/debug/deps/liblazy_static-591486ebcb9a7ead.rlib" "/opt/rustwide/target/debug/deps/libahash-3cf42b0c8d406f43.rlib" "/opt/rustwide/target/debug/deps/libgetrandom-6c6f0bb15245f297.rlib" "/opt/rustwide/target/debug/deps/libonce_cell-5e1d6083c59d0e91.rlib" "/opt/rustwide/target/debug/deps/libchrono-925a5d85e0336221.rlib" "/opt/rustwide/target/debug/deps/libnum_integer-e28be3c9cd5edfc6.rlib" "/opt/rustwide/target/debug/deps/libnum_traits-db1db3f65e4c5016.rlib" "/opt/rustwide/target/debug/deps/libtime-b17e13e1a4f1e20e.rlib" "/opt/rustwide/target/debug/deps/libpyo3-8f4747808a2eb26d.rlib" "/opt/rustwide/target/debug/deps/libparking_lot-d3503d073cfbf3dc.rlib" "/opt/rustwide/target/debug/deps/libparking_lot_core-24b39602844bec38.rlib" "/opt/rustwide/target/debug/deps/libsmallvec-d559a48e3940c1f0.rlib" "/opt/rustwide/target/debug/deps/liblock_api-63022c77c59bbfcc.rlib" "/opt/rustwide/target/debug/deps/libscopeguard-b35f5c652940acc2.rlib" "/opt/rustwide/target/debug/deps/libinstant-65b44248b363c7fa.rlib" "/opt/rustwide/target/debug/deps/libcfg_if-61dc7a6799e72b18.rlib" "/opt/rustwide/target/debug/deps/libunindent-0a85d8e45e7f1526.rlib" "/opt/rustwide/target/debug/deps/libpaste-4a9641555c6c9341.rlib" "/opt/rustwide/target/debug/deps/libindoc-eed430838f8353ca.rlib" "/opt/rustwide/target/debug/deps/libpnet-f91f541e655239cd.rlib" "/opt/rustwide/target/debug/deps/libpnet_transport-cdc1b2e689318706.rlib" "/opt/rustwide/target/debug/deps/libpnet_packet-0bbe15553e3c2dd8.rlib" "/opt/rustwide/target/debug/deps/libpnet_macros_support-eae669029949a39c.rlib" "/opt/rustwide/target/debug/deps/libpnet_datalink-68c056c0cf92a476.rlib" "/opt/rustwide/target/debug/deps/libpnet_sys-2d8f3b8c6025eade.rlib" "/opt/rustwide/target/debug/deps/liblibc-4a7818f1cc957469.rlib" "/opt/rustwide/target/debug/deps/libpnet_base-17e7615697ef2782.rlib" "/opt/rustwide/target/debug/deps/libipnetwork-879c5a54b1008f25.rlib" "/opt/rustwide/target/debug/deps/libserde-cd059891f815213c.rlib" "/opt/rustwide/target/debug/deps/libbyteorder-b7588b59c1d17615.rlib" "/opt/rustwide/rustup-home/toolchains/1.75.0-x86_64-unknown-linux-gnu/lib/rustlib/x86_64-unknown-linux-gnu/lib/libstd-90f6ddbf82de36ec.rlib" "/opt/rustwide/rustup-home/toolchains/1.75.0-x86_64-unknown-linux-gnu/lib/rustlib/x86_64-unknown-linux-gnu/lib/libpanic_unwind-480c41e9d4e1f677.rlib" "/opt/rustwide/rustup-home/toolchains/1.75.0-x86_64-unknown-linux-gnu/lib/rustlib/x86_64-unknown-linux-gnu/lib/libobject-db744c0ca03eed1d.rlib" "/opt/rustwide/rustup-home/toolchains/1.75.0-x86_64-unknown-linux-gnu/lib/rustlib/x86_64-unknown-linux-gnu/lib/libmemchr-8ba652dc7d4b285a.rlib" "/opt/rustwide/rustup-home/toolchains/1.75.0-x86_64-unknown-linux-gnu/lib/rustlib/x86_64-unknown-linux-gnu/lib/libaddr2line-d5f4520a9ebc0d58.rlib" "/opt/rustwide/rustup-home/toolchains/1.75.0-x86_64-unknown-linux-gnu/lib/rustlib/x86_64-unknown-linux-gnu/lib/libgimli-4ad84de58f0cb463.rlib" "/opt/rustwide/rustup-home/toolchains/1.75.0-x86_64-unknown-linux-gnu/lib/rustlib/x86_64-unknown-linux-gnu/lib/librustc_demangle-0d10aae2e0f38735.rlib" "/opt/rustwide/rustup-home/toolchains/1.75.0-x86_64-unknown-linux-gnu/lib/rustlib/x86_64-unknown-linux-gnu/lib/libstd_detect-0c17cff739e6745b.rlib" "/opt/rustwide/rustup-home/toolchains/1.75.0-x86_64-unknown-linux-gnu/lib/rustlib/x86_64-unknown-linux-gnu/lib/libhashbrown-b29e17139dde1aa8.rlib" "/opt/rustwide/rustup-home/toolchains/1.75.0-x86_64-unknown-linux-gnu/lib/rustlib/x86_64-unknown-linux-gnu/lib/librustc_std_workspace_alloc-1f975299829cc7bd.rlib" "/opt/rustwide/rustup-home/toolchains/1.75.0-x86_64-unknown-linux-gnu/lib/rustlib/x86_64-unknown-linux-gnu/lib/libminiz_oxide-86bae3bc3079f89b.rlib" "/opt/rustwide/rustup-home/toolchains/1.75.0-x86_64-unknown-linux-gnu/lib/rustlib/x86_64-unknown-linux-gnu/lib/libadler-321b82c30dffdf5f.rlib" "/opt/rustwide/rustup-home/toolchains/1.75.0-x86_64-unknown-linux-gnu/lib/rustlib/x86_64-unknown-linux-gnu/lib/libunwind-3dd8a6810a0bdfef.rlib" "/opt/rustwide/rustup-home/toolchains/1.75.0-x86_64-unknown-linux-gnu/lib/rustlib/x86_64-unknown-linux-gnu/lib/libcfg_if-eb39a61c0c879984.rlib" "/opt/rustwide/rustup-home/toolchains/1.75.0-x86_64-unknown-linux-gnu/lib/rustlib/x86_64-unknown-linux-gnu/lib/liblibc-aa769569f91c3548.rlib" "/opt/rustwide/rustup-home/toolchains/1.75.0-x86_64-unknown-linux-gnu/lib/rustlib/x86_64-unknown-linux-gnu/lib/liballoc-510a192a50a983ed.rlib" "/opt/rustwide/rustup-home/toolchains/1.75.0-x86_64-unknown-linux-gnu/lib/rustlib/x86_64-unknown-linux-gnu/lib/librustc_std_workspace_core-0577018320f99037.rlib" "/opt/rustwide/rustup-home/toolchains/1.75.0-x86_64-unknown-linux-gnu/lib/rustlib/x86_64-unknown-linux-gnu/lib/libcore-193cf992125ccd4c.rlib" "/opt/rustwide/rustup-home/toolchains/1.75.0-x86_64-unknown-linux-gnu/lib/rustlib/x86_64-unknown-linux-gnu/lib/libcompiler_builtins-8e138eaf26ebb4a8.rlib" "-Wl,-Bdynamic" "-lssl" "-lcrypto" "-lz" "-lpython3.10" "-lgcc_s" "-lutil" "-lrt" "-lpthread" "-lm" "-ldl" "-lc" "-Wl,--eh-frame-hdr" "-Wl,-z,noexecstack" "-L" "/opt/rustwide/rustup-home/toolchains/1.75.0-x86_64-unknown-linux-gnu/lib/rustlib/x86_64-unknown-linux-gnu/lib" "-o" "/tmp/rustdoctestQH0DHp/rust_out" "-Wl,--gc-sections" "-pie" "-Wl,-z,relro,-z,now" "-nodefaultlibs"
[INFO] [stdout]   = note: collect2: fatal error: ld terminated with signal 9 [Killed]
[INFO] [stdout]           compilation terminated.
[INFO] [stdout]           
[INFO] [stdout] 
[INFO] [stdout] error: aborting due to previous error
[INFO] [stdout] 
[INFO] [stdout] Couldn't compile the test.
[INFO] [stdout] ---- src/out_going.rs - out_going::get_out_going_ip (line 317) stdout ----
[INFO] [stdout] error: linking with `cc` failed: exit status: 1
[INFO] [stdout]   |
[INFO] [stdout]   = note: LC_ALL="C" PATH="/opt/rustwide/rustup-home/toolchains/1.75.0-x86_64-unknown-linux-gnu/lib/rustlib/x86_64-unknown-linux-gnu/bin:/opt/rustwide/cargo-home/bin:/usr/local/sbin:/usr/local/bin:/usr/sbin:/usr/bin:/sbin:/bin" VSLANG="1033" "cc" "-m64" "/tmp/rustcEYgMc8/symbols.o" "/tmp/rustdoctestgZjfhy/rust_out.rust_out.263fb70ac1c95110-cgu.0.rcgu.o" "/tmp/rustdoctestgZjfhy/rust_out.2uel00cfmdh5ufit.rcgu.o" "-Wl,--as-needed" "-L" "/opt/rustwide/target/debug/deps" "-L" "/opt/rustwide/target/debug/deps" "-L" "/usr/lib/x86_64-linux-gnu" "-L" "/opt/rustwide/rustup-home/toolchains/1.75.0-x86_64-unknown-linux-gnu/lib/rustlib/x86_64-unknown-linux-gnu/lib" "-Wl,-Bstatic" "/opt/rustwide/target/debug/deps/librawsocket_helper-baf47b8ffa74f8ef.rlib" "/opt/rustwide/target/debug/deps/libsudo-ff35170781339e30.rlib" "/opt/rustwide/target/debug/deps/libcidr_utils-de2f5609813bf875.rlib" "/opt/rustwide/target/debug/deps/libdebug_helper-ea5d99e020b9e4ad.rlib" "/opt/rustwide/target/debug/deps/libnum_bigint-5088d772aa4bd9ac.rlib" "/opt/rustwide/target/debug/deps/libpython_comm-2f51096d24e3b89b.rlib" "/opt/rustwide/target/debug/deps/libanyhow-51a8871a10332037.rlib" "/opt/rustwide/target/debug/deps/libmysql-48c853c11c5a8447.rlib" "/opt/rustwide/target/debug/deps/libpem-b4966f99644a7ffc.rlib" "/opt/rustwide/target/debug/deps/libbase64-8ea64d3566a9d67e.rlib" "/opt/rustwide/target/debug/deps/libnix-c1191dd148d85d45.rlib" "/opt/rustwide/target/debug/deps/libsocket2-2e16e534ccfbf30b.rlib" "/opt/rustwide/target/debug/deps/libnative_tls-e360f13ac4631e38.rlib" "/opt/rustwide/target/debug/deps/libopenssl_probe-337040a071287d36.rlib" "/opt/rustwide/target/debug/deps/libopenssl-eca88afaa434d19d.rlib" "/opt/rustwide/target/debug/deps/libforeign_types-c05743815e5b8a9d.rlib" "/opt/rustwide/target/debug/deps/libforeign_types_shared-d149f5491fde2862.rlib" "/opt/rustwide/target/debug/deps/libopenssl_sys-2539c711e50f5d2a.rlib" "/opt/rustwide/target/debug/deps/liblog-0a8665efbc1725c2.rlib" "/opt/rustwide/target/debug/deps/libbufstream-ede2677981b93c0b.rlib" "/opt/rustwide/target/debug/deps/liblru-be800d7031b939ce.rlib" "/opt/rustwide/target/debug/deps/libhashbrown-8c494d0e1f79e62d.rlib" "/opt/rustwide/target/debug/deps/liburl-67aba239de99ce14.rlib" "/opt/rustwide/target/debug/deps/libidna-1490133ec5a74fd6.rlib" "/opt/rustwide/target/debug/deps/libunicode_normalization-89a4ae126b277b3c.rlib" "/opt/rustwide/target/debug/deps/libtinyvec-6885cdf29ec8b58c.rlib" "/opt/rustwide/target/debug/deps/libtinyvec_macros-bfeb7a087f0273ce.rlib" "/opt/rustwide/target/debug/deps/libunicode_bidi-d3ecfe40977b4a59.rlib" "/opt/rustwide/target/debug/deps/libform_urlencoded-74b1dcad9e8d80e6.rlib" "/opt/rustwide/target/debug/deps/libmatches-e0861c3f10bd1789.rlib" "/opt/rustwide/target/debug/deps/libpercent_encoding-526c9d71c02fb5bb.rlib" "/opt/rustwide/target/debug/deps/libmysql_common-adc96377d2ac2541.rlib" "/opt/rustwide/target/debug/deps/libsha2-74b7f1d2c94e20fd.rlib" "/opt/rustwide/target/debug/deps/libdigest-a61c34cfcbfcff9f.rlib" "/opt/rustwide/target/debug/deps/libopaque_debug-804d9e13b6282a7a.rlib" "/opt/rustwide/target/debug/deps/libfake_simd-f5f63bdff85047cd.rlib" "/opt/rustwide/target/debug/deps/libblock_buffer-2c4966333e049d91.rlib" "/opt/rustwide/target/debug/deps/libgeneric_array-bd26323944606f86.rlib" "/opt/rustwide/target/debug/deps/libtypenum-4b247780d87be374.rlib" "/opt/rustwide/target/debug/deps/libblock_padding-2267d541f673c456.rlib" "/opt/rustwide/target/debug/deps/libbyte_tools-2219004c21e9b9ac.rlib" "/opt/rustwide/target/debug/deps/libbytes-b61f00db724d2015.rlib" "/opt/rustwide/target/debug/deps/libflate2-be55e4bc56bc7149.rlib" "/opt/rustwide/target/debug/deps/liblibz_sys-4e09e4e157295179.rlib" "/opt/rustwide/target/debug/deps/libcrc32fast-5c588ff8779a69e8.rlib" "/opt/rustwide/target/debug/deps/libtwox_hash-5ef9dc36d74c106f.rlib" "/opt/rustwide/target/debug/deps/librand-9634a15699149902.rlib" "/opt/rustwide/target/debug/deps/librand_chacha-101436bcc679a6d2.rlib" "/opt/rustwide/target/debug/deps/librand_core-0a7d0c38d32445d5.rlib" "/opt/rustwide/target/debug/deps/liblexical-8a0de7bb7605025c.rlib" "/opt/rustwide/target/debug/deps/liblexical_core-c249763e3b329c1e.rlib" "/opt/rustwide/target/debug/deps/libstatic_assertions-06b6572b5d394a0a.rlib" "/opt/rustwide/target/debug/deps/libsha1-65a7c133a68dab4c.rlib" "/opt/rustwide/target/debug/deps/libregex-930036e353b5683d.rlib" "/opt/rustwide/target/debug/deps/libaho_corasick-4efc27b8b413d73f.rlib" "/opt/rustwide/target/debug/deps/libmemchr-651b9a52835bc194.rlib" "/opt/rustwide/target/debug/deps/libregex_syntax-df051bb3664d7987.rlib" "/opt/rustwide/target/debug/deps/libbase64-bb9c40ac0e3c2087.rlib" "/opt/rustwide/target/debug/deps/librand-ef25cd7e1841b952.rlib" "/opt/rustwide/target/debug/deps/librand_chacha-aea0dffe1d8ed231.rlib" "/opt/rustwide/target/debug/deps/libppv_lite86-170061c62a7a96f6.rlib" "/opt/rustwide/target/debug/deps/librand_core-3f54d56833ac00c9.rlib" "/opt/rustwide/target/debug/deps/libgetrandom-8dd36d8702707527.rlib" "/opt/rustwide/target/debug/deps/libuuid-53def97e2632f890.rlib" "/opt/rustwide/target/debug/deps/libtime-25bd74aecab74d7d.rlib" "/opt/rustwide/target/debug/deps/libtime_macros-e936350b53154c93.rlib" "/opt/rustwide/target/debug/deps/libstandback-86778b4e1bdcda31.rlib" "/opt/rustwide/target/debug/deps/libbigdecimal-ebcbb0ccf24b8a67.rlib" "/opt/rustwide/target/debug/deps/libnum_bigint-f2a071fb7caf74ce.rlib" "/opt/rustwide/target/debug/deps/libbitflags-31f9d3daa2ba65e2.rlib" "/opt/rustwide/target/debug/deps/libserde_json-23e766e618c4a5a7.rlib" "/opt/rustwide/target/debug/deps/libryu-aa04a306730705ee.rlib" "/opt/rustwide/target/debug/deps/libitoa-db351e0c2bae89e9.rlib" "/opt/rustwide/target/debug/deps/librust_decimal-e3e681025b69d221.rlib" "/opt/rustwide/target/debug/deps/libarrayvec-6640fc98a3385380.rlib" "/opt/rustwide/target/debug/deps/liblazy_static-591486ebcb9a7ead.rlib" "/opt/rustwide/target/debug/deps/libahash-3cf42b0c8d406f43.rlib" "/opt/rustwide/target/debug/deps/libgetrandom-6c6f0bb15245f297.rlib" "/opt/rustwide/target/debug/deps/libonce_cell-5e1d6083c59d0e91.rlib" "/opt/rustwide/target/debug/deps/libchrono-925a5d85e0336221.rlib" "/opt/rustwide/target/debug/deps/libnum_integer-e28be3c9cd5edfc6.rlib" "/opt/rustwide/target/debug/deps/libnum_traits-db1db3f65e4c5016.rlib" "/opt/rustwide/target/debug/deps/libtime-b17e13e1a4f1e20e.rlib" "/opt/rustwide/target/debug/deps/libpyo3-8f4747808a2eb26d.rlib" "/opt/rustwide/target/debug/deps/libparking_lot-d3503d073cfbf3dc.rlib" "/opt/rustwide/target/debug/deps/libparking_lot_core-24b39602844bec38.rlib" "/opt/rustwide/target/debug/deps/libsmallvec-d559a48e3940c1f0.rlib" "/opt/rustwide/target/debug/deps/liblock_api-63022c77c59bbfcc.rlib" "/opt/rustwide/target/debug/deps/libscopeguard-b35f5c652940acc2.rlib" "/opt/rustwide/target/debug/deps/libinstant-65b44248b363c7fa.rlib" "/opt/rustwide/target/debug/deps/libcfg_if-61dc7a6799e72b18.rlib" "/opt/rustwide/target/debug/deps/libunindent-0a85d8e45e7f1526.rlib" "/opt/rustwide/target/debug/deps/libpaste-4a9641555c6c9341.rlib" "/opt/rustwide/target/debug/deps/libindoc-eed430838f8353ca.rlib" "/opt/rustwide/target/debug/deps/libpnet-f91f541e655239cd.rlib" "/opt/rustwide/target/debug/deps/libpnet_transport-cdc1b2e689318706.rlib" "/opt/rustwide/target/debug/deps/libpnet_packet-0bbe15553e3c2dd8.rlib" "/opt/rustwide/target/debug/deps/libpnet_macros_support-eae669029949a39c.rlib" "/opt/rustwide/target/debug/deps/libpnet_datalink-68c056c0cf92a476.rlib" "/opt/rustwide/target/debug/deps/libpnet_sys-2d8f3b8c6025eade.rlib" "/opt/rustwide/target/debug/deps/liblibc-4a7818f1cc957469.rlib" "/opt/rustwide/target/debug/deps/libpnet_base-17e7615697ef2782.rlib" "/opt/rustwide/target/debug/deps/libipnetwork-879c5a54b1008f25.rlib" "/opt/rustwide/target/debug/deps/libserde-cd059891f815213c.rlib" "/opt/rustwide/target/debug/deps/libbyteorder-b7588b59c1d17615.rlib" "/opt/rustwide/rustup-home/toolchains/1.75.0-x86_64-unknown-linux-gnu/lib/rustlib/x86_64-unknown-linux-gnu/lib/libstd-90f6ddbf82de36ec.rlib" "/opt/rustwide/rustup-home/toolchains/1.75.0-x86_64-unknown-linux-gnu/lib/rustlib/x86_64-unknown-linux-gnu/lib/libpanic_unwind-480c41e9d4e1f677.rlib" "/opt/rustwide/rustup-home/toolchains/1.75.0-x86_64-unknown-linux-gnu/lib/rustlib/x86_64-unknown-linux-gnu/lib/libobject-db744c0ca03eed1d.rlib" "/opt/rustwide/rustup-home/toolchains/1.75.0-x86_64-unknown-linux-gnu/lib/rustlib/x86_64-unknown-linux-gnu/lib/libmemchr-8ba652dc7d4b285a.rlib" "/opt/rustwide/rustup-home/toolchains/1.75.0-x86_64-unknown-linux-gnu/lib/rustlib/x86_64-unknown-linux-gnu/lib/libaddr2line-d5f4520a9ebc0d58.rlib" "/opt/rustwide/rustup-home/toolchains/1.75.0-x86_64-unknown-linux-gnu/lib/rustlib/x86_64-unknown-linux-gnu/lib/libgimli-4ad84de58f0cb463.rlib" "/opt/rustwide/rustup-home/toolchains/1.75.0-x86_64-unknown-linux-gnu/lib/rustlib/x86_64-unknown-linux-gnu/lib/librustc_demangle-0d10aae2e0f38735.rlib" "/opt/rustwide/rustup-home/toolchains/1.75.0-x86_64-unknown-linux-gnu/lib/rustlib/x86_64-unknown-linux-gnu/lib/libstd_detect-0c17cff739e6745b.rlib" "/opt/rustwide/rustup-home/toolchains/1.75.0-x86_64-unknown-linux-gnu/lib/rustlib/x86_64-unknown-linux-gnu/lib/libhashbrown-b29e17139dde1aa8.rlib" "/opt/rustwide/rustup-home/toolchains/1.75.0-x86_64-unknown-linux-gnu/lib/rustlib/x86_64-unknown-linux-gnu/lib/librustc_std_workspace_alloc-1f975299829cc7bd.rlib" "/opt/rustwide/rustup-home/toolchains/1.75.0-x86_64-unknown-linux-gnu/lib/rustlib/x86_64-unknown-linux-gnu/lib/libminiz_oxide-86bae3bc3079f89b.rlib" "/opt/rustwide/rustup-home/toolchains/1.75.0-x86_64-unknown-linux-gnu/lib/rustlib/x86_64-unknown-linux-gnu/lib/libadler-321b82c30dffdf5f.rlib" "/opt/rustwide/rustup-home/toolchains/1.75.0-x86_64-unknown-linux-gnu/lib/rustlib/x86_64-unknown-linux-gnu/lib/libunwind-3dd8a6810a0bdfef.rlib" "/opt/rustwide/rustup-home/toolchains/1.75.0-x86_64-unknown-linux-gnu/lib/rustlib/x86_64-unknown-linux-gnu/lib/libcfg_if-eb39a61c0c879984.rlib" "/opt/rustwide/rustup-home/toolchains/1.75.0-x86_64-unknown-linux-gnu/lib/rustlib/x86_64-unknown-linux-gnu/lib/liblibc-aa769569f91c3548.rlib" "/opt/rustwide/rustup-home/toolchains/1.75.0-x86_64-unknown-linux-gnu/lib/rustlib/x86_64-unknown-linux-gnu/lib/liballoc-510a192a50a983ed.rlib" "/opt/rustwide/rustup-home/toolchains/1.75.0-x86_64-unknown-linux-gnu/lib/rustlib/x86_64-unknown-linux-gnu/lib/librustc_std_workspace_core-0577018320f99037.rlib" "/opt/rustwide/rustup-home/toolchains/1.75.0-x86_64-unknown-linux-gnu/lib/rustlib/x86_64-unknown-linux-gnu/lib/libcore-193cf992125ccd4c.rlib" "/opt/rustwide/rustup-home/toolchains/1.75.0-x86_64-unknown-linux-gnu/lib/rustlib/x86_64-unknown-linux-gnu/lib/libcompiler_builtins-8e138eaf26ebb4a8.rlib" "-Wl,-Bdynamic" "-lssl" "-lcrypto" "-lz" "-lpython3.10" "-lgcc_s" "-lutil" "-lrt" "-lpthread" "-lm" "-ldl" "-lc" "-Wl,--eh-frame-hdr" "-Wl,-z,noexecstack" "-L" "/opt/rustwide/rustup-home/toolchains/1.75.0-x86_64-unknown-linux-gnu/lib/rustlib/x86_64-unknown-linux-gnu/lib" "-o" "/tmp/rustdoctestgZjfhy/rust_out" "-Wl,--gc-sections" "-pie" "-Wl,-z,relro,-z,now" "-nodefaultlibs"
[INFO] [stdout]   = note: collect2: fatal error: ld terminated with signal 9 [Killed]
[INFO] [stdout]           compilation terminated.
[INFO] [stdout]           
[INFO] [stdout] 
[INFO] [stdout] error: aborting due to previous error
[INFO] [stdout] 
[INFO] [stdout] Couldn't compile the test.
[INFO] [stdout] ---- src/recv.rs - recv (line 5) stdout ----
[INFO] [stdout] Test executable failed (exit status: 101).
[INFO] [stdout] 
[INFO] [stdout] stderr:
[INFO] [stdout] thread 'main' panicked at src/recv.rs:16:20:
[INFO] [stdout] called `Result::unwrap()` on an `Err` value: Error: src/out_going.rs:87 get_all()
[INFO] [stdout] Error: src/out_going.rs:339 get_out_going_ip()
[INFO] [stdout] Os { code: 101, kind: NetworkUnreachable, message: "Network is unreachable" }
[INFO] [stdout] stack backtrace:
[INFO] [stdout]    0:     0x5628ebda9bcc - std::backtrace_rs::backtrace::libunwind::trace::ha637c64ce894333a
[INFO] [stdout]                                at /rustc/82e1608dfa6e0b5569232559e3d385fea5a93112/library/std/src/../../backtrace/src/backtrace/libunwind.rs:104:5
[INFO] [stdout]    1:     0x5628ebda9bcc - std::backtrace_rs::backtrace::trace_unsynchronized::h47f62dea28e0c88d
[INFO] [stdout]                                at /rustc/82e1608dfa6e0b5569232559e3d385fea5a93112/library/std/src/../../backtrace/src/backtrace/mod.rs:66:5
[INFO] [stdout]    2:     0x5628ebda9bcc - std::sys_common::backtrace::_print_fmt::h9eef0abe20ede486
[INFO] [stdout]                                at /rustc/82e1608dfa6e0b5569232559e3d385fea5a93112/library/std/src/sys_common/backtrace.rs:67:5
[INFO] [stdout]    3:     0x5628ebda9bcc - <std::sys_common::backtrace::_print::DisplayBacktrace as core::fmt::Display>::fmt::hed7f999df88cc644
[INFO] [stdout]                                at /rustc/82e1608dfa6e0b5569232559e3d385fea5a93112/library/std/src/sys_common/backtrace.rs:44:22
[INFO] [stdout]    4:     0x5628ebdcc710 - core::fmt::rt::Argument::fmt::h1539a9308b8d058d
[INFO] [stdout]                                at /rustc/82e1608dfa6e0b5569232559e3d385fea5a93112/library/core/src/fmt/rt.rs:142:9
[INFO] [stdout]    5:     0x5628ebdcc710 - core::fmt::write::h3a39390d8560d9c9
[INFO] [stdout]                                at /rustc/82e1608dfa6e0b5569232559e3d385fea5a93112/library/core/src/fmt/mod.rs:1120:17
[INFO] [stdout]    6:     0x5628ebda7bbf - std::io::Write::write_fmt::h5fc9997dfe05f882
[INFO] [stdout]                                at /rustc/82e1608dfa6e0b5569232559e3d385fea5a93112/library/std/src/io/mod.rs:1762:15
[INFO] [stdout]    7:     0x5628ebda99b4 - std::sys_common::backtrace::_print::h894006fb5c6f3d45
[INFO] [stdout]                                at /rustc/82e1608dfa6e0b5569232559e3d385fea5a93112/library/std/src/sys_common/backtrace.rs:47:5
[INFO] [stdout]    8:     0x5628ebda99b4 - std::sys_common::backtrace::print::h23a2d212c6fff936
[INFO] [stdout]                                at /rustc/82e1608dfa6e0b5569232559e3d385fea5a93112/library/std/src/sys_common/backtrace.rs:34:9
[INFO] [stdout]    9:     0x5628ebdaaec7 - std::panicking::default_hook::{{closure}}::h8a1d2ee00185001a
[INFO] [stdout]   10:     0x5628ebdaac2f - std::panicking::default_hook::h6038f2eba384e475
[INFO] [stdout]                                at /rustc/82e1608dfa6e0b5569232559e3d385fea5a93112/library/std/src/panicking.rs:292:9
[INFO] [stdout]   11:     0x5628ebdab348 - std::panicking::rust_panic_with_hook::h2b5517d590cab22e
[INFO] [stdout]                                at /rustc/82e1608dfa6e0b5569232559e3d385fea5a93112/library/std/src/panicking.rs:779:13
[INFO] [stdout]   12:     0x5628ebdab22e - std::panicking::begin_panic_handler::{{closure}}::h233112c06e0ef43e
[INFO] [stdout]                                at /rustc/82e1608dfa6e0b5569232559e3d385fea5a93112/library/std/src/panicking.rs:657:13
[INFO] [stdout]   13:     0x5628ebdaa096 - std::sys_common::backtrace::__rust_end_short_backtrace::h6e893f24d7ebbff8
[INFO] [stdout]                                at /rustc/82e1608dfa6e0b5569232559e3d385fea5a93112/library/std/src/sys_common/backtrace.rs:170:18
[INFO] [stdout]   14:     0x5628ebdaaf92 - rust_begin_unwind
[INFO] [stdout]                                at /rustc/82e1608dfa6e0b5569232559e3d385fea5a93112/library/std/src/panicking.rs:645:5
[INFO] [stdout]   15:     0x5628ebd58385 - core::panicking::panic_fmt::hbf0e066aabfa482c
[INFO] [stdout]                                at /rustc/82e1608dfa6e0b5569232559e3d385fea5a93112/library/core/src/panicking.rs:72:14
[INFO] [stdout]   16:     0x5628ebd588d3 - core::result::unwrap_failed::hddb4fea594200c52
[INFO] [stdout]                                at /rustc/82e1608dfa6e0b5569232559e3d385fea5a93112/library/core/src/result.rs:1653:5
[INFO] [stdout]   17:     0x5628ebd5c8cc - core::result::Result<T,E>::unwrap::h3d67c41b684fa6af
[INFO] [stdout]   18:     0x5628ebd5d044 - rust_out::main::_doctest_main_src_recv_rs_5_0::h456252da529d27a1
[INFO] [stdout]   19:     0x5628ebd5d006 - rust_out::main::hc20c0d07e2402830
[INFO] [stdout]   20:     0x5628ebd5bfe3 - core::ops::function::FnOnce::call_once::hbc459743598298c4
[INFO] [stdout]   21:     0x5628ebd5a1b6 - std::sys_common::backtrace::__rust_begin_short_backtrace::h62debe7d3058b76a
[INFO] [stdout]   22:     0x5628ebd5a209 - std::rt::lang_start::{{closure}}::h8f486f3e1e6418b2
[INFO] [stdout]   23:     0x5628ebda4ee7 - core::ops::function::impls::<impl core::ops::function::FnOnce<A> for &F>::call_once::hd95060ecd5e1ca24
[INFO] [stdout]                                at /rustc/82e1608dfa6e0b5569232559e3d385fea5a93112/library/core/src/ops/function.rs:284:13
[INFO] [stdout]   24:     0x5628ebda4ee7 - std::panicking::try::do_call::h6e8cf51db32a6e4b
[INFO] [stdout]                                at /rustc/82e1608dfa6e0b5569232559e3d385fea5a93112/library/std/src/panicking.rs:552:40
[INFO] [stdout]   25:     0x5628ebda4ee7 - std::panicking::try::h3a52eefe24fe3c29
[INFO] [stdout]                                at /rustc/82e1608dfa6e0b5569232559e3d385fea5a93112/library/std/src/panicking.rs:516:19
[INFO] [stdout]   26:     0x5628ebda4ee7 - std::panic::catch_unwind::h24c28c23c02c3841
[INFO] [stdout]                                at /rustc/82e1608dfa6e0b5569232559e3d385fea5a93112/library/std/src/panic.rs:142:14
[INFO] [stdout]   27:     0x5628ebda4ee7 - std::rt::lang_start_internal::{{closure}}::h705d3c9cbc06ef47
[INFO] [stdout]                                at /rustc/82e1608dfa6e0b5569232559e3d385fea5a93112/library/std/src/rt.rs:148:48
[INFO] [stdout]   28:     0x5628ebda4ee7 - std::panicking::try::do_call::ha21f52ba13158470
[INFO] [stdout]                                at /rustc/82e1608dfa6e0b5569232559e3d385fea5a93112/library/std/src/panicking.rs:552:40
[INFO] [stdout]   29:     0x5628ebda4ee7 - std::panicking::try::h5581346bf6aeb1f8
[INFO] [stdout]                                at /rustc/82e1608dfa6e0b5569232559e3d385fea5a93112/library/std/src/panicking.rs:516:19
[INFO] [stdout]   30:     0x5628ebda4ee7 - std::panic::catch_unwind::h7919645a6b72e25b
[INFO] [stdout]                                at /rustc/82e1608dfa6e0b5569232559e3d385fea5a93112/library/std/src/panic.rs:142:14
[INFO] [stdout]   31:     0x5628ebda4ee7 - std::rt::lang_start_internal::h12de51168669836e
[INFO] [stdout]                                at /rustc/82e1608dfa6e0b5569232559e3d385fea5a93112/library/std/src/rt.rs:148:20
[INFO] [stdout]   32:     0x5628ebd5a1e7 - std::rt::lang_start::h2c48f91a7bf85629
[INFO] [stdout]   33:     0x5628ebd5d695 - main
[INFO] [stdout]   34:     0x7f690b91fd90 - <unknown>
[INFO] [stdout]   35:     0x7f690b91fe40 - __libc_start_main
[INFO] [stdout]   36:     0x5628ebd58bd5 - _start
[INFO] [stdout]   37:                0x0 - <unknown>
[INFO] [stdout] 
[INFO] [stdout] 
[INFO] [stdout] ---- src/send.rs - send (line 6) stdout ----
[INFO] [stdout] Test executable failed (exit status: 101).
[INFO] [stdout] 
[INFO] [stdout] stderr:
[INFO] [stdout] thread 'main' panicked at src/send.rs:14:20:
[INFO] [stdout] called `Result::unwrap()` on an `Err` value: Error: src/out_going.rs:87 get_all()
[INFO] [stdout] Error: src/out_going.rs:339 get_out_going_ip()
[INFO] [stdout] Os { code: 101, kind: NetworkUnreachable, message: "Network is unreachable" }
[INFO] [stdout] stack backtrace:
[INFO] [stdout]    0:     0x5573f2db834c - std::backtrace_rs::backtrace::libunwind::trace::ha637c64ce894333a
[INFO] [stdout]                                at /rustc/82e1608dfa6e0b5569232559e3d385fea5a93112/library/std/src/../../backtrace/src/backtrace/libunwind.rs:104:5
[INFO] [stdout]    1:     0x5573f2db834c - std::backtrace_rs::backtrace::trace_unsynchronized::h47f62dea28e0c88d
[INFO] [stdout]                                at /rustc/82e1608dfa6e0b5569232559e3d385fea5a93112/library/std/src/../../backtrace/src/backtrace/mod.rs:66:5
[INFO] [stdout]    2:     0x5573f2db834c - std::sys_common::backtrace::_print_fmt::h9eef0abe20ede486
[INFO] [stdout]                                at /rustc/82e1608dfa6e0b5569232559e3d385fea5a93112/library/std/src/sys_common/backtrace.rs:67:5
[INFO] [stdout]    3:     0x5573f2db834c - <std::sys_common::backtrace::_print::DisplayBacktrace as core::fmt::Display>::fmt::hed7f999df88cc644
[INFO] [stdout]                                at /rustc/82e1608dfa6e0b5569232559e3d385fea5a93112/library/std/src/sys_common/backtrace.rs:44:22
[INFO] [stdout]    4:     0x5573f2ddaf00 - core::fmt::rt::Argument::fmt::h1539a9308b8d058d
[INFO] [stdout]                                at /rustc/82e1608dfa6e0b5569232559e3d385fea5a93112/library/core/src/fmt/rt.rs:142:9
[INFO] [stdout]    5:     0x5573f2ddaf00 - core::fmt::write::h3a39390d8560d9c9
[INFO] [stdout]                                at /rustc/82e1608dfa6e0b5569232559e3d385fea5a93112/library/core/src/fmt/mod.rs:1120:17
[INFO] [stdout]    6:     0x5573f2db638f - std::io::Write::write_fmt::h5fc9997dfe05f882
[INFO] [stdout]                                at /rustc/82e1608dfa6e0b5569232559e3d385fea5a93112/library/std/src/io/mod.rs:1762:15
[INFO] [stdout]    7:     0x5573f2db8134 - std::sys_common::backtrace::_print::h894006fb5c6f3d45
[INFO] [stdout]                                at /rustc/82e1608dfa6e0b5569232559e3d385fea5a93112/library/std/src/sys_common/backtrace.rs:47:5
[INFO] [stdout]    8:     0x5573f2db8134 - std::sys_common::backtrace::print::h23a2d212c6fff936
[INFO] [stdout]                                at /rustc/82e1608dfa6e0b5569232559e3d385fea5a93112/library/std/src/sys_common/backtrace.rs:34:9
[INFO] [stdout]    9:     0x5573f2db9647 - std::panicking::default_hook::{{closure}}::h8a1d2ee00185001a
[INFO] [stdout]   10:     0x5573f2db93af - std::panicking::default_hook::h6038f2eba384e475
[INFO] [stdout]                                at /rustc/82e1608dfa6e0b5569232559e3d385fea5a93112/library/std/src/panicking.rs:292:9
[INFO] [stdout]   11:     0x5573f2db9ac8 - std::panicking::rust_panic_with_hook::h2b5517d590cab22e
[INFO] [stdout]                                at /rustc/82e1608dfa6e0b5569232559e3d385fea5a93112/library/std/src/panicking.rs:779:13
[INFO] [stdout]   12:     0x5573f2db99ae - std::panicking::begin_panic_handler::{{closure}}::h233112c06e0ef43e
[INFO] [stdout]                                at /rustc/82e1608dfa6e0b5569232559e3d385fea5a93112/library/std/src/panicking.rs:657:13
[INFO] [stdout]   13:     0x5573f2db8816 - std::sys_common::backtrace::__rust_end_short_backtrace::h6e893f24d7ebbff8
[INFO] [stdout]                                at /rustc/82e1608dfa6e0b5569232559e3d385fea5a93112/library/std/src/sys_common/backtrace.rs:170:18
[INFO] [stdout]   14:     0x5573f2db9712 - rust_begin_unwind
[INFO] [stdout]                                at /rustc/82e1608dfa6e0b5569232559e3d385fea5a93112/library/std/src/panicking.rs:645:5
[INFO] [stdout]   15:     0x5573f2d33445 - core::panicking::panic_fmt::hbf0e066aabfa482c
[INFO] [stdout]                                at /rustc/82e1608dfa6e0b5569232559e3d385fea5a93112/library/core/src/panicking.rs:72:14
[INFO] [stdout]   16:     0x5573f2d33993 - core::result::unwrap_failed::hddb4fea594200c52
[INFO] [stdout]                                at /rustc/82e1608dfa6e0b5569232559e3d385fea5a93112/library/core/src/result.rs:1653:5
[INFO] [stdout]   17:     0x5573f2d3459c - core::result::Result<T,E>::unwrap::h3d67c41b684fa6af
[INFO] [stdout]   18:     0x5573f2d34863 - rust_out::main::_doctest_main_src_send_rs_6_0::hb82794edc71ea6e7
[INFO] [stdout]   19:     0x5573f2d34826 - rust_out::main::hc20c0d07e2402830
[INFO] [stdout]   20:     0x5573f2d34433 - core::ops::function::FnOnce::call_once::hbc459743598298c4
[INFO] [stdout]   21:     0x5573f2d34216 - std::sys_common::backtrace::__rust_begin_short_backtrace::h62debe7d3058b76a
[INFO] [stdout]   22:     0x5573f2d34269 - std::rt::lang_start::{{closure}}::h8f486f3e1e6418b2
[INFO] [stdout]   23:     0x5573f2db3e37 - core::ops::function::impls::<impl core::ops::function::FnOnce<A> for &F>::call_once::hd95060ecd5e1ca24
[INFO] [stdout]                                at /rustc/82e1608dfa6e0b5569232559e3d385fea5a93112/library/core/src/ops/function.rs:284:13
[INFO] [stdout]   24:     0x5573f2db3e37 - std::panicking::try::do_call::h6e8cf51db32a6e4b
[INFO] [stdout]                                at /rustc/82e1608dfa6e0b5569232559e3d385fea5a93112/library/std/src/panicking.rs:552:40
[INFO] [stdout]   25:     0x5573f2db3e37 - std::panicking::try::h3a52eefe24fe3c29
[INFO] [stdout]                                at /rustc/82e1608dfa6e0b5569232559e3d385fea5a93112/library/std/src/panicking.rs:516:19
[INFO] [stdout]   26:     0x5573f2db3e37 - std::panic::catch_unwind::h24c28c23c02c3841
[INFO] [stdout]                                at /rustc/82e1608dfa6e0b5569232559e3d385fea5a93112/library/std/src/panic.rs:142:14
[INFO] [stdout]   27:     0x5573f2db3e37 - std::rt::lang_start_internal::{{closure}}::h705d3c9cbc06ef47
[INFO] [stdout]                                at /rustc/82e1608dfa6e0b5569232559e3d385fea5a93112/library/std/src/rt.rs:148:48
[INFO] [stdout]   28:     0x5573f2db3e37 - std::panicking::try::do_call::ha21f52ba13158470
[INFO] [stdout]                                at /rustc/82e1608dfa6e0b5569232559e3d385fea5a93112/library/std/src/panicking.rs:552:40
[INFO] [stdout]   29:     0x5573f2db3e37 - std::panicking::try::h5581346bf6aeb1f8
[INFO] [stdout]                                at /rustc/82e1608dfa6e0b5569232559e3d385fea5a93112/library/std/src/panicking.rs:516:19
[INFO] [stdout]   30:     0x5573f2db3e37 - std::panic::catch_unwind::h7919645a6b72e25b
[INFO] [stdout]                                at /rustc/82e1608dfa6e0b5569232559e3d385fea5a93112/library/std/src/panic.rs:142:14
[INFO] [stdout]   31:     0x5573f2db3e37 - std::rt::lang_start_internal::h12de51168669836e
[INFO] [stdout]                                at /rustc/82e1608dfa6e0b5569232559e3d385fea5a93112/library/std/src/rt.rs:148:20
[INFO] [stdout]   32:     0x5573f2d34247 - std::rt::lang_start::h2c48f91a7bf85629
[INFO] [stdout]   33:     0x5573f2d34a95 - main
[INFO] [stdout]   34:     0x7f47703a9d90 - <unknown>
[INFO] [stdout]   35:     0x7f47703a9e40 - __libc_start_main
[INFO] [stdout]   36:     0x5573f2d33c55 - _start
[INFO] [stdout]   37:                0x0 - <unknown>
[INFO] [stdout] 
[INFO] [stdout] 
[INFO] [stdout] 
[INFO] [stdout] failures:
[INFO] [stdout]     src/out_going.rs - out_going::get_out_going_ip (line 317)
[INFO] [stdout]     src/parse.rs - parse::parse_range_ports (line 154)
[INFO] [stdout]     src/recv.rs - recv (line 5)
[INFO] [stdout]     src/send.rs - send (line 6)
[INFO] [stdout] 
[INFO] [stdout] test result: FAILED. 5 passed; 4 failed; 0 ignored; 0 measured; 0 filtered out; finished in 7.43s
[INFO] [stdout] 
[INFO] [stderr] error: doctest failed, to rerun pass `--doc`
[INFO] running `Command { std: "docker" "inspect" "c520423708c3e3e98ed22261cf17e4377e8db4fc84e83c1861adc2bca3279ce6", kill_on_drop: false }`
[INFO] running `Command { std: "docker" "rm" "-f" "c520423708c3e3e98ed22261cf17e4377e8db4fc84e83c1861adc2bca3279ce6", kill_on_drop: false }`
[INFO] [stdout] c520423708c3e3e98ed22261cf17e4377e8db4fc84e83c1861adc2bca3279ce6
