[INFO] cloning repository https://github.com/wrightdylan/feoray
[INFO] running `Command { std: "git" "-c" "credential.helper=" "-c" "credential.helper=/workspace/cargo-home/bin/git-credential-null" "clone" "--bare" "https://github.com/wrightdylan/feoray" "/workspace/cache/git-repos/https%3A%2F%2Fgithub.com%2Fwrightdylan%2Ffeoray", kill_on_drop: false }`
[INFO] [stderr] Cloning into bare repository '/workspace/cache/git-repos/https%3A%2F%2Fgithub.com%2Fwrightdylan%2Ffeoray'...
[INFO] running `Command { std: "git" "rev-parse" "HEAD", kill_on_drop: false }`
[INFO] [stdout] aea181b4a6f2062b4589559953f4a88ca23ca744
[INFO] testing wrightdylan/feoray against 1.75.0 for beta-1.76-1
[INFO] running `Command { std: "git" "clone" "/workspace/cache/git-repos/https%3A%2F%2Fgithub.com%2Fwrightdylan%2Ffeoray" "/workspace/builds/worker-0-tc1/source", kill_on_drop: false }`
[INFO] [stderr] Cloning into '/workspace/builds/worker-0-tc1/source'...
[INFO] [stderr] done.
[INFO] validating manifest of git repo https://github.com/wrightdylan/feoray on toolchain 1.75.0
[INFO] running `Command { std: CARGO_HOME="/workspace/cargo-home" RUSTUP_HOME="/workspace/rustup-home" "/workspace/cargo-home/bin/cargo" "+1.75.0" "metadata" "--manifest-path" "Cargo.toml" "--no-deps", kill_on_drop: false }`
[INFO] started tweaking git repo https://github.com/wrightdylan/feoray
[INFO] finished tweaking git repo https://github.com/wrightdylan/feoray
[INFO] tweaked toml for git repo https://github.com/wrightdylan/feoray written to /workspace/builds/worker-0-tc1/source/Cargo.toml
[INFO] crate git repo https://github.com/wrightdylan/feoray already has a lockfile, it will not be regenerated
[INFO] running `Command { std: CARGO_HOME="/workspace/cargo-home" RUSTUP_HOME="/workspace/rustup-home" "/workspace/cargo-home/bin/cargo" "+1.75.0" "fetch" "--manifest-path" "Cargo.toml", kill_on_drop: false }`
[INFO] [stderr] warning: unused manifest key: build
[INFO] running `Command { std: "docker" "create" "-v" "/var/lib/crater-agent-workspace/builds/worker-0-tc1/target:/opt/rustwide/target:rw,Z" "-v" "/var/lib/crater-agent-workspace/builds/worker-0-tc1/source:/opt/rustwide/workdir:ro,Z" "-v" "/var/lib/crater-agent-workspace/cargo-home:/opt/rustwide/cargo-home:ro,Z" "-v" "/var/lib/crater-agent-workspace/rustup-home:/opt/rustwide/rustup-home:ro,Z" "-e" "SOURCE_DIR=/opt/rustwide/workdir" "-e" "CARGO_TARGET_DIR=/opt/rustwide/target" "-e" "CARGO_HOME=/opt/rustwide/cargo-home" "-e" "RUSTUP_HOME=/opt/rustwide/rustup-home" "-w" "/opt/rustwide/workdir" "-m" "1610612736" "--user" "0:0" "--network" "none" "ghcr.io/rust-lang/crates-build-env/linux@sha256:2788e3201cd34a07e3172128adcd8b3090168a8e3bcc40d7c032b9dda1df7d1c" "/opt/rustwide/cargo-home/bin/cargo" "+1.75.0" "metadata" "--no-deps" "--format-version=1", kill_on_drop: false }`
[INFO] [stdout] a56e82d74d906907d24ecd16796d29d417dd33656cadb3b284c556308c8f3669
[INFO] running `Command { std: "docker" "start" "-a" "a56e82d74d906907d24ecd16796d29d417dd33656cadb3b284c556308c8f3669", kill_on_drop: false }`
[INFO] running `Command { std: "docker" "inspect" "a56e82d74d906907d24ecd16796d29d417dd33656cadb3b284c556308c8f3669", kill_on_drop: false }`
[INFO] running `Command { std: "docker" "rm" "-f" "a56e82d74d906907d24ecd16796d29d417dd33656cadb3b284c556308c8f3669", kill_on_drop: false }`
[INFO] [stdout] a56e82d74d906907d24ecd16796d29d417dd33656cadb3b284c556308c8f3669
[INFO] running `Command { std: "docker" "create" "-v" "/var/lib/crater-agent-workspace/builds/worker-0-tc1/target:/opt/rustwide/target:rw,Z" "-v" "/var/lib/crater-agent-workspace/builds/worker-0-tc1/source:/opt/rustwide/workdir:ro,Z" "-v" "/var/lib/crater-agent-workspace/cargo-home:/opt/rustwide/cargo-home:ro,Z" "-v" "/var/lib/crater-agent-workspace/rustup-home:/opt/rustwide/rustup-home:ro,Z" "-e" "SOURCE_DIR=/opt/rustwide/workdir" "-e" "CARGO_TARGET_DIR=/opt/rustwide/target" "-e" "CARGO_INCREMENTAL=0" "-e" "RUST_BACKTRACE=full" "-e" "RUSTFLAGS=--cap-lints=warn" "-e" "RUSTDOCFLAGS=--cap-lints=warn" "-e" "CARGO_HOME=/opt/rustwide/cargo-home" "-e" "RUSTUP_HOME=/opt/rustwide/rustup-home" "-w" "/opt/rustwide/workdir" "-m" "1610612736" "--user" "0:0" "--network" "none" "ghcr.io/rust-lang/crates-build-env/linux@sha256:2788e3201cd34a07e3172128adcd8b3090168a8e3bcc40d7c032b9dda1df7d1c" "/opt/rustwide/cargo-home/bin/cargo" "+1.75.0" "build" "--frozen" "--message-format=json", kill_on_drop: false }`
[INFO] [stdout] 5e3115c7031fa3e90314e8de7555e5365be38dd2cdfb05e29c2c88e187c003b7
[INFO] running `Command { std: "docker" "start" "-a" "5e3115c7031fa3e90314e8de7555e5365be38dd2cdfb05e29c2c88e187c003b7", kill_on_drop: false }`
[INFO] [stderr] warning: unused manifest key: build
[INFO] [stderr]    Compiling autocfg v1.1.0
[INFO] [stderr]    Compiling cfg-if v1.0.0
[INFO] [stderr]    Compiling libc v0.2.140
[INFO] [stderr]    Compiling scopeguard v1.1.0
[INFO] [stderr]    Compiling crossbeam-utils v0.8.15
[INFO] [stderr]    Compiling proc-macro2 v1.0.54
[INFO] [stderr]    Compiling unicode-ident v1.0.8
[INFO] [stderr]    Compiling quote v1.0.26
[INFO] [stderr]    Compiling syn v1.0.109
[INFO] [stderr]    Compiling rayon-core v1.11.0
[INFO] [stderr]    Compiling getrandom v0.1.16
[INFO] [stderr]    Compiling adler v1.0.2
[INFO] [stderr]    Compiling bytemuck v1.13.1
[INFO] [stderr]    Compiling crc32fast v1.3.2
[INFO] [stderr]    Compiling futures-core v0.3.28
[INFO] [stderr]    Compiling paste v1.0.12
[INFO] [stderr]    Compiling either v1.8.1
[INFO] [stderr]    Compiling simd-adler32 v0.3.5
[INFO] [stderr]    Compiling miniz_oxide v0.6.2
[INFO] [stderr]    Compiling futures-sink v0.3.28
[INFO] [stderr]    Compiling weezl v0.1.7
[INFO] [stderr]    Compiling typenum v1.16.0
[INFO] [stderr]    Compiling ppv-lite86 v0.2.17
[INFO] [stderr]    Compiling safe_arch v0.6.0
[INFO] [stderr]    Compiling zune-inflate v0.2.53
[INFO] [stderr]    Compiling color_quant v1.1.0
[INFO] [stderr]    Compiling rawpointer v0.2.1
[INFO] [stderr]    Compiling num-traits v0.2.15
[INFO] [stderr]    Compiling memoffset v0.8.0
[INFO] [stderr]    Compiling crossbeam-epoch v0.9.14
[INFO] [stderr]    Compiling lock_api v0.4.9
[INFO] [stderr]    Compiling num-integer v0.1.45
[INFO] [stderr]    Compiling num-rational v0.4.1
[INFO] [stderr]    Compiling flate2 v1.0.25
[INFO] [stderr]    Compiling crossbeam-channel v0.5.7
[INFO] [stderr]    Compiling wide v0.7.8
[INFO] [stderr]    Compiling spin v0.9.7
[INFO] [stderr]    Compiling crossbeam-deque v0.8.3
[INFO] [stderr]    Compiling num_cpus v1.15.0
[INFO] [stderr]    Compiling getrandom v0.2.8
[INFO] [stderr]    Compiling smallvec v1.10.0
[INFO] [stderr]    Compiling half v2.2.1
[INFO] [stderr]    Compiling rand_core v0.5.1
[INFO] [stderr]    Compiling nanorand v0.7.0
[INFO] [stderr]    Compiling bit_field v0.10.2
[INFO] [stderr]    Compiling bitflags v1.3.2
[INFO] [stderr]    Compiling rand_chacha v0.2.2
[INFO] [stderr]    Compiling lebe v0.5.2
[INFO] [stderr]    Compiling png v0.17.7
[INFO] [stderr]    Compiling rand_xorshift v0.2.0
[INFO] [stderr]    Compiling rand v0.7.3
[INFO] [stderr]    Compiling gif v0.12.0
[INFO] [stderr]    Compiling matrixmultiply v0.3.3
[INFO] [stderr]    Compiling qoi v0.4.1
[INFO] [stderr]    Compiling num-complex v0.4.3
[INFO] [stderr]    Compiling rayon v1.7.0
[INFO] [stderr]    Compiling approx v0.5.1
[INFO] [stderr]    Compiling byteorder v1.4.3
[INFO] [stderr]    Compiling simba v0.8.1
[INFO] [stderr]    Compiling noise v0.8.2
[INFO] [stderr]    Compiling jpeg-decoder v0.3.0
[INFO] [stderr]    Compiling pin-project-internal v1.0.12
[INFO] [stderr]    Compiling nalgebra-macros v0.2.0
[INFO] [stderr]    Compiling tiff v0.8.1
[INFO] [stderr]    Compiling pin-project v1.0.12
[INFO] [stderr]    Compiling flume v0.10.14
[INFO] [stderr]    Compiling exr v1.6.3
[INFO] [stderr]    Compiling nalgebra v0.32.2
[INFO] [stderr]    Compiling image v0.24.6
[INFO] [stderr]    Compiling feoray v0.0.14 (/opt/rustwide/workdir)
[INFO] [stderr]     Finished dev [optimized + debuginfo] target(s) in 17.36s
[INFO] running `Command { std: "docker" "inspect" "5e3115c7031fa3e90314e8de7555e5365be38dd2cdfb05e29c2c88e187c003b7", kill_on_drop: false }`
[INFO] running `Command { std: "docker" "rm" "-f" "5e3115c7031fa3e90314e8de7555e5365be38dd2cdfb05e29c2c88e187c003b7", kill_on_drop: false }`
[INFO] [stdout] 5e3115c7031fa3e90314e8de7555e5365be38dd2cdfb05e29c2c88e187c003b7
[INFO] running `Command { std: "docker" "create" "-v" "/var/lib/crater-agent-workspace/builds/worker-0-tc1/target:/opt/rustwide/target:rw,Z" "-v" "/var/lib/crater-agent-workspace/builds/worker-0-tc1/source:/opt/rustwide/workdir:ro,Z" "-v" "/var/lib/crater-agent-workspace/cargo-home:/opt/rustwide/cargo-home:ro,Z" "-v" "/var/lib/crater-agent-workspace/rustup-home:/opt/rustwide/rustup-home:ro,Z" "-e" "SOURCE_DIR=/opt/rustwide/workdir" "-e" "CARGO_TARGET_DIR=/opt/rustwide/target" "-e" "CARGO_INCREMENTAL=0" "-e" "RUST_BACKTRACE=full" "-e" "RUSTFLAGS=--cap-lints=warn" "-e" "RUSTDOCFLAGS=--cap-lints=warn" "-e" "CARGO_HOME=/opt/rustwide/cargo-home" "-e" "RUSTUP_HOME=/opt/rustwide/rustup-home" "-w" "/opt/rustwide/workdir" "-m" "1610612736" "--user" "0:0" "--network" "none" "ghcr.io/rust-lang/crates-build-env/linux@sha256:2788e3201cd34a07e3172128adcd8b3090168a8e3bcc40d7c032b9dda1df7d1c" "/opt/rustwide/cargo-home/bin/cargo" "+1.75.0" "test" "--frozen" "--no-run" "--message-format=json", kill_on_drop: false }`
[INFO] [stdout] f7ec8db6734b79147a56a0d034d2f7843bd61a28ca2bb4be88fe107914cec4b3
[INFO] running `Command { std: "docker" "start" "-a" "f7ec8db6734b79147a56a0d034d2f7843bd61a28ca2bb4be88fe107914cec4b3", kill_on_drop: false }`
[INFO] [stderr] warning: unused manifest key: build
[INFO] [stderr]    Compiling assert_approx_eq v1.1.0
[INFO] [stderr]    Compiling feoray v0.0.14 (/opt/rustwide/workdir)
[INFO] [stdout] warning: unused import: `crate::materials::Pattern`
[INFO] [stdout]    --> src/core/world.rs:167:9
[INFO] [stdout]     |
[INFO] [stdout] 167 |     use crate::materials::Pattern;
[INFO] [stdout]     |         ^^^^^^^^^^^^^^^^^^^^^^^^^
[INFO] [stdout]     |
[INFO] [stdout]     = note: `#[warn(unused_imports)]` on by default
[INFO] [stdout] 
[INFO] [stdout] 
[INFO] [stdout] warning: 1 warning emitted
[INFO] [stdout] 
[INFO] [stdout] 
[INFO] [stderr]     Finished test [optimized + debuginfo] target(s) in 1.78s
[INFO] running `Command { std: "docker" "inspect" "f7ec8db6734b79147a56a0d034d2f7843bd61a28ca2bb4be88fe107914cec4b3", kill_on_drop: false }`
[INFO] running `Command { std: "docker" "rm" "-f" "f7ec8db6734b79147a56a0d034d2f7843bd61a28ca2bb4be88fe107914cec4b3", kill_on_drop: false }`
[INFO] [stdout] f7ec8db6734b79147a56a0d034d2f7843bd61a28ca2bb4be88fe107914cec4b3
[INFO] running `Command { std: "docker" "create" "-v" "/var/lib/crater-agent-workspace/builds/worker-0-tc1/target:/opt/rustwide/target:rw,Z" "-v" "/var/lib/crater-agent-workspace/builds/worker-0-tc1/source:/opt/rustwide/workdir:ro,Z" "-v" "/var/lib/crater-agent-workspace/cargo-home:/opt/rustwide/cargo-home:ro,Z" "-v" "/var/lib/crater-agent-workspace/rustup-home:/opt/rustwide/rustup-home:ro,Z" "-e" "SOURCE_DIR=/opt/rustwide/workdir" "-e" "CARGO_TARGET_DIR=/opt/rustwide/target" "-e" "CARGO_INCREMENTAL=0" "-e" "RUST_BACKTRACE=full" "-e" "RUSTFLAGS=--cap-lints=warn" "-e" "RUSTDOCFLAGS=--cap-lints=warn" "-e" "CARGO_HOME=/opt/rustwide/cargo-home" "-e" "RUSTUP_HOME=/opt/rustwide/rustup-home" "-w" "/opt/rustwide/workdir" "-m" "1610612736" "--user" "0:0" "--network" "none" "ghcr.io/rust-lang/crates-build-env/linux@sha256:2788e3201cd34a07e3172128adcd8b3090168a8e3bcc40d7c032b9dda1df7d1c" "/opt/rustwide/cargo-home/bin/cargo" "+1.75.0" "test" "--frozen", kill_on_drop: false }`
[INFO] [stdout] f215bd882d376e9275b589ef928eec1c20192ff43e9fe85925d7bb073a85514f
[INFO] running `Command { std: "docker" "start" "-a" "f215bd882d376e9275b589ef928eec1c20192ff43e9fe85925d7bb073a85514f", kill_on_drop: false }`
[INFO] [stderr] warning: unused manifest key: build
[INFO] [stderr] warning: unused import: `crate::materials::Pattern`
[INFO] [stderr]    --> src/core/world.rs:167:9
[INFO] [stderr]     |
[INFO] [stderr] 167 |     use crate::materials::Pattern;
[INFO] [stderr]     |         ^^^^^^^^^^^^^^^^^^^^^^^^^
[INFO] [stderr]     |
[INFO] [stderr]     = note: `#[warn(unused_imports)]` on by default
[INFO] [stderr] 
[INFO] [stderr] warning: `feoray` (lib test) generated 1 warning (run `cargo fix --lib -p feoray --tests` to apply 1 suggestion)
[INFO] [stderr]     Finished test [optimized + debuginfo] target(s) in 0.04s
[INFO] [stderr]      Running unittests src/lib.rs (/opt/rustwide/target/debug/deps/feoray-3ba42343cc562f98)
[INFO] [stdout] 
[INFO] [stdout] running 177 tests
[INFO] [stdout] test core::camera::tests::constructing_a_camera ... ok
[INFO] [stdout] test core::camera::tests::constructing_ray_through_corner_of_canvas ... ok
[INFO] [stdout] test core::camera::tests::constructing_ray_through_centre_of_canvas ... ok
[INFO] [stdout] test core::camera::tests::constructing_ray_when_camera_transformed ... ok
[INFO] [stdout] test core::camera::tests::pixel_size_for_horizontal_canvas ... ok
[INFO] [stdout] test core::camera::tests::pixel_size_for_vertical_canvas ... ok
[INFO] [stdout] test core::camera::tests::rendering_world_with_camera ... ok
[INFO] [stdout] test core::canvas::tests::new_black_canvas ... ok
[INFO] [stdout] test core::canvas::tests::read_colour_at_pixel ... ok
[INFO] [stdout] test core::colour::tests::add_colours ... ok
[INFO] [stdout] test core::canvas::tests::write_colour_at_pixel ... ok
[INFO] [stdout] test core::colour::tests::multiply_colour_by_colour ... ok
[INFO] [stdout] test core::colour::tests::multiply_colour_by_scalar ... ok
[INFO] [stdout] test core::colour::tests::scale_colour ... ok
[INFO] [stdout] test core::colour::tests::sub_colours ... ok
[INFO] [stdout] test core::colour::tests::test_colour_struct ... ok
[INFO] [stdout] test core::intersections::tests::aggregating_intersections ... ok
[INFO] [stdout] test core::intersections::tests::finding_n1_and_n2_at_various_intersections ... ok
[INFO] [stdout] test core::intersections::tests::hit_should_offset_the_point ... ok
[INFO] [stdout] test core::intersections::tests::hit_when_intersection_occurs_inside ... ok
[INFO] [stdout] test core::intersections::tests::hit_when_intersection_occurs_outside ... ok
[INFO] [stdout] test core::intersections::tests::intersect_sets_object_on_intersection ... ok
[INFO] [stdout] test core::intersections::tests::intersection_encapsulates_t_and_object ... ok
[INFO] [stdout] test core::intersections::tests::precomputing_reflection_vector ... ok
[INFO] [stdout] test core::intersections::tests::precomputing_state_of_intersection ... ok
[INFO] [stdout] test core::intersections::tests::the_hit_always_the_lowest_pos_t ... ok
[INFO] [stdout] test core::intersections::tests::the_hit_when_all_ints_have_neg_t ... ok
[INFO] [stdout] test core::intersections::tests::the_hit_when_all_ints_have_pos_t ... ok
[INFO] [stdout] test core::intersections::tests::the_hit_when_some_ints_have_neg_t ... ok
[INFO] [stdout] test core::intersections::tests::under_point_is_offset_below_surface ... ok
[INFO] [stdout] test core::matrix::tests::create_3x3_matrix ... ok
[INFO] [stdout] test core::matrix::tests::create_2x2_matrix ... ok
[INFO] [stdout] test core::matrix::tests::determinant_of_2x2 ... ok
[INFO] [stdout] test core::matrix::tests::determinant_of_3x3 ... ok
[INFO] [stdout] test core::matrix::tests::determinant_of_4x4 ... ok
[INFO] [stdout] test core::matrix::tests::invert_matrix1 ... ok
[INFO] [stdout] test core::matrix::tests::invert_matrix2 ... ok
[INFO] [stdout] test core::matrix::tests::invert_matrix3 ... ok
[INFO] [stdout] test core::matrix::tests::is_invertible ... ok
[INFO] [stdout] test core::matrix::tests::is_not_invertible ... ok
[INFO] [stdout] test core::matrix::tests::matrix_equality_different ... ok
[INFO] [stdout] test core::matrix::tests::matrix_equality_identical ... ok
[INFO] [stdout] test core::matrix::tests::matrix_multiplied_by_tuple1 ... ok
[INFO] [stdout] test core::matrix::tests::multiply_matrix_by_identity ... ok
[INFO] [stdout] test core::matrix::tests::multiply_product_by_inverse ... ok
[INFO] [stdout] test core::matrix::tests::multiplying_two_matrices ... ok
[INFO] [stdout] test core::matrix::tests::transpose_matrix ... ok
[INFO] [stdout] test core::precomp::tests::schlick_approximation_under_total_internal_reflection ... ok
[INFO] [stdout] test core::precomp::tests::schlick_approximation_with_perpendicular_viewing_angle ... ok
[INFO] [stdout] test core::precomp::tests::schlick_approximation_with_small_angle_and_n2_gt_n1 ... ok
[INFO] [stdout] test core::rays::tests::compute_point_from_dist ... ok
[INFO] [stdout] test core::rays::tests::create_and_query_ray ... ok
[INFO] [stdout] test core::rays::tests::scaling_a_ray ... ok
[INFO] [stdout] test core::rays::tests::translating_a_ray ... ok
[INFO] [stdout] test core::transformers::tests::arbitrary_view_transformation ... ok
[INFO] [stdout] test core::transformers::tests::chained_transforms_using_builder ... ok
[INFO] [stdout] test core::transformers::tests::chained_transforms_ro ... ok
[INFO] [stdout] test core::transformers::tests::individual_transforms_in_sequence ... ok
[INFO] [stdout] test core::transformers::tests::inv_rotate_around_x ... ok
[INFO] [stdout] test core::transformers::tests::mul_by_inv_of_matrix ... ok
[INFO] [stdout] test core::transformers::tests::mul_by_translation_matrix ... ok
[INFO] [stdout] test core::transformers::tests::mul_inv_of_scaling_matrix ... ok
[INFO] [stdout] test core::transformers::tests::reflection_is_scaling ... ok
[INFO] [stdout] test core::transformers::tests::rotating_point_around_x ... ok
[INFO] [stdout] test core::transformers::tests::rotating_point_around_z ... ok
[INFO] [stdout] test core::transformers::tests::scaling_point ... ok
[INFO] [stdout] test core::transformers::tests::rotating_point_around_y ... ok
[INFO] [stdout] test core::transformers::tests::scaling_vector ... ok
[INFO] [stdout] test core::transformers::tests::shear_moves_x_ipt_y ... ok
[INFO] [stdout] test core::transformers::tests::shear_moves_y_ipt_z ... ok
[INFO] [stdout] test core::transformers::tests::shear_moves_x_ipt_z ... ok
[INFO] [stdout] test core::transformers::tests::shear_moves_y_ipt_x ... ok
[INFO] [stdout] test core::transformers::tests::shear_moves_z_ipt_y ... ok
[INFO] [stdout] test core::tuple::tests::add_tuples ... ok
[INFO] [stdout] test core::transformers::tests::shear_moves_z_ipt_x ... ok
[INFO] [stdout] test core::transformers::tests::transformation_matrix_for_default_orientation ... ok
[INFO] [stdout] test core::transformers::tests::translation_not ... ok
[INFO] [stdout] test core::transformers::tests::view_transformation_moves_the_world ... ok
[INFO] [stdout] test core::tuple::tests::coordinate_to_point ... ok
[INFO] [stdout] test core::transformers::tests::transformation_matrix_looking_positive_z ... ok
[INFO] [stdout] test core::tuple::tests::cross_product ... ok
[INFO] [stdout] test core::tuple::tests::coordinate_to_vector ... ok
[INFO] [stdout] test core::tuple::tests::magnitude_of_vector1 ... ok
[INFO] [stdout] test core::tuple::tests::divide_tuple_by_scalar ... ok
[INFO] [stdout] test core::tuple::tests::magnitude_of_vector2 ... ok
[INFO] [stdout] test core::tuple::tests::magnitude_of_vector3 ... ok
[INFO] [stdout] test core::tuple::tests::dot_product ... ok
[INFO] [stdout] test core::tuple::tests::multiply_tuple_by_fraction ... ok
[INFO] [stdout] test core::tuple::tests::negate_tuple ... ok
[INFO] [stdout] test core::tuple::tests::normalise_vector1 ... ok
[INFO] [stdout] test core::tuple::tests::magnitude_of_vector5 ... ok
[INFO] [stdout] test core::tuple::tests::magnitude_of_normalised_vector ... ok
[INFO] [stdout] test core::tuple::tests::magnitude_of_vector4 ... ok
[INFO] [stdout] test core::tuple::tests::reflecting_vector_approaching_at_45d ... ok
[INFO] [stdout] test core::tuple::tests::normalise_vector2 ... ok
[INFO] [stdout] test core::tuple::tests::multiply_tuple_by_scalar ... ok
[INFO] [stdout] test core::tuple::tests::reflecting_vector_off_slanted_surface ... ok
[INFO] [stdout] test core::tuple::tests::sub_two_points ... ok
[INFO] [stdout] test core::tuple::tests::sub_vec_from_point ... ok
[INFO] [stdout] test core::tuple::tests::tuple_is_point ... ok
[INFO] [stdout] test core::tuple::tests::sub_vec_from_vec ... ok
[INFO] [stdout] test core::world::tests::colour_when_ray_misses ... ok
[INFO] [stdout] test core::world::tests::colour_with_intersection_behind_ray ... ok
[INFO] [stdout] test core::world::tests::colour_when_ray_hits ... ok
[INFO] [stdout] test core::tuple::tests::tuple_is_vector ... ok
[INFO] [stdout] test core::world::tests::intersect_world_with_ray ... ok
[INFO] [stdout] test core::world::tests::no_shadow_when_object_behind_light ... ok
[INFO] [stdout] test core::world::tests::creating_a_world ... ok
[INFO] [stdout] test core::world::tests::no_shadow_when_object_behind_point ... ok
[INFO] [stdout] test core::world::tests::reflected_colour_for_nonreflective_material ... ok
[INFO] [stdout] test core::world::tests::refracted_colour_under_total_interal_reflection ... ok
[INFO] [stdout] test core::world::tests::no_shadow_when_nothing_collinear_with_point_and_light ... ok
[INFO] [stdout] test core::world::tests::refracted_colour_at_max_recursive_depth ... ok
[INFO] [stdout] test core::world::tests::shading_intersection_from_inside ... ok
[INFO] [stdout] test core::world::tests::shadow_when_object_between_point_and_light ... ok
[INFO] [stdout] test materials::materials::tests::default_material ... ok
[INFO] [stdout] test lights::point_light::tests::point_light_has_position_and_intensity ... ok
[INFO] [stdout] test materials::materials::tests::lighting_with_eye_between_light_and_surface ... ok
[INFO] [stdout] test materials::materials::tests::lighting_with_eye_between_light_and_surface_eye_offset_45d ... ok
[INFO] [stdout] test core::world::tests::shade_hit_is_given_intersection_in_shadow ... ok
[INFO] [stdout] test materials::materials::tests::lighting_with_eye_in_path_of_reflection_vector ... ok
[INFO] [stdout] test materials::materials::tests::lighting_with_eye_opposite_surface_light_offset_45d ... ok
[INFO] [stdout] test core::world::tests::shading_intersection ... ok
[INFO] [stdout] test core::world::tests::reflected_colour_with_opaque_surface ... ok
[INFO] [stdout] test core::world::tests::the_default_world ... ok
[INFO] [stdout] test materials::materials::tests::lightng_with_pattern_applied ... ok
[INFO] [stdout] test materials::materials::tests::lighting_with_surface_in_shadow ... ok
[INFO] [stdout] test materials::materials::tests::lighting_with_light_behind_the_surface ... ok
[INFO] [stdout] test materials::materials::tests::reflectivity_for_default_material ... ok
[INFO] [stdout] test materials::materials::tests::transparency_and_ior_for_default_material ... ok
[INFO] [stdout] test materials::patterns::tests::assigning_transform ... ok
[INFO] [stdout] test materials::patterns::tests::checkers_should_repeat_in_y ... ok
[INFO] [stdout] test materials::patterns::tests::checkers_should_repeat_in_x ... ok
[INFO] [stdout] test materials::patterns::tests::checkers_should_repeat_in_z ... ok
[INFO] [stdout] test materials::patterns::tests::creating_stripe_pattern ... ok
[INFO] [stdout] test materials::patterns::tests::gradient_linearly_interpolates_between_colours ... ok
[INFO] [stdout] test materials::patterns::tests::pattern_with_both_object_and_pattern_transformations ... ok
[INFO] [stdout] test materials::patterns::tests::ring_should_extend_in_both_x_and_z ... ok
[INFO] [stdout] test materials::patterns::tests::pattern_with_object_transformation ... ok
[INFO] [stdout] test materials::patterns::tests::stripe_pattern_alternates_in_x ... ok
[INFO] [stdout] test materials::patterns::tests::stripe_pattern_is_constant_in_y ... ok
[INFO] [stdout] test materials::patterns::tests::stripes_with_both_object_and_pattern_transformation ... ok
[INFO] [stdout] test materials::patterns::tests::default_pattern_transformation ... ok
[INFO] [stdout] test materials::patterns::tests::stripes_with_object_transformation ... ok
[INFO] [stdout] test materials::patterns::tests::stripes_with_pattern_transformation ... ok
[INFO] [stdout] test materials::patterns::tests::pattern_with_pattern_transformation ... ok
[INFO] [stdout] test primitives::object::tests::a_spheres_default_transformation ... ok
[INFO] [stdout] test primitives::object::tests::assigning_a_transformation ... ok
[INFO] [stdout] test primitives::object::tests::changing_a_spheres_transform ... ok
[INFO] [stdout] test primitives::object::tests::the_default_transformation ... ok
[INFO] [stdout] test materials::patterns::tests::stripe_pattern_is_constant_in_z ... ok
[INFO] [stdout] test primitives::plane::tests::normal_of_plane_constant_everywhere ... ok
[INFO] [stdout] test primitives::plane::tests::ray_intersecting_plane_from_below ... ok
[INFO] [stdout] test primitives::plane::tests::intersect_with_ray_parallel_to_plane ... ok
[INFO] [stdout] test primitives::sphere::tests::computing_normal_on_transformed_sphere ... ok
[INFO] [stdout] test primitives::plane::tests::intersect_with_coplanar_ray ... ok
[INFO] [stdout] test primitives::sphere::tests::computing_normal_on_translated_sphere ... ok
[INFO] [stdout] test primitives::sphere::tests::helper_for_producing_sphere_with_glassy_material ... ok
[INFO] [stdout] test primitives::sphere::tests::intersecting_scaled_sphere_with_ray ... ok
[INFO] [stdout] test primitives::sphere::tests::normal_on_sphere_at_point_on_x_axis ... ok
[INFO] [stdout] test primitives::sphere::tests::normal_on_sphere_at_point_on_y_axis ... ok
[INFO] [stdout] test primitives::sphere::tests::normal_on_sphere_at_point_on_z_axis ... ok
[INFO] [stdout] test primitives::sphere::tests::intersecting_translated_sphere_with_ray ... ok
[INFO] [stdout] test primitives::plane::tests::ray_intersecting_plane_from_above ... ok
[INFO] [stdout] test primitives::sphere::tests::normal_is_normalised_vector ... ok
[INFO] [stdout] test primitives::sphere::tests::ray_intersects_sphere_at_tangent ... ok
[INFO] [stdout] test primitives::sphere::tests::ray_intersects_sphere_2points ... ok
[INFO] [stdout] test primitives::sphere::tests::normal_on_sphere_at_nonaxial_point ... ok
[INFO] [stdout] test primitives::sphere::tests::sphere_is_behind_ray ... ok
[INFO] [stdout] test primitives::sphere::tests::sphere_may_be_assigned_material ... ok
[INFO] [stdout] test primitives::test_shape::tests::intersecting_scaled_shape_with_ray ... ok
[INFO] [stdout] test primitives::sphere::tests::ray_misses_sphere ... ok
[INFO] [stdout] test primitives::sphere::tests::ray_originates_inside_sphere ... ok
[INFO] [stdout] test primitives::sphere::tests::sphere_has_default_material ... ok
[INFO] [stdout] test primitives::test_shape::tests::sphere_has_default_material ... ok
[INFO] [stdout] test primitives::test_shape::tests::sphere_may_be_assigned_material ... ok
[INFO] [stdout] test core::world::tests::reflected_colour_for_reflective_material ... FAILED
[INFO] [stdout] 
[INFO] [stdout] failures:
[INFO] [stdout] 
[INFO] [stdout] ---- core::world::tests::reflected_colour_for_reflective_material stdout ----
[INFO] [stdout] thread 'core::world::tests::reflected_colour_for_reflective_material' panicked at src/core/world.rs:345:9:
[INFO] [stdout] assertion `left == right` failed
[INFO] [stdout]   left: Colour { r: 0.05, g: 0.05, b: 0.05 }
[INFO] [stdout]  right: Colour { r: 0.19032, g: 0.2379, b: 0.14274 }
[INFO] [stdout] stack backtrace:
[INFO] [stdout]    0:     0x564617da5fcc - std::backtrace_rs::backtrace::libunwind::trace::ha637c64ce894333a
[INFO] [stdout]                                at /rustc/82e1608dfa6e0b5569232559e3d385fea5a93112/library/std/src/../../backtrace/src/backtrace/libunwind.rs:104:5
[INFO] [stdout]    1:     0x564617da5fcc - std::backtrace_rs::backtrace::trace_unsynchronized::h47f62dea28e0c88d
[INFO] [stdout]                                at /rustc/82e1608dfa6e0b5569232559e3d385fea5a93112/library/std/src/../../backtrace/src/backtrace/mod.rs:66:5
[INFO] [stdout]    2:     0x564617da5fcc - std::sys_common::backtrace::_print_fmt::h9eef0abe20ede486
[INFO] [stdout]                                at /rustc/82e1608dfa6e0b5569232559e3d385fea5a93112/library/std/src/sys_common/backtrace.rs:67:5
[INFO] [stdout]    3:     0x564617da5fcc - <std::sys_common::backtrace::_print::DisplayBacktrace as core::fmt::Display>::fmt::hed7f999df88cc644
[INFO] [stdout]                                at /rustc/82e1608dfa6e0b5569232559e3d385fea5a93112/library/std/src/sys_common/backtrace.rs:44:22
[INFO] [stdout]    4:     0x564617dd07c0 - core::fmt::rt::Argument::fmt::h1539a9308b8d058d
[INFO] [stdout]                                at /rustc/82e1608dfa6e0b5569232559e3d385fea5a93112/library/core/src/fmt/rt.rs:142:9
[INFO] [stdout]    5:     0x564617dd07c0 - core::fmt::write::h3a39390d8560d9c9
[INFO] [stdout]                                at /rustc/82e1608dfa6e0b5569232559e3d385fea5a93112/library/core/src/fmt/mod.rs:1120:17
[INFO] [stdout]    6:     0x564617da397f - std::io::Write::write_fmt::h040b369f3a0f9cbc
[INFO] [stdout]                                at /rustc/82e1608dfa6e0b5569232559e3d385fea5a93112/library/std/src/io/mod.rs:1762:15
[INFO] [stdout]    7:     0x564617da5db4 - std::sys_common::backtrace::_print::h894006fb5c6f3d45
[INFO] [stdout]                                at /rustc/82e1608dfa6e0b5569232559e3d385fea5a93112/library/std/src/sys_common/backtrace.rs:47:5
[INFO] [stdout]    8:     0x564617da5db4 - std::sys_common::backtrace::print::h23a2d212c6fff936
[INFO] [stdout]                                at /rustc/82e1608dfa6e0b5569232559e3d385fea5a93112/library/std/src/sys_common/backtrace.rs:34:9
[INFO] [stdout]    9:     0x564617da7a77 - std::panicking::default_hook::{{closure}}::h8a1d2ee00185001a
[INFO] [stdout]   10:     0x564617da7763 - std::panicking::default_hook::h6038f2eba384e475
[INFO] [stdout]                                at /rustc/82e1608dfa6e0b5569232559e3d385fea5a93112/library/std/src/panicking.rs:289:9
[INFO] [stdout]   11:     0x564617d76f27 - <alloc::boxed::Box<F,A> as core::ops::function::Fn<Args>>::call::h0ad024c9bdc6d768
[INFO] [stdout]                                at /rustc/82e1608dfa6e0b5569232559e3d385fea5a93112/library/alloc/src/boxed.rs:2021:9
[INFO] [stdout]   12:     0x564617d76f27 - test::test_main::{{closure}}::h7500b54257359db6
[INFO] [stdout]                                at /rustc/82e1608dfa6e0b5569232559e3d385fea5a93112/library/test/src/lib.rs:138:21
[INFO] [stdout]   13:     0x564617da8088 - <alloc::boxed::Box<F,A> as core::ops::function::Fn<Args>>::call::h1f8f335eaa9cfaee
[INFO] [stdout]                                at /rustc/82e1608dfa6e0b5569232559e3d385fea5a93112/library/alloc/src/boxed.rs:2021:9
[INFO] [stdout]   14:     0x564617da8088 - std::panicking::rust_panic_with_hook::h2b5517d590cab22e
[INFO] [stdout]                                at /rustc/82e1608dfa6e0b5569232559e3d385fea5a93112/library/std/src/panicking.rs:783:13
[INFO] [stdout]   15:     0x564617da7dde - std::panicking::begin_panic_handler::{{closure}}::h233112c06e0ef43e
[INFO] [stdout]                                at /rustc/82e1608dfa6e0b5569232559e3d385fea5a93112/library/std/src/panicking.rs:657:13
[INFO] [stdout]   16:     0x564617da6496 - std::sys_common::backtrace::__rust_end_short_backtrace::h6e893f24d7ebbff8
[INFO] [stdout]                                at /rustc/82e1608dfa6e0b5569232559e3d385fea5a93112/library/std/src/sys_common/backtrace.rs:170:18
[INFO] [stdout]   17:     0x564617da7b42 - rust_begin_unwind
[INFO] [stdout]                                at /rustc/82e1608dfa6e0b5569232559e3d385fea5a93112/library/std/src/panicking.rs:645:5
[INFO] [stdout]   18:     0x564617d10285 - core::panicking::panic_fmt::hbf0e066aabfa482c
[INFO] [stdout]                                at /rustc/82e1608dfa6e0b5569232559e3d385fea5a93112/library/core/src/panicking.rs:72:14
[INFO] [stdout]   19:     0x564617d105eb - core::panicking::assert_failed_inner::h0bba8b7c26ee4492
[INFO] [stdout]   20:     0x564617d0b3af - core::panicking::assert_failed::h9a7815403269e89d
[INFO] [stdout]                                at /rustc/82e1608dfa6e0b5569232559e3d385fea5a93112/library/core/src/panicking.rs:279:5
[INFO] [stdout]   21:     0x564617d1bb65 - feoray::core::world::tests::reflected_colour_for_reflective_material::h5b853b33efccaa36
[INFO] [stdout]                                at /opt/rustwide/workdir/src/core/world.rs:345:9
[INFO] [stdout]   22:     0x564617d23859 - feoray::core::world::tests::reflected_colour_for_reflective_material::{{closure}}::h694a1e083d1a9fe3
[INFO] [stdout]                                at /opt/rustwide/workdir/src/core/world.rs:331:50
[INFO] [stdout]   23:     0x564617d23859 - core::ops::function::FnOnce::call_once::h3b141227bd00c757
[INFO] [stdout]                                at /rustc/82e1608dfa6e0b5569232559e3d385fea5a93112/library/core/src/ops/function.rs:250:5
[INFO] [stdout]   24:     0x564617d7c57f - core::ops::function::FnOnce::call_once::h2b5d431d5046312d
[INFO] [stdout]                                at /rustc/82e1608dfa6e0b5569232559e3d385fea5a93112/library/core/src/ops/function.rs:250:5
[INFO] [stdout]   25:     0x564617d7c57f - test::__rust_begin_short_backtrace::h7714669af176e207
[INFO] [stdout]                                at /rustc/82e1608dfa6e0b5569232559e3d385fea5a93112/library/test/src/lib.rs:628:18
[INFO] [stdout]   26:     0x564617d7b595 - test::run_test_in_process::{{closure}}::h85218797dcbcec12
[INFO] [stdout]                                at /rustc/82e1608dfa6e0b5569232559e3d385fea5a93112/library/test/src/lib.rs:651:60
[INFO] [stdout]   27:     0x564617d7b595 - <core::panic::unwind_safe::AssertUnwindSafe<F> as core::ops::function::FnOnce<()>>::call_once::h76c106ea31c14d7b
[INFO] [stdout]                                at /rustc/82e1608dfa6e0b5569232559e3d385fea5a93112/library/core/src/panic/unwind_safe.rs:272:9
[INFO] [stdout]   28:     0x564617d7b595 - std::panicking::try::do_call::h3bd5d0f6620ee946
[INFO] [stdout]                                at /rustc/82e1608dfa6e0b5569232559e3d385fea5a93112/library/std/src/panicking.rs:552:40
[INFO] [stdout]   29:     0x564617d7b595 - std::panicking::try::h232e535e4744fe31
[INFO] [stdout]                                at /rustc/82e1608dfa6e0b5569232559e3d385fea5a93112/library/std/src/panicking.rs:516:19
[INFO] [stdout]   30:     0x564617d7b595 - std::panic::catch_unwind::h3ce3bd6ca8dbac68
[INFO] [stdout]                                at /rustc/82e1608dfa6e0b5569232559e3d385fea5a93112/library/std/src/panic.rs:142:14
[INFO] [stdout]   31:     0x564617d7b595 - test::run_test_in_process::hc97b257c9621286a
[INFO] [stdout]                                at /rustc/82e1608dfa6e0b5569232559e3d385fea5a93112/library/test/src/lib.rs:651:27
[INFO] [stdout]   32:     0x564617d7b595 - test::run_test::{{closure}}::h2aa798823a438d38
[INFO] [stdout]                                at /rustc/82e1608dfa6e0b5569232559e3d385fea5a93112/library/test/src/lib.rs:574:43
[INFO] [stdout]   33:     0x564617d43856 - test::run_test::{{closure}}::h87d231c78fb59832
[INFO] [stdout]                                at /rustc/82e1608dfa6e0b5569232559e3d385fea5a93112/library/test/src/lib.rs:602:41
[INFO] [stdout]   34:     0x564617d43856 - std::sys_common::backtrace::__rust_begin_short_backtrace::he6df152596625789
[INFO] [stdout]                                at /rustc/82e1608dfa6e0b5569232559e3d385fea5a93112/library/std/src/sys_common/backtrace.rs:154:18
[INFO] [stdout]   35:     0x564617d48907 - std::thread::Builder::spawn_unchecked_::{{closure}}::{{closure}}::ha94be15d1e0acf36
[INFO] [stdout]                                at /rustc/82e1608dfa6e0b5569232559e3d385fea5a93112/library/std/src/thread/mod.rs:529:17
[INFO] [stdout]   36:     0x564617d48907 - <core::panic::unwind_safe::AssertUnwindSafe<F> as core::ops::function::FnOnce<()>>::call_once::h9dc6bd6372f16606
[INFO] [stdout]                                at /rustc/82e1608dfa6e0b5569232559e3d385fea5a93112/library/core/src/panic/unwind_safe.rs:272:9
[INFO] [stdout]   37:     0x564617d48907 - std::panicking::try::do_call::h9057517f80303cd4
[INFO] [stdout]                                at /rustc/82e1608dfa6e0b5569232559e3d385fea5a93112/library/std/src/panicking.rs:552:40
[INFO] [stdout]   38:     0x564617d48907 - std::panicking::try::he3a30b11ee45340c
[INFO] [stdout]                                at /rustc/82e1608dfa6e0b5569232559e3d385fea5a93112/library/std/src/panicking.rs:516:19
[INFO] [stdout]   39:     0x564617d48907 - std::panic::catch_unwind::h410458cfd3528b8b
[INFO] [stdout]                                at /rustc/82e1608dfa6e0b5569232559e3d385fea5a93112/library/std/src/panic.rs:142:14
[INFO] [stdout]   40:     0x564617d48907 - std::thread::Builder::spawn_unchecked_::{{closure}}::h72ac3bdb567b737b
[INFO] [stdout]                                at /rustc/82e1608dfa6e0b5569232559e3d385fea5a93112/library/std/src/thread/mod.rs:528:30
[INFO] [stdout]   41:     0x564617d48907 - core::ops::function::FnOnce::call_once{{vtable.shim}}::h38f34da3654a8344
[INFO] [stdout]                                at /rustc/82e1608dfa6e0b5569232559e3d385fea5a93112/library/core/src/ops/function.rs:250:5
[INFO] [stdout]   42:     0x564617dacb15 - <alloc::boxed::Box<F,A> as core::ops::function::FnOnce<Args>>::call_once::hc7eafaff61e32df9
[INFO] [stdout]                                at /rustc/82e1608dfa6e0b5569232559e3d385fea5a93112/library/alloc/src/boxed.rs:2007:9
[INFO] [stdout]   43:     0x564617dacb15 - <alloc::boxed::Box<F,A> as core::ops::function::FnOnce<Args>>::call_once::h6ba4a5de48dd2304
[INFO] [stdout]                                at /rustc/82e1608dfa6e0b5569232559e3d385fea5a93112/library/alloc/src/boxed.rs:2007:9
[INFO] [stdout]   44:     0x564617dacb15 - std::sys::unix::thread::Thread::new::thread_start::he469335aef763e45
[INFO] [stdout]                                at /rustc/82e1608dfa6e0b5569232559e3d385fea5a93112/library/std/src/sys/unix/thread.rs:108:17
[INFO] [stdout]   45:     0x7f58e1663ac3 - <unknown>
[INFO] [stdout]   46:     0x7f58e16f4bf4 - __clone
[INFO] [stdout]   47:                0x0 - <unknown>
[INFO] [stdout] 
[INFO] [stdout] 
[INFO] [stdout] failures:
[INFO] [stdout]     core::world::tests::reflected_colour_for_reflective_material
[INFO] [stdout] 
[INFO] [stdout] test result: FAILED. 176 passed; 1 failed; 0 ignored; 0 measured; 0 filtered out; finished in 0.04s
[INFO] [stdout] 
[INFO] [stderr] error: test failed, to rerun pass `--lib`
[INFO] running `Command { std: "docker" "inspect" "f215bd882d376e9275b589ef928eec1c20192ff43e9fe85925d7bb073a85514f", kill_on_drop: false }`
[INFO] running `Command { std: "docker" "rm" "-f" "f215bd882d376e9275b589ef928eec1c20192ff43e9fe85925d7bb073a85514f", kill_on_drop: false }`
[INFO] [stdout] f215bd882d376e9275b589ef928eec1c20192ff43e9fe85925d7bb073a85514f
[INFO] testing wrightdylan/feoray against beta-2023-12-22 for beta-1.76-1
[INFO] running `Command { std: "git" "clone" "/workspace/cache/git-repos/https%3A%2F%2Fgithub.com%2Fwrightdylan%2Ffeoray" "/workspace/builds/worker-0-tc2/source", kill_on_drop: false }`
[INFO] [stderr] Cloning into '/workspace/builds/worker-0-tc2/source'...
[INFO] [stderr] done.
[INFO] validating manifest of git repo https://github.com/wrightdylan/feoray on toolchain beta-2023-12-22
[INFO] running `Command { std: CARGO_HOME="/workspace/cargo-home" RUSTUP_HOME="/workspace/rustup-home" "/workspace/cargo-home/bin/cargo" "+beta-2023-12-22" "metadata" "--manifest-path" "Cargo.toml" "--no-deps", kill_on_drop: false }`
[INFO] started tweaking git repo https://github.com/wrightdylan/feoray
[INFO] finished tweaking git repo https://github.com/wrightdylan/feoray
[INFO] tweaked toml for git repo https://github.com/wrightdylan/feoray written to /workspace/builds/worker-0-tc2/source/Cargo.toml
[INFO] crate git repo https://github.com/wrightdylan/feoray already has a lockfile, it will not be regenerated
[INFO] running `Command { std: CARGO_HOME="/workspace/cargo-home" RUSTUP_HOME="/workspace/rustup-home" "/workspace/cargo-home/bin/cargo" "+beta-2023-12-22" "fetch" "--manifest-path" "Cargo.toml", kill_on_drop: false }`
[INFO] [stderr] warning: unused manifest key: build
[INFO] running `Command { std: "docker" "create" "-v" "/var/lib/crater-agent-workspace/builds/worker-0-tc2/target:/opt/rustwide/target:rw,Z" "-v" "/var/lib/crater-agent-workspace/builds/worker-0-tc2/source:/opt/rustwide/workdir:ro,Z" "-v" "/var/lib/crater-agent-workspace/cargo-home:/opt/rustwide/cargo-home:ro,Z" "-v" "/var/lib/crater-agent-workspace/rustup-home:/opt/rustwide/rustup-home:ro,Z" "-e" "SOURCE_DIR=/opt/rustwide/workdir" "-e" "CARGO_TARGET_DIR=/opt/rustwide/target" "-e" "CARGO_HOME=/opt/rustwide/cargo-home" "-e" "RUSTUP_HOME=/opt/rustwide/rustup-home" "-w" "/opt/rustwide/workdir" "-m" "1610612736" "--user" "0:0" "--network" "none" "ghcr.io/rust-lang/crates-build-env/linux@sha256:2788e3201cd34a07e3172128adcd8b3090168a8e3bcc40d7c032b9dda1df7d1c" "/opt/rustwide/cargo-home/bin/cargo" "+beta-2023-12-22" "metadata" "--no-deps" "--format-version=1", kill_on_drop: false }`
[INFO] [stdout] d8d9f7ff8ad8ace26c61993dd16efced80fb5de35b59fd8f5e58760dbd05df07
[INFO] running `Command { std: "docker" "start" "-a" "d8d9f7ff8ad8ace26c61993dd16efced80fb5de35b59fd8f5e58760dbd05df07", kill_on_drop: false }`
[INFO] running `Command { std: "docker" "inspect" "d8d9f7ff8ad8ace26c61993dd16efced80fb5de35b59fd8f5e58760dbd05df07", kill_on_drop: false }`
[INFO] running `Command { std: "docker" "rm" "-f" "d8d9f7ff8ad8ace26c61993dd16efced80fb5de35b59fd8f5e58760dbd05df07", kill_on_drop: false }`
[INFO] [stdout] d8d9f7ff8ad8ace26c61993dd16efced80fb5de35b59fd8f5e58760dbd05df07
[INFO] running `Command { std: "docker" "create" "-v" "/var/lib/crater-agent-workspace/builds/worker-0-tc2/target:/opt/rustwide/target:rw,Z" "-v" "/var/lib/crater-agent-workspace/builds/worker-0-tc2/source:/opt/rustwide/workdir:ro,Z" "-v" "/var/lib/crater-agent-workspace/cargo-home:/opt/rustwide/cargo-home:ro,Z" "-v" "/var/lib/crater-agent-workspace/rustup-home:/opt/rustwide/rustup-home:ro,Z" "-e" "SOURCE_DIR=/opt/rustwide/workdir" "-e" "CARGO_TARGET_DIR=/opt/rustwide/target" "-e" "CARGO_INCREMENTAL=0" "-e" "RUST_BACKTRACE=full" "-e" "RUSTFLAGS=--cap-lints=warn" "-e" "RUSTDOCFLAGS=--cap-lints=warn" "-e" "CARGO_HOME=/opt/rustwide/cargo-home" "-e" "RUSTUP_HOME=/opt/rustwide/rustup-home" "-w" "/opt/rustwide/workdir" "-m" "1610612736" "--user" "0:0" "--network" "none" "ghcr.io/rust-lang/crates-build-env/linux@sha256:2788e3201cd34a07e3172128adcd8b3090168a8e3bcc40d7c032b9dda1df7d1c" "/opt/rustwide/cargo-home/bin/cargo" "+beta-2023-12-22" "build" "--frozen" "--message-format=json", kill_on_drop: false }`
[INFO] [stdout] f8a67e0a64de8cdc618f7680793724dd69dec394b1b211bef4c0fef912727e23
[INFO] running `Command { std: "docker" "start" "-a" "f8a67e0a64de8cdc618f7680793724dd69dec394b1b211bef4c0fef912727e23", kill_on_drop: false }`
[INFO] [stderr] warning: unused manifest key: build
[INFO] [stderr]    Compiling autocfg v1.1.0
[INFO] [stderr]    Compiling cfg-if v1.0.0
[INFO] [stderr]    Compiling libc v0.2.140
[INFO] [stderr]    Compiling proc-macro2 v1.0.54
[INFO] [stderr]    Compiling scopeguard v1.1.0
[INFO] [stderr]    Compiling crossbeam-utils v0.8.15
[INFO] [stderr]    Compiling unicode-ident v1.0.8
[INFO] [stderr]    Compiling quote v1.0.26
[INFO] [stderr]    Compiling syn v1.0.109
[INFO] [stderr]    Compiling rayon-core v1.11.0
[INFO] [stderr]    Compiling getrandom v0.1.16
[INFO] [stderr]    Compiling crc32fast v1.3.2
[INFO] [stderr]    Compiling adler v1.0.2
[INFO] [stderr]    Compiling bytemuck v1.13.1
[INFO] [stderr]    Compiling futures-core v0.3.28
[INFO] [stderr]    Compiling paste v1.0.12
[INFO] [stderr]    Compiling either v1.8.1
[INFO] [stderr]    Compiling ppv-lite86 v0.2.17
[INFO] [stderr]    Compiling miniz_oxide v0.6.2
[INFO] [stderr]    Compiling weezl v0.1.7
[INFO] [stderr]    Compiling simd-adler32 v0.3.5
[INFO] [stderr]    Compiling futures-sink v0.3.28
[INFO] [stderr]    Compiling safe_arch v0.6.0
[INFO] [stderr]    Compiling typenum v1.16.0
[INFO] [stderr]    Compiling color_quant v1.1.0
[INFO] [stderr]    Compiling zune-inflate v0.2.53
[INFO] [stderr]    Compiling num-traits v0.2.15
[INFO] [stderr]    Compiling memoffset v0.8.0
[INFO] [stderr]    Compiling crossbeam-epoch v0.9.14
[INFO] [stderr]    Compiling lock_api v0.4.9
[INFO] [stderr]    Compiling num-integer v0.1.45
[INFO] [stderr]    Compiling num-rational v0.4.1
[INFO] [stderr]    Compiling crossbeam-channel v0.5.7
[INFO] [stderr]    Compiling flate2 v1.0.25
[INFO] [stderr]    Compiling wide v0.7.8
[INFO] [stderr]    Compiling crossbeam-deque v0.8.3
[INFO] [stderr]    Compiling num_cpus v1.15.0
[INFO] [stderr]    Compiling getrandom v0.2.8
[INFO] [stderr]    Compiling spin v0.9.7
[INFO] [stderr]    Compiling rand_core v0.5.1
[INFO] [stderr]    Compiling nanorand v0.7.0
[INFO] [stderr]    Compiling lebe v0.5.2
[INFO] [stderr]    Compiling smallvec v1.10.0
[INFO] [stderr]    Compiling rand_chacha v0.2.2
[INFO] [stderr]    Compiling bit_field v0.10.2
[INFO] [stderr]    Compiling half v2.2.1
[INFO] [stderr]    Compiling rawpointer v0.2.1
[INFO] [stderr]    Compiling bitflags v1.3.2
[INFO] [stderr]    Compiling matrixmultiply v0.3.3
[INFO] [stderr]    Compiling rand v0.7.3
[INFO] [stderr]    Compiling png v0.17.7
[INFO] [stderr]    Compiling rand_xorshift v0.2.0
[INFO] [stderr]    Compiling gif v0.12.0
[INFO] [stderr]    Compiling qoi v0.4.1
[INFO] [stderr]    Compiling byteorder v1.4.3
[INFO] [stderr]    Compiling rayon v1.7.0
[INFO] [stderr]    Compiling num-complex v0.4.3
[INFO] [stderr]    Compiling approx v0.5.1
[INFO] [stderr]    Compiling noise v0.8.2
[INFO] [stderr]    Compiling simba v0.8.1
[INFO] [stderr]    Compiling jpeg-decoder v0.3.0
[INFO] [stderr]    Compiling pin-project-internal v1.0.12
[INFO] [stderr]    Compiling nalgebra-macros v0.2.0
[INFO] [stderr]    Compiling tiff v0.8.1
[INFO] [stderr]    Compiling pin-project v1.0.12
[INFO] [stderr]    Compiling flume v0.10.14
[INFO] [stderr]    Compiling exr v1.6.3
[INFO] [stderr]    Compiling image v0.24.6
[INFO] [stderr]    Compiling nalgebra v0.32.2
[INFO] [stderr]    Compiling feoray v0.0.14 (/opt/rustwide/workdir)
[INFO] [stderr]     Finished dev [optimized + debuginfo] target(s) in 16.55s
[INFO] running `Command { std: "docker" "inspect" "f8a67e0a64de8cdc618f7680793724dd69dec394b1b211bef4c0fef912727e23", kill_on_drop: false }`
[INFO] running `Command { std: "docker" "rm" "-f" "f8a67e0a64de8cdc618f7680793724dd69dec394b1b211bef4c0fef912727e23", kill_on_drop: false }`
[INFO] [stdout] f8a67e0a64de8cdc618f7680793724dd69dec394b1b211bef4c0fef912727e23
[INFO] running `Command { std: "docker" "create" "-v" "/var/lib/crater-agent-workspace/builds/worker-0-tc2/target:/opt/rustwide/target:rw,Z" "-v" "/var/lib/crater-agent-workspace/builds/worker-0-tc2/source:/opt/rustwide/workdir:ro,Z" "-v" "/var/lib/crater-agent-workspace/cargo-home:/opt/rustwide/cargo-home:ro,Z" "-v" "/var/lib/crater-agent-workspace/rustup-home:/opt/rustwide/rustup-home:ro,Z" "-e" "SOURCE_DIR=/opt/rustwide/workdir" "-e" "CARGO_TARGET_DIR=/opt/rustwide/target" "-e" "CARGO_INCREMENTAL=0" "-e" "RUST_BACKTRACE=full" "-e" "RUSTFLAGS=--cap-lints=warn" "-e" "RUSTDOCFLAGS=--cap-lints=warn" "-e" "CARGO_HOME=/opt/rustwide/cargo-home" "-e" "RUSTUP_HOME=/opt/rustwide/rustup-home" "-w" "/opt/rustwide/workdir" "-m" "1610612736" "--user" "0:0" "--network" "none" "ghcr.io/rust-lang/crates-build-env/linux@sha256:2788e3201cd34a07e3172128adcd8b3090168a8e3bcc40d7c032b9dda1df7d1c" "/opt/rustwide/cargo-home/bin/cargo" "+beta-2023-12-22" "test" "--frozen" "--no-run" "--message-format=json", kill_on_drop: false }`
[INFO] [stdout] 54ff6e60d29843c2e12802201f939f78b539425513a1e55f4a98c0dcd3588bf8
[INFO] running `Command { std: "docker" "start" "-a" "54ff6e60d29843c2e12802201f939f78b539425513a1e55f4a98c0dcd3588bf8", kill_on_drop: false }`
[INFO] [stderr] warning: unused manifest key: build
[INFO] [stderr]    Compiling assert_approx_eq v1.1.0
[INFO] [stderr]    Compiling feoray v0.0.14 (/opt/rustwide/workdir)
[INFO] [stdout] warning: unused import: `crate::materials::Pattern`
[INFO] [stdout]    --> src/core/world.rs:167:9
[INFO] [stdout]     |
[INFO] [stdout] 167 |     use crate::materials::Pattern;
[INFO] [stdout]     |         ^^^^^^^^^^^^^^^^^^^^^^^^^
[INFO] [stdout]     |
[INFO] [stdout]     = note: `#[warn(unused_imports)]` on by default
[INFO] [stdout] 
[INFO] [stdout] 
[INFO] [stdout] warning: 1 warning emitted
[INFO] [stdout] 
[INFO] [stdout] 
[INFO] [stderr]     Finished test [optimized + debuginfo] target(s) in 3.07s
[INFO] running `Command { std: "docker" "inspect" "54ff6e60d29843c2e12802201f939f78b539425513a1e55f4a98c0dcd3588bf8", kill_on_drop: false }`
[INFO] running `Command { std: "docker" "rm" "-f" "54ff6e60d29843c2e12802201f939f78b539425513a1e55f4a98c0dcd3588bf8", kill_on_drop: false }`
[INFO] [stdout] 54ff6e60d29843c2e12802201f939f78b539425513a1e55f4a98c0dcd3588bf8
[INFO] running `Command { std: "docker" "create" "-v" "/var/lib/crater-agent-workspace/builds/worker-0-tc2/target:/opt/rustwide/target:rw,Z" "-v" "/var/lib/crater-agent-workspace/builds/worker-0-tc2/source:/opt/rustwide/workdir:ro,Z" "-v" "/var/lib/crater-agent-workspace/cargo-home:/opt/rustwide/cargo-home:ro,Z" "-v" "/var/lib/crater-agent-workspace/rustup-home:/opt/rustwide/rustup-home:ro,Z" "-e" "SOURCE_DIR=/opt/rustwide/workdir" "-e" "CARGO_TARGET_DIR=/opt/rustwide/target" "-e" "CARGO_INCREMENTAL=0" "-e" "RUST_BACKTRACE=full" "-e" "RUSTFLAGS=--cap-lints=warn" "-e" "RUSTDOCFLAGS=--cap-lints=warn" "-e" "CARGO_HOME=/opt/rustwide/cargo-home" "-e" "RUSTUP_HOME=/opt/rustwide/rustup-home" "-w" "/opt/rustwide/workdir" "-m" "1610612736" "--user" "0:0" "--network" "none" "ghcr.io/rust-lang/crates-build-env/linux@sha256:2788e3201cd34a07e3172128adcd8b3090168a8e3bcc40d7c032b9dda1df7d1c" "/opt/rustwide/cargo-home/bin/cargo" "+beta-2023-12-22" "test" "--frozen", kill_on_drop: false }`
[INFO] [stdout] 50ca39967b65ece5b18c35976eb2c8fed4363a7d54bf989d0e9fe235b32014de
[INFO] running `Command { std: "docker" "start" "-a" "50ca39967b65ece5b18c35976eb2c8fed4363a7d54bf989d0e9fe235b32014de", kill_on_drop: false }`
[INFO] [stderr] warning: unused manifest key: build
[INFO] [stderr] warning: unused import: `crate::materials::Pattern`
[INFO] [stderr]    --> src/core/world.rs:167:9
[INFO] [stderr]     |
[INFO] [stderr] 167 |     use crate::materials::Pattern;
[INFO] [stderr]     |         ^^^^^^^^^^^^^^^^^^^^^^^^^
[INFO] [stderr]     |
[INFO] [stderr]     = note: `#[warn(unused_imports)]` on by default
[INFO] [stderr] 
[INFO] [stderr] warning: `feoray` (lib test) generated 1 warning (run `cargo fix --lib -p feoray --tests` to apply 1 suggestion)
[INFO] [stderr]     Finished test [optimized + debuginfo] target(s) in 0.07s
[INFO] [stderr]      Running unittests src/lib.rs (/opt/rustwide/target/debug/deps/feoray-51d0c1e6309a2ef3)
[INFO] [stdout] 
[INFO] [stdout] running 177 tests
[INFO] [stdout] test core::camera::tests::constructing_a_camera ... ok
[INFO] [stdout] test core::camera::tests::constructing_ray_through_corner_of_canvas ... ok
[INFO] [stdout] test core::canvas::tests::read_colour_at_pixel ... ok
[INFO] [stdout] test core::intersections::tests::aggregating_intersections ... ok
[INFO] [stdout] test core::intersections::tests::finding_n1_and_n2_at_various_intersections ... ok
[INFO] [stdout] test core::canvas::tests::write_colour_at_pixel ... ok
[INFO] [stdout] test core::colour::tests::test_colour_struct ... ok
[INFO] [stdout] test core::colour::tests::scale_colour ... ok
[INFO] [stdout] test core::colour::tests::multiply_colour_by_scalar ... ok
[INFO] [stdout] test core::colour::tests::multiply_colour_by_colour ... ok
[INFO] [stdout] test core::colour::tests::add_colours ... ok
[INFO] [stdout] test core::canvas::tests::new_black_canvas ... ok
[INFO] [stdout] test core::camera::tests::constructing_ray_when_camera_transformed ... ok
[INFO] [stdout] test core::camera::tests::pixel_size_for_vertical_canvas ... ok
[INFO] [stdout] test core::camera::tests::pixel_size_for_horizontal_canvas ... ok
[INFO] [stdout] test core::camera::tests::constructing_ray_through_centre_of_canvas ... ok
[INFO] [stdout] test core::intersections::tests::intersection_encapsulates_t_and_object ... ok
[INFO] [stdout] test core::intersections::tests::precomputing_reflection_vector ... ok
[INFO] [stdout] test core::intersections::tests::the_hit_when_all_ints_have_neg_t ... ok
[INFO] [stdout] test core::intersections::tests::under_point_is_offset_below_surface ... ok
[INFO] [stdout] test core::intersections::tests::precomputing_state_of_intersection ... ok
[INFO] [stdout] test core::intersections::tests::hit_when_intersection_occurs_inside ... ok
[INFO] [stdout] test core::intersections::tests::hit_should_offset_the_point ... ok
[INFO] [stdout] test core::intersections::tests::the_hit_always_the_lowest_pos_t ... ok
[INFO] [stdout] test core::camera::tests::rendering_world_with_camera ... ok
[INFO] [stdout] test core::intersections::tests::the_hit_when_all_ints_have_pos_t ... ok
[INFO] [stdout] test core::colour::tests::sub_colours ... ok
[INFO] [stdout] test core::intersections::tests::the_hit_when_some_ints_have_neg_t ... ok
[INFO] [stdout] test core::intersections::tests::hit_when_intersection_occurs_outside ... ok
[INFO] [stdout] test core::matrix::tests::create_3x3_matrix ... ok
[INFO] [stdout] test core::intersections::tests::intersect_sets_object_on_intersection ... ok
[INFO] [stdout] test core::matrix::tests::determinant_of_4x4 ... ok
[INFO] [stdout] test core::matrix::tests::invert_matrix1 ... ok
[INFO] [stdout] test core::matrix::tests::matrix_equality_different ... ok
[INFO] [stdout] test core::matrix::tests::matrix_equality_identical ... ok
[INFO] [stdout] test core::matrix::tests::create_2x2_matrix ... ok
[INFO] [stdout] test core::matrix::tests::determinant_of_2x2 ... ok
[INFO] [stdout] test core::precomp::tests::schlick_approximation_under_total_internal_reflection ... ok
[INFO] [stdout] test core::matrix::tests::transpose_matrix ... ok
[INFO] [stdout] test core::matrix::tests::multiply_product_by_inverse ... ok
[INFO] [stdout] test core::precomp::tests::schlick_approximation_with_perpendicular_viewing_angle ... ok
[INFO] [stdout] test core::rays::tests::create_and_query_ray ... ok
[INFO] [stdout] test core::precomp::tests::schlick_approximation_with_small_angle_and_n2_gt_n1 ... ok
[INFO] [stdout] test core::rays::tests::compute_point_from_dist ... ok
[INFO] [stdout] test core::transformers::tests::chained_transforms_ro ... ok
[INFO] [stdout] test core::transformers::tests::chained_transforms_using_builder ... ok
[INFO] [stdout] test core::transformers::tests::inv_rotate_around_x ... ok
[INFO] [stdout] test core::transformers::tests::mul_by_inv_of_matrix ... ok
[INFO] [stdout] test core::transformers::tests::mul_by_translation_matrix ... ok
[INFO] [stdout] test core::transformers::tests::mul_inv_of_scaling_matrix ... ok
[INFO] [stdout] test core::transformers::tests::reflection_is_scaling ... ok
[INFO] [stdout] test core::transformers::tests::rotating_point_around_x ... ok
[INFO] [stdout] test core::transformers::tests::rotating_point_around_z ... ok
[INFO] [stdout] test core::transformers::tests::scaling_point ... ok
[INFO] [stdout] test core::transformers::tests::shear_moves_x_ipt_y ... ok
[INFO] [stdout] test core::matrix::tests::multiplying_two_matrices ... ok
[INFO] [stdout] test core::transformers::tests::shear_moves_y_ipt_x ... ok
[INFO] [stdout] test core::transformers::tests::individual_transforms_in_sequence ... ok
[INFO] [stdout] test core::rays::tests::scaling_a_ray ... ok
[INFO] [stdout] test core::transformers::tests::rotating_point_around_y ... ok
[INFO] [stdout] test core::transformers::tests::scaling_vector ... ok
[INFO] [stdout] test core::transformers::tests::shear_moves_y_ipt_z ... ok
[INFO] [stdout] test core::matrix::tests::determinant_of_3x3 ... ok
[INFO] [stdout] test core::matrix::tests::invert_matrix2 ... ok
[INFO] [stdout] test core::transformers::tests::shear_moves_x_ipt_z ... ok
[INFO] [stdout] test core::matrix::tests::is_invertible ... ok
[INFO] [stdout] test core::matrix::tests::is_not_invertible ... ok
[INFO] [stdout] test core::matrix::tests::invert_matrix3 ... ok
[INFO] [stdout] test core::matrix::tests::matrix_multiplied_by_tuple1 ... ok
[INFO] [stdout] test core::rays::tests::translating_a_ray ... ok
[INFO] [stdout] test core::transformers::tests::arbitrary_view_transformation ... ok
[INFO] [stdout] test core::matrix::tests::multiply_matrix_by_identity ... ok
[INFO] [stdout] test core::transformers::tests::translation_not ... ok
[INFO] [stdout] test core::tuple::tests::coordinate_to_point ... ok
[INFO] [stdout] test core::transformers::tests::shear_moves_z_ipt_y ... ok
[INFO] [stdout] test core::transformers::tests::view_transformation_moves_the_world ... ok
[INFO] [stdout] test core::tuple::tests::divide_tuple_by_scalar ... ok
[INFO] [stdout] test core::tuple::tests::magnitude_of_vector5 ... ok
[INFO] [stdout] test core::tuple::tests::magnitude_of_vector4 ... ok
[INFO] [stdout] test core::tuple::tests::multiply_tuple_by_fraction ... ok
[INFO] [stdout] test core::tuple::tests::cross_product ... ok
[INFO] [stdout] test core::tuple::tests::normalise_vector1 ... ok
[INFO] [stdout] test core::transformers::tests::shear_moves_z_ipt_x ... ok
[INFO] [stdout] test core::tuple::tests::multiply_tuple_by_scalar ... ok
[INFO] [stdout] test core::tuple::tests::magnitude_of_vector3 ... ok
[INFO] [stdout] test core::tuple::tests::add_tuples ... ok
[INFO] [stdout] test core::transformers::tests::transformation_matrix_looking_positive_z ... ok
[INFO] [stdout] test core::transformers::tests::transformation_matrix_for_default_orientation ... ok
[INFO] [stdout] test core::tuple::tests::dot_product ... ok
[INFO] [stdout] test core::tuple::tests::negate_tuple ... ok
[INFO] [stdout] test core::tuple::tests::magnitude_of_normalised_vector ... ok
[INFO] [stdout] test core::tuple::tests::coordinate_to_vector ... ok
[INFO] [stdout] test core::tuple::tests::magnitude_of_vector1 ... ok
[INFO] [stdout] test core::tuple::tests::magnitude_of_vector2 ... ok
[INFO] [stdout] test core::tuple::tests::normalise_vector2 ... ok
[INFO] [stdout] test core::tuple::tests::sub_vec_from_point ... ok
[INFO] [stdout] test core::tuple::tests::reflecting_vector_approaching_at_45d ... ok
[INFO] [stdout] test core::tuple::tests::sub_vec_from_vec ... ok
[INFO] [stdout] test core::tuple::tests::reflecting_vector_off_slanted_surface ... ok
[INFO] [stdout] test core::world::tests::colour_when_ray_misses ... ok
[INFO] [stdout] test core::tuple::tests::sub_two_points ... ok
[INFO] [stdout] test core::world::tests::no_shadow_when_nothing_collinear_with_point_and_light ... ok
[INFO] [stdout] test core::tuple::tests::tuple_is_point ... ok
[INFO] [stdout] test core::world::tests::refracted_colour_at_max_recursive_depth ... ok
[INFO] [stdout] test core::world::tests::no_shadow_when_object_behind_light ... ok
[INFO] [stdout] test core::world::tests::reflected_colour_with_opaque_surface ... ok
[INFO] [stdout] test core::world::tests::creating_a_world ... ok
[INFO] [stdout] test lights::point_light::tests::point_light_has_position_and_intensity ... ok
[INFO] [stdout] test core::world::tests::colour_with_intersection_behind_ray ... ok
[INFO] [stdout] test core::world::tests::shadow_when_object_between_point_and_light ... ok
[INFO] [stdout] test core::world::tests::colour_when_ray_hits ... ok
[INFO] [stdout] test materials::materials::tests::lighting_with_eye_between_light_and_surface ... ok
[INFO] [stdout] test core::world::tests::no_shadow_when_object_behind_point ... ok
[INFO] [stdout] test core::world::tests::intersect_world_with_ray ... ok
[INFO] [stdout] test core::world::tests::refracted_colour_under_total_interal_reflection ... ok
[INFO] [stdout] test materials::materials::tests::default_material ... ok
[INFO] [stdout] test core::world::tests::reflected_colour_for_nonreflective_material ... ok
[INFO] [stdout] test core::world::tests::shading_intersection ... ok
[INFO] [stdout] test core::tuple::tests::tuple_is_vector ... ok
[INFO] [stdout] test core::world::tests::shading_intersection_from_inside ... ok
[INFO] [stdout] test core::world::tests::the_default_world ... ok
[INFO] [stdout] test core::world::tests::shade_hit_is_given_intersection_in_shadow ... ok
[INFO] [stdout] test materials::materials::tests::lighting_with_eye_between_light_and_surface_eye_offset_45d ... ok
[INFO] [stdout] test materials::materials::tests::lighting_with_light_behind_the_surface ... ok
[INFO] [stdout] test materials::materials::tests::reflectivity_for_default_material ... ok
[INFO] [stdout] test materials::materials::tests::lighting_with_eye_opposite_surface_light_offset_45d ... ok
[INFO] [stdout] test materials::patterns::tests::pattern_with_pattern_transformation ... ok
[INFO] [stdout] test materials::materials::tests::lightng_with_pattern_applied ... ok
[INFO] [stdout] test materials::patterns::tests::checkers_should_repeat_in_y ... ok
[INFO] [stdout] test materials::patterns::tests::pattern_with_both_object_and_pattern_transformations ... ok
[INFO] [stdout] test materials::patterns::tests::checkers_should_repeat_in_z ... ok
[INFO] [stdout] test materials::patterns::tests::creating_stripe_pattern ... ok
[INFO] [stdout] test materials::patterns::tests::checkers_should_repeat_in_x ... ok
[INFO] [stdout] test materials::patterns::tests::assigning_transform ... ok
[INFO] [stdout] test materials::patterns::tests::gradient_linearly_interpolates_between_colours ... ok
[INFO] [stdout] test materials::patterns::tests::default_pattern_transformation ... ok
[INFO] [stdout] test materials::patterns::tests::pattern_with_object_transformation ... ok
[INFO] [stdout] test materials::materials::tests::transparency_and_ior_for_default_material ... ok
[INFO] [stdout] test materials::materials::tests::lighting_with_surface_in_shadow ... ok
[INFO] [stdout] test materials::materials::tests::lighting_with_eye_in_path_of_reflection_vector ... ok
[INFO] [stdout] test materials::patterns::tests::stripe_pattern_alternates_in_x ... ok
[INFO] [stdout] test materials::patterns::tests::stripe_pattern_is_constant_in_y ... ok
[INFO] [stdout] test primitives::plane::tests::intersect_with_coplanar_ray ... ok
[INFO] [stdout] test materials::patterns::tests::stripes_with_object_transformation ... ok
[INFO] [stdout] test materials::patterns::tests::stripes_with_both_object_and_pattern_transformation ... ok
[INFO] [stdout] test primitives::plane::tests::intersect_with_ray_parallel_to_plane ... ok
[INFO] [stdout] test materials::patterns::tests::ring_should_extend_in_both_x_and_z ... ok
[INFO] [stdout] test materials::patterns::tests::stripes_with_pattern_transformation ... ok
[INFO] [stdout] test primitives::plane::tests::ray_intersecting_plane_from_above ... ok
[INFO] [stdout] test primitives::object::tests::the_default_transformation ... ok
[INFO] [stdout] test primitives::object::tests::a_spheres_default_transformation ... ok
[INFO] [stdout] test materials::patterns::tests::stripe_pattern_is_constant_in_z ... ok
[INFO] [stdout] test primitives::object::tests::assigning_a_transformation ... ok
[INFO] [stdout] test primitives::object::tests::changing_a_spheres_transform ... ok
[INFO] [stdout] test primitives::plane::tests::normal_of_plane_constant_everywhere ... ok
[INFO] [stdout] test primitives::plane::tests::ray_intersecting_plane_from_below ... ok
[INFO] [stdout] test primitives::sphere::tests::computing_normal_on_transformed_sphere ... ok
[INFO] [stdout] test primitives::sphere::tests::helper_for_producing_sphere_with_glassy_material ... ok
[INFO] [stdout] test primitives::sphere::tests::computing_normal_on_translated_sphere ... ok
[INFO] [stdout] test primitives::sphere::tests::normal_on_sphere_at_point_on_x_axis ... ok
[INFO] [stdout] test primitives::sphere::tests::intersecting_scaled_sphere_with_ray ... ok
[INFO] [stdout] test primitives::sphere::tests::intersecting_translated_sphere_with_ray ... ok
[INFO] [stdout] test primitives::sphere::tests::normal_on_sphere_at_nonaxial_point ... ok
[INFO] [stdout] test primitives::sphere::tests::normal_is_normalised_vector ... ok
[INFO] [stdout] test primitives::sphere::tests::ray_originates_inside_sphere ... ok
[INFO] [stdout] test primitives::sphere::tests::sphere_is_behind_ray ... ok
[INFO] [stdout] test primitives::sphere::tests::normal_on_sphere_at_point_on_y_axis ... ok
[INFO] [stdout] test primitives::sphere::tests::sphere_may_be_assigned_material ... ok
[INFO] [stdout] test primitives::sphere::tests::normal_on_sphere_at_point_on_z_axis ... ok
[INFO] [stdout] test primitives::sphere::tests::ray_misses_sphere ... ok
[INFO] [stdout] test primitives::sphere::tests::sphere_has_default_material ... ok
[INFO] [stdout] test primitives::sphere::tests::ray_intersects_sphere_2points ... ok
[INFO] [stdout] test primitives::test_shape::tests::intersecting_scaled_shape_with_ray ... ok
[INFO] [stdout] test primitives::test_shape::tests::sphere_has_default_material ... ok
[INFO] [stdout] test primitives::sphere::tests::ray_intersects_sphere_at_tangent ... ok
[INFO] [stdout] test primitives::test_shape::tests::sphere_may_be_assigned_material ... ok
[INFO] [stdout] test core::world::tests::reflected_colour_for_reflective_material ... FAILED
[INFO] [stderr] error: test failed, to rerun pass `--lib`
[INFO] [stdout] 
[INFO] [stdout] failures:
[INFO] [stdout] 
[INFO] [stdout] ---- core::world::tests::reflected_colour_for_reflective_material stdout ----
[INFO] [stdout] thread 'core::world::tests::reflected_colour_for_reflective_material' panicked at src/core/world.rs:345:9:
[INFO] [stdout] assertion `left == right` failed
[INFO] [stdout]   left: Colour { r: 0.05, g: 0.05, b: 0.05 }
[INFO] [stdout]  right: Colour { r: 0.19032, g: 0.2379, b: 0.14274 }
[INFO] [stdout] stack backtrace:
[INFO] [stdout]    0:     0x55f5b65194c6 - std::backtrace_rs::backtrace::libunwind::trace::h261606ad26a499c1
[INFO] [stdout]                                at /rustc/0e09125c6c3c2fd70d7de961bcf0e51575235fad/library/std/src/../../backtrace/src/backtrace/libunwind.rs:104:5
[INFO] [stdout]    1:     0x55f5b65194c6 - std::backtrace_rs::backtrace::trace_unsynchronized::hd183f0625477fb28
[INFO] [stdout]                                at /rustc/0e09125c6c3c2fd70d7de961bcf0e51575235fad/library/std/src/../../backtrace/src/backtrace/mod.rs:66:5
[INFO] [stdout]    2:     0x55f5b65194c6 - std::sys_common::backtrace::_print_fmt::hd7f8fef21b4eda67
[INFO] [stdout]                                at /rustc/0e09125c6c3c2fd70d7de961bcf0e51575235fad/library/std/src/sys_common/backtrace.rs:68:5
[INFO] [stdout]    3:     0x55f5b65194c6 - <std::sys_common::backtrace::_print::DisplayBacktrace as core::fmt::Display>::fmt::h623d9b51f2f453f1
[INFO] [stdout]                                at /rustc/0e09125c6c3c2fd70d7de961bcf0e51575235fad/library/std/src/sys_common/backtrace.rs:44:22
[INFO] [stdout]    4:     0x55f5b6542fc0 - core::fmt::rt::Argument::fmt::h9f417ac76a86f368
[INFO] [stdout]                                at /rustc/0e09125c6c3c2fd70d7de961bcf0e51575235fad/library/core/src/fmt/rt.rs:142:9
[INFO] [stdout]    5:     0x55f5b6542fc0 - core::fmt::write::hc9b6faf4ac2aeff7
[INFO] [stdout]                                at /rustc/0e09125c6c3c2fd70d7de961bcf0e51575235fad/library/core/src/fmt/mod.rs:1120:17
[INFO] [stdout]    6:     0x55f5b6516f2f - std::io::Write::write_fmt::he04625a3a989fec3
[INFO] [stdout]                                at /rustc/0e09125c6c3c2fd70d7de961bcf0e51575235fad/library/std/src/io/mod.rs:1810:15
[INFO] [stdout]    7:     0x55f5b65192a4 - std::sys_common::backtrace::_print::hd5d66399c7df88a2
[INFO] [stdout]                                at /rustc/0e09125c6c3c2fd70d7de961bcf0e51575235fad/library/std/src/sys_common/backtrace.rs:47:5
[INFO] [stdout]    8:     0x55f5b65192a4 - std::sys_common::backtrace::print::he81ed2da642d37e5
[INFO] [stdout]                                at /rustc/0e09125c6c3c2fd70d7de961bcf0e51575235fad/library/std/src/sys_common/backtrace.rs:34:9
[INFO] [stdout]    9:     0x55f5b651b017 - std::panicking::default_hook::{{closure}}::h85773f4fa117163d
[INFO] [stdout]   10:     0x55f5b651acfd - std::panicking::default_hook::h6a1694a91d09b278
[INFO] [stdout]                                at /rustc/0e09125c6c3c2fd70d7de961bcf0e51575235fad/library/std/src/panicking.rs:289:9
[INFO] [stdout]   11:     0x55f5b64e9c57 - <alloc::boxed::Box<F,A> as core::ops::function::Fn<Args>>::call::h616ac37fa3cd6c8f
[INFO] [stdout]                                at /rustc/0e09125c6c3c2fd70d7de961bcf0e51575235fad/library/alloc/src/boxed.rs:2029:9
[INFO] [stdout]   12:     0x55f5b64e9c57 - test::test_main::{{closure}}::h00d84697cefdcbb6
[INFO] [stdout]                                at /rustc/0e09125c6c3c2fd70d7de961bcf0e51575235fad/library/test/src/lib.rs:138:21
[INFO] [stdout]   13:     0x55f5b651b636 - <alloc::boxed::Box<F,A> as core::ops::function::Fn<Args>>::call::hcb3fe3b9bb537ba8
[INFO] [stdout]                                at /rustc/0e09125c6c3c2fd70d7de961bcf0e51575235fad/library/alloc/src/boxed.rs:2029:9
[INFO] [stdout]   14:     0x55f5b651b636 - std::panicking::rust_panic_with_hook::h0a7ad96e90f7145b
[INFO] [stdout]                                at /rustc/0e09125c6c3c2fd70d7de961bcf0e51575235fad/library/std/src/panicking.rs:783:13
[INFO] [stdout]   15:     0x55f5b651b382 - std::panicking::begin_panic_handler::{{closure}}::h7919090525c6485e
[INFO] [stdout]                                at /rustc/0e09125c6c3c2fd70d7de961bcf0e51575235fad/library/std/src/panicking.rs:657:13
[INFO] [stdout]   16:     0x55f5b65199c6 - std::sys_common::backtrace::__rust_end_short_backtrace::hf3289479464f7dfe
[INFO] [stdout]                                at /rustc/0e09125c6c3c2fd70d7de961bcf0e51575235fad/library/std/src/sys_common/backtrace.rs:171:18
[INFO] [stdout]   17:     0x55f5b651b0e0 - rust_begin_unwind
[INFO] [stdout]                                at /rustc/0e09125c6c3c2fd70d7de961bcf0e51575235fad/library/std/src/panicking.rs:645:5
[INFO] [stdout]   18:     0x55f5b6482175 - core::panicking::panic_fmt::hcc9f77c5c132af55
[INFO] [stdout]                                at /rustc/0e09125c6c3c2fd70d7de961bcf0e51575235fad/library/core/src/panicking.rs:72:14
[INFO] [stdout]   19:     0x55f5b64824fb - core::panicking::assert_failed_inner::h9f13e27dd63c3a08
[INFO] [stdout]                                at /rustc/0e09125c6c3c2fd70d7de961bcf0e51575235fad/library/core/src/panicking.rs:342:17
[INFO] [stdout]   20:     0x55f5b647d25f - core::panicking::assert_failed::h43f3dede24ec30d4
[INFO] [stdout]                                at /rustc/0e09125c6c3c2fd70d7de961bcf0e51575235fad/library/core/src/panicking.rs:297:5
[INFO] [stdout]   21:     0x55f5b648d6e3 - feoray::core::world::tests::reflected_colour_for_reflective_material::ha83ce55ea0aad8fb
[INFO] [stdout]                                at /opt/rustwide/workdir/src/core/world.rs:345:9
[INFO] [stdout]   22:     0x55f5b64958a9 - feoray::core::world::tests::reflected_colour_for_reflective_material::{{closure}}::h9ccdfb33b01fd1b6
[INFO] [stdout]                                at /opt/rustwide/workdir/src/core/world.rs:331:50
[INFO] [stdout]   23:     0x55f5b64958a9 - core::ops::function::FnOnce::call_once::h52d9e0455be51161
[INFO] [stdout]                                at /rustc/0e09125c6c3c2fd70d7de961bcf0e51575235fad/library/core/src/ops/function.rs:250:5
[INFO] [stdout]   24:     0x55f5b64ef52f - core::ops::function::FnOnce::call_once::hd64d26f405258157
[INFO] [stdout]                                at /rustc/0e09125c6c3c2fd70d7de961bcf0e51575235fad/library/core/src/ops/function.rs:250:5
[INFO] [stdout]   25:     0x55f5b64ef52f - test::__rust_begin_short_backtrace::he21b0b7a6d731bf9
[INFO] [stdout]                                at /rustc/0e09125c6c3c2fd70d7de961bcf0e51575235fad/library/test/src/lib.rs:627:18
[INFO] [stdout]   26:     0x55f5b64ee2b1 - test::run_test_in_process::{{closure}}::hf5c73986d7bdfde2
[INFO] [stdout]                                at /rustc/0e09125c6c3c2fd70d7de961bcf0e51575235fad/library/test/src/lib.rs:650:60
[INFO] [stdout]   27:     0x55f5b64ee2b1 - <core::panic::unwind_safe::AssertUnwindSafe<F> as core::ops::function::FnOnce<()>>::call_once::h330011ad032aadc0
[INFO] [stdout]                                at /rustc/0e09125c6c3c2fd70d7de961bcf0e51575235fad/library/core/src/panic/unwind_safe.rs:272:9
[INFO] [stdout]   28:     0x55f5b64ee2b1 - std::panicking::try::do_call::he61b0a958b795a41
[INFO] [stdout]                                at /rustc/0e09125c6c3c2fd70d7de961bcf0e51575235fad/library/std/src/panicking.rs:552:40
[INFO] [stdout]   29:     0x55f5b64ee2b1 - std::panicking::try::h7309da130f906eb7
[INFO] [stdout]                                at /rustc/0e09125c6c3c2fd70d7de961bcf0e51575235fad/library/std/src/panicking.rs:516:19
[INFO] [stdout]   30:     0x55f5b64ee2b1 - std::panic::catch_unwind::hc5c3a06fdaf0a92a
[INFO] [stdout]                                at /rustc/0e09125c6c3c2fd70d7de961bcf0e51575235fad/library/std/src/panic.rs:142:14
[INFO] [stdout]   31:     0x55f5b64ee2b1 - test::run_test_in_process::h7e7b7c71c3324e0f
[INFO] [stdout]                                at /rustc/0e09125c6c3c2fd70d7de961bcf0e51575235fad/library/test/src/lib.rs:650:27
[INFO] [stdout]   32:     0x55f5b64ee2b1 - test::run_test::{{closure}}::h1f509f28f5cf20b1
[INFO] [stdout]                                at /rustc/0e09125c6c3c2fd70d7de961bcf0e51575235fad/library/test/src/lib.rs:573:43
[INFO] [stdout]   33:     0x55f5b64b55e6 - test::run_test::{{closure}}::h1754218abf443f6d
[INFO] [stdout]                                at /rustc/0e09125c6c3c2fd70d7de961bcf0e51575235fad/library/test/src/lib.rs:601:41
[INFO] [stdout]   34:     0x55f5b64b55e6 - std::sys_common::backtrace::__rust_begin_short_backtrace::h2ee174b9d5954948
[INFO] [stdout]                                at /rustc/0e09125c6c3c2fd70d7de961bcf0e51575235fad/library/std/src/sys_common/backtrace.rs:155:18
[INFO] [stdout]   35:     0x55f5b64ba647 - std::thread::Builder::spawn_unchecked_::{{closure}}::{{closure}}::hf60bee9c1a17ef09
[INFO] [stdout]                                at /rustc/0e09125c6c3c2fd70d7de961bcf0e51575235fad/library/std/src/thread/mod.rs:529:17
[INFO] [stdout]   36:     0x55f5b64ba647 - <core::panic::unwind_safe::AssertUnwindSafe<F> as core::ops::function::FnOnce<()>>::call_once::h33d0dddec5216160
[INFO] [stdout]                                at /rustc/0e09125c6c3c2fd70d7de961bcf0e51575235fad/library/core/src/panic/unwind_safe.rs:272:9
[INFO] [stdout]   37:     0x55f5b64ba647 - std::panicking::try::do_call::h144b3048b546f835
[INFO] [stdout]                                at /rustc/0e09125c6c3c2fd70d7de961bcf0e51575235fad/library/std/src/panicking.rs:552:40
[INFO] [stdout]   38:     0x55f5b64ba647 - std::panicking::try::h978244d04646189f
[INFO] [stdout]                                at /rustc/0e09125c6c3c2fd70d7de961bcf0e51575235fad/library/std/src/panicking.rs:516:19
[INFO] [stdout]   39:     0x55f5b64ba647 - std::panic::catch_unwind::hdf436369d188fe86
[INFO] [stdout]                                at /rustc/0e09125c6c3c2fd70d7de961bcf0e51575235fad/library/std/src/panic.rs:142:14
[INFO] [stdout]   40:     0x55f5b64ba647 - std::thread::Builder::spawn_unchecked_::{{closure}}::h87329cbdd33c79ec
[INFO] [stdout]                                at /rustc/0e09125c6c3c2fd70d7de961bcf0e51575235fad/library/std/src/thread/mod.rs:528:30
[INFO] [stdout]   41:     0x55f5b64ba647 - core::ops::function::FnOnce::call_once{{vtable.shim}}::h401abbe67897d450
[INFO] [stdout]                                at /rustc/0e09125c6c3c2fd70d7de961bcf0e51575235fad/library/core/src/ops/function.rs:250:5
[INFO] [stdout]   42:     0x55f5b65200e5 - <alloc::boxed::Box<F,A> as core::ops::function::FnOnce<Args>>::call_once::h5d7c8f150ab9c84c
[INFO] [stdout]                                at /rustc/0e09125c6c3c2fd70d7de961bcf0e51575235fad/library/alloc/src/boxed.rs:2015:9
[INFO] [stdout]   43:     0x55f5b65200e5 - <alloc::boxed::Box<F,A> as core::ops::function::FnOnce<Args>>::call_once::h570d5b005c242c15
[INFO] [stdout]                                at /rustc/0e09125c6c3c2fd70d7de961bcf0e51575235fad/library/alloc/src/boxed.rs:2015:9
[INFO] [stdout]   44:     0x55f5b65200e5 - std::sys::unix::thread::Thread::new::thread_start::h36b0a20c0b2361ad
[INFO] [stdout]                                at /rustc/0e09125c6c3c2fd70d7de961bcf0e51575235fad/library/std/src/sys/unix/thread.rs:108:17
[INFO] [stdout]   45:     0x7fcaeed44ac3 - <unknown>
[INFO] [stdout]   46:     0x7fcaeedd5bf4 - __clone
[INFO] [stdout]   47:                0x0 - <unknown>
[INFO] [stdout] 
[INFO] [stdout] 
[INFO] [stdout] failures:
[INFO] [stdout]     core::world::tests::reflected_colour_for_reflective_material
[INFO] [stdout] 
[INFO] [stdout] test result: FAILED. 176 passed; 1 failed; 0 ignored; 0 measured; 0 filtered out; finished in 0.14s
[INFO] [stdout] 
[INFO] running `Command { std: "docker" "inspect" "50ca39967b65ece5b18c35976eb2c8fed4363a7d54bf989d0e9fe235b32014de", kill_on_drop: false }`
[INFO] running `Command { std: "docker" "rm" "-f" "50ca39967b65ece5b18c35976eb2c8fed4363a7d54bf989d0e9fe235b32014de", kill_on_drop: false }`
[INFO] [stdout] 50ca39967b65ece5b18c35976eb2c8fed4363a7d54bf989d0e9fe235b32014de
