[INFO] cloning repository https://github.com/wisbery/domrs
[INFO] running `Command { std: "git" "-c" "credential.helper=" "-c" "credential.helper=/workspace/cargo-home/bin/git-credential-null" "clone" "--bare" "https://github.com/wisbery/domrs" "/workspace/cache/git-repos/https%3A%2F%2Fgithub.com%2Fwisbery%2Fdomrs", kill_on_drop: false }`
[INFO] [stderr] Cloning into bare repository '/workspace/cache/git-repos/https%3A%2F%2Fgithub.com%2Fwisbery%2Fdomrs'...
[INFO] running `Command { std: "git" "rev-parse" "HEAD", kill_on_drop: false }`
[INFO] [stdout] 0eb0d2d1b321391b7d57f8bdb637adcdc9bd85f2
[INFO] testing wisbery/domrs against 1.75.0 for beta-1.76-1
[INFO] running `Command { std: "git" "clone" "/workspace/cache/git-repos/https%3A%2F%2Fgithub.com%2Fwisbery%2Fdomrs" "/workspace/builds/worker-2-tc1/source", kill_on_drop: false }`
[INFO] [stderr] Cloning into '/workspace/builds/worker-2-tc1/source'...
[INFO] [stderr] done.
[INFO] validating manifest of git repo https://github.com/wisbery/domrs on toolchain 1.75.0
[INFO] running `Command { std: CARGO_HOME="/workspace/cargo-home" RUSTUP_HOME="/workspace/rustup-home" "/workspace/cargo-home/bin/cargo" "+1.75.0" "metadata" "--manifest-path" "Cargo.toml" "--no-deps", kill_on_drop: false }`
[INFO] started tweaking git repo https://github.com/wisbery/domrs
[INFO] finished tweaking git repo https://github.com/wisbery/domrs
[INFO] tweaked toml for git repo https://github.com/wisbery/domrs written to /workspace/builds/worker-2-tc1/source/Cargo.toml
[INFO] crate git repo https://github.com/wisbery/domrs already has a lockfile, it will not be regenerated
[INFO] running `Command { std: CARGO_HOME="/workspace/cargo-home" RUSTUP_HOME="/workspace/rustup-home" "/workspace/cargo-home/bin/cargo" "+1.75.0" "fetch" "--manifest-path" "Cargo.toml", kill_on_drop: false }`
[INFO] running `Command { std: "docker" "create" "-v" "/var/lib/crater-agent-workspace/builds/worker-2-tc1/target:/opt/rustwide/target:rw,Z" "-v" "/var/lib/crater-agent-workspace/builds/worker-2-tc1/source:/opt/rustwide/workdir:ro,Z" "-v" "/var/lib/crater-agent-workspace/cargo-home:/opt/rustwide/cargo-home:ro,Z" "-v" "/var/lib/crater-agent-workspace/rustup-home:/opt/rustwide/rustup-home:ro,Z" "-e" "SOURCE_DIR=/opt/rustwide/workdir" "-e" "CARGO_TARGET_DIR=/opt/rustwide/target" "-e" "CARGO_HOME=/opt/rustwide/cargo-home" "-e" "RUSTUP_HOME=/opt/rustwide/rustup-home" "-w" "/opt/rustwide/workdir" "-m" "1610612736" "--user" "0:0" "--network" "none" "ghcr.io/rust-lang/crates-build-env/linux@sha256:2788e3201cd34a07e3172128adcd8b3090168a8e3bcc40d7c032b9dda1df7d1c" "/opt/rustwide/cargo-home/bin/cargo" "+1.75.0" "metadata" "--no-deps" "--format-version=1", kill_on_drop: false }`
[INFO] [stdout] 5a974fbfc278e32ca24760414db41f972db234085111bc4edeceb01d1dacc00a
[INFO] running `Command { std: "docker" "start" "-a" "5a974fbfc278e32ca24760414db41f972db234085111bc4edeceb01d1dacc00a", kill_on_drop: false }`
[INFO] running `Command { std: "docker" "inspect" "5a974fbfc278e32ca24760414db41f972db234085111bc4edeceb01d1dacc00a", kill_on_drop: false }`
[INFO] running `Command { std: "docker" "rm" "-f" "5a974fbfc278e32ca24760414db41f972db234085111bc4edeceb01d1dacc00a", kill_on_drop: false }`
[INFO] [stdout] 5a974fbfc278e32ca24760414db41f972db234085111bc4edeceb01d1dacc00a
[INFO] running `Command { std: "docker" "create" "-v" "/var/lib/crater-agent-workspace/builds/worker-2-tc1/target:/opt/rustwide/target:rw,Z" "-v" "/var/lib/crater-agent-workspace/builds/worker-2-tc1/source:/opt/rustwide/workdir:ro,Z" "-v" "/var/lib/crater-agent-workspace/cargo-home:/opt/rustwide/cargo-home:ro,Z" "-v" "/var/lib/crater-agent-workspace/rustup-home:/opt/rustwide/rustup-home:ro,Z" "-e" "SOURCE_DIR=/opt/rustwide/workdir" "-e" "CARGO_TARGET_DIR=/opt/rustwide/target" "-e" "CARGO_INCREMENTAL=0" "-e" "RUST_BACKTRACE=full" "-e" "RUSTFLAGS=--cap-lints=warn" "-e" "RUSTDOCFLAGS=--cap-lints=warn" "-e" "CARGO_HOME=/opt/rustwide/cargo-home" "-e" "RUSTUP_HOME=/opt/rustwide/rustup-home" "-w" "/opt/rustwide/workdir" "-m" "1610612736" "--user" "0:0" "--network" "none" "ghcr.io/rust-lang/crates-build-env/linux@sha256:2788e3201cd34a07e3172128adcd8b3090168a8e3bcc40d7c032b9dda1df7d1c" "/opt/rustwide/cargo-home/bin/cargo" "+1.75.0" "build" "--frozen" "--message-format=json", kill_on_drop: false }`
[INFO] [stdout] 7aebca4f474a3a761421803c11ab3db4c44a7fe5333177725dc6f82104d9446e
[INFO] running `Command { std: "docker" "start" "-a" "7aebca4f474a3a761421803c11ab3db4c44a7fe5333177725dc6f82104d9446e", kill_on_drop: false }`
[INFO] [stderr]    Compiling domrs v0.0.15 (/opt/rustwide/workdir)
[INFO] [stderr]     Finished dev [unoptimized + debuginfo] target(s) in 0.41s
[INFO] running `Command { std: "docker" "inspect" "7aebca4f474a3a761421803c11ab3db4c44a7fe5333177725dc6f82104d9446e", kill_on_drop: false }`
[INFO] running `Command { std: "docker" "rm" "-f" "7aebca4f474a3a761421803c11ab3db4c44a7fe5333177725dc6f82104d9446e", kill_on_drop: false }`
[INFO] [stdout] 7aebca4f474a3a761421803c11ab3db4c44a7fe5333177725dc6f82104d9446e
[INFO] running `Command { std: "docker" "create" "-v" "/var/lib/crater-agent-workspace/builds/worker-2-tc1/target:/opt/rustwide/target:rw,Z" "-v" "/var/lib/crater-agent-workspace/builds/worker-2-tc1/source:/opt/rustwide/workdir:ro,Z" "-v" "/var/lib/crater-agent-workspace/cargo-home:/opt/rustwide/cargo-home:ro,Z" "-v" "/var/lib/crater-agent-workspace/rustup-home:/opt/rustwide/rustup-home:ro,Z" "-e" "SOURCE_DIR=/opt/rustwide/workdir" "-e" "CARGO_TARGET_DIR=/opt/rustwide/target" "-e" "CARGO_INCREMENTAL=0" "-e" "RUST_BACKTRACE=full" "-e" "RUSTFLAGS=--cap-lints=warn" "-e" "RUSTDOCFLAGS=--cap-lints=warn" "-e" "CARGO_HOME=/opt/rustwide/cargo-home" "-e" "RUSTUP_HOME=/opt/rustwide/rustup-home" "-w" "/opt/rustwide/workdir" "-m" "1610612736" "--user" "0:0" "--network" "none" "ghcr.io/rust-lang/crates-build-env/linux@sha256:2788e3201cd34a07e3172128adcd8b3090168a8e3bcc40d7c032b9dda1df7d1c" "/opt/rustwide/cargo-home/bin/cargo" "+1.75.0" "test" "--frozen" "--no-run" "--message-format=json", kill_on_drop: false }`
[INFO] [stdout] dae55f56adf16e1f97dd76c6c8d7885dc0db6cffbc3b90db49671ec207a56dfe
[INFO] running `Command { std: "docker" "start" "-a" "dae55f56adf16e1f97dd76c6c8d7885dc0db6cffbc3b90db49671ec207a56dfe", kill_on_drop: false }`
[INFO] [stderr]    Compiling domrs v0.0.15 (/opt/rustwide/workdir)
[INFO] [stderr]     Finished test [unoptimized + debuginfo] target(s) in 0.92s
[INFO] running `Command { std: "docker" "inspect" "dae55f56adf16e1f97dd76c6c8d7885dc0db6cffbc3b90db49671ec207a56dfe", kill_on_drop: false }`
[INFO] running `Command { std: "docker" "rm" "-f" "dae55f56adf16e1f97dd76c6c8d7885dc0db6cffbc3b90db49671ec207a56dfe", kill_on_drop: false }`
[INFO] [stdout] dae55f56adf16e1f97dd76c6c8d7885dc0db6cffbc3b90db49671ec207a56dfe
[INFO] running `Command { std: "docker" "create" "-v" "/var/lib/crater-agent-workspace/builds/worker-2-tc1/target:/opt/rustwide/target:rw,Z" "-v" "/var/lib/crater-agent-workspace/builds/worker-2-tc1/source:/opt/rustwide/workdir:ro,Z" "-v" "/var/lib/crater-agent-workspace/cargo-home:/opt/rustwide/cargo-home:ro,Z" "-v" "/var/lib/crater-agent-workspace/rustup-home:/opt/rustwide/rustup-home:ro,Z" "-e" "SOURCE_DIR=/opt/rustwide/workdir" "-e" "CARGO_TARGET_DIR=/opt/rustwide/target" "-e" "CARGO_INCREMENTAL=0" "-e" "RUST_BACKTRACE=full" "-e" "RUSTFLAGS=--cap-lints=warn" "-e" "RUSTDOCFLAGS=--cap-lints=warn" "-e" "CARGO_HOME=/opt/rustwide/cargo-home" "-e" "RUSTUP_HOME=/opt/rustwide/rustup-home" "-w" "/opt/rustwide/workdir" "-m" "1610612736" "--user" "0:0" "--network" "none" "ghcr.io/rust-lang/crates-build-env/linux@sha256:2788e3201cd34a07e3172128adcd8b3090168a8e3bcc40d7c032b9dda1df7d1c" "/opt/rustwide/cargo-home/bin/cargo" "+1.75.0" "test" "--frozen", kill_on_drop: false }`
[INFO] [stdout] b32b2c7fd7b1bbd154ce9889a7e12e44c32e8d72237b6b8b89d26531c329ba8a
[INFO] running `Command { std: "docker" "start" "-a" "b32b2c7fd7b1bbd154ce9889a7e12e44c32e8d72237b6b8b89d26531c329ba8a", kill_on_drop: false }`
[INFO] [stderr]     Finished test [unoptimized + debuginfo] target(s) in 0.00s
[INFO] [stderr]      Running unittests src/lib.rs (/opt/rustwide/target/debug/deps/domrs-04edd8542fdcedcc)
[INFO] [stdout] 
[INFO] [stdout] running 1 test
[INFO] [stdout] test css::declarations::tests::display_should_work ... ok
[INFO] [stdout] 
[INFO] [stdout] test result: ok. 1 passed; 0 failed; 0 ignored; 0 measured; 0 filtered out; finished in 0.00s
[INFO] [stdout] 
[INFO] [stderr]      Running tests/mod.rs (/opt/rustwide/target/debug/deps/mod-eeddc0ef8365de9d)
[INFO] [stdout] 
[INFO] [stdout] running 83 tests
[INFO] [stdout] test css::colors::display_should_work ... ok
[INFO] [stdout] test css::colors::clone_should_work ... ok
[INFO] [stdout] test css::borders::display_should_work ... ok
[INFO] [stdout] test css::document::default_should_work ... ok
[INFO] [stdout] test css::document::adding_should_work ... ok
[INFO] [stdout] test css::document::display_should_work ... ok
[INFO] [stdout] test css::document::new_should_work ... ok
[INFO] [stdout] test css::element::display_should_work ... ok
[INFO] [stdout] test css::fonts::css_font_generic_family_tests::display_should_work ... ok
[INFO] [stdout] test css::fonts::css_font_style_tests::display_should_work ... ok
[INFO] [stdout] test css::group::display_should_work ... ok
[INFO] [stdout] test css::group::media_query_should_work ... ok
[INFO] [stdout] test css::numbers::display_should_work ... ok
[INFO] [stdout] test css::properties::clone_should_work ... ok
[INFO] [stdout] test css::properties::comparison_should_work ... ok
[INFO] [stdout] test css::properties::conversion_from_svg_attribute_should_work ... ok
[INFO] [stdout] test css::rules::display_should_work ... ok
[INFO] [stdout] test css::properties::display_should_work ... ok
[INFO] [stdout] test css::ruleset::adding_declarations_should_work ... ok
[INFO] [stdout] test css::ruleset::display_should_work ... ok
[INFO] [stdout] test css::selector::css_selector_part_tests::adding_class_should_work ... ok
[INFO] [stdout] test css::selector::css_selector_part_tests::adding_element_should_work ... ok
[INFO] [stdout] test css::selector::css_selector_part_tests::adding_mix_should_work ... ok
[INFO] [stdout] test css::ruleset::adding_multiple_declarations_should_work ... ok
[INFO] [stdout] test css::selector::css_selector_part_tests::new_should_work ... ok
[INFO] [stdout] test css::selector::css_selector_tests::adding_element_should_work ... ok
[INFO] [stdout] test css::selector::css_selector_part_tests::adding_multiple_elements_should_work ... ok
[INFO] [stdout] test css::selector::css_selector_tests::adding_multiple_classes_should_work ... ok
[INFO] [stdout] test css::selector::css_selector_part_tests::conversions_should_work ... ok
[INFO] [stdout] test css::selector::css_selector_tests::adding_mix_should_work ... ok
[INFO] [stdout] test css::selector::css_selector_tests::adding_multiple_elements_should_work ... ok
[INFO] [stdout] test css::selector::css_selector_tests::adding_part_should_work ... ok
[INFO] [stdout] test css::selector::css_selector_tests::conversions_should_work ... ok
[INFO] [stdout] test css::selector::css_selector_tests::new_should_work ... ok
[INFO] [stdout] test css::selector::css_selector_part_tests::adding_multiple_classes_should_work ... ok
[INFO] [stdout] test css::units::display_should_work ... ok
[INFO] [stdout] test html::attributes::debug_should_work ... ok
[INFO] [stdout] test html::document::custom_doctype_should_work ... ok
[INFO] [stdout] test css::selector::css_selector_tests::adding_class_should_work ... ok
[INFO] [stdout] test html::document::default_language_should_work ... ok
[INFO] [stdout] test html::document::custom_language_should_work ... ok
[INFO] [stdout] test html::document::default_namespace_should_work ... ok
[INFO] [stdout] test html::document::default_should_work ... ok
[INFO] [stdout] test html::document::html_document_advanced_should_work ... ok
[INFO] [stdout] test css::values::display_should_work ... ok
[INFO] [stdout] test html::document::html_document_empty_should_work ... ok
[INFO] [stdout] test html::document::custom_namespace_should_work ... ok
[INFO] [stdout] test html::document::html_document_with_head_and_body_should_work ... ok
[INFO] [stdout] test html::document::html_document_with_body_should_work ... ok
[INFO] [stdout] test css::values::conversion_should_work ... ok
[INFO] [stdout] test html::document::default_doctype_should_work ... ok
[INFO] [stdout] test html::document::html_document_with_head_should_work ... ok
[INFO] [stdout] test html::document::new_should_work ... ok
[INFO] [stdout] test html::elements::adding_children_should_work ... ok
[INFO] [stdout] test html::elements::setting_attribute_should_work ... ok
[INFO] [stdout] test html::elements::headings_should_work ... ok
[INFO] [stdout] test html::elements::adding_optional_child_should_work ... ok
[INFO] [stdout] test html::elements::setting_style_should_work ... ok
[INFO] [stdout] test html::elements::setting_class_should_work ... ok
[INFO] [stdout] test html::elements::setting_attribute_should_work_1 ... ok
[INFO] [stdout] test html::elements::div_should_work ... ok
[INFO] [stdout] test html::head::charset_should_work ... ok
[INFO] [stdout] test html::head::style_should_work ... ok
[INFO] [stdout] test html::head::link_should_work ... ok
[INFO] [stdout] test html::link::href_and_rel_should_work ... ok
[INFO] [stdout] test html::link::href_should_work ... ok
[INFO] [stdout] test html::link::rel_and_href_should_work ... ok
[INFO] [stdout] test html::link::default_should_work ... ok
[INFO] [stdout] test svg::attributes::comparing_should_work ... ok
[INFO] [stdout] test svg::attributes::display_should_work ... ok
[INFO] [stdout] test html::head::style_with_custom_indent_should_work ... ok
[INFO] [stdout] test html::head::default_should_work ... ok
[INFO] [stdout] test html::link::rel_should_work ... ok
[INFO] [stdout] test html::head::title_should_work ... ok
[INFO] [stdout] test svg::document::default_namespace_should_work ... ok
[INFO] [stdout] test svg::document::custom_namespace_should_work ... ok
[INFO] [stdout] test svg::document::default_should_work ... ok
[INFO] [stdout] test svg::document::new_should_work ... ok
[INFO] [stdout] test svg::document::view_box_should_work ... ok
[INFO] [stdout] test svg::document::width_and_height_should_work ... ok
[INFO] [stdout] test svg::numbers::conversions_should_work ... ok
[INFO] [stdout] test svg::numbers::display_should_work ... ok
[INFO] [stdout] test html::document::saving_html_document_to_file_should_work ... FAILED
[INFO] [stdout] 
[INFO] [stdout] failures:
[INFO] [stdout] 
[INFO] [stdout] ---- html::document::saving_html_document_to_file_should_work stdout ----
[INFO] [stdout] thread 'html::document::saving_html_document_to_file_should_work' panicked at tests/html/document.rs:89:44:
[INFO] [stdout] called `Result::unwrap()` on an `Err` value: Os { code: 30, kind: ReadOnlyFilesystem, message: "Read-only file system" }
[INFO] [stdout] stack backtrace:
[INFO] [stdout]    0:     0x55685c0a771c - std::backtrace_rs::backtrace::libunwind::trace::ha637c64ce894333a
[INFO] [stdout]                                at /rustc/82e1608dfa6e0b5569232559e3d385fea5a93112/library/std/src/../../backtrace/src/backtrace/libunwind.rs:104:5
[INFO] [stdout]    1:     0x55685c0a771c - std::backtrace_rs::backtrace::trace_unsynchronized::h47f62dea28e0c88d
[INFO] [stdout]                                at /rustc/82e1608dfa6e0b5569232559e3d385fea5a93112/library/std/src/../../backtrace/src/backtrace/mod.rs:66:5
[INFO] [stdout]    2:     0x55685c0a771c - std::sys_common::backtrace::_print_fmt::h9eef0abe20ede486
[INFO] [stdout]                                at /rustc/82e1608dfa6e0b5569232559e3d385fea5a93112/library/std/src/sys_common/backtrace.rs:67:5
[INFO] [stdout]    3:     0x55685c0a771c - <std::sys_common::backtrace::_print::DisplayBacktrace as core::fmt::Display>::fmt::hed7f999df88cc644
[INFO] [stdout]                                at /rustc/82e1608dfa6e0b5569232559e3d385fea5a93112/library/std/src/sys_common/backtrace.rs:44:22
[INFO] [stdout]    4:     0x55685c0d1260 - core::fmt::rt::Argument::fmt::h1539a9308b8d058d
[INFO] [stdout]                                at /rustc/82e1608dfa6e0b5569232559e3d385fea5a93112/library/core/src/fmt/rt.rs:142:9
[INFO] [stdout]    5:     0x55685c0d1260 - core::fmt::write::h3a39390d8560d9c9
[INFO] [stdout]                                at /rustc/82e1608dfa6e0b5569232559e3d385fea5a93112/library/core/src/fmt/mod.rs:1120:17
[INFO] [stdout]    6:     0x55685c0a506f - std::io::Write::write_fmt::h040b369f3a0f9cbc
[INFO] [stdout]                                at /rustc/82e1608dfa6e0b5569232559e3d385fea5a93112/library/std/src/io/mod.rs:1762:15
[INFO] [stdout]    7:     0x55685c0a7504 - std::sys_common::backtrace::_print::h894006fb5c6f3d45
[INFO] [stdout]                                at /rustc/82e1608dfa6e0b5569232559e3d385fea5a93112/library/std/src/sys_common/backtrace.rs:47:5
[INFO] [stdout]    8:     0x55685c0a7504 - std::sys_common::backtrace::print::h23a2d212c6fff936
[INFO] [stdout]                                at /rustc/82e1608dfa6e0b5569232559e3d385fea5a93112/library/std/src/sys_common/backtrace.rs:34:9
[INFO] [stdout]    9:     0x55685c0a91c7 - std::panicking::default_hook::{{closure}}::h8a1d2ee00185001a
[INFO] [stdout]   10:     0x55685c0a8eb3 - std::panicking::default_hook::h6038f2eba384e475
[INFO] [stdout]                                at /rustc/82e1608dfa6e0b5569232559e3d385fea5a93112/library/std/src/panicking.rs:289:9
[INFO] [stdout]   11:     0x55685c04a347 - <alloc::boxed::Box<F,A> as core::ops::function::Fn<Args>>::call::h0ad024c9bdc6d768
[INFO] [stdout]                                at /rustc/82e1608dfa6e0b5569232559e3d385fea5a93112/library/alloc/src/boxed.rs:2021:9
[INFO] [stdout]   12:     0x55685c04a347 - test::test_main::{{closure}}::h7500b54257359db6
[INFO] [stdout]                                at /rustc/82e1608dfa6e0b5569232559e3d385fea5a93112/library/test/src/lib.rs:138:21
[INFO] [stdout]   13:     0x55685c0a97d8 - <alloc::boxed::Box<F,A> as core::ops::function::Fn<Args>>::call::h1f8f335eaa9cfaee
[INFO] [stdout]                                at /rustc/82e1608dfa6e0b5569232559e3d385fea5a93112/library/alloc/src/boxed.rs:2021:9
[INFO] [stdout]   14:     0x55685c0a97d8 - std::panicking::rust_panic_with_hook::h2b5517d590cab22e
[INFO] [stdout]                                at /rustc/82e1608dfa6e0b5569232559e3d385fea5a93112/library/std/src/panicking.rs:783:13
[INFO] [stdout]   15:     0x55685c0a952e - std::panicking::begin_panic_handler::{{closure}}::h233112c06e0ef43e
[INFO] [stdout]                                at /rustc/82e1608dfa6e0b5569232559e3d385fea5a93112/library/std/src/panicking.rs:657:13
[INFO] [stdout]   16:     0x55685c0a7be6 - std::sys_common::backtrace::__rust_end_short_backtrace::h6e893f24d7ebbff8
[INFO] [stdout]                                at /rustc/82e1608dfa6e0b5569232559e3d385fea5a93112/library/std/src/sys_common/backtrace.rs:170:18
[INFO] [stdout]   17:     0x55685c0a9292 - rust_begin_unwind
[INFO] [stdout]                                at /rustc/82e1608dfa6e0b5569232559e3d385fea5a93112/library/std/src/panicking.rs:645:5
[INFO] [stdout]   18:     0x55685bfd9d95 - core::panicking::panic_fmt::hbf0e066aabfa482c
[INFO] [stdout]                                at /rustc/82e1608dfa6e0b5569232559e3d385fea5a93112/library/core/src/panicking.rs:72:14
[INFO] [stdout]   19:     0x55685bfda323 - core::result::unwrap_failed::hddb4fea594200c52
[INFO] [stdout]                                at /rustc/82e1608dfa6e0b5569232559e3d385fea5a93112/library/core/src/result.rs:1653:5
[INFO] [stdout]   20:     0x55685c00f92d - core::result::Result<T,E>::unwrap::h96da63ab40dab287
[INFO] [stdout]                                at /rustc/82e1608dfa6e0b5569232559e3d385fea5a93112/library/core/src/result.rs:1077:23
[INFO] [stdout]   21:     0x55685bffb70e - mod::html::document::saving_html_document_to_file_should_work::hf9337a97a58892eb
[INFO] [stdout]                                at /opt/rustwide/workdir/tests/html/document.rs:89:3
[INFO] [stdout]   22:     0x55685bffb547 - mod::html::document::saving_html_document_to_file_should_work::{{closure}}::h32005191e64e806f
[INFO] [stdout]                                at /opt/rustwide/workdir/tests/html/document.rs:82:46
[INFO] [stdout]   23:     0x55685c007216 - core::ops::function::FnOnce::call_once::hc71367a510fc9527
[INFO] [stdout]                                at /rustc/82e1608dfa6e0b5569232559e3d385fea5a93112/library/core/src/ops/function.rs:250:5
[INFO] [stdout]   24:     0x55685c04f99f - core::ops::function::FnOnce::call_once::h2b5d431d5046312d
[INFO] [stdout]                                at /rustc/82e1608dfa6e0b5569232559e3d385fea5a93112/library/core/src/ops/function.rs:250:5
[INFO] [stdout]   25:     0x55685c04f99f - test::__rust_begin_short_backtrace::h7714669af176e207
[INFO] [stdout]                                at /rustc/82e1608dfa6e0b5569232559e3d385fea5a93112/library/test/src/lib.rs:628:18
[INFO] [stdout]   26:     0x55685c04e9b5 - test::run_test_in_process::{{closure}}::h85218797dcbcec12
[INFO] [stdout]                                at /rustc/82e1608dfa6e0b5569232559e3d385fea5a93112/library/test/src/lib.rs:651:60
[INFO] [stdout]   27:     0x55685c04e9b5 - <core::panic::unwind_safe::AssertUnwindSafe<F> as core::ops::function::FnOnce<()>>::call_once::h76c106ea31c14d7b
[INFO] [stdout]                                at /rustc/82e1608dfa6e0b5569232559e3d385fea5a93112/library/core/src/panic/unwind_safe.rs:272:9
[INFO] [stdout]   28:     0x55685c04e9b5 - std::panicking::try::do_call::h3bd5d0f6620ee946
[INFO] [stdout]                                at /rustc/82e1608dfa6e0b5569232559e3d385fea5a93112/library/std/src/panicking.rs:552:40
[INFO] [stdout]   29:     0x55685c04e9b5 - std::panicking::try::h232e535e4744fe31
[INFO] [stdout]                                at /rustc/82e1608dfa6e0b5569232559e3d385fea5a93112/library/std/src/panicking.rs:516:19
[INFO] [stdout]   30:     0x55685c04e9b5 - std::panic::catch_unwind::h3ce3bd6ca8dbac68
[INFO] [stdout]                                at /rustc/82e1608dfa6e0b5569232559e3d385fea5a93112/library/std/src/panic.rs:142:14
[INFO] [stdout]   31:     0x55685c04e9b5 - test::run_test_in_process::hc97b257c9621286a
[INFO] [stdout]                                at /rustc/82e1608dfa6e0b5569232559e3d385fea5a93112/library/test/src/lib.rs:651:27
[INFO] [stdout]   32:     0x55685c04e9b5 - test::run_test::{{closure}}::h2aa798823a438d38
[INFO] [stdout]                                at /rustc/82e1608dfa6e0b5569232559e3d385fea5a93112/library/test/src/lib.rs:574:43
[INFO] [stdout]   33:     0x55685c016c76 - test::run_test::{{closure}}::h87d231c78fb59832
[INFO] [stdout]                                at /rustc/82e1608dfa6e0b5569232559e3d385fea5a93112/library/test/src/lib.rs:602:41
[INFO] [stdout]   34:     0x55685c016c76 - std::sys_common::backtrace::__rust_begin_short_backtrace::he6df152596625789
[INFO] [stdout]                                at /rustc/82e1608dfa6e0b5569232559e3d385fea5a93112/library/std/src/sys_common/backtrace.rs:154:18
[INFO] [stdout]   35:     0x55685c01bd27 - std::thread::Builder::spawn_unchecked_::{{closure}}::{{closure}}::ha94be15d1e0acf36
[INFO] [stdout]                                at /rustc/82e1608dfa6e0b5569232559e3d385fea5a93112/library/std/src/thread/mod.rs:529:17
[INFO] [stdout]   36:     0x55685c01bd27 - <core::panic::unwind_safe::AssertUnwindSafe<F> as core::ops::function::FnOnce<()>>::call_once::h9dc6bd6372f16606
[INFO] [stdout]                                at /rustc/82e1608dfa6e0b5569232559e3d385fea5a93112/library/core/src/panic/unwind_safe.rs:272:9
[INFO] [stdout]   37:     0x55685c01bd27 - std::panicking::try::do_call::h9057517f80303cd4
[INFO] [stdout]                                at /rustc/82e1608dfa6e0b5569232559e3d385fea5a93112/library/std/src/panicking.rs:552:40
[INFO] [stdout]   38:     0x55685c01bd27 - std::panicking::try::he3a30b11ee45340c
[INFO] [stdout]                                at /rustc/82e1608dfa6e0b5569232559e3d385fea5a93112/library/std/src/panicking.rs:516:19
[INFO] [stdout]   39:     0x55685c01bd27 - std::panic::catch_unwind::h410458cfd3528b8b
[INFO] [stdout]                                at /rustc/82e1608dfa6e0b5569232559e3d385fea5a93112/library/std/src/panic.rs:142:14
[INFO] [stdout]   40:     0x55685c01bd27 - std::thread::Builder::spawn_unchecked_::{{closure}}::h72ac3bdb567b737b
[INFO] [stdout]                                at /rustc/82e1608dfa6e0b5569232559e3d385fea5a93112/library/std/src/thread/mod.rs:528:30
[INFO] [stdout]   41:     0x55685c01bd27 - core::ops::function::FnOnce::call_once{{vtable.shim}}::h38f34da3654a8344
[INFO] [stdout]                                at /rustc/82e1608dfa6e0b5569232559e3d385fea5a93112/library/core/src/ops/function.rs:250:5
[INFO] [stdout]   42:     0x55685c0ae265 - <alloc::boxed::Box<F,A> as core::ops::function::FnOnce<Args>>::call_once::hc7eafaff61e32df9
[INFO] [stdout]                                at /rustc/82e1608dfa6e0b5569232559e3d385fea5a93112/library/alloc/src/boxed.rs:2007:9
[INFO] [stdout]   43:     0x55685c0ae265 - <alloc::boxed::Box<F,A> as core::ops::function::FnOnce<Args>>::call_once::h6ba4a5de48dd2304
[INFO] [stdout]                                at /rustc/82e1608dfa6e0b5569232559e3d385fea5a93112/library/alloc/src/boxed.rs:2007:9
[INFO] [stdout]   44:     0x55685c0ae265 - std::sys::unix::thread::Thread::new::thread_start::he469335aef763e45
[INFO] [stdout]                                at /rustc/82e1608dfa6e0b5569232559e3d385fea5a93112/library/std/src/sys/unix/thread.rs:108:17
[INFO] [stdout]   45:     0x7f936daf4ac3 - <unknown>
[INFO] [stdout]   46:     0x7f936db85bf4 - __clone
[INFO] [stdout]   47:                0x0 - <unknown>
[INFO] [stdout] 
[INFO] [stdout] 
[INFO] [stdout] failures:
[INFO] [stdout]     html::document::saving_html_document_to_file_should_work
[INFO] [stdout] 
[INFO] [stdout] test result: FAILED. 82 passed; 1 failed; 0 ignored; 0 measured; 0 filtered out; finished in 0.02s
[INFO] [stdout] 
[INFO] [stderr] error: test failed, to rerun pass `--test mod`
[INFO] running `Command { std: "docker" "inspect" "b32b2c7fd7b1bbd154ce9889a7e12e44c32e8d72237b6b8b89d26531c329ba8a", kill_on_drop: false }`
[INFO] running `Command { std: "docker" "rm" "-f" "b32b2c7fd7b1bbd154ce9889a7e12e44c32e8d72237b6b8b89d26531c329ba8a", kill_on_drop: false }`
[INFO] [stdout] b32b2c7fd7b1bbd154ce9889a7e12e44c32e8d72237b6b8b89d26531c329ba8a
[INFO] testing wisbery/domrs against beta-2023-12-22 for beta-1.76-1
[INFO] running `Command { std: "git" "clone" "/workspace/cache/git-repos/https%3A%2F%2Fgithub.com%2Fwisbery%2Fdomrs" "/workspace/builds/worker-2-tc2/source", kill_on_drop: false }`
[INFO] [stderr] Cloning into '/workspace/builds/worker-2-tc2/source'...
[INFO] [stderr] done.
[INFO] validating manifest of git repo https://github.com/wisbery/domrs on toolchain beta-2023-12-22
[INFO] running `Command { std: CARGO_HOME="/workspace/cargo-home" RUSTUP_HOME="/workspace/rustup-home" "/workspace/cargo-home/bin/cargo" "+beta-2023-12-22" "metadata" "--manifest-path" "Cargo.toml" "--no-deps", kill_on_drop: false }`
[INFO] started tweaking git repo https://github.com/wisbery/domrs
[INFO] finished tweaking git repo https://github.com/wisbery/domrs
[INFO] tweaked toml for git repo https://github.com/wisbery/domrs written to /workspace/builds/worker-2-tc2/source/Cargo.toml
[INFO] crate git repo https://github.com/wisbery/domrs already has a lockfile, it will not be regenerated
[INFO] running `Command { std: CARGO_HOME="/workspace/cargo-home" RUSTUP_HOME="/workspace/rustup-home" "/workspace/cargo-home/bin/cargo" "+beta-2023-12-22" "fetch" "--manifest-path" "Cargo.toml", kill_on_drop: false }`
[INFO] running `Command { std: "docker" "create" "-v" "/var/lib/crater-agent-workspace/builds/worker-2-tc2/target:/opt/rustwide/target:rw,Z" "-v" "/var/lib/crater-agent-workspace/builds/worker-2-tc2/source:/opt/rustwide/workdir:ro,Z" "-v" "/var/lib/crater-agent-workspace/cargo-home:/opt/rustwide/cargo-home:ro,Z" "-v" "/var/lib/crater-agent-workspace/rustup-home:/opt/rustwide/rustup-home:ro,Z" "-e" "SOURCE_DIR=/opt/rustwide/workdir" "-e" "CARGO_TARGET_DIR=/opt/rustwide/target" "-e" "CARGO_HOME=/opt/rustwide/cargo-home" "-e" "RUSTUP_HOME=/opt/rustwide/rustup-home" "-w" "/opt/rustwide/workdir" "-m" "1610612736" "--user" "0:0" "--network" "none" "ghcr.io/rust-lang/crates-build-env/linux@sha256:2788e3201cd34a07e3172128adcd8b3090168a8e3bcc40d7c032b9dda1df7d1c" "/opt/rustwide/cargo-home/bin/cargo" "+beta-2023-12-22" "metadata" "--no-deps" "--format-version=1", kill_on_drop: false }`
[INFO] [stdout] 0c7d92b1b1d6731d34c0674a922b6cde7733084494c5b873252e3ec6daa97ae6
[INFO] running `Command { std: "docker" "start" "-a" "0c7d92b1b1d6731d34c0674a922b6cde7733084494c5b873252e3ec6daa97ae6", kill_on_drop: false }`
[INFO] running `Command { std: "docker" "inspect" "0c7d92b1b1d6731d34c0674a922b6cde7733084494c5b873252e3ec6daa97ae6", kill_on_drop: false }`
[INFO] running `Command { std: "docker" "rm" "-f" "0c7d92b1b1d6731d34c0674a922b6cde7733084494c5b873252e3ec6daa97ae6", kill_on_drop: false }`
[INFO] [stdout] 0c7d92b1b1d6731d34c0674a922b6cde7733084494c5b873252e3ec6daa97ae6
[INFO] running `Command { std: "docker" "create" "-v" "/var/lib/crater-agent-workspace/builds/worker-2-tc2/target:/opt/rustwide/target:rw,Z" "-v" "/var/lib/crater-agent-workspace/builds/worker-2-tc2/source:/opt/rustwide/workdir:ro,Z" "-v" "/var/lib/crater-agent-workspace/cargo-home:/opt/rustwide/cargo-home:ro,Z" "-v" "/var/lib/crater-agent-workspace/rustup-home:/opt/rustwide/rustup-home:ro,Z" "-e" "SOURCE_DIR=/opt/rustwide/workdir" "-e" "CARGO_TARGET_DIR=/opt/rustwide/target" "-e" "CARGO_INCREMENTAL=0" "-e" "RUST_BACKTRACE=full" "-e" "RUSTFLAGS=--cap-lints=warn" "-e" "RUSTDOCFLAGS=--cap-lints=warn" "-e" "CARGO_HOME=/opt/rustwide/cargo-home" "-e" "RUSTUP_HOME=/opt/rustwide/rustup-home" "-w" "/opt/rustwide/workdir" "-m" "1610612736" "--user" "0:0" "--network" "none" "ghcr.io/rust-lang/crates-build-env/linux@sha256:2788e3201cd34a07e3172128adcd8b3090168a8e3bcc40d7c032b9dda1df7d1c" "/opt/rustwide/cargo-home/bin/cargo" "+beta-2023-12-22" "build" "--frozen" "--message-format=json", kill_on_drop: false }`
[INFO] [stdout] d55a6049e56acde96aa776391a52224ca64d94f70b04494340434fb9f4cd3fa8
[INFO] running `Command { std: "docker" "start" "-a" "d55a6049e56acde96aa776391a52224ca64d94f70b04494340434fb9f4cd3fa8", kill_on_drop: false }`
[INFO] [stderr]    Compiling domrs v0.0.15 (/opt/rustwide/workdir)
[INFO] [stderr]     Finished dev [unoptimized + debuginfo] target(s) in 0.45s
[INFO] running `Command { std: "docker" "inspect" "d55a6049e56acde96aa776391a52224ca64d94f70b04494340434fb9f4cd3fa8", kill_on_drop: false }`
[INFO] running `Command { std: "docker" "rm" "-f" "d55a6049e56acde96aa776391a52224ca64d94f70b04494340434fb9f4cd3fa8", kill_on_drop: false }`
[INFO] [stdout] d55a6049e56acde96aa776391a52224ca64d94f70b04494340434fb9f4cd3fa8
[INFO] running `Command { std: "docker" "create" "-v" "/var/lib/crater-agent-workspace/builds/worker-2-tc2/target:/opt/rustwide/target:rw,Z" "-v" "/var/lib/crater-agent-workspace/builds/worker-2-tc2/source:/opt/rustwide/workdir:ro,Z" "-v" "/var/lib/crater-agent-workspace/cargo-home:/opt/rustwide/cargo-home:ro,Z" "-v" "/var/lib/crater-agent-workspace/rustup-home:/opt/rustwide/rustup-home:ro,Z" "-e" "SOURCE_DIR=/opt/rustwide/workdir" "-e" "CARGO_TARGET_DIR=/opt/rustwide/target" "-e" "CARGO_INCREMENTAL=0" "-e" "RUST_BACKTRACE=full" "-e" "RUSTFLAGS=--cap-lints=warn" "-e" "RUSTDOCFLAGS=--cap-lints=warn" "-e" "CARGO_HOME=/opt/rustwide/cargo-home" "-e" "RUSTUP_HOME=/opt/rustwide/rustup-home" "-w" "/opt/rustwide/workdir" "-m" "1610612736" "--user" "0:0" "--network" "none" "ghcr.io/rust-lang/crates-build-env/linux@sha256:2788e3201cd34a07e3172128adcd8b3090168a8e3bcc40d7c032b9dda1df7d1c" "/opt/rustwide/cargo-home/bin/cargo" "+beta-2023-12-22" "test" "--frozen" "--no-run" "--message-format=json", kill_on_drop: false }`
[INFO] [stdout] 09711c3a9928bc8a9b3265735e6c7168ba2b6efa74bc6679317a1b7b90d8911f
[INFO] running `Command { std: "docker" "start" "-a" "09711c3a9928bc8a9b3265735e6c7168ba2b6efa74bc6679317a1b7b90d8911f", kill_on_drop: false }`
[INFO] [stderr]    Compiling domrs v0.0.15 (/opt/rustwide/workdir)
[INFO] [stderr]     Finished test [unoptimized + debuginfo] target(s) in 0.75s
[INFO] running `Command { std: "docker" "inspect" "09711c3a9928bc8a9b3265735e6c7168ba2b6efa74bc6679317a1b7b90d8911f", kill_on_drop: false }`
[INFO] running `Command { std: "docker" "rm" "-f" "09711c3a9928bc8a9b3265735e6c7168ba2b6efa74bc6679317a1b7b90d8911f", kill_on_drop: false }`
[INFO] [stdout] 09711c3a9928bc8a9b3265735e6c7168ba2b6efa74bc6679317a1b7b90d8911f
[INFO] running `Command { std: "docker" "create" "-v" "/var/lib/crater-agent-workspace/builds/worker-2-tc2/target:/opt/rustwide/target:rw,Z" "-v" "/var/lib/crater-agent-workspace/builds/worker-2-tc2/source:/opt/rustwide/workdir:ro,Z" "-v" "/var/lib/crater-agent-workspace/cargo-home:/opt/rustwide/cargo-home:ro,Z" "-v" "/var/lib/crater-agent-workspace/rustup-home:/opt/rustwide/rustup-home:ro,Z" "-e" "SOURCE_DIR=/opt/rustwide/workdir" "-e" "CARGO_TARGET_DIR=/opt/rustwide/target" "-e" "CARGO_INCREMENTAL=0" "-e" "RUST_BACKTRACE=full" "-e" "RUSTFLAGS=--cap-lints=warn" "-e" "RUSTDOCFLAGS=--cap-lints=warn" "-e" "CARGO_HOME=/opt/rustwide/cargo-home" "-e" "RUSTUP_HOME=/opt/rustwide/rustup-home" "-w" "/opt/rustwide/workdir" "-m" "1610612736" "--user" "0:0" "--network" "none" "ghcr.io/rust-lang/crates-build-env/linux@sha256:2788e3201cd34a07e3172128adcd8b3090168a8e3bcc40d7c032b9dda1df7d1c" "/opt/rustwide/cargo-home/bin/cargo" "+beta-2023-12-22" "test" "--frozen", kill_on_drop: false }`
[INFO] [stdout] 53f986b64d4844d2d0e9513b08cb62a04359e881c2cbcd3db05923179b49a85c
[INFO] running `Command { std: "docker" "start" "-a" "53f986b64d4844d2d0e9513b08cb62a04359e881c2cbcd3db05923179b49a85c", kill_on_drop: false }`
[INFO] [stderr]     Finished test [unoptimized + debuginfo] target(s) in 0.00s
[INFO] [stderr]      Running unittests src/lib.rs (/opt/rustwide/target/debug/deps/domrs-67ab0cbbb2e30a06)
[INFO] [stdout] 
[INFO] [stdout] running 1 test
[INFO] [stdout] test css::declarations::tests::display_should_work ... ok
[INFO] [stdout] 
[INFO] [stdout] test result: ok. 1 passed; 0 failed; 0 ignored; 0 measured; 0 filtered out; finished in 0.00s
[INFO] [stdout] 
[INFO] [stderr]      Running tests/mod.rs (/opt/rustwide/target/debug/deps/mod-b1468e63f26fc148)
[INFO] [stdout] 
[INFO] [stdout] running 83 tests
[INFO] [stdout] test css::colors::clone_should_work ... ok
[INFO] [stdout] test css::borders::display_should_work ... ok
[INFO] [stdout] test css::colors::display_should_work ... ok
[INFO] [stdout] test css::document::default_should_work ... ok
[INFO] [stdout] test css::document::new_should_work ... ok
[INFO] [stdout] test css::document::adding_should_work ... ok
[INFO] [stdout] test css::document::display_should_work ... ok
[INFO] [stdout] test css::element::display_should_work ... ok
[INFO] [stdout] test css::fonts::css_font_generic_family_tests::display_should_work ... ok
[INFO] [stdout] test css::fonts::css_font_style_tests::display_should_work ... ok
[INFO] [stdout] test css::group::display_should_work ... ok
[INFO] [stdout] test css::group::media_query_should_work ... ok
[INFO] [stdout] test css::numbers::display_should_work ... ok
[INFO] [stdout] test css::properties::clone_should_work ... ok
[INFO] [stdout] test css::properties::comparison_should_work ... ok
[INFO] [stdout] test css::properties::conversion_from_svg_attribute_should_work ... ok
[INFO] [stdout] test css::rules::display_should_work ... ok
[INFO] [stdout] test css::ruleset::adding_declarations_should_work ... ok
[INFO] [stdout] test css::ruleset::display_should_work ... ok
[INFO] [stdout] test css::selector::css_selector_part_tests::adding_class_should_work ... ok
[INFO] [stdout] test css::selector::css_selector_part_tests::adding_element_should_work ... ok
[INFO] [stdout] test css::selector::css_selector_part_tests::adding_mix_should_work ... ok
[INFO] [stdout] test css::selector::css_selector_part_tests::adding_multiple_classes_should_work ... ok
[INFO] [stdout] test css::selector::css_selector_part_tests::new_should_work ... ok
[INFO] [stdout] test css::ruleset::adding_multiple_declarations_should_work ... ok
[INFO] [stdout] test css::selector::css_selector_part_tests::adding_multiple_elements_should_work ... ok
[INFO] [stdout] test css::selector::css_selector_tests::adding_class_should_work ... ok
[INFO] [stdout] test css::selector::css_selector_tests::adding_multiple_classes_should_work ... ok
[INFO] [stdout] test css::selector::css_selector_tests::adding_element_should_work ... ok
[INFO] [stdout] test css::selector::css_selector_tests::adding_multiple_elements_should_work ... ok
[INFO] [stdout] test css::selector::css_selector_tests::adding_mix_should_work ... ok
[INFO] [stdout] test css::properties::display_should_work ... ok
[INFO] [stdout] test css::selector::css_selector_tests::conversions_should_work ... ok
[INFO] [stdout] test css::selector::css_selector_tests::new_should_work ... ok
[INFO] [stdout] test css::selector::css_selector_tests::adding_part_should_work ... ok
[INFO] [stdout] test html::attributes::debug_should_work ... ok
[INFO] [stdout] test css::units::display_should_work ... ok
[INFO] [stdout] test html::document::custom_doctype_should_work ... ok
[INFO] [stdout] test html::document::custom_language_should_work ... ok
[INFO] [stdout] test html::document::custom_namespace_should_work ... ok
[INFO] [stdout] test html::document::default_doctype_should_work ... ok
[INFO] [stdout] test css::values::conversion_should_work ... ok
[INFO] [stdout] test html::document::default_should_work ... ok
[INFO] [stdout] test html::document::html_document_advanced_should_work ... ok
[INFO] [stdout] test css::selector::css_selector_part_tests::conversions_should_work ... ok
[INFO] [stdout] test css::values::display_should_work ... ok
[INFO] [stdout] test html::document::default_namespace_should_work ... ok
[INFO] [stdout] test html::document::default_language_should_work ... ok
[INFO] [stdout] test html::document::html_document_empty_should_work ... ok
[INFO] [stdout] test html::document::html_document_with_body_should_work ... ok
[INFO] [stdout] test html::document::html_document_with_head_and_body_should_work ... ok
[INFO] [stdout] test html::document::html_document_with_head_should_work ... ok
[INFO] [stdout] test html::document::new_should_work ... ok
[INFO] [stdout] test html::elements::adding_children_should_work ... ok
[INFO] [stdout] test html::elements::adding_optional_child_should_work ... ok
[INFO] [stdout] test html::elements::setting_attribute_should_work ... ok
[INFO] [stdout] test html::elements::div_should_work ... ok
[INFO] [stdout] test html::elements::setting_style_should_work ... ok
[INFO] [stdout] test html::elements::setting_attribute_should_work_1 ... ok
[INFO] [stdout] test html::head::charset_should_work ... ok
[INFO] [stdout] test html::head::default_should_work ... ok
[INFO] [stdout] test html::head::link_should_work ... ok
[INFO] [stdout] test html::elements::setting_class_should_work ... ok
[INFO] [stdout] test html::head::style_should_work ... ok
[INFO] [stdout] test html::link::href_should_work ... ok
[INFO] [stdout] test html::link::rel_and_href_should_work ... ok
[INFO] [stdout] test html::head::style_with_custom_indent_should_work ... ok
[INFO] [stdout] test html::link::rel_should_work ... ok
[INFO] [stdout] test html::head::title_should_work ... ok
[INFO] [stdout] test html::link::href_and_rel_should_work ... ok
[INFO] [stdout] test html::link::default_should_work ... ok
[INFO] [stdout] test html::elements::headings_should_work ... ok
[INFO] [stdout] test svg::attributes::display_should_work ... ok
[INFO] [stdout] test svg::document::custom_namespace_should_work ... ok
[INFO] [stdout] test svg::document::default_namespace_should_work ... ok
[INFO] [stdout] test svg::attributes::comparing_should_work ... ok
[INFO] [stdout] test svg::document::default_should_work ... ok
[INFO] [stdout] test svg::document::new_should_work ... ok
[INFO] [stdout] test svg::document::view_box_should_work ... ok
[INFO] [stdout] test svg::document::width_and_height_should_work ... ok
[INFO] [stdout] test svg::numbers::display_should_work ... ok
[INFO] [stdout] test svg::numbers::conversions_should_work ... ok
[INFO] [stdout] test html::document::saving_html_document_to_file_should_work ... FAILED
[INFO] [stdout] 
[INFO] [stdout] failures:
[INFO] [stdout] 
[INFO] [stdout] ---- html::document::saving_html_document_to_file_should_work stdout ----
[INFO] [stdout] thread 'html::document::saving_html_document_to_file_should_work' panicked at tests/html/document.rs:89:44:
[INFO] [stdout] called `Result::unwrap()` on an `Err` value: Os { code: 30, kind: ReadOnlyFilesystem, message: "Read-only file system" }
[INFO] [stdout] stack backtrace:
[INFO] [stdout]    0:     0x55a81c8cedb6 - std::backtrace_rs::backtrace::libunwind::trace::h261606ad26a499c1
[INFO] [stdout]                                at /rustc/0e09125c6c3c2fd70d7de961bcf0e51575235fad/library/std/src/../../backtrace/src/backtrace/libunwind.rs:104:5
[INFO] [stdout]    1:     0x55a81c8cedb6 - std::backtrace_rs::backtrace::trace_unsynchronized::hd183f0625477fb28
[INFO] [stdout]                                at /rustc/0e09125c6c3c2fd70d7de961bcf0e51575235fad/library/std/src/../../backtrace/src/backtrace/mod.rs:66:5
[INFO] [stdout]    2:     0x55a81c8cedb6 - std::sys_common::backtrace::_print_fmt::hd7f8fef21b4eda67
[INFO] [stdout]                                at /rustc/0e09125c6c3c2fd70d7de961bcf0e51575235fad/library/std/src/sys_common/backtrace.rs:68:5
[INFO] [stdout]    3:     0x55a81c8cedb6 - <std::sys_common::backtrace::_print::DisplayBacktrace as core::fmt::Display>::fmt::h623d9b51f2f453f1
[INFO] [stdout]                                at /rustc/0e09125c6c3c2fd70d7de961bcf0e51575235fad/library/std/src/sys_common/backtrace.rs:44:22
[INFO] [stdout]    4:     0x55a81c8f7c00 - core::fmt::rt::Argument::fmt::h9f417ac76a86f368
[INFO] [stdout]                                at /rustc/0e09125c6c3c2fd70d7de961bcf0e51575235fad/library/core/src/fmt/rt.rs:142:9
[INFO] [stdout]    5:     0x55a81c8f7c00 - core::fmt::write::hc9b6faf4ac2aeff7
[INFO] [stdout]                                at /rustc/0e09125c6c3c2fd70d7de961bcf0e51575235fad/library/core/src/fmt/mod.rs:1120:17
[INFO] [stdout]    6:     0x55a81c8cc7bf - std::io::Write::write_fmt::he04625a3a989fec3
[INFO] [stdout]                                at /rustc/0e09125c6c3c2fd70d7de961bcf0e51575235fad/library/std/src/io/mod.rs:1810:15
[INFO] [stdout]    7:     0x55a81c8ceb94 - std::sys_common::backtrace::_print::hd5d66399c7df88a2
[INFO] [stdout]                                at /rustc/0e09125c6c3c2fd70d7de961bcf0e51575235fad/library/std/src/sys_common/backtrace.rs:47:5
[INFO] [stdout]    8:     0x55a81c8ceb94 - std::sys_common::backtrace::print::he81ed2da642d37e5
[INFO] [stdout]                                at /rustc/0e09125c6c3c2fd70d7de961bcf0e51575235fad/library/std/src/sys_common/backtrace.rs:34:9
[INFO] [stdout]    9:     0x55a81c8d0907 - std::panicking::default_hook::{{closure}}::h85773f4fa117163d
[INFO] [stdout]   10:     0x55a81c8d05ed - std::panicking::default_hook::h6a1694a91d09b278
[INFO] [stdout]                                at /rustc/0e09125c6c3c2fd70d7de961bcf0e51575235fad/library/std/src/panicking.rs:289:9
[INFO] [stdout]   11:     0x55a81c871177 - <alloc::boxed::Box<F,A> as core::ops::function::Fn<Args>>::call::h616ac37fa3cd6c8f
[INFO] [stdout]                                at /rustc/0e09125c6c3c2fd70d7de961bcf0e51575235fad/library/alloc/src/boxed.rs:2029:9
[INFO] [stdout]   12:     0x55a81c871177 - test::test_main::{{closure}}::h00d84697cefdcbb6
[INFO] [stdout]                                at /rustc/0e09125c6c3c2fd70d7de961bcf0e51575235fad/library/test/src/lib.rs:138:21
[INFO] [stdout]   13:     0x55a81c8d0f26 - <alloc::boxed::Box<F,A> as core::ops::function::Fn<Args>>::call::hcb3fe3b9bb537ba8
[INFO] [stdout]                                at /rustc/0e09125c6c3c2fd70d7de961bcf0e51575235fad/library/alloc/src/boxed.rs:2029:9
[INFO] [stdout]   14:     0x55a81c8d0f26 - std::panicking::rust_panic_with_hook::h0a7ad96e90f7145b
[INFO] [stdout]                                at /rustc/0e09125c6c3c2fd70d7de961bcf0e51575235fad/library/std/src/panicking.rs:783:13
[INFO] [stdout]   15:     0x55a81c8d0c72 - std::panicking::begin_panic_handler::{{closure}}::h7919090525c6485e
[INFO] [stdout]                                at /rustc/0e09125c6c3c2fd70d7de961bcf0e51575235fad/library/std/src/panicking.rs:657:13
[INFO] [stdout]   16:     0x55a81c8cf2b6 - std::sys_common::backtrace::__rust_end_short_backtrace::hf3289479464f7dfe
[INFO] [stdout]                                at /rustc/0e09125c6c3c2fd70d7de961bcf0e51575235fad/library/std/src/sys_common/backtrace.rs:171:18
[INFO] [stdout]   17:     0x55a81c8d09d0 - rust_begin_unwind
[INFO] [stdout]                                at /rustc/0e09125c6c3c2fd70d7de961bcf0e51575235fad/library/std/src/panicking.rs:645:5
[INFO] [stdout]   18:     0x55a81c7ffd85 - core::panicking::panic_fmt::hcc9f77c5c132af55
[INFO] [stdout]                                at /rustc/0e09125c6c3c2fd70d7de961bcf0e51575235fad/library/core/src/panicking.rs:72:14
[INFO] [stdout]   19:     0x55a81c800323 - core::result::unwrap_failed::hbe14f498be1452f9
[INFO] [stdout]                                at /rustc/0e09125c6c3c2fd70d7de961bcf0e51575235fad/library/core/src/result.rs:1649:5
[INFO] [stdout]   20:     0x55a81c82df5d - core::result::Result<T,E>::unwrap::h13ccd3707ffa0c26
[INFO] [stdout]                                at /rustc/0e09125c6c3c2fd70d7de961bcf0e51575235fad/library/core/src/result.rs:1073:23
[INFO] [stdout]   21:     0x55a81c821d1e - mod::html::document::saving_html_document_to_file_should_work::h142004a57775bada
[INFO] [stdout]                                at /opt/rustwide/workdir/tests/html/document.rs:89:3
[INFO] [stdout]   22:     0x55a81c821b57 - mod::html::document::saving_html_document_to_file_should_work::{{closure}}::h9720eec19a2bc6be
[INFO] [stdout]                                at /opt/rustwide/workdir/tests/html/document.rs:82:46
[INFO] [stdout]   23:     0x55a81c82d896 - core::ops::function::FnOnce::call_once::hdeebe8b740382e84
[INFO] [stdout]                                at /rustc/0e09125c6c3c2fd70d7de961bcf0e51575235fad/library/core/src/ops/function.rs:250:5
[INFO] [stdout]   24:     0x55a81c876a4f - core::ops::function::FnOnce::call_once::hd64d26f405258157
[INFO] [stdout]                                at /rustc/0e09125c6c3c2fd70d7de961bcf0e51575235fad/library/core/src/ops/function.rs:250:5
[INFO] [stdout]   25:     0x55a81c876a4f - test::__rust_begin_short_backtrace::he21b0b7a6d731bf9
[INFO] [stdout]                                at /rustc/0e09125c6c3c2fd70d7de961bcf0e51575235fad/library/test/src/lib.rs:627:18
[INFO] [stdout]   26:     0x55a81c8757d1 - test::run_test_in_process::{{closure}}::hf5c73986d7bdfde2
[INFO] [stdout]                                at /rustc/0e09125c6c3c2fd70d7de961bcf0e51575235fad/library/test/src/lib.rs:650:60
[INFO] [stdout]   27:     0x55a81c8757d1 - <core::panic::unwind_safe::AssertUnwindSafe<F> as core::ops::function::FnOnce<()>>::call_once::h330011ad032aadc0
[INFO] [stdout]                                at /rustc/0e09125c6c3c2fd70d7de961bcf0e51575235fad/library/core/src/panic/unwind_safe.rs:272:9
[INFO] [stdout]   28:     0x55a81c8757d1 - std::panicking::try::do_call::he61b0a958b795a41
[INFO] [stdout]                                at /rustc/0e09125c6c3c2fd70d7de961bcf0e51575235fad/library/std/src/panicking.rs:552:40
[INFO] [stdout]   29:     0x55a81c8757d1 - std::panicking::try::h7309da130f906eb7
[INFO] [stdout]                                at /rustc/0e09125c6c3c2fd70d7de961bcf0e51575235fad/library/std/src/panicking.rs:516:19
[INFO] [stdout]   30:     0x55a81c8757d1 - std::panic::catch_unwind::hc5c3a06fdaf0a92a
[INFO] [stdout]                                at /rustc/0e09125c6c3c2fd70d7de961bcf0e51575235fad/library/std/src/panic.rs:142:14
[INFO] [stdout]   31:     0x55a81c8757d1 - test::run_test_in_process::h7e7b7c71c3324e0f
[INFO] [stdout]                                at /rustc/0e09125c6c3c2fd70d7de961bcf0e51575235fad/library/test/src/lib.rs:650:27
[INFO] [stdout]   32:     0x55a81c8757d1 - test::run_test::{{closure}}::h1f509f28f5cf20b1
[INFO] [stdout]                                at /rustc/0e09125c6c3c2fd70d7de961bcf0e51575235fad/library/test/src/lib.rs:573:43
[INFO] [stdout]   33:     0x55a81c83cb06 - test::run_test::{{closure}}::h1754218abf443f6d
[INFO] [stdout]                                at /rustc/0e09125c6c3c2fd70d7de961bcf0e51575235fad/library/test/src/lib.rs:601:41
[INFO] [stdout]   34:     0x55a81c83cb06 - std::sys_common::backtrace::__rust_begin_short_backtrace::h2ee174b9d5954948
[INFO] [stdout]                                at /rustc/0e09125c6c3c2fd70d7de961bcf0e51575235fad/library/std/src/sys_common/backtrace.rs:155:18
[INFO] [stdout]   35:     0x55a81c841b67 - std::thread::Builder::spawn_unchecked_::{{closure}}::{{closure}}::hf60bee9c1a17ef09
[INFO] [stdout]                                at /rustc/0e09125c6c3c2fd70d7de961bcf0e51575235fad/library/std/src/thread/mod.rs:529:17
[INFO] [stdout]   36:     0x55a81c841b67 - <core::panic::unwind_safe::AssertUnwindSafe<F> as core::ops::function::FnOnce<()>>::call_once::h33d0dddec5216160
[INFO] [stdout]                                at /rustc/0e09125c6c3c2fd70d7de961bcf0e51575235fad/library/core/src/panic/unwind_safe.rs:272:9
[INFO] [stdout]   37:     0x55a81c841b67 - std::panicking::try::do_call::h144b3048b546f835
[INFO] [stdout]                                at /rustc/0e09125c6c3c2fd70d7de961bcf0e51575235fad/library/std/src/panicking.rs:552:40
[INFO] [stdout]   38:     0x55a81c841b67 - std::panicking::try::h978244d04646189f
[INFO] [stdout]                                at /rustc/0e09125c6c3c2fd70d7de961bcf0e51575235fad/library/std/src/panicking.rs:516:19
[INFO] [stdout]   39:     0x55a81c841b67 - std::panic::catch_unwind::hdf436369d188fe86
[INFO] [stdout]                                at /rustc/0e09125c6c3c2fd70d7de961bcf0e51575235fad/library/std/src/panic.rs:142:14
[INFO] [stdout]   40:     0x55a81c841b67 - std::thread::Builder::spawn_unchecked_::{{closure}}::h87329cbdd33c79ec
[INFO] [stdout]                                at /rustc/0e09125c6c3c2fd70d7de961bcf0e51575235fad/library/std/src/thread/mod.rs:528:30
[INFO] [stdout]   41:     0x55a81c841b67 - core::ops::function::FnOnce::call_once{{vtable.shim}}::h401abbe67897d450
[INFO] [stdout]                                at /rustc/0e09125c6c3c2fd70d7de961bcf0e51575235fad/library/core/src/ops/function.rs:250:5
[INFO] [stdout]   42:     0x55a81c8d59d5 - <alloc::boxed::Box<F,A> as core::ops::function::FnOnce<Args>>::call_once::h5d7c8f150ab9c84c
[INFO] [stdout]                                at /rustc/0e09125c6c3c2fd70d7de961bcf0e51575235fad/library/alloc/src/boxed.rs:2015:9
[INFO] [stdout]   43:     0x55a81c8d59d5 - <alloc::boxed::Box<F,A> as core::ops::function::FnOnce<Args>>::call_once::h570d5b005c242c15
[INFO] [stdout]                                at /rustc/0e09125c6c3c2fd70d7de961bcf0e51575235fad/library/alloc/src/boxed.rs:2015:9
[INFO] [stdout]   44:     0x55a81c8d59d5 - std::sys::unix::thread::Thread::new::thread_start::h36b0a20c0b2361ad
[INFO] [stdout]                                at /rustc/0e09125c6c3c2fd70d7de961bcf0e51575235fad/library/std/src/sys/unix/thread.rs:108:17
[INFO] [stdout]   45:     0x7f38d2979ac3 - <unknown>
[INFO] [stdout]   46:     0x7f38d2a0abf4 - __clone
[INFO] [stdout]   47:                0x0 - <unknown>
[INFO] [stdout] 
[INFO] [stdout] 
[INFO] [stdout] failures:
[INFO] [stdout]     html::document::saving_html_document_to_file_should_work
[INFO] [stdout] 
[INFO] [stdout] test result: FAILED. 82 passed; 1 failed; 0 ignored; 0 measured; 0 filtered out; finished in 0.02s
[INFO] [stdout] 
[INFO] [stderr] error: test failed, to rerun pass `--test mod`
[INFO] running `Command { std: "docker" "inspect" "53f986b64d4844d2d0e9513b08cb62a04359e881c2cbcd3db05923179b49a85c", kill_on_drop: false }`
[INFO] running `Command { std: "docker" "rm" "-f" "53f986b64d4844d2d0e9513b08cb62a04359e881c2cbcd3db05923179b49a85c", kill_on_drop: false }`
[INFO] [stdout] 53f986b64d4844d2d0e9513b08cb62a04359e881c2cbcd3db05923179b49a85c
