[INFO] cloning repository https://github.com/winksaville/rust-binance-auto-sell
[INFO] running `Command { std: "git" "-c" "credential.helper=" "-c" "credential.helper=/workspace/cargo-home/bin/git-credential-null" "clone" "--bare" "https://github.com/winksaville/rust-binance-auto-sell" "/workspace/cache/git-repos/https%3A%2F%2Fgithub.com%2Fwinksaville%2Frust-binance-auto-sell", kill_on_drop: false }`
[INFO] [stderr] Cloning into bare repository '/workspace/cache/git-repos/https%3A%2F%2Fgithub.com%2Fwinksaville%2Frust-binance-auto-sell'...
[INFO] running `Command { std: "git" "rev-parse" "HEAD", kill_on_drop: false }`
[INFO] [stdout] 4f73af5481eabc08f26e37a0e75c20a2ffa7bc8d
[INFO] testing winksaville/rust-binance-auto-sell against 1.75.0 for beta-1.76-1
[INFO] running `Command { std: "git" "clone" "/workspace/cache/git-repos/https%3A%2F%2Fgithub.com%2Fwinksaville%2Frust-binance-auto-sell" "/workspace/builds/worker-2-tc1/source", kill_on_drop: false }`
[INFO] [stderr] Cloning into '/workspace/builds/worker-2-tc1/source'...
[INFO] [stderr] done.
[INFO] validating manifest of git repo https://github.com/winksaville/rust-binance-auto-sell on toolchain 1.75.0
[INFO] running `Command { std: CARGO_HOME="/workspace/cargo-home" RUSTUP_HOME="/workspace/rustup-home" "/workspace/cargo-home/bin/cargo" "+1.75.0" "metadata" "--manifest-path" "Cargo.toml" "--no-deps", kill_on_drop: false }`
[INFO] removed /workspace/builds/worker-2-tc1/source/rust-toolchain.toml
[INFO] started tweaking git repo https://github.com/winksaville/rust-binance-auto-sell
[INFO] finished tweaking git repo https://github.com/winksaville/rust-binance-auto-sell
[INFO] tweaked toml for git repo https://github.com/winksaville/rust-binance-auto-sell written to /workspace/builds/worker-2-tc1/source/Cargo.toml
[INFO] crate git repo https://github.com/winksaville/rust-binance-auto-sell already has a lockfile, it will not be regenerated
[INFO] running `Command { std: CARGO_HOME="/workspace/cargo-home" RUSTUP_HOME="/workspace/rustup-home" "/workspace/cargo-home/bin/cargo" "+1.75.0" "fetch" "--manifest-path" "Cargo.toml", kill_on_drop: false }`
[INFO] [stderr]     Updating git repository `https://github.com/winksaville/dec-utils`
[INFO] [stderr]     Updating crates.io index
[INFO] [stderr]     Updating git repository `https://github.com/winksaville/serde-utc-time-ms`
[INFO] [stderr]     Updating git repository `https://github.com/winksaville/taxbitrec`
[INFO] [stderr]     Updating git repository `https://github.com/winksaville/time-ms-conversions`
[INFO] [stderr]     Updating git repository `https://github.com/winksaville/tokentaxrec`
[INFO] [stderr]  Downloading crates ...
[INFO] [stderr]   Downloaded rusty-money v0.4.1
[INFO] [stderr]   Downloaded separator v0.4.1
[INFO] [stderr]   Downloaded assert_cmd v2.0.7
[INFO] [stderr]   Downloaded enum-iterator-derive v1.1.0
[INFO] [stderr]   Downloaded vergen v7.5.0
[INFO] [stderr]   Downloaded enum-iterator v1.2.0
[INFO] [stderr]   Downloaded sysinfo v0.27.2
[INFO] running `Command { std: "docker" "create" "-v" "/var/lib/crater-agent-workspace/builds/worker-2-tc1/target:/opt/rustwide/target:rw,Z" "-v" "/var/lib/crater-agent-workspace/builds/worker-2-tc1/source:/opt/rustwide/workdir:ro,Z" "-v" "/var/lib/crater-agent-workspace/cargo-home:/opt/rustwide/cargo-home:ro,Z" "-v" "/var/lib/crater-agent-workspace/rustup-home:/opt/rustwide/rustup-home:ro,Z" "-e" "SOURCE_DIR=/opt/rustwide/workdir" "-e" "CARGO_TARGET_DIR=/opt/rustwide/target" "-e" "CARGO_HOME=/opt/rustwide/cargo-home" "-e" "RUSTUP_HOME=/opt/rustwide/rustup-home" "-w" "/opt/rustwide/workdir" "-m" "1610612736" "--user" "0:0" "--network" "none" "ghcr.io/rust-lang/crates-build-env/linux@sha256:2788e3201cd34a07e3172128adcd8b3090168a8e3bcc40d7c032b9dda1df7d1c" "/opt/rustwide/cargo-home/bin/cargo" "+1.75.0" "metadata" "--no-deps" "--format-version=1", kill_on_drop: false }`
[INFO] [stdout] 79cdce045e54e698f6a4ea051606a727456c11814bba27fd015ccd62fdd17df0
[INFO] running `Command { std: "docker" "start" "-a" "79cdce045e54e698f6a4ea051606a727456c11814bba27fd015ccd62fdd17df0", kill_on_drop: false }`
[INFO] running `Command { std: "docker" "inspect" "79cdce045e54e698f6a4ea051606a727456c11814bba27fd015ccd62fdd17df0", kill_on_drop: false }`
[INFO] running `Command { std: "docker" "rm" "-f" "79cdce045e54e698f6a4ea051606a727456c11814bba27fd015ccd62fdd17df0", kill_on_drop: false }`
[INFO] [stdout] 79cdce045e54e698f6a4ea051606a727456c11814bba27fd015ccd62fdd17df0
[INFO] running `Command { std: "docker" "create" "-v" "/var/lib/crater-agent-workspace/builds/worker-2-tc1/target:/opt/rustwide/target:rw,Z" "-v" "/var/lib/crater-agent-workspace/builds/worker-2-tc1/source:/opt/rustwide/workdir:ro,Z" "-v" "/var/lib/crater-agent-workspace/cargo-home:/opt/rustwide/cargo-home:ro,Z" "-v" "/var/lib/crater-agent-workspace/rustup-home:/opt/rustwide/rustup-home:ro,Z" "-e" "SOURCE_DIR=/opt/rustwide/workdir" "-e" "CARGO_TARGET_DIR=/opt/rustwide/target" "-e" "CARGO_INCREMENTAL=0" "-e" "RUST_BACKTRACE=full" "-e" "RUSTFLAGS=--cap-lints=warn" "-e" "RUSTDOCFLAGS=--cap-lints=warn" "-e" "CARGO_HOME=/opt/rustwide/cargo-home" "-e" "RUSTUP_HOME=/opt/rustwide/rustup-home" "-w" "/opt/rustwide/workdir" "-m" "1610612736" "--user" "0:0" "--network" "none" "ghcr.io/rust-lang/crates-build-env/linux@sha256:2788e3201cd34a07e3172128adcd8b3090168a8e3bcc40d7c032b9dda1df7d1c" "/opt/rustwide/cargo-home/bin/cargo" "+1.75.0" "build" "--frozen" "--message-format=json", kill_on_drop: false }`
[INFO] [stdout] ab616a6ecc5120bdbda670e94098397534501326cd11e15b157065ec78a977f9
[INFO] running `Command { std: "docker" "start" "-a" "ab616a6ecc5120bdbda670e94098397534501326cd11e15b157065ec78a977f9", kill_on_drop: false }`
[INFO] [stderr]    Compiling libc v0.2.139
[INFO] [stderr]    Compiling autocfg v1.1.0
[INFO] [stderr]    Compiling proc-macro2 v1.0.49
[INFO] [stderr]    Compiling unicode-ident v1.0.6
[INFO] [stderr]    Compiling quote v1.0.23
[INFO] [stderr]    Compiling syn v1.0.107
[INFO] [stderr]    Compiling cfg-if v1.0.0
[INFO] [stderr]    Compiling pkg-config v0.3.26
[INFO] [stderr]    Compiling itoa v1.0.5
[INFO] [stderr]    Compiling version_check v0.9.4
[INFO] [stderr]    Compiling memchr v2.5.0
[INFO] [stderr]    Compiling serde_derive v1.0.152
[INFO] [stderr]    Compiling serde v1.0.152
[INFO] [stderr]    Compiling once_cell v1.17.0
[INFO] [stderr]    Compiling num-traits v0.2.15
[INFO] [stderr]    Compiling log v0.4.17
[INFO] [stderr]    Compiling lock_api v0.4.7
[INFO] [stderr]    Compiling bitflags v1.3.2
[INFO] [stderr]    Compiling parking_lot_core v0.9.3
[INFO] [stderr]    Compiling pin-project-lite v0.2.9
[INFO] [stderr]    Compiling jobserver v0.1.25
[INFO] [stderr]    Compiling scopeguard v1.1.0
[INFO] [stderr]    Compiling tinyvec_macros v0.1.0
[INFO] [stderr]    Compiling bytes v1.3.0
[INFO] [stderr]    Compiling smallvec v1.9.0
[INFO] [stderr]    Compiling ryu v1.0.12
[INFO] [stderr]    Compiling futures-core v0.3.23
[INFO] [stderr]    Compiling cc v1.0.78
[INFO] [stderr]    Compiling tinyvec v1.6.0
[INFO] [stderr]    Compiling tokio v1.23.1
[INFO] [stderr]    Compiling serde_json v1.0.91
[INFO] [stderr]    Compiling rustversion v1.0.11
[INFO] [stderr]    Compiling percent-encoding v2.2.0
[INFO] [stderr]    Compiling typenum v1.15.0
[INFO] [stderr]    Compiling form_urlencoded v1.1.0
[INFO] [stderr]    Compiling parking_lot v0.12.1
[INFO] [stderr]    Compiling mio v0.8.4
[INFO] [stderr]    Compiling num_cpus v1.15.0
[INFO] [stderr]    Compiling socket2 v0.4.7
[INFO] [stderr]    Compiling signal-hook-registry v1.4.0
[INFO] [stderr]    Compiling proc-macro-error-attr v1.0.4
[INFO] [stderr]    Compiling openssl-sys v0.9.80
[INFO] [stderr]    Compiling libz-sys v1.1.8
[INFO] [stderr]    Compiling unicode-normalization v0.1.22
[INFO] [stderr]    Compiling generic-array v0.14.6
[INFO] [stderr]    Compiling indexmap v1.9.2
[INFO] [stderr]    Compiling num-integer v0.1.45
[INFO] [stderr]    Compiling rust_decimal v1.27.0
[INFO] [stderr]    Compiling futures-task v0.3.23
[INFO] [stderr]    Compiling anyhow v1.0.68
[INFO] [stderr]    Compiling unicode-bidi v0.3.8
[INFO] [stderr]    Compiling libgit2-sys v0.14.0+1.5.0
[INFO] [stderr]    Compiling tracing-core v0.1.29
[INFO] [stderr]    Compiling idna v0.3.0
[INFO] [stderr]    Compiling proc-macro-error v1.0.4
[INFO] [stderr]    Compiling slab v0.4.7
[INFO] [stderr]    Compiling semver v1.0.16
[INFO] [stderr]    Compiling hashbrown v0.12.3
[INFO] [stderr]    Compiling fnv v1.0.7
[INFO] [stderr]    Compiling time-core v0.1.0
[INFO] [stderr]    Compiling openssl v0.10.45
[INFO] [stderr]    Compiling arrayvec v0.7.2
[INFO] [stderr]    Compiling futures-util v0.3.23
[INFO] [stderr]    Compiling foreign-types-shared v0.1.1
[INFO] [stderr]    Compiling foreign-types v0.3.2
[INFO] [stderr]    Compiling http v0.2.8
[INFO] [stderr]    Compiling time v0.3.17
[INFO] [stderr]    Compiling url v2.3.1
[INFO] [stderr]    Compiling tracing v0.1.36
[INFO] [stderr]    Compiling time v0.1.44
[INFO] [stderr]    Compiling futures-channel v0.3.23
[INFO] [stderr]    Compiling httparse v1.7.1
[INFO] [stderr]    Compiling pin-utils v0.1.0
[INFO] [stderr]    Compiling native-tls v0.2.11
[INFO] [stderr]    Compiling thiserror v1.0.38
[INFO] [stderr]    Compiling iana-time-zone v0.1.53
[INFO] [stderr]    Compiling futures-sink v0.3.23
[INFO] [stderr]    Compiling chrono v0.4.23
[INFO] [stderr]    Compiling vergen v7.5.0
[INFO] [stderr]    Compiling rust_decimal_macros v1.27.0
[INFO] [stderr]    Compiling openssl-probe v0.1.5
[INFO] [stderr]    Compiling regex-automata v0.1.10
[INFO] [stderr]    Compiling try-lock v0.2.3
[INFO] [stderr]    Compiling lazy_static v1.4.0
[INFO] [stderr]    Compiling want v0.3.0
[INFO] [stderr]    Compiling rustc_version v0.4.0
[INFO] [stderr]    Compiling http-body v0.4.5
[INFO] [stderr]    Compiling crypto-common v0.1.6
[INFO] [stderr]    Compiling block-buffer v0.10.2
[INFO] [stderr]    Compiling csv-core v0.1.10
[INFO] [stderr]    Compiling sysinfo v0.27.2
[INFO] [stderr]    Compiling encoding_rs v0.8.31
[INFO] [stderr]    Compiling separator v0.4.1
[INFO] [stderr]    Compiling httpdate v1.0.2
[INFO] [stderr]    Compiling subtle v2.4.1
[INFO] [stderr]    Compiling tower-service v0.3.2
[INFO] [stderr]    Compiling itoa v0.4.8
[INFO] [stderr]    Compiling digest v0.10.6
[INFO] [stderr]    Compiling aho-corasick v0.7.20
[INFO] [stderr]    Compiling time_ms_conversions v0.2.0 (https://github.com/winksaville/time-ms-conversions#b99e4733)
[INFO] [stderr]    Compiling atty v0.2.14
[INFO] [stderr]    Compiling os_str_bytes v6.4.1
[INFO] [stderr]    Compiling termcolor v1.1.3
[INFO] [stderr]    Compiling regex-syntax v0.6.28
[INFO] [stderr]    Compiling clap_lex v0.2.4
[INFO] [stderr]    Compiling tokio-macros v1.8.0
[INFO] [stderr]    Compiling openssl-macros v0.1.0
[INFO] [stderr]    Compiling enum-iterator-derive v1.1.0
[INFO] [stderr]    Compiling thiserror-impl v1.0.38
[INFO] [stderr]    Compiling getset v0.1.2
[INFO] [stderr]    Compiling enum-iterator v1.2.0
[INFO] [stderr]    Compiling regex v1.7.0
[INFO] [stderr]    Compiling heck v0.4.0
[INFO] [stderr]    Compiling mime v0.3.16
[INFO] [stderr]    Compiling textwrap v0.16.0
[INFO] [stderr]    Compiling ipnet v2.5.0
[INFO] [stderr]    Compiling cpufeatures v0.2.5
[INFO] [stderr]    Compiling humantime v2.1.0
[INFO] [stderr]    Compiling strsim v0.10.0
[INFO] [stderr]    Compiling base64 v0.13.1
[INFO] [stderr]    Compiling clap v3.2.23
[INFO] [stderr]    Compiling env_logger v0.9.3
[INFO] [stderr]    Compiling sha2 v0.10.6
[INFO] [stderr]    Compiling strum_macros v0.24.3
[INFO] [stderr]    Compiling test-env-log v0.2.8
[INFO] [stderr]    Compiling hmac v0.12.1
[INFO] [stderr]    Compiling hex v0.4.3
[INFO] [stderr]    Compiling hex-literal v0.3.4
[INFO] [stderr]    Compiling tokio-util v0.7.3
[INFO] [stderr]    Compiling tokio-native-tls v0.3.0
[INFO] [stderr]    Compiling h2 v0.3.14
[INFO] [stderr]    Compiling bstr v0.2.17
[INFO] [stderr]    Compiling serde_utc_time_ms v0.2.0 (https://github.com/winksaville/serde-utc-time-ms#84786f6b)
[INFO] [stderr]    Compiling serde_urlencoded v0.7.1
[INFO] [stderr]    Compiling toml v0.5.10
[INFO] [stderr]    Compiling csv v1.1.6
[INFO] [stderr]    Compiling hyper v0.14.20
[INFO] [stderr]    Compiling rusty-money v0.4.1
[INFO] [stderr]    Compiling dec-utils v0.1.0 (https://github.com/winksaville/dec-utils#f195fd25)
[INFO] [stderr]    Compiling taxbitrec v0.4.0 (https://github.com/winksaville/taxbitrec#89ddf5f4)
[INFO] [stderr]    Compiling tokentaxrec v0.2.0 (https://github.com/winksaville/tokentaxrec#937fe477)
[INFO] [stderr]    Compiling hyper-tls v0.5.0
[INFO] [stderr]    Compiling reqwest v0.11.13
[INFO] [stderr]    Compiling git2 v0.15.0
[INFO] [stderr]    Compiling binance-cli v0.7.6 (/opt/rustwide/workdir)
[INFO] [stdout] warning: variable does not need to be mutable
[INFO] [stdout]   --> src/binance_account_info.rs:96:13
[INFO] [stdout]    |
[INFO] [stdout] 96 |         for mut balance in self.balances_map.values_mut() {
[INFO] [stdout]    |             ----^^^^^^^
[INFO] [stdout]    |             |
[INFO] [stdout]    |             help: remove this `mut`
[INFO] [stdout]    |
[INFO] [stdout]    = note: `#[warn(unused_mut)]` on by default
[INFO] [stdout] 
[INFO] [stdout] 
[INFO] [stdout] warning: 1 warning emitted
[INFO] [stdout] 
[INFO] [stdout] 
[INFO] [stderr]     Finished dev [unoptimized + debuginfo] target(s) in 50.73s
[INFO] running `Command { std: "docker" "inspect" "ab616a6ecc5120bdbda670e94098397534501326cd11e15b157065ec78a977f9", kill_on_drop: false }`
[INFO] running `Command { std: "docker" "rm" "-f" "ab616a6ecc5120bdbda670e94098397534501326cd11e15b157065ec78a977f9", kill_on_drop: false }`
[INFO] [stdout] ab616a6ecc5120bdbda670e94098397534501326cd11e15b157065ec78a977f9
[INFO] running `Command { std: "docker" "create" "-v" "/var/lib/crater-agent-workspace/builds/worker-2-tc1/target:/opt/rustwide/target:rw,Z" "-v" "/var/lib/crater-agent-workspace/builds/worker-2-tc1/source:/opt/rustwide/workdir:ro,Z" "-v" "/var/lib/crater-agent-workspace/cargo-home:/opt/rustwide/cargo-home:ro,Z" "-v" "/var/lib/crater-agent-workspace/rustup-home:/opt/rustwide/rustup-home:ro,Z" "-e" "SOURCE_DIR=/opt/rustwide/workdir" "-e" "CARGO_TARGET_DIR=/opt/rustwide/target" "-e" "CARGO_INCREMENTAL=0" "-e" "RUST_BACKTRACE=full" "-e" "RUSTFLAGS=--cap-lints=warn" "-e" "RUSTDOCFLAGS=--cap-lints=warn" "-e" "CARGO_HOME=/opt/rustwide/cargo-home" "-e" "RUSTUP_HOME=/opt/rustwide/rustup-home" "-w" "/opt/rustwide/workdir" "-m" "1610612736" "--user" "0:0" "--network" "none" "ghcr.io/rust-lang/crates-build-env/linux@sha256:2788e3201cd34a07e3172128adcd8b3090168a8e3bcc40d7c032b9dda1df7d1c" "/opt/rustwide/cargo-home/bin/cargo" "+1.75.0" "test" "--frozen" "--no-run" "--message-format=json", kill_on_drop: false }`
[INFO] [stdout] a0794b72bb2f3f8c7a2bc9e9defeac2e9af96c30c7837726bd2a6d101b9ec353
[INFO] running `Command { std: "docker" "start" "-a" "a0794b72bb2f3f8c7a2bc9e9defeac2e9af96c30c7837726bd2a6d101b9ec353", kill_on_drop: false }`
[INFO] [stderr]    Compiling regex-syntax v0.6.28
[INFO] [stderr]    Compiling either v1.8.0
[INFO] [stderr]    Compiling predicates-core v1.0.3
[INFO] [stderr]    Compiling doc-comment v0.3.3
[INFO] [stderr]    Compiling float-cmp v0.9.0
[INFO] [stderr]    Compiling difflib v0.4.0
[INFO] [stderr]    Compiling termtree v0.2.4
[INFO] [stderr]    Compiling normalize-line-endings v0.3.0
[INFO] [stderr]    Compiling bstr v1.1.0
[INFO] [stderr]    Compiling predicates-tree v1.0.5
[INFO] [stderr]    Compiling wait-timeout v0.2.0
[INFO] [stderr]    Compiling itertools v0.10.5
[INFO] [stderr]    Compiling regex v1.7.0
[INFO] [stderr]    Compiling predicates v2.1.5
[INFO] [stderr]    Compiling env_logger v0.9.3
[INFO] [stderr]    Compiling assert_cmd v2.0.7
[INFO] [stderr]    Compiling binance-cli v0.7.6 (/opt/rustwide/workdir)
[INFO] [stdout] warning: variable does not need to be mutable
[INFO] [stdout]   --> src/binance_account_info.rs:96:13
[INFO] [stdout]    |
[INFO] [stdout] 96 |         for mut balance in self.balances_map.values_mut() {
[INFO] [stdout]    |             ----^^^^^^^
[INFO] [stdout]    |             |
[INFO] [stdout]    |             help: remove this `mut`
[INFO] [stdout]    |
[INFO] [stdout]    = note: `#[warn(unused_mut)]` on by default
[INFO] [stdout] 
[INFO] [stdout] 
[INFO] [stdout] warning: variable does not need to be mutable
[INFO] [stdout]   --> src/binance_account_info.rs:96:13
[INFO] [stdout]    |
[INFO] [stdout] 96 |         for mut balance in self.balances_map.values_mut() {
[INFO] [stdout]    |             ----^^^^^^^
[INFO] [stdout]    |             |
[INFO] [stdout]    |             help: remove this `mut`
[INFO] [stdout]    |
[INFO] [stdout]    = note: `#[warn(unused_mut)]` on by default
[INFO] [stdout] 
[INFO] [stdout] 
[INFO] [stdout] warning: 1 warning emitted
[INFO] [stdout] 
[INFO] [stdout] 
[INFO] [stdout] warning: 1 warning emitted
[INFO] [stdout] 
[INFO] [stdout] 
[INFO] [stderr]     Finished test [unoptimized + debuginfo] target(s) in 10.76s
[INFO] running `Command { std: "docker" "inspect" "a0794b72bb2f3f8c7a2bc9e9defeac2e9af96c30c7837726bd2a6d101b9ec353", kill_on_drop: false }`
[INFO] running `Command { std: "docker" "rm" "-f" "a0794b72bb2f3f8c7a2bc9e9defeac2e9af96c30c7837726bd2a6d101b9ec353", kill_on_drop: false }`
[INFO] [stdout] a0794b72bb2f3f8c7a2bc9e9defeac2e9af96c30c7837726bd2a6d101b9ec353
[INFO] running `Command { std: "docker" "create" "-v" "/var/lib/crater-agent-workspace/builds/worker-2-tc1/target:/opt/rustwide/target:rw,Z" "-v" "/var/lib/crater-agent-workspace/builds/worker-2-tc1/source:/opt/rustwide/workdir:ro,Z" "-v" "/var/lib/crater-agent-workspace/cargo-home:/opt/rustwide/cargo-home:ro,Z" "-v" "/var/lib/crater-agent-workspace/rustup-home:/opt/rustwide/rustup-home:ro,Z" "-e" "SOURCE_DIR=/opt/rustwide/workdir" "-e" "CARGO_TARGET_DIR=/opt/rustwide/target" "-e" "CARGO_INCREMENTAL=0" "-e" "RUST_BACKTRACE=full" "-e" "RUSTFLAGS=--cap-lints=warn" "-e" "RUSTDOCFLAGS=--cap-lints=warn" "-e" "CARGO_HOME=/opt/rustwide/cargo-home" "-e" "RUSTUP_HOME=/opt/rustwide/rustup-home" "-w" "/opt/rustwide/workdir" "-m" "1610612736" "--user" "0:0" "--network" "none" "ghcr.io/rust-lang/crates-build-env/linux@sha256:2788e3201cd34a07e3172128adcd8b3090168a8e3bcc40d7c032b9dda1df7d1c" "/opt/rustwide/cargo-home/bin/cargo" "+1.75.0" "test" "--frozen", kill_on_drop: false }`
[INFO] [stdout] d050940808d23583e3614acffeb06dcc1c9d0145b0b74edfb9d9f9d2094b7cd9
[INFO] running `Command { std: "docker" "start" "-a" "d050940808d23583e3614acffeb06dcc1c9d0145b0b74edfb9d9f9d2094b7cd9", kill_on_drop: false }`
[INFO] [stderr] warning: variable does not need to be mutable
[INFO] [stderr]   --> src/binance_account_info.rs:96:13
[INFO] [stderr]    |
[INFO] [stderr] 96 |         for mut balance in self.balances_map.values_mut() {
[INFO] [stderr]    |             ----^^^^^^^
[INFO] [stderr]    |             |
[INFO] [stderr]    |             help: remove this `mut`
[INFO] [stderr]    |
[INFO] [stderr]    = note: `#[warn(unused_mut)]` on by default
[INFO] [stderr] 
[INFO] [stderr] warning: `binance-cli` (bin "binance-cli") generated 1 warning (run `cargo fix --bin "binance-cli"` to apply 1 suggestion)
[INFO] [stderr] warning: `binance-cli` (bin "binance-cli" test) generated 1 warning (1 duplicate)
[INFO] [stderr]     Finished test [unoptimized + debuginfo] target(s) in 0.16s
[INFO] [stderr]      Running unittests src/main.rs (/opt/rustwide/target/debug/deps/binance_cli-84a0e43cd02507e7)
[INFO] [stdout] 
[INFO] [stdout] running 78 tests
[INFO] [stdout] test binance_history::test::test_history_rec ... ok
[INFO] [stdout] test binance_account_info::test::test_account_info ... ok
[INFO] [stdout] test binance_my_trades::test::test_trade_rec_is_buyer_factor ... ok
[INFO] [stdout] test binance_my_trades::test::test_trade_rec ... ok
[INFO] [stdout] test binance_klines::test::test_kline_rec ... ok
[INFO] [stdout] test binance_order_response::test::test_order_response_semver ... ok
[INFO] [stdout] test binance_order_response::test::test_order_response_success_result ... ok
[INFO] [stdout] test binance_order_response::test::test_order_response_header_rec_max ... ok
[INFO] [stdout] test binance_order_response::test::test_order_response_header_rec_min ... ok
[INFO] [stdout] test binance_order_response::test::test_order_response_header_rec_app_rec_versions ... ok
[INFO] [stdout] test binance_order_response::test::test_order_response_success_unknown ... ok
[INFO] [stdout] test binance_exchange_info::test::test_exchange_info ... ok
[INFO] [stdout] test binance_order_response::test::test_order_response_success_ack ... ok
[INFO] [stdout] test binance_order_response::test::test_order_response_success_full ... ok
[INFO] [stdout] test binance_signature::test::test_append_signature ... ok
[INFO] [stdout] test binance_signature::test::test_binance_example ... ok
[INFO] [stdout] test binance_signature::test::test_binance_signature_no_query_string_no_body ... ok
[INFO] [stdout] test binance_signature::test::test_binance_signature_query_string_and_body ... ok
[INFO] [stdout] test binance_signature::test::test_binance_signature_body_only ... ok
[INFO] [stdout] test binance_signature::test::test_query_vec_u8 ... ok
[INFO] [stdout] test binance_signature::test::test_query_vec_u8_no_data ... ok
[INFO] [stdout] test binance_signature::test::test_binance_signature_query_string_only ... ok
[INFO] [stdout] test binance_trade::test::test_convert_direct ... ignored
[INFO] [stdout] test binance_trade::test::test_convert_shib_to_value_assets ... ignored
[INFO] [stdout] test common::test::test_binance_response_error_rec_bad_body ... ok
[INFO] [stdout] test common::test::test_binance_response_error_rec ... ok
[INFO] [stdout] test common::test::test_binance_response_error_rec_serialization ... ok
[INFO] [stdout] test common::test::test_binance_response_error_rec_serialization_empty ... ok
[INFO] [stdout] test binance_trade::test::test_log_order_response ... ok
[INFO] [stdout] test binance_verify_order::test::test_adj_quantity_verify_lot_size ... ok
[INFO] [stdout] test configuration::test::test_config_empty ... ok
[INFO] [stdout] test common::test::test_internal_error ... ok
[INFO] [stdout] test configuration::test::test_config_buy ... ok
[INFO] [stdout] test configuration::test::test_config_default ... ok
[INFO] [stdout] test configuration::test::test_config_withdraw ... ok
[INFO] [stdout] test configuration::test::test_config_keep ... ok
[INFO] [stdout] test date_time_utc::test::test_days_in_year_month ... ok
[INFO] [stdout] test date_time_utc::test::test_from_utc_time_ms ... ok
[INFO] [stdout] test date_time_utc::test::test_beginning_of_today ... ok
[INFO] [stdout] test date_time_utc::test::test_beginning_of_this_month ... ok
[INFO] [stdout] test date_time_utc::test::test_beginning_of_next_month ... ok
[INFO] [stdout] test date_time_utc::test::test_beginning_of_tomorrow ... ok
[INFO] [stdout] test date_time_utc::test::test_get_dt ... ok
[INFO] [stdout] test date_time_utc::test::test_new ... ok
[INFO] [stdout] test date_time_utc::test::test_parts ... ok
[INFO] [stdout] test date_time_utc::test::test_signed_duration_since_in_secs ... ok
[INFO] [stdout] test de_string_or_number::tests::test_de_sting_or_number_to_f64_errors ... ok
[INFO] [stdout] test de_string_or_number::tests::test_de_sting_or_number_to_i64_errors ... ok
[INFO] [stdout] test de_string_or_number::tests::test_de_string_or_number_from_numbers ... ok
[INFO] [stdout] test de_string_or_number::tests::test_de_string_or_number_from_strings ... ok
[INFO] [stdout] test de_string_or_number::tests::test_de_sting_or_number_to_u64_errors ... ok
[INFO] [stdout] test process_binance_com::test::test_commission_to_tt ... ok
[INFO] [stdout] test process_binance_com::test::test_deserialize_commission_rec_from_csv ... ok
[INFO] [stdout] test process_binance_com::test::test_deserialize_trade_from_csv ... ok
[INFO] [stdout] test process_binance_com::test::test_tr_commission_history_to_tt ... ok
[INFO] [stdout] test process_binance_com::test::test_tr_eq ... ok
[INFO] [stdout] test process_binance_com::test::test_tr_ge ... ok
[INFO] [stdout] test process_binance_com::test::test_tr_gt ... ok
[INFO] [stdout] test process_binance_com::test::test_tr_le ... ok
[INFO] [stdout] test process_binance_com::test::test_tr_auto_conversion ... ok
[INFO] [stdout] test process_binance_com::test::test_tr_lt ... ok
[INFO] [stdout] test process_binance_com::test::test_tr_ne ... ok
[INFO] [stdout] test process_binance_com::test::test_create_token_tax_rec_vec ... ok
[INFO] [stdout] test process_binance_com::test::test_create_spot_buy_transaction_related_sorting ... ok
[INFO] [stdout] test process_binance_com::test::test_tr_small_assets_exchange_bnb_to_tt ... ok
[INFO] [stdout] test process_binance_us::test::test_deserialize_dist_rec_from_csv ... ok
[INFO] [stdout] test process_binance_us::test::test_deserialize_binance_us_dist_rec_to_serialized_token_tax_rec ... ok
[INFO] [stdout] test process_binance_us::test::test_serialize_to_csv ... ok
[INFO] [stdout] test process_binance_us::test::test_deserialize_from_csv ... ok
[INFO] [stdout] test process_taxbit::test::test_from_token_tax_rec ... ok
[INFO] [stdout] test process_token_tax::test::test_consolidate_income ... ok
[INFO] [stdout] test process_taxbit::test::test_1 ... ok
[INFO] [stdout] test process_binance_com::test::test_tr_leverage_token_redemption ... ok
[INFO] [stdout] test process_binance_us::test::test_serialize_binance_us_dist_rec_to_csv ... ok
[INFO] [stdout] test process_token_tax::test::test_deserialize_from_csv ... ok
[INFO] [stdout] test binance_trade::test::test_convertcommission ... FAILED
[INFO] [stdout] test binance_trade::test::test_convert_indirect ... FAILED
[INFO] [stdout] test binance_trade::test::test_convert_value_assets_to_value_assets ... ok
[INFO] [stdout] 
[INFO] [stdout] failures:
[INFO] [stdout] 
[INFO] [stdout] ---- binance_trade::test::test_convertcommission stdout ----
[INFO] [stdout] thread 'binance_trade::test::test_convertcommission' panicked at src/binance_trade.rs:581:14:
[INFO] [stdout] called `Result::unwrap()` on an `Err` value: "convert error, asset: BNB not convertable to USD"
[INFO] [stdout] stack backtrace:
[INFO] [stdout]    0:     0x55a14f0c98dc - std::backtrace_rs::backtrace::libunwind::trace::ha637c64ce894333a
[INFO] [stdout]                                at /rustc/82e1608dfa6e0b5569232559e3d385fea5a93112/library/std/src/../../backtrace/src/backtrace/libunwind.rs:104:5
[INFO] [stdout]    1:     0x55a14f0c98dc - std::backtrace_rs::backtrace::trace_unsynchronized::h47f62dea28e0c88d
[INFO] [stdout]                                at /rustc/82e1608dfa6e0b5569232559e3d385fea5a93112/library/std/src/../../backtrace/src/backtrace/mod.rs:66:5
[INFO] [stdout]    2:     0x55a14f0c98dc - std::sys_common::backtrace::_print_fmt::h9eef0abe20ede486
[INFO] [stdout]                                at /rustc/82e1608dfa6e0b5569232559e3d385fea5a93112/library/std/src/sys_common/backtrace.rs:67:5
[INFO] [stdout]    3:     0x55a14f0c98dc - <std::sys_common::backtrace::_print::DisplayBacktrace as core::fmt::Display>::fmt::hed7f999df88cc644
[INFO] [stdout]                                at /rustc/82e1608dfa6e0b5569232559e3d385fea5a93112/library/std/src/sys_common/backtrace.rs:44:22
[INFO] [stdout]    4:     0x55a14f0f89e0 - core::fmt::rt::Argument::fmt::h1539a9308b8d058d
[INFO] [stdout]                                at /rustc/82e1608dfa6e0b5569232559e3d385fea5a93112/library/core/src/fmt/rt.rs:142:9
[INFO] [stdout]    5:     0x55a14f0f89e0 - core::fmt::write::h3a39390d8560d9c9
[INFO] [stdout]                                at /rustc/82e1608dfa6e0b5569232559e3d385fea5a93112/library/core/src/fmt/mod.rs:1120:17
[INFO] [stdout]    6:     0x55a14f0c678f - std::io::Write::write_fmt::h040b369f3a0f9cbc
[INFO] [stdout]                                at /rustc/82e1608dfa6e0b5569232559e3d385fea5a93112/library/std/src/io/mod.rs:1762:15
[INFO] [stdout]    7:     0x55a14f0c96c4 - std::sys_common::backtrace::_print::h894006fb5c6f3d45
[INFO] [stdout]                                at /rustc/82e1608dfa6e0b5569232559e3d385fea5a93112/library/std/src/sys_common/backtrace.rs:47:5
[INFO] [stdout]    8:     0x55a14f0c96c4 - std::sys_common::backtrace::print::h23a2d212c6fff936
[INFO] [stdout]                                at /rustc/82e1608dfa6e0b5569232559e3d385fea5a93112/library/std/src/sys_common/backtrace.rs:34:9
[INFO] [stdout]    9:     0x55a14f0cb387 - std::panicking::default_hook::{{closure}}::h8a1d2ee00185001a
[INFO] [stdout]   10:     0x55a14f0cb073 - std::panicking::default_hook::h6038f2eba384e475
[INFO] [stdout]                                at /rustc/82e1608dfa6e0b5569232559e3d385fea5a93112/library/std/src/panicking.rs:289:9
[INFO] [stdout]   11:     0x55a14eb7b5f7 - <alloc::boxed::Box<F,A> as core::ops::function::Fn<Args>>::call::h0ad024c9bdc6d768
[INFO] [stdout]                                at /rustc/82e1608dfa6e0b5569232559e3d385fea5a93112/library/alloc/src/boxed.rs:2021:9
[INFO] [stdout]   12:     0x55a14eb7b5f7 - test::test_main::{{closure}}::h7500b54257359db6
[INFO] [stdout]                                at /rustc/82e1608dfa6e0b5569232559e3d385fea5a93112/library/test/src/lib.rs:138:21
[INFO] [stdout]   13:     0x55a14f0cb998 - <alloc::boxed::Box<F,A> as core::ops::function::Fn<Args>>::call::h1f8f335eaa9cfaee
[INFO] [stdout]                                at /rustc/82e1608dfa6e0b5569232559e3d385fea5a93112/library/alloc/src/boxed.rs:2021:9
[INFO] [stdout]   14:     0x55a14f0cb998 - std::panicking::rust_panic_with_hook::h2b5517d590cab22e
[INFO] [stdout]                                at /rustc/82e1608dfa6e0b5569232559e3d385fea5a93112/library/std/src/panicking.rs:783:13
[INFO] [stdout]   15:     0x55a14f0cb6ee - std::panicking::begin_panic_handler::{{closure}}::h233112c06e0ef43e
[INFO] [stdout]                                at /rustc/82e1608dfa6e0b5569232559e3d385fea5a93112/library/std/src/panicking.rs:657:13
[INFO] [stdout]   16:     0x55a14f0c9da6 - std::sys_common::backtrace::__rust_end_short_backtrace::h6e893f24d7ebbff8
[INFO] [stdout]                                at /rustc/82e1608dfa6e0b5569232559e3d385fea5a93112/library/std/src/sys_common/backtrace.rs:170:18
[INFO] [stdout]   17:     0x55a14f0cb452 - rust_begin_unwind
[INFO] [stdout]                                at /rustc/82e1608dfa6e0b5569232559e3d385fea5a93112/library/std/src/panicking.rs:645:5
[INFO] [stdout]   18:     0x55a14e9038b5 - core::panicking::panic_fmt::hbf0e066aabfa482c
[INFO] [stdout]                                at /rustc/82e1608dfa6e0b5569232559e3d385fea5a93112/library/core/src/panicking.rs:72:14
[INFO] [stdout]   19:     0x55a14e903e83 - core::result::unwrap_failed::hddb4fea594200c52
[INFO] [stdout]                                at /rustc/82e1608dfa6e0b5569232559e3d385fea5a93112/library/core/src/result.rs:1653:5
[INFO] [stdout]   20:     0x55a14e9c39b0 - core::result::Result<T,E>::unwrap::h6b00a54a67876e6b
[INFO] [stdout]                                at /rustc/82e1608dfa6e0b5569232559e3d385fea5a93112/library/core/src/result.rs:1077:23
[INFO] [stdout]   21:     0x55a14ea39600 - binance_cli::binance_trade::test::test_convertcommission::{{closure}}::h04d7d0995b48b9d2
[INFO] [stdout]                                at /opt/rustwide/workdir/src/binance_trade.rs:579:30
[INFO] [stdout]   22:     0x55a14e9d74fb - <core::pin::Pin<P> as core::future::future::Future>::poll::h1e4cd90041b09da8
[INFO] [stdout]                                at /rustc/82e1608dfa6e0b5569232559e3d385fea5a93112/library/core/src/future/future.rs:125:9
[INFO] [stdout]   23:     0x55a14e94f4d4 - tokio::runtime::scheduler::current_thread::CoreGuard::block_on::{{closure}}::{{closure}}::{{closure}}::h841dda0a701b4457
[INFO] [stdout]                                at /opt/rustwide/cargo-home/registry/src/index.crates.io-6f17d22bba15001f/tokio-1.23.1/src/runtime/scheduler/current_thread.rs:541:57
[INFO] [stdout]   24:     0x55a14e94f17a - tokio::runtime::coop::with_budget::h3e70e623f6a02eb4
[INFO] [stdout]                                at /opt/rustwide/cargo-home/registry/src/index.crates.io-6f17d22bba15001f/tokio-1.23.1/src/runtime/coop.rs:102:5
[INFO] [stdout]   25:     0x55a14e94f17a - tokio::runtime::coop::budget::hcf737623d46f1dab
[INFO] [stdout]                                at /opt/rustwide/cargo-home/registry/src/index.crates.io-6f17d22bba15001f/tokio-1.23.1/src/runtime/coop.rs:68:5
[INFO] [stdout]   26:     0x55a14e94f17a - tokio::runtime::scheduler::current_thread::CoreGuard::block_on::{{closure}}::{{closure}}::he85c2548544c55f6
[INFO] [stdout]                                at /opt/rustwide/cargo-home/registry/src/index.crates.io-6f17d22bba15001f/tokio-1.23.1/src/runtime/scheduler/current_thread.rs:541:25
[INFO] [stdout]   27:     0x55a14e94572c - tokio::runtime::scheduler::current_thread::Context::enter::h084b3cf4e7c022ab
[INFO] [stdout]                                at /opt/rustwide/cargo-home/registry/src/index.crates.io-6f17d22bba15001f/tokio-1.23.1/src/runtime/scheduler/current_thread.rs:350:19
[INFO] [stdout]   28:     0x55a14e94b1c2 - tokio::runtime::scheduler::current_thread::CoreGuard::block_on::{{closure}}::h2488ec2184880a85
[INFO] [stdout]                                at /opt/rustwide/cargo-home/registry/src/index.crates.io-6f17d22bba15001f/tokio-1.23.1/src/runtime/scheduler/current_thread.rs:540:36
[INFO] [stdout]   29:     0x55a14e94a12b - tokio::runtime::scheduler::current_thread::CoreGuard::enter::{{closure}}::h89aa1fa82fa5179f
[INFO] [stdout]                                at /opt/rustwide/cargo-home/registry/src/index.crates.io-6f17d22bba15001f/tokio-1.23.1/src/runtime/scheduler/current_thread.rs:615:57
[INFO] [stdout]   30:     0x55a14eaab55d - tokio::macros::scoped_tls::ScopedKey<T>::set::hdcdade2c14c3baeb
[INFO] [stdout]                                at /opt/rustwide/cargo-home/registry/src/index.crates.io-6f17d22bba15001f/tokio-1.23.1/src/macros/scoped_tls.rs:61:9
[INFO] [stdout]   31:     0x55a14e94965f - tokio::runtime::scheduler::current_thread::CoreGuard::enter::he5faf7305b8c19b1
[INFO] [stdout]                                at /opt/rustwide/cargo-home/registry/src/index.crates.io-6f17d22bba15001f/tokio-1.23.1/src/runtime/scheduler/current_thread.rs:615:27
[INFO] [stdout]   32:     0x55a14e94a3fc - tokio::runtime::scheduler::current_thread::CoreGuard::block_on::he706849c8808ea7d
[INFO] [stdout]                                at /opt/rustwide/cargo-home/registry/src/index.crates.io-6f17d22bba15001f/tokio-1.23.1/src/runtime/scheduler/current_thread.rs:530:19
[INFO] [stdout]   33:     0x55a14e9436fb - tokio::runtime::scheduler::current_thread::CurrentThread::block_on::h1a3a76c8e8664a35
[INFO] [stdout]                                at /opt/rustwide/cargo-home/registry/src/index.crates.io-6f17d22bba15001f/tokio-1.23.1/src/runtime/scheduler/current_thread.rs:154:24
[INFO] [stdout]   34:     0x55a14ea9be07 - tokio::runtime::runtime::Runtime::block_on::h5f4595545abe4cde
[INFO] [stdout]                                at /opt/rustwide/cargo-home/registry/src/index.crates.io-6f17d22bba15001f/tokio-1.23.1/src/runtime/runtime.rs:282:47
[INFO] [stdout]   35:     0x55a14ea3913e - binance_cli::binance_trade::test::test_convertcommission::hea60db17aba8309d
[INFO] [stdout]                                at /opt/rustwide/workdir/src/binance_trade.rs:588:9
[INFO] [stdout]   36:     0x55a14ea38ff7 - binance_cli::binance_trade::test::test_convertcommission::{{closure}}::h16f08568ed24ecdd
[INFO] [stdout]                                at /opt/rustwide/workdir/src/binance_trade.rs:571:38
[INFO] [stdout]   37:     0x55a14ea21c16 - core::ops::function::FnOnce::call_once::h3dea990a60ea7206
[INFO] [stdout]                                at /rustc/82e1608dfa6e0b5569232559e3d385fea5a93112/library/core/src/ops/function.rs:250:5
[INFO] [stdout]   38:     0x55a14eb80c4f - core::ops::function::FnOnce::call_once::h2b5d431d5046312d
[INFO] [stdout]                                at /rustc/82e1608dfa6e0b5569232559e3d385fea5a93112/library/core/src/ops/function.rs:250:5
[INFO] [stdout]   39:     0x55a14eb80c4f - test::__rust_begin_short_backtrace::h7714669af176e207
[INFO] [stdout]                                at /rustc/82e1608dfa6e0b5569232559e3d385fea5a93112/library/test/src/lib.rs:628:18
[INFO] [stdout]   40:     0x55a14eb7fc65 - test::run_test_in_process::{{closure}}::h85218797dcbcec12
[INFO] [stdout]                                at /rustc/82e1608dfa6e0b5569232559e3d385fea5a93112/library/test/src/lib.rs:651:60
[INFO] [stdout]   41:     0x55a14eb7fc65 - <core::panic::unwind_safe::AssertUnwindSafe<F> as core::ops::function::FnOnce<()>>::call_once::h76c106ea31c14d7b
[INFO] [stdout]                                at /rustc/82e1608dfa6e0b5569232559e3d385fea5a93112/library/core/src/panic/unwind_safe.rs:272:9
[INFO] [stdout]   42:     0x55a14eb7fc65 - std::panicking::try::do_call::h3bd5d0f6620ee946
[INFO] [stdout]                                at /rustc/82e1608dfa6e0b5569232559e3d385fea5a93112/library/std/src/panicking.rs:552:40
[INFO] [stdout]   43:     0x55a14eb7fc65 - std::panicking::try::h232e535e4744fe31
[INFO] [stdout]                                at /rustc/82e1608dfa6e0b5569232559e3d385fea5a93112/library/std/src/panicking.rs:516:19
[INFO] [stdout]   44:     0x55a14eb7fc65 - std::panic::catch_unwind::h3ce3bd6ca8dbac68
[INFO] [stdout]                                at /rustc/82e1608dfa6e0b5569232559e3d385fea5a93112/library/std/src/panic.rs:142:14
[INFO] [stdout]   45:     0x55a14eb7fc65 - test::run_test_in_process::hc97b257c9621286a
[INFO] [stdout]                                at /rustc/82e1608dfa6e0b5569232559e3d385fea5a93112/library/test/src/lib.rs:651:27
[INFO] [stdout]   46:     0x55a14eb7fc65 - test::run_test::{{closure}}::h2aa798823a438d38
[INFO] [stdout]                                at /rustc/82e1608dfa6e0b5569232559e3d385fea5a93112/library/test/src/lib.rs:574:43
[INFO] [stdout]   47:     0x55a14eb47f26 - test::run_test::{{closure}}::h87d231c78fb59832
[INFO] [stdout]                                at /rustc/82e1608dfa6e0b5569232559e3d385fea5a93112/library/test/src/lib.rs:602:41
[INFO] [stdout]   48:     0x55a14eb47f26 - std::sys_common::backtrace::__rust_begin_short_backtrace::he6df152596625789
[INFO] [stdout]                                at /rustc/82e1608dfa6e0b5569232559e3d385fea5a93112/library/std/src/sys_common/backtrace.rs:154:18
[INFO] [stdout]   49:     0x55a14eb4cfd7 - std::thread::Builder::spawn_unchecked_::{{closure}}::{{closure}}::ha94be15d1e0acf36
[INFO] [stdout]                                at /rustc/82e1608dfa6e0b5569232559e3d385fea5a93112/library/std/src/thread/mod.rs:529:17
[INFO] [stdout]   50:     0x55a14eb4cfd7 - <core::panic::unwind_safe::AssertUnwindSafe<F> as core::ops::function::FnOnce<()>>::call_once::h9dc6bd6372f16606
[INFO] [stdout]                                at /rustc/82e1608dfa6e0b5569232559e3d385fea5a93112/library/core/src/panic/unwind_safe.rs:272:9
[INFO] [stdout]   51:     0x55a14eb4cfd7 - std::panicking::try::do_call::h9057517f80303cd4
[INFO] [stdout]                                at /rustc/82e1608dfa6e0b5569232559e3d385fea5a93112/library/std/src/panicking.rs:552:40
[INFO] [stdout]   52:     0x55a14eb4cfd7 - std::panicking::try::he3a30b11ee45340c
[INFO] [stdout]                                at /rustc/82e1608dfa6e0b5569232559e3d385fea5a93112/library/std/src/panicking.rs:516:19
[INFO] [stdout]   53:     0x55a14eb4cfd7 - std::panic::catch_unwind::h410458cfd3528b8b
[INFO] [stdout]                                at /rustc/82e1608dfa6e0b5569232559e3d385fea5a93112/library/std/src/panic.rs:142:14
[INFO] [stdout]   54:     0x55a14eb4cfd7 - std::thread::Builder::spawn_unchecked_::{{closure}}::h72ac3bdb567b737b
[INFO] [stdout]                                at /rustc/82e1608dfa6e0b5569232559e3d385fea5a93112/library/std/src/thread/mod.rs:528:30
[INFO] [stdout]   55:     0x55a14eb4cfd7 - core::ops::function::FnOnce::call_once{{vtable.shim}}::h38f34da3654a8344
[INFO] [stdout]                                at /rustc/82e1608dfa6e0b5569232559e3d385fea5a93112/library/core/src/ops/function.rs:250:5
[INFO] [stdout]   56:     0x55a14f0d0905 - <alloc::boxed::Box<F,A> as core::ops::function::FnOnce<Args>>::call_once::hc7eafaff61e32df9
[INFO] [stdout]                                at /rustc/82e1608dfa6e0b5569232559e3d385fea5a93112/library/alloc/src/boxed.rs:2007:9
[INFO] [stdout]   57:     0x55a14f0d0905 - <alloc::boxed::Box<F,A> as core::ops::function::FnOnce<Args>>::call_once::h6ba4a5de48dd2304
[INFO] [stdout]                                at /rustc/82e1608dfa6e0b5569232559e3d385fea5a93112/library/alloc/src/boxed.rs:2007:9
[INFO] [stdout]   58:     0x55a14f0d0905 - std::sys::unix::thread::Thread::new::thread_start::he469335aef763e45
[INFO] [stdout]                                at /rustc/82e1608dfa6e0b5569232559e3d385fea5a93112/library/std/src/sys/unix/thread.rs:108:17
[INFO] [stdout]   59:     0x7fa0ce9ffac3 - <unknown>
[INFO] [stdout]   60:     0x7fa0cea90bf4 - __clone
[INFO] [stdout]   61:                0x0 - <unknown>
[INFO] [stdout] 
[INFO] [stdout] ---- binance_trade::test::test_convert_indirect stdout ----
[INFO] [stdout] thread 'binance_trade::test::test_convert_indirect' panicked at src/binance_trade.rs:483:14:
[INFO] [stdout] called `Result::unwrap()` on an `Err` value: "convert error, asset: BAT not convertable to BNB"
[INFO] [stdout] stack backtrace:
[INFO] [stdout]    0:     0x55a14f0c98dc - std::backtrace_rs::backtrace::libunwind::trace::ha637c64ce894333a
[INFO] [stdout]                                at /rustc/82e1608dfa6e0b5569232559e3d385fea5a93112/library/std/src/../../backtrace/src/backtrace/libunwind.rs:104:5
[INFO] [stdout]    1:     0x55a14f0c98dc - std::backtrace_rs::backtrace::trace_unsynchronized::h47f62dea28e0c88d
[INFO] [stdout]                                at /rustc/82e1608dfa6e0b5569232559e3d385fea5a93112/library/std/src/../../backtrace/src/backtrace/mod.rs:66:5
[INFO] [stdout]    2:     0x55a14f0c98dc - std::sys_common::backtrace::_print_fmt::h9eef0abe20ede486
[INFO] [stdout]                                at /rustc/82e1608dfa6e0b5569232559e3d385fea5a93112/library/std/src/sys_common/backtrace.rs:67:5
[INFO] [stdout]    3:     0x55a14f0c98dc - <std::sys_common::backtrace::_print::DisplayBacktrace as core::fmt::Display>::fmt::hed7f999df88cc644
[INFO] [stdout]                                at /rustc/82e1608dfa6e0b5569232559e3d385fea5a93112/library/std/src/sys_common/backtrace.rs:44:22
[INFO] [stdout]    4:     0x55a14f0f89e0 - core::fmt::rt::Argument::fmt::h1539a9308b8d058d
[INFO] [stdout]                                at /rustc/82e1608dfa6e0b5569232559e3d385fea5a93112/library/core/src/fmt/rt.rs:142:9
[INFO] [stdout]    5:     0x55a14f0f89e0 - core::fmt::write::h3a39390d8560d9c9
[INFO] [stdout]                                at /rustc/82e1608dfa6e0b5569232559e3d385fea5a93112/library/core/src/fmt/mod.rs:1120:17
[INFO] [stdout]    6:     0x55a14f0c678f - std::io::Write::write_fmt::h040b369f3a0f9cbc
[INFO] [stdout]                                at /rustc/82e1608dfa6e0b5569232559e3d385fea5a93112/library/std/src/io/mod.rs:1762:15
[INFO] [stdout]    7:     0x55a14f0c96c4 - std::sys_common::backtrace::_print::h894006fb5c6f3d45
[INFO] [stdout]                                at /rustc/82e1608dfa6e0b5569232559e3d385fea5a93112/library/std/src/sys_common/backtrace.rs:47:5
[INFO] [stdout]    8:     0x55a14f0c96c4 - std::sys_common::backtrace::print::h23a2d212c6fff936
[INFO] [stdout]                                at /rustc/82e1608dfa6e0b5569232559e3d385fea5a93112/library/std/src/sys_common/backtrace.rs:34:9
[INFO] [stdout]    9:     0x55a14f0cb387 - std::panicking::default_hook::{{closure}}::h8a1d2ee00185001a
[INFO] [stdout]   10:     0x55a14f0cb073 - std::panicking::default_hook::h6038f2eba384e475
[INFO] [stdout]                                at /rustc/82e1608dfa6e0b5569232559e3d385fea5a93112/library/std/src/panicking.rs:289:9
[INFO] [stdout]   11:     0x55a14eb7b5f7 - <alloc::boxed::Box<F,A> as core::ops::function::Fn<Args>>::call::h0ad024c9bdc6d768
[INFO] [stdout]                                at /rustc/82e1608dfa6e0b5569232559e3d385fea5a93112/library/alloc/src/boxed.rs:2021:9
[INFO] [stdout]   12:     0x55a14eb7b5f7 - test::test_main::{{closure}}::h7500b54257359db6
[INFO] [stdout]                                at /rustc/82e1608dfa6e0b5569232559e3d385fea5a93112/library/test/src/lib.rs:138:21
[INFO] [stdout]   13:     0x55a14f0cb998 - <alloc::boxed::Box<F,A> as core::ops::function::Fn<Args>>::call::h1f8f335eaa9cfaee
[INFO] [stdout]                                at /rustc/82e1608dfa6e0b5569232559e3d385fea5a93112/library/alloc/src/boxed.rs:2021:9
[INFO] [stdout]   14:     0x55a14f0cb998 - std::panicking::rust_panic_with_hook::h2b5517d590cab22e
[INFO] [stdout]                                at /rustc/82e1608dfa6e0b5569232559e3d385fea5a93112/library/std/src/panicking.rs:783:13
[INFO] [stdout]   15:     0x55a14f0cb6ee - std::panicking::begin_panic_handler::{{closure}}::h233112c06e0ef43e
[INFO] [stdout]                                at /rustc/82e1608dfa6e0b5569232559e3d385fea5a93112/library/std/src/panicking.rs:657:13
[INFO] [stdout]   16:     0x55a14f0c9da6 - std::sys_common::backtrace::__rust_end_short_backtrace::h6e893f24d7ebbff8
[INFO] [stdout]                                at /rustc/82e1608dfa6e0b5569232559e3d385fea5a93112/library/std/src/sys_common/backtrace.rs:170:18
[INFO] [stdout]   17:     0x55a14f0cb452 - rust_begin_unwind
[INFO] [stdout]                                at /rustc/82e1608dfa6e0b5569232559e3d385fea5a93112/library/std/src/panicking.rs:645:5
[INFO] [stdout]   18:     0x55a14e9038b5 - core::panicking::panic_fmt::hbf0e066aabfa482c
[INFO] [stdout]                                at /rustc/82e1608dfa6e0b5569232559e3d385fea5a93112/library/core/src/panicking.rs:72:14
[INFO] [stdout]   19:     0x55a14e903e83 - core::result::unwrap_failed::hddb4fea594200c52
[INFO] [stdout]                                at /rustc/82e1608dfa6e0b5569232559e3d385fea5a93112/library/core/src/result.rs:1653:5
[INFO] [stdout]   20:     0x55a14e9c39b0 - core::result::Result<T,E>::unwrap::h6b00a54a67876e6b
[INFO] [stdout]                                at /rustc/82e1608dfa6e0b5569232559e3d385fea5a93112/library/core/src/result.rs:1077:23
[INFO] [stdout]   21:     0x55a14ea358fd - binance_cli::binance_trade::test::convert_test::{{closure}}::hd0dc597c33379db9
[INFO] [stdout]                                at /opt/rustwide/workdir/src/binance_trade.rs:481:36
[INFO] [stdout]   22:     0x55a14ea38bb0 - binance_cli::binance_trade::test::test_convert_indirect::{{closure}}::h69d77219ab44e19b
[INFO] [stdout]                                at /opt/rustwide/workdir/src/binance_trade.rs:563:45
[INFO] [stdout]   23:     0x55a14e9d768b - <core::pin::Pin<P> as core::future::future::Future>::poll::hb6ea975523c2254f
[INFO] [stdout]                                at /rustc/82e1608dfa6e0b5569232559e3d385fea5a93112/library/core/src/future/future.rs:125:9
[INFO] [stdout]   24:     0x55a14e94f594 - tokio::runtime::scheduler::current_thread::CoreGuard::block_on::{{closure}}::{{closure}}::{{closure}}::hf4871b5e4a6273a1
[INFO] [stdout]                                at /opt/rustwide/cargo-home/registry/src/index.crates.io-6f17d22bba15001f/tokio-1.23.1/src/runtime/scheduler/current_thread.rs:541:57
[INFO] [stdout]   25:     0x55a14e94ea4a - tokio::runtime::coop::with_budget::hc551bd46b1b782ba
[INFO] [stdout]                                at /opt/rustwide/cargo-home/registry/src/index.crates.io-6f17d22bba15001f/tokio-1.23.1/src/runtime/coop.rs:102:5
[INFO] [stdout]   26:     0x55a14e94ea4a - tokio::runtime::coop::budget::hbfbee5a77fc8c306
[INFO] [stdout]                                at /opt/rustwide/cargo-home/registry/src/index.crates.io-6f17d22bba15001f/tokio-1.23.1/src/runtime/coop.rs:68:5
[INFO] [stdout]   27:     0x55a14e94ea4a - tokio::runtime::scheduler::current_thread::CoreGuard::block_on::{{closure}}::{{closure}}::h39018a8bc59b3e9e
[INFO] [stdout]                                at /opt/rustwide/cargo-home/registry/src/index.crates.io-6f17d22bba15001f/tokio-1.23.1/src/runtime/scheduler/current_thread.rs:541:25
[INFO] [stdout]   28:     0x55a14e9460cc - tokio::runtime::scheduler::current_thread::Context::enter::h6263ce8dce53df2b
[INFO] [stdout]                                at /opt/rustwide/cargo-home/registry/src/index.crates.io-6f17d22bba15001f/tokio-1.23.1/src/runtime/scheduler/current_thread.rs:350:19
[INFO] [stdout]   29:     0x55a14e94de02 - tokio::runtime::scheduler::current_thread::CoreGuard::block_on::{{closure}}::h8bc1af2bc1e39f67
[INFO] [stdout]                                at /opt/rustwide/cargo-home/registry/src/index.crates.io-6f17d22bba15001f/tokio-1.23.1/src/runtime/scheduler/current_thread.rs:540:36
[INFO] [stdout]   30:     0x55a14e94a0ab - tokio::runtime::scheduler::current_thread::CoreGuard::enter::{{closure}}::h1bd964d8cfff6cce
[INFO] [stdout]                                at /opt/rustwide/cargo-home/registry/src/index.crates.io-6f17d22bba15001f/tokio-1.23.1/src/runtime/scheduler/current_thread.rs:615:57
[INFO] [stdout]   31:     0x55a14eaaaf1d - tokio::macros::scoped_tls::ScopedKey<T>::set::h10b5226f7f54549b
[INFO] [stdout]                                at /opt/rustwide/cargo-home/registry/src/index.crates.io-6f17d22bba15001f/tokio-1.23.1/src/macros/scoped_tls.rs:61:9
[INFO] [stdout]   32:     0x55a14e949e3f - tokio::runtime::scheduler::current_thread::CoreGuard::enter::hf81d3b36651bc45d
[INFO] [stdout]                                at /opt/rustwide/cargo-home/registry/src/index.crates.io-6f17d22bba15001f/tokio-1.23.1/src/runtime/scheduler/current_thread.rs:615:27
[INFO] [stdout]   33:     0x55a14e94a39c - tokio::runtime::scheduler::current_thread::CoreGuard::block_on::hbdb2a43f20358835
[INFO] [stdout]                                at /opt/rustwide/cargo-home/registry/src/index.crates.io-6f17d22bba15001f/tokio-1.23.1/src/runtime/scheduler/current_thread.rs:530:19
[INFO] [stdout]   34:     0x55a14e94491b - tokio::runtime::scheduler::current_thread::CurrentThread::block_on::h7c1761f2095e7b06
[INFO] [stdout]                                at /opt/rustwide/cargo-home/registry/src/index.crates.io-6f17d22bba15001f/tokio-1.23.1/src/runtime/scheduler/current_thread.rs:154:24
[INFO] [stdout]   35:     0x55a14ea9c2b7 - tokio::runtime::runtime::Runtime::block_on::hb0813145a5e87902
[INFO] [stdout]                                at /opt/rustwide/cargo-home/registry/src/index.crates.io-6f17d22bba15001f/tokio-1.23.1/src/runtime/runtime.rs:282:47
[INFO] [stdout]   36:     0x55a14ea388db - binance_cli::binance_trade::test::test_convert_indirect::h4a2b807b69916641
[INFO] [stdout]                                at /opt/rustwide/workdir/src/binance_trade.rs:567:9
[INFO] [stdout]   37:     0x55a14ea38797 - binance_cli::binance_trade::test::test_convert_indirect::{{closure}}::hfb239061723d3e53
[INFO] [stdout]                                at /opt/rustwide/workdir/src/binance_trade.rs:562:37
[INFO] [stdout]   38:     0x55a14ea22c16 - core::ops::function::FnOnce::call_once::ha334b3f6e17223c9
[INFO] [stdout]                                at /rustc/82e1608dfa6e0b5569232559e3d385fea5a93112/library/core/src/ops/function.rs:250:5
[INFO] [stdout]   39:     0x55a14eb80c4f - core::ops::function::FnOnce::call_once::h2b5d431d5046312d
[INFO] [stdout]                                at /rustc/82e1608dfa6e0b5569232559e3d385fea5a93112/library/core/src/ops/function.rs:250:5
[INFO] [stdout]   40:     0x55a14eb80c4f - test::__rust_begin_short_backtrace::h7714669af176e207
[INFO] [stdout]                                at /rustc/82e1608dfa6e0b5569232559e3d385fea5a93112/library/test/src/lib.rs:628:18
[INFO] [stdout]   41:     0x55a14eb7fc65 - test::run_test_in_process::{{closure}}::h85218797dcbcec12
[INFO] [stdout]                                at /rustc/82e1608dfa6e0b5569232559e3d385fea5a93112/library/test/src/lib.rs:651:60
[INFO] [stdout]   42:     0x55a14eb7fc65 - <core::panic::unwind_safe::AssertUnwindSafe<F> as core::ops::function::FnOnce<()>>::call_once::h76c106ea31c14d7b
[INFO] [stdout]                                at /rustc/82e1608dfa6e0b5569232559e3d385fea5a93112/library/core/src/panic/unwind_safe.rs:272:9
[INFO] [stdout]   43:     0x55a14eb7fc65 - std::panicking::try::do_call::h3bd5d0f6620ee946
[INFO] [stdout]                                at /rustc/82e1608dfa6e0b5569232559e3d385fea5a93112/library/std/src/panicking.rs:552:40
[INFO] [stdout]   44:     0x55a14eb7fc65 - std::panicking::try::h232e535e4744fe31
[INFO] [stdout]                                at /rustc/82e1608dfa6e0b5569232559e3d385fea5a93112/library/std/src/panicking.rs:516:19
[INFO] [stdout]   45:     0x55a14eb7fc65 - std::panic::catch_unwind::h3ce3bd6ca8dbac68
[INFO] [stdout]                                at /rustc/82e1608dfa6e0b5569232559e3d385fea5a93112/library/std/src/panic.rs:142:14
[INFO] [stdout]   46:     0x55a14eb7fc65 - test::run_test_in_process::hc97b257c9621286a
[INFO] [stdout]                                at /rustc/82e1608dfa6e0b5569232559e3d385fea5a93112/library/test/src/lib.rs:651:27
[INFO] [stdout]   47:     0x55a14eb7fc65 - test::run_test::{{closure}}::h2aa798823a438d38
[INFO] [stdout]                                at /rustc/82e1608dfa6e0b5569232559e3d385fea5a93112/library/test/src/lib.rs:574:43
[INFO] [stdout]   48:     0x55a14eb47f26 - test::run_test::{{closure}}::h87d231c78fb59832
[INFO] [stdout]                                at /rustc/82e1608dfa6e0b5569232559e3d385fea5a93112/library/test/src/lib.rs:602:41
[INFO] [stdout]   49:     0x55a14eb47f26 - std::sys_common::backtrace::__rust_begin_short_backtrace::he6df152596625789
[INFO] [stdout]                                at /rustc/82e1608dfa6e0b5569232559e3d385fea5a93112/library/std/src/sys_common/backtrace.rs:154:18
[INFO] [stdout]   50:     0x55a14eb4cfd7 - std::thread::Builder::spawn_unchecked_::{{closure}}::{{closure}}::ha94be15d1e0acf36
[INFO] [stdout]                                at /rustc/82e1608dfa6e0b5569232559e3d385fea5a93112/library/std/src/thread/mod.rs:529:17
[INFO] [stdout]   51:     0x55a14eb4cfd7 - <core::panic::unwind_safe::AssertUnwindSafe<F> as core::ops::function::FnOnce<()>>::call_once::h9dc6bd6372f16606
[INFO] [stdout]                                at /rustc/82e1608dfa6e0b5569232559e3d385fea5a93112/library/core/src/panic/unwind_safe.rs:272:9
[INFO] [stdout]   52:     0x55a14eb4cfd7 - std::panicking::try::do_call::h9057517f80303cd4
[INFO] [stdout]                                at /rustc/82e1608dfa6e0b5569232559e3d385fea5a93112/library/std/src/panicking.rs:552:40
[INFO] [stdout]   53:     0x55a14eb4cfd7 - std::panicking::try::he3a30b11ee45340c
[INFO] [stdout]                                at /rustc/82e1608dfa6e0b5569232559e3d385fea5a93112/library/std/src/panicking.rs:516:19
[INFO] [stdout]   54:     0x55a14eb4cfd7 - std::panic::catch_unwind::h410458cfd3528b8b
[INFO] [stdout]                                at /rustc/82e1608dfa6e0b5569232559e3d385fea5a93112/library/std/src/panic.rs:142:14
[INFO] [stdout]   55:     0x55a14eb4cfd7 - std::thread::Builder::spawn_unchecked_::{{closure}}::h72ac3bdb567b737b
[INFO] [stdout]                                at /rustc/82e1608dfa6e0b5569232559e3d385fea5a93112/library/std/src/thread/mod.rs:528:30
[INFO] [stdout]   56:     0x55a14eb4cfd7 - core::ops::function::FnOnce::call_once{{vtable.shim}}::h38f34da3654a8344
[INFO] [stdout]                                at /rustc/82e1608dfa6e0b5569232559e3d385fea5a93112/library/core/src/ops/function.rs:250:5
[INFO] [stdout]   57:     0x55a14f0d0905 - <alloc::boxed::Box<F,A> as core::ops::function::FnOnce<Args>>::call_once::hc7eafaff61e32df9
[INFO] [stdout]                                at /rustc/82e1608dfa6e0b5569232559e3d385fea5a93112/library/alloc/src/boxed.rs:2007:9
[INFO] [stdout]   58:     0x55a14f0d0905 - <alloc::boxed::Box<F,A> as core::ops::function::FnOnce<Args>>::call_once::h6ba4a5de48dd2304
[INFO] [stdout]                                at /rustc/82e1608dfa6e0b5569232559e3d385fea5a93112/library/alloc/src/boxed.rs:2007:9
[INFO] [stdout]   59:     0x55a14f0d0905 - std::sys::unix::thread::Thread::new::thread_start::he469335aef763e45
[INFO] [stdout]                                at /rustc/82e1608dfa6e0b5569232559e3d385fea5a93112/library/std/src/sys/unix/thread.rs:108:17
[INFO] [stdout]   60:     0x7fa0ce9ffac3 - <unknown>
[INFO] [stdout]   61:     0x7fa0cea90bf4 - __clone
[INFO] [stdout]   62:                0x0 - <unknown>
[INFO] [stdout] 
[INFO] [stdout] 
[INFO] [stdout] failures:
[INFO] [stdout]     binance_trade::test::test_convert_indirect
[INFO] [stdout]     binance_trade::test::test_convertcommission
[INFO] [stdout] 
[INFO] [stdout] test result: FAILED. 74 passed; 2 failed; 2 ignored; 0 measured; 0 filtered out; finished in 39.29s
[INFO] [stdout] 
[INFO] [stderr] error: test failed, to rerun pass `--bin binance-cli`
[INFO] running `Command { std: "docker" "inspect" "d050940808d23583e3614acffeb06dcc1c9d0145b0b74edfb9d9f9d2094b7cd9", kill_on_drop: false }`
[INFO] running `Command { std: "docker" "rm" "-f" "d050940808d23583e3614acffeb06dcc1c9d0145b0b74edfb9d9f9d2094b7cd9", kill_on_drop: false }`
[INFO] [stdout] d050940808d23583e3614acffeb06dcc1c9d0145b0b74edfb9d9f9d2094b7cd9
[INFO] testing winksaville/rust-binance-auto-sell against beta-2023-12-22 for beta-1.76-1
[INFO] running `Command { std: "git" "clone" "/workspace/cache/git-repos/https%3A%2F%2Fgithub.com%2Fwinksaville%2Frust-binance-auto-sell" "/workspace/builds/worker-2-tc2/source", kill_on_drop: false }`
[INFO] [stderr] Cloning into '/workspace/builds/worker-2-tc2/source'...
[INFO] [stderr] done.
[INFO] validating manifest of git repo https://github.com/winksaville/rust-binance-auto-sell on toolchain beta-2023-12-22
[INFO] running `Command { std: CARGO_HOME="/workspace/cargo-home" RUSTUP_HOME="/workspace/rustup-home" "/workspace/cargo-home/bin/cargo" "+beta-2023-12-22" "metadata" "--manifest-path" "Cargo.toml" "--no-deps", kill_on_drop: false }`
[INFO] removed /workspace/builds/worker-2-tc2/source/rust-toolchain.toml
[INFO] started tweaking git repo https://github.com/winksaville/rust-binance-auto-sell
[INFO] finished tweaking git repo https://github.com/winksaville/rust-binance-auto-sell
[INFO] tweaked toml for git repo https://github.com/winksaville/rust-binance-auto-sell written to /workspace/builds/worker-2-tc2/source/Cargo.toml
[INFO] crate git repo https://github.com/winksaville/rust-binance-auto-sell already has a lockfile, it will not be regenerated
[INFO] running `Command { std: CARGO_HOME="/workspace/cargo-home" RUSTUP_HOME="/workspace/rustup-home" "/workspace/cargo-home/bin/cargo" "+beta-2023-12-22" "fetch" "--manifest-path" "Cargo.toml", kill_on_drop: false }`
[INFO] running `Command { std: "docker" "create" "-v" "/var/lib/crater-agent-workspace/builds/worker-2-tc2/target:/opt/rustwide/target:rw,Z" "-v" "/var/lib/crater-agent-workspace/builds/worker-2-tc2/source:/opt/rustwide/workdir:ro,Z" "-v" "/var/lib/crater-agent-workspace/cargo-home:/opt/rustwide/cargo-home:ro,Z" "-v" "/var/lib/crater-agent-workspace/rustup-home:/opt/rustwide/rustup-home:ro,Z" "-e" "SOURCE_DIR=/opt/rustwide/workdir" "-e" "CARGO_TARGET_DIR=/opt/rustwide/target" "-e" "CARGO_HOME=/opt/rustwide/cargo-home" "-e" "RUSTUP_HOME=/opt/rustwide/rustup-home" "-w" "/opt/rustwide/workdir" "-m" "1610612736" "--user" "0:0" "--network" "none" "ghcr.io/rust-lang/crates-build-env/linux@sha256:2788e3201cd34a07e3172128adcd8b3090168a8e3bcc40d7c032b9dda1df7d1c" "/opt/rustwide/cargo-home/bin/cargo" "+beta-2023-12-22" "metadata" "--no-deps" "--format-version=1", kill_on_drop: false }`
[INFO] [stdout] 2da6194de7b1aa993e3ff465974a5c5f5a9a879ed88cf35236a62a168b889a15
[INFO] running `Command { std: "docker" "start" "-a" "2da6194de7b1aa993e3ff465974a5c5f5a9a879ed88cf35236a62a168b889a15", kill_on_drop: false }`
[INFO] running `Command { std: "docker" "inspect" "2da6194de7b1aa993e3ff465974a5c5f5a9a879ed88cf35236a62a168b889a15", kill_on_drop: false }`
[INFO] running `Command { std: "docker" "rm" "-f" "2da6194de7b1aa993e3ff465974a5c5f5a9a879ed88cf35236a62a168b889a15", kill_on_drop: false }`
[INFO] [stdout] 2da6194de7b1aa993e3ff465974a5c5f5a9a879ed88cf35236a62a168b889a15
[INFO] running `Command { std: "docker" "create" "-v" "/var/lib/crater-agent-workspace/builds/worker-2-tc2/target:/opt/rustwide/target:rw,Z" "-v" "/var/lib/crater-agent-workspace/builds/worker-2-tc2/source:/opt/rustwide/workdir:ro,Z" "-v" "/var/lib/crater-agent-workspace/cargo-home:/opt/rustwide/cargo-home:ro,Z" "-v" "/var/lib/crater-agent-workspace/rustup-home:/opt/rustwide/rustup-home:ro,Z" "-e" "SOURCE_DIR=/opt/rustwide/workdir" "-e" "CARGO_TARGET_DIR=/opt/rustwide/target" "-e" "CARGO_INCREMENTAL=0" "-e" "RUST_BACKTRACE=full" "-e" "RUSTFLAGS=--cap-lints=warn" "-e" "RUSTDOCFLAGS=--cap-lints=warn" "-e" "CARGO_HOME=/opt/rustwide/cargo-home" "-e" "RUSTUP_HOME=/opt/rustwide/rustup-home" "-w" "/opt/rustwide/workdir" "-m" "1610612736" "--user" "0:0" "--network" "none" "ghcr.io/rust-lang/crates-build-env/linux@sha256:2788e3201cd34a07e3172128adcd8b3090168a8e3bcc40d7c032b9dda1df7d1c" "/opt/rustwide/cargo-home/bin/cargo" "+beta-2023-12-22" "build" "--frozen" "--message-format=json", kill_on_drop: false }`
[INFO] [stdout] 58a3bc59afbf6e69d32a1a920c8588dd4524bb399fada9fce5be539e3c9df77b
[INFO] running `Command { std: "docker" "start" "-a" "58a3bc59afbf6e69d32a1a920c8588dd4524bb399fada9fce5be539e3c9df77b", kill_on_drop: false }`
[INFO] [stderr]    Compiling libc v0.2.139
[INFO] [stderr]    Compiling autocfg v1.1.0
[INFO] [stderr]    Compiling proc-macro2 v1.0.49
[INFO] [stderr]    Compiling unicode-ident v1.0.6
[INFO] [stderr]    Compiling quote v1.0.23
[INFO] [stderr]    Compiling syn v1.0.107
[INFO] [stderr]    Compiling cfg-if v1.0.0
[INFO] [stderr]    Compiling pkg-config v0.3.26
[INFO] [stderr]    Compiling itoa v1.0.5
[INFO] [stderr]    Compiling version_check v0.9.4
[INFO] [stderr]    Compiling memchr v2.5.0
[INFO] [stderr]    Compiling serde_derive v1.0.152
[INFO] [stderr]    Compiling serde v1.0.152
[INFO] [stderr]    Compiling once_cell v1.17.0
[INFO] [stderr]    Compiling num-traits v0.2.15
[INFO] [stderr]    Compiling log v0.4.17
[INFO] [stderr]    Compiling lock_api v0.4.7
[INFO] [stderr]    Compiling parking_lot_core v0.9.3
[INFO] [stderr]    Compiling pin-project-lite v0.2.9
[INFO] [stderr]    Compiling bitflags v1.3.2
[INFO] [stderr]    Compiling ryu v1.0.12
[INFO] [stderr]    Compiling jobserver v0.1.25
[INFO] [stderr]    Compiling scopeguard v1.1.0
[INFO] [stderr]    Compiling futures-core v0.3.23
[INFO] [stderr]    Compiling bytes v1.3.0
[INFO] [stderr]    Compiling tinyvec_macros v0.1.0
[INFO] [stderr]    Compiling cc v1.0.78
[INFO] [stderr]    Compiling smallvec v1.9.0
[INFO] [stderr]    Compiling tinyvec v1.6.0
[INFO] [stderr]    Compiling tokio v1.23.1
[INFO] [stderr]    Compiling typenum v1.15.0
[INFO] [stderr]    Compiling rustversion v1.0.11
[INFO] [stderr]    Compiling serde_json v1.0.91
[INFO] [stderr]    Compiling percent-encoding v2.2.0
[INFO] [stderr]    Compiling form_urlencoded v1.1.0
[INFO] [stderr]    Compiling parking_lot v0.12.1
[INFO] [stderr]    Compiling mio v0.8.4
[INFO] [stderr]    Compiling socket2 v0.4.7
[INFO] [stderr]    Compiling unicode-normalization v0.1.22
[INFO] [stderr]    Compiling num_cpus v1.15.0
[INFO] [stderr]    Compiling signal-hook-registry v1.4.0
[INFO] [stderr]    Compiling openssl-sys v0.9.80
[INFO] [stderr]    Compiling libz-sys v1.1.8
[INFO] [stderr]    Compiling generic-array v0.14.6
[INFO] [stderr]    Compiling proc-macro-error-attr v1.0.4
[INFO] [stderr]    Compiling num-integer v0.1.45
[INFO] [stderr]    Compiling indexmap v1.9.2
[INFO] [stderr]    Compiling rust_decimal v1.27.0
[INFO] [stderr]    Compiling anyhow v1.0.68
[INFO] [stderr]    Compiling unicode-bidi v0.3.8
[INFO] [stderr]    Compiling futures-task v0.3.23
[INFO] [stderr]    Compiling libgit2-sys v0.14.0+1.5.0
[INFO] [stderr]    Compiling idna v0.3.0
[INFO] [stderr]    Compiling tracing-core v0.1.29
[INFO] [stderr]    Compiling proc-macro-error v1.0.4
[INFO] [stderr]    Compiling slab v0.4.7
[INFO] [stderr]    Compiling foreign-types-shared v0.1.1
[INFO] [stderr]    Compiling hashbrown v0.12.3
[INFO] [stderr]    Compiling futures-util v0.3.23
[INFO] [stderr]    Compiling arrayvec v0.7.2
[INFO] [stderr]    Compiling openssl v0.10.45
[INFO] [stderr]    Compiling time-core v0.1.0
[INFO] [stderr]    Compiling semver v1.0.16
[INFO] [stderr]    Compiling fnv v1.0.7
[INFO] [stderr]    Compiling time v0.3.17
[INFO] [stderr]    Compiling http v0.2.8
[INFO] [stderr]    Compiling foreign-types v0.3.2
[INFO] [stderr]    Compiling tracing v0.1.36
[INFO] [stderr]    Compiling url v2.3.1
[INFO] [stderr]    Compiling time v0.1.44
[INFO] [stderr]    Compiling httparse v1.7.1
[INFO] [stderr]    Compiling thiserror v1.0.38
[INFO] [stderr]    Compiling futures-sink v0.3.23
[INFO] [stderr]    Compiling pin-utils v0.1.0
[INFO] [stderr]    Compiling native-tls v0.2.11
[INFO] [stderr]    Compiling iana-time-zone v0.1.53
[INFO] [stderr]    Compiling futures-channel v0.3.23
[INFO] [stderr]    Compiling chrono v0.4.23
[INFO] [stderr]    Compiling vergen v7.5.0
[INFO] [stderr]    Compiling rust_decimal_macros v1.27.0
[INFO] [stderr]    Compiling try-lock v0.2.3
[INFO] [stderr]    Compiling openssl-probe v0.1.5
[INFO] [stderr]    Compiling lazy_static v1.4.0
[INFO] [stderr]    Compiling regex-automata v0.1.10
[INFO] [stderr]    Compiling rustc_version v0.4.0
[INFO] [stderr]    Compiling want v0.3.0
[INFO] [stderr]    Compiling crypto-common v0.1.6
[INFO] [stderr]    Compiling block-buffer v0.10.2
[INFO] [stderr]    Compiling http-body v0.4.5
[INFO] [stderr]    Compiling sysinfo v0.27.2
[INFO] [stderr]    Compiling csv-core v0.1.10
[INFO] [stderr]    Compiling subtle v2.4.1
[INFO] [stderr]    Compiling httpdate v1.0.2
[INFO] [stderr]    Compiling tower-service v0.3.2
[INFO] [stderr]    Compiling itoa v0.4.8
[INFO] [stderr]    Compiling separator v0.4.1
[INFO] [stderr]    Compiling time_ms_conversions v0.2.0 (https://github.com/winksaville/time-ms-conversions#b99e4733)
[INFO] [stderr]    Compiling encoding_rs v0.8.31
[INFO] [stderr]    Compiling digest v0.10.6
[INFO] [stderr]    Compiling atty v0.2.14
[INFO] [stderr]    Compiling aho-corasick v0.7.20
[INFO] [stderr]    Compiling os_str_bytes v6.4.1
[INFO] [stderr]    Compiling regex-syntax v0.6.28
[INFO] [stderr]    Compiling termcolor v1.1.3
[INFO] [stderr]    Compiling tokio-macros v1.8.0
[INFO] [stderr]    Compiling openssl-macros v0.1.0
[INFO] [stderr]    Compiling thiserror-impl v1.0.38
[INFO] [stderr]    Compiling enum-iterator-derive v1.1.0
[INFO] [stderr]    Compiling getset v0.1.2
[INFO] [stderr]    Compiling regex v1.7.0
[INFO] [stderr]    Compiling clap_lex v0.2.4
[INFO] [stderr]    Compiling enum-iterator v1.2.0
[INFO] [stderr]    Compiling cpufeatures v0.2.5
[INFO] [stderr]    Compiling mime v0.3.16
[INFO] [stderr]    Compiling heck v0.4.0
[INFO] [stderr]    Compiling strsim v0.10.0
[INFO] [stderr]    Compiling humantime v2.1.0
[INFO] [stderr]    Compiling ipnet v2.5.0
[INFO] [stderr]    Compiling base64 v0.13.1
[INFO] [stderr]    Compiling textwrap v0.16.0
[INFO] [stderr]    Compiling clap v3.2.23
[INFO] [stderr]    Compiling env_logger v0.9.3
[INFO] [stderr]    Compiling strum_macros v0.24.3
[INFO] [stderr]    Compiling tokio-util v0.7.3
[INFO] [stderr]    Compiling tokio-native-tls v0.3.0
[INFO] [stderr]    Compiling sha2 v0.10.6
[INFO] [stderr]    Compiling test-env-log v0.2.8
[INFO] [stderr]    Compiling h2 v0.3.14
[INFO] [stderr]    Compiling hmac v0.12.1
[INFO] [stderr]    Compiling hex-literal v0.3.4
[INFO] [stderr]    Compiling hex v0.4.3
[INFO] [stderr]    Compiling bstr v0.2.17
[INFO] [stderr]    Compiling serde_utc_time_ms v0.2.0 (https://github.com/winksaville/serde-utc-time-ms#84786f6b)
[INFO] [stderr]    Compiling serde_urlencoded v0.7.1
[INFO] [stderr]    Compiling toml v0.5.10
[INFO] [stderr]    Compiling csv v1.1.6
[INFO] [stderr]    Compiling hyper v0.14.20
[INFO] [stderr]    Compiling rusty-money v0.4.1
[INFO] [stderr]    Compiling dec-utils v0.1.0 (https://github.com/winksaville/dec-utils#f195fd25)
[INFO] [stderr]    Compiling taxbitrec v0.4.0 (https://github.com/winksaville/taxbitrec#89ddf5f4)
[INFO] [stderr]    Compiling tokentaxrec v0.2.0 (https://github.com/winksaville/tokentaxrec#937fe477)
[INFO] [stderr]    Compiling hyper-tls v0.5.0
[INFO] [stderr]    Compiling reqwest v0.11.13
[INFO] [stderr]    Compiling git2 v0.15.0
[INFO] [stderr]    Compiling binance-cli v0.7.6 (/opt/rustwide/workdir)
[INFO] [stdout] warning: variable does not need to be mutable
[INFO] [stdout]   --> src/binance_account_info.rs:96:13
[INFO] [stdout]    |
[INFO] [stdout] 96 |         for mut balance in self.balances_map.values_mut() {
[INFO] [stdout]    |             ----^^^^^^^
[INFO] [stdout]    |             |
[INFO] [stdout]    |             help: remove this `mut`
[INFO] [stdout]    |
[INFO] [stdout]    = note: `#[warn(unused_mut)]` on by default
[INFO] [stdout] 
[INFO] [stdout] 
[INFO] [stdout] warning: 1 warning emitted
[INFO] [stdout] 
[INFO] [stdout] 
[INFO] [stderr]     Finished dev [unoptimized + debuginfo] target(s) in 46.67s
[INFO] running `Command { std: "docker" "inspect" "58a3bc59afbf6e69d32a1a920c8588dd4524bb399fada9fce5be539e3c9df77b", kill_on_drop: false }`
[INFO] running `Command { std: "docker" "rm" "-f" "58a3bc59afbf6e69d32a1a920c8588dd4524bb399fada9fce5be539e3c9df77b", kill_on_drop: false }`
[INFO] [stdout] 58a3bc59afbf6e69d32a1a920c8588dd4524bb399fada9fce5be539e3c9df77b
[INFO] running `Command { std: "docker" "create" "-v" "/var/lib/crater-agent-workspace/builds/worker-2-tc2/target:/opt/rustwide/target:rw,Z" "-v" "/var/lib/crater-agent-workspace/builds/worker-2-tc2/source:/opt/rustwide/workdir:ro,Z" "-v" "/var/lib/crater-agent-workspace/cargo-home:/opt/rustwide/cargo-home:ro,Z" "-v" "/var/lib/crater-agent-workspace/rustup-home:/opt/rustwide/rustup-home:ro,Z" "-e" "SOURCE_DIR=/opt/rustwide/workdir" "-e" "CARGO_TARGET_DIR=/opt/rustwide/target" "-e" "CARGO_INCREMENTAL=0" "-e" "RUST_BACKTRACE=full" "-e" "RUSTFLAGS=--cap-lints=warn" "-e" "RUSTDOCFLAGS=--cap-lints=warn" "-e" "CARGO_HOME=/opt/rustwide/cargo-home" "-e" "RUSTUP_HOME=/opt/rustwide/rustup-home" "-w" "/opt/rustwide/workdir" "-m" "1610612736" "--user" "0:0" "--network" "none" "ghcr.io/rust-lang/crates-build-env/linux@sha256:2788e3201cd34a07e3172128adcd8b3090168a8e3bcc40d7c032b9dda1df7d1c" "/opt/rustwide/cargo-home/bin/cargo" "+beta-2023-12-22" "test" "--frozen" "--no-run" "--message-format=json", kill_on_drop: false }`
[INFO] [stdout] 47d3a7f5fc512c2b7f14abc48d0b40301384c2aad12dddacf23539ba55f119db
[INFO] running `Command { std: "docker" "start" "-a" "47d3a7f5fc512c2b7f14abc48d0b40301384c2aad12dddacf23539ba55f119db", kill_on_drop: false }`
[INFO] [stderr]    Compiling regex-syntax v0.6.28
[INFO] [stderr]    Compiling predicates-core v1.0.3
[INFO] [stderr]    Compiling doc-comment v0.3.3
[INFO] [stderr]    Compiling either v1.8.0
[INFO] [stderr]    Compiling float-cmp v0.9.0
[INFO] [stderr]    Compiling normalize-line-endings v0.3.0
[INFO] [stderr]    Compiling difflib v0.4.0
[INFO] [stderr]    Compiling termtree v0.2.4
[INFO] [stderr]    Compiling bstr v1.1.0
[INFO] [stderr]    Compiling predicates-tree v1.0.5
[INFO] [stderr]    Compiling wait-timeout v0.2.0
[INFO] [stderr]    Compiling itertools v0.10.5
[INFO] [stderr]    Compiling regex v1.7.0
[INFO] [stderr]    Compiling env_logger v0.9.3
[INFO] [stderr]    Compiling predicates v2.1.5
[INFO] [stderr]    Compiling assert_cmd v2.0.7
[INFO] [stderr]    Compiling binance-cli v0.7.6 (/opt/rustwide/workdir)
[INFO] [stdout] warning: variable does not need to be mutable
[INFO] [stdout]   --> src/binance_account_info.rs:96:13
[INFO] [stdout]    |
[INFO] [stdout] 96 |         for mut balance in self.balances_map.values_mut() {
[INFO] [stdout]    |             ----^^^^^^^
[INFO] [stdout]    |             |
[INFO] [stdout]    |             help: remove this `mut`
[INFO] [stdout]    |
[INFO] [stdout]    = note: `#[warn(unused_mut)]` on by default
[INFO] [stdout] 
[INFO] [stdout] 
[INFO] [stdout] warning: variable does not need to be mutable
[INFO] [stdout]   --> src/binance_account_info.rs:96:13
[INFO] [stdout]    |
[INFO] [stdout] 96 |         for mut balance in self.balances_map.values_mut() {
[INFO] [stdout]    |             ----^^^^^^^
[INFO] [stdout]    |             |
[INFO] [stdout]    |             help: remove this `mut`
[INFO] [stdout]    |
[INFO] [stdout]    = note: `#[warn(unused_mut)]` on by default
[INFO] [stdout] 
[INFO] [stdout] 
[INFO] [stdout] warning: 1 warning emitted
[INFO] [stdout] 
[INFO] [stdout] 
[INFO] [stdout] warning: 1 warning emitted
[INFO] [stdout] 
[INFO] [stdout] 
[INFO] [stderr]     Finished test [unoptimized + debuginfo] target(s) in 11.38s
[INFO] running `Command { std: "docker" "inspect" "47d3a7f5fc512c2b7f14abc48d0b40301384c2aad12dddacf23539ba55f119db", kill_on_drop: false }`
[INFO] running `Command { std: "docker" "rm" "-f" "47d3a7f5fc512c2b7f14abc48d0b40301384c2aad12dddacf23539ba55f119db", kill_on_drop: false }`
[INFO] [stdout] 47d3a7f5fc512c2b7f14abc48d0b40301384c2aad12dddacf23539ba55f119db
[INFO] running `Command { std: "docker" "create" "-v" "/var/lib/crater-agent-workspace/builds/worker-2-tc2/target:/opt/rustwide/target:rw,Z" "-v" "/var/lib/crater-agent-workspace/builds/worker-2-tc2/source:/opt/rustwide/workdir:ro,Z" "-v" "/var/lib/crater-agent-workspace/cargo-home:/opt/rustwide/cargo-home:ro,Z" "-v" "/var/lib/crater-agent-workspace/rustup-home:/opt/rustwide/rustup-home:ro,Z" "-e" "SOURCE_DIR=/opt/rustwide/workdir" "-e" "CARGO_TARGET_DIR=/opt/rustwide/target" "-e" "CARGO_INCREMENTAL=0" "-e" "RUST_BACKTRACE=full" "-e" "RUSTFLAGS=--cap-lints=warn" "-e" "RUSTDOCFLAGS=--cap-lints=warn" "-e" "CARGO_HOME=/opt/rustwide/cargo-home" "-e" "RUSTUP_HOME=/opt/rustwide/rustup-home" "-w" "/opt/rustwide/workdir" "-m" "1610612736" "--user" "0:0" "--network" "none" "ghcr.io/rust-lang/crates-build-env/linux@sha256:2788e3201cd34a07e3172128adcd8b3090168a8e3bcc40d7c032b9dda1df7d1c" "/opt/rustwide/cargo-home/bin/cargo" "+beta-2023-12-22" "test" "--frozen", kill_on_drop: false }`
[INFO] [stdout] 84c97de10bd859d494a3806c8378c565e09bcae3911f5c2399f1b6a80481b7cf
[INFO] running `Command { std: "docker" "start" "-a" "84c97de10bd859d494a3806c8378c565e09bcae3911f5c2399f1b6a80481b7cf", kill_on_drop: false }`
[INFO] [stderr] warning: variable does not need to be mutable
[INFO] [stderr]   --> src/binance_account_info.rs:96:13
[INFO] [stderr]    |
[INFO] [stderr] 96 |         for mut balance in self.balances_map.values_mut() {
[INFO] [stderr]    |             ----^^^^^^^
[INFO] [stderr]    |             |
[INFO] [stderr]    |             help: remove this `mut`
[INFO] [stderr]    |
[INFO] [stderr]    = note: `#[warn(unused_mut)]` on by default
[INFO] [stderr] 
[INFO] [stderr] warning: `binance-cli` (bin "binance-cli") generated 1 warning (run `cargo fix --bin "binance-cli"` to apply 1 suggestion)
[INFO] [stderr] warning: `binance-cli` (bin "binance-cli" test) generated 1 warning (1 duplicate)
[INFO] [stderr]     Finished test [unoptimized + debuginfo] target(s) in 0.19s
[INFO] [stderr]      Running unittests src/main.rs (/opt/rustwide/target/debug/deps/binance_cli-da6f37318bbea490)
[INFO] [stdout] 
[INFO] [stdout] running 78 tests
[INFO] [stdout] test binance_klines::test::test_kline_rec ... ok
[INFO] [stdout] test binance_order_response::test::test_order_response_header_rec_app_rec_versions ... ok
[INFO] [stdout] test binance_exchange_info::test::test_exchange_info ... ok
[INFO] [stdout] test binance_order_response::test::test_order_response_header_rec_min ... ok
[INFO] [stdout] test binance_my_trades::test::test_trade_rec ... ok
[INFO] [stdout] test binance_my_trades::test::test_trade_rec_is_buyer_factor ... ok
[INFO] [stdout] test binance_account_info::test::test_account_info ... ok
[INFO] [stdout] test binance_order_response::test::test_order_response_header_rec_max ... ok
[INFO] [stdout] test binance_order_response::test::test_order_response_success_unknown ... ok
[INFO] [stdout] test binance_order_response::test::test_order_response_success_result ... ok
[INFO] [stdout] test binance_order_response::test::test_order_response_semver ... ok
[INFO] [stdout] test binance_order_response::test::test_order_response_success_ack ... ok
[INFO] [stdout] test binance_history::test::test_history_rec ... ok
[INFO] [stdout] test binance_order_response::test::test_order_response_success_full ... ok
[INFO] [stdout] test binance_signature::test::test_query_vec_u8 ... ok
[INFO] [stdout] test binance_signature::test::test_query_vec_u8_no_data ... ok
[INFO] [stdout] test binance_trade::test::test_convert_direct ... ignored
[INFO] [stdout] test binance_signature::test::test_binance_signature_query_string_only ... ok
[INFO] [stdout] test binance_trade::test::test_convert_shib_to_value_assets ... ignored
[INFO] [stdout] test binance_signature::test::test_append_signature ... ok
[INFO] [stdout] test binance_signature::test::test_binance_signature_no_query_string_no_body ... ok
[INFO] [stdout] test binance_signature::test::test_binance_example ... ok
[INFO] [stdout] test common::test::test_binance_response_error_rec ... ok
[INFO] [stdout] test binance_signature::test::test_binance_signature_query_string_and_body ... ok
[INFO] [stdout] test common::test::test_binance_response_error_rec_bad_body ... ok
[INFO] [stdout] test binance_signature::test::test_binance_signature_body_only ... ok
[INFO] [stdout] test binance_trade::test::test_log_order_response ... ok
[INFO] [stdout] test common::test::test_internal_error ... ok
[INFO] [stdout] test common::test::test_binance_response_error_rec_serialization ... ok
[INFO] [stdout] test binance_verify_order::test::test_adj_quantity_verify_lot_size ... ok
[INFO] [stdout] test common::test::test_binance_response_error_rec_serialization_empty ... ok
[INFO] [stdout] test configuration::test::test_config_default ... ok
[INFO] [stdout] test configuration::test::test_config_empty ... ok
[INFO] [stdout] test date_time_utc::test::test_beginning_of_next_month ... ok
[INFO] [stdout] test configuration::test::test_config_buy ... ok
[INFO] [stdout] test configuration::test::test_config_withdraw ... ok
[INFO] [stdout] test date_time_utc::test::test_beginning_of_this_month ... ok
[INFO] [stdout] test date_time_utc::test::test_beginning_of_today ... ok
[INFO] [stdout] test date_time_utc::test::test_days_in_year_month ... ok
[INFO] [stdout] test date_time_utc::test::test_get_dt ... ok
[INFO] [stdout] test date_time_utc::test::test_new ... ok
[INFO] [stdout] test date_time_utc::test::test_beginning_of_tomorrow ... ok
[INFO] [stdout] test date_time_utc::test::test_signed_duration_since_in_secs ... ok
[INFO] [stdout] test date_time_utc::test::test_from_utc_time_ms ... ok
[INFO] [stdout] test de_string_or_number::tests::test_de_sting_or_number_to_u64_errors ... ok
[INFO] [stdout] test de_string_or_number::tests::test_de_sting_or_number_to_f64_errors ... ok
[INFO] [stdout] test de_string_or_number::tests::test_de_sting_or_number_to_i64_errors ... ok
[INFO] [stdout] test de_string_or_number::tests::test_de_string_or_number_from_strings ... ok
[INFO] [stdout] test process_binance_com::test::test_commission_to_tt ... ok
[INFO] [stdout] test de_string_or_number::tests::test_de_string_or_number_from_numbers ... ok
[INFO] [stdout] test process_binance_com::test::test_deserialize_commission_rec_from_csv ... ok
[INFO] [stdout] test process_binance_com::test::test_create_token_tax_rec_vec ... ok
[INFO] [stdout] test process_binance_com::test::test_tr_auto_conversion ... ok
[INFO] [stdout] test configuration::test::test_config_keep ... ok
[INFO] [stdout] test date_time_utc::test::test_parts ... ok
[INFO] [stdout] test process_binance_com::test::test_tr_commission_history_to_tt ... ok
[INFO] [stdout] test process_binance_com::test::test_tr_gt ... ok
[INFO] [stdout] test process_binance_com::test::test_tr_ge ... ok
[INFO] [stdout] test process_binance_com::test::test_deserialize_trade_from_csv ... ok
[INFO] [stdout] test process_binance_com::test::test_tr_eq ... ok
[INFO] [stdout] test process_binance_com::test::test_tr_lt ... ok
[INFO] [stdout] test process_binance_com::test::test_tr_le ... ok
[INFO] [stdout] test process_binance_com::test::test_create_spot_buy_transaction_related_sorting ... ok
[INFO] [stdout] test process_binance_com::test::test_tr_ne ... ok
[INFO] [stdout] test process_binance_com::test::test_tr_leverage_token_redemption ... ok
[INFO] [stdout] test process_binance_com::test::test_tr_small_assets_exchange_bnb_to_tt ... ok
[INFO] [stdout] test process_binance_us::test::test_serialize_to_csv ... ok
[INFO] [stdout] test process_binance_us::test::test_deserialize_from_csv ... ok
[INFO] [stdout] test process_taxbit::test::test_1 ... ok
[INFO] [stdout] test process_binance_us::test::test_serialize_binance_us_dist_rec_to_csv ... ok
[INFO] [stdout] test process_binance_us::test::test_deserialize_dist_rec_from_csv ... ok
[INFO] [stdout] test process_binance_us::test::test_deserialize_binance_us_dist_rec_to_serialized_token_tax_rec ... ok
[INFO] [stdout] test process_taxbit::test::test_from_token_tax_rec ... ok
[INFO] [stdout] test process_token_tax::test::test_consolidate_income ... ok
[INFO] [stdout] test process_token_tax::test::test_deserialize_from_csv ... ok
[INFO] [stdout] test binance_trade::test::test_convertcommission ... FAILED
[INFO] [stdout] test binance_trade::test::test_convert_indirect ... FAILED
[INFO] [stdout] test binance_trade::test::test_convert_value_assets_to_value_assets ... ok
[INFO] [stdout] 
[INFO] [stdout] failures:
[INFO] [stdout] 
[INFO] [stdout] ---- binance_trade::test::test_convertcommission stdout ----
[INFO] [stdout] thread 'binance_trade::test::test_convertcommission' panicked at src/binance_trade.rs:581:14:
[INFO] [stdout] called `Result::unwrap()` on an `Err` value: "convert error, asset: BNB not convertable to USD"
[INFO] [stdout] stack backtrace:
[INFO] [stdout]    0:     0x55a1c431b9e6 - std::backtrace_rs::backtrace::libunwind::trace::h261606ad26a499c1
[INFO] [stdout]                                at /rustc/0e09125c6c3c2fd70d7de961bcf0e51575235fad/library/std/src/../../backtrace/src/backtrace/libunwind.rs:104:5
[INFO] [stdout]    1:     0x55a1c431b9e6 - std::backtrace_rs::backtrace::trace_unsynchronized::hd183f0625477fb28
[INFO] [stdout]                                at /rustc/0e09125c6c3c2fd70d7de961bcf0e51575235fad/library/std/src/../../backtrace/src/backtrace/mod.rs:66:5
[INFO] [stdout]    2:     0x55a1c431b9e6 - std::sys_common::backtrace::_print_fmt::hd7f8fef21b4eda67
[INFO] [stdout]                                at /rustc/0e09125c6c3c2fd70d7de961bcf0e51575235fad/library/std/src/sys_common/backtrace.rs:68:5
[INFO] [stdout]    3:     0x55a1c431b9e6 - <std::sys_common::backtrace::_print::DisplayBacktrace as core::fmt::Display>::fmt::h623d9b51f2f453f1
[INFO] [stdout]                                at /rustc/0e09125c6c3c2fd70d7de961bcf0e51575235fad/library/std/src/sys_common/backtrace.rs:44:22
[INFO] [stdout]    4:     0x55a1c4349db0 - core::fmt::rt::Argument::fmt::h9f417ac76a86f368
[INFO] [stdout]                                at /rustc/0e09125c6c3c2fd70d7de961bcf0e51575235fad/library/core/src/fmt/rt.rs:142:9
[INFO] [stdout]    5:     0x55a1c4349db0 - core::fmt::write::hc9b6faf4ac2aeff7
[INFO] [stdout]                                at /rustc/0e09125c6c3c2fd70d7de961bcf0e51575235fad/library/core/src/fmt/mod.rs:1120:17
[INFO] [stdout]    6:     0x55a1c431884f - std::io::Write::write_fmt::he04625a3a989fec3
[INFO] [stdout]                                at /rustc/0e09125c6c3c2fd70d7de961bcf0e51575235fad/library/std/src/io/mod.rs:1810:15
[INFO] [stdout]    7:     0x55a1c431b7c4 - std::sys_common::backtrace::_print::hd5d66399c7df88a2
[INFO] [stdout]                                at /rustc/0e09125c6c3c2fd70d7de961bcf0e51575235fad/library/std/src/sys_common/backtrace.rs:47:5
[INFO] [stdout]    8:     0x55a1c431b7c4 - std::sys_common::backtrace::print::he81ed2da642d37e5
[INFO] [stdout]                                at /rustc/0e09125c6c3c2fd70d7de961bcf0e51575235fad/library/std/src/sys_common/backtrace.rs:34:9
[INFO] [stdout]    9:     0x55a1c431d537 - std::panicking::default_hook::{{closure}}::h85773f4fa117163d
[INFO] [stdout]   10:     0x55a1c431d21d - std::panicking::default_hook::h6a1694a91d09b278
[INFO] [stdout]                                at /rustc/0e09125c6c3c2fd70d7de961bcf0e51575235fad/library/std/src/panicking.rs:289:9
[INFO] [stdout]   11:     0x55a1c3dd65b7 - <alloc::boxed::Box<F,A> as core::ops::function::Fn<Args>>::call::h616ac37fa3cd6c8f
[INFO] [stdout]                                at /rustc/0e09125c6c3c2fd70d7de961bcf0e51575235fad/library/alloc/src/boxed.rs:2029:9
[INFO] [stdout]   12:     0x55a1c3dd65b7 - test::test_main::{{closure}}::h00d84697cefdcbb6
[INFO] [stdout]                                at /rustc/0e09125c6c3c2fd70d7de961bcf0e51575235fad/library/test/src/lib.rs:138:21
[INFO] [stdout]   13:     0x55a1c431db56 - <alloc::boxed::Box<F,A> as core::ops::function::Fn<Args>>::call::hcb3fe3b9bb537ba8
[INFO] [stdout]                                at /rustc/0e09125c6c3c2fd70d7de961bcf0e51575235fad/library/alloc/src/boxed.rs:2029:9
[INFO] [stdout]   14:     0x55a1c431db56 - std::panicking::rust_panic_with_hook::h0a7ad96e90f7145b
[INFO] [stdout]                                at /rustc/0e09125c6c3c2fd70d7de961bcf0e51575235fad/library/std/src/panicking.rs:783:13
[INFO] [stdout]   15:     0x55a1c431d8a2 - std::panicking::begin_panic_handler::{{closure}}::h7919090525c6485e
[INFO] [stdout]                                at /rustc/0e09125c6c3c2fd70d7de961bcf0e51575235fad/library/std/src/panicking.rs:657:13
[INFO] [stdout]   16:     0x55a1c431bee6 - std::sys_common::backtrace::__rust_end_short_backtrace::hf3289479464f7dfe
[INFO] [stdout]                                at /rustc/0e09125c6c3c2fd70d7de961bcf0e51575235fad/library/std/src/sys_common/backtrace.rs:171:18
[INFO] [stdout]   17:     0x55a1c431d600 - rust_begin_unwind
[INFO] [stdout]                                at /rustc/0e09125c6c3c2fd70d7de961bcf0e51575235fad/library/std/src/panicking.rs:645:5
[INFO] [stdout]   18:     0x55a1c3b5d895 - core::panicking::panic_fmt::hcc9f77c5c132af55
[INFO] [stdout]                                at /rustc/0e09125c6c3c2fd70d7de961bcf0e51575235fad/library/core/src/panicking.rs:72:14
[INFO] [stdout]   19:     0x55a1c3b5de73 - core::result::unwrap_failed::hbe14f498be1452f9
[INFO] [stdout]                                at /rustc/0e09125c6c3c2fd70d7de961bcf0e51575235fad/library/core/src/result.rs:1649:5
[INFO] [stdout]   20:     0x55a1c3c072c0 - core::result::Result<T,E>::unwrap::h2d85186eb4fb7bf5
[INFO] [stdout]                                at /rustc/0e09125c6c3c2fd70d7de961bcf0e51575235fad/library/core/src/result.rs:1073:23
[INFO] [stdout]   21:     0x55a1c3be7320 - binance_cli::binance_trade::test::test_convertcommission::{{closure}}::h4fcf15144eab2529
[INFO] [stdout]                                at /opt/rustwide/workdir/src/binance_trade.rs:579:30
[INFO] [stdout]   22:     0x55a1c3be296b - <core::pin::Pin<P> as core::future::future::Future>::poll::h5bd13383f1439296
[INFO] [stdout]                                at /rustc/0e09125c6c3c2fd70d7de961bcf0e51575235fad/library/core/src/future/future.rs:124:9
[INFO] [stdout]   23:     0x55a1c3cfa4a4 - tokio::runtime::scheduler::current_thread::CoreGuard::block_on::{{closure}}::{{closure}}::{{closure}}::hb189eca1a0d684f5
[INFO] [stdout]                                at /opt/rustwide/cargo-home/registry/src/index.crates.io-6f17d22bba15001f/tokio-1.23.1/src/runtime/scheduler/current_thread.rs:541:57
[INFO] [stdout]   24:     0x55a1c3cf99ca - tokio::runtime::coop::with_budget::h1f3e4460c9fc4cf9
[INFO] [stdout]                                at /opt/rustwide/cargo-home/registry/src/index.crates.io-6f17d22bba15001f/tokio-1.23.1/src/runtime/coop.rs:102:5
[INFO] [stdout]   25:     0x55a1c3cf99ca - tokio::runtime::coop::budget::hb3609e6f84843232
[INFO] [stdout]                                at /opt/rustwide/cargo-home/registry/src/index.crates.io-6f17d22bba15001f/tokio-1.23.1/src/runtime/coop.rs:68:5
[INFO] [stdout]   26:     0x55a1c3cf99ca - tokio::runtime::scheduler::current_thread::CoreGuard::block_on::{{closure}}::{{closure}}::h6946e7f595503186
[INFO] [stdout]                                at /opt/rustwide/cargo-home/registry/src/index.crates.io-6f17d22bba15001f/tokio-1.23.1/src/runtime/scheduler/current_thread.rs:541:25
[INFO] [stdout]   27:     0x55a1c3cf296c - tokio::runtime::scheduler::current_thread::Context::enter::hf6f782d0279db0e5
[INFO] [stdout]                                at /opt/rustwide/cargo-home/registry/src/index.crates.io-6f17d22bba15001f/tokio-1.23.1/src/runtime/scheduler/current_thread.rs:350:19
[INFO] [stdout]   28:     0x55a1c3cf8d52 - tokio::runtime::scheduler::current_thread::CoreGuard::block_on::{{closure}}::hfc96d619afe0d129
[INFO] [stdout]                                at /opt/rustwide/cargo-home/registry/src/index.crates.io-6f17d22bba15001f/tokio-1.23.1/src/runtime/scheduler/current_thread.rs:540:36
[INFO] [stdout]   29:     0x55a1c3cf50db - tokio::runtime::scheduler::current_thread::CoreGuard::enter::{{closure}}::h6316406631177ba6
[INFO] [stdout]                                at /opt/rustwide/cargo-home/registry/src/index.crates.io-6f17d22bba15001f/tokio-1.23.1/src/runtime/scheduler/current_thread.rs:615:57
[INFO] [stdout]   30:     0x55a1c3d0b81d - tokio::macros::scoped_tls::ScopedKey<T>::set::h9abb0874ccdd492a
[INFO] [stdout]                                at /opt/rustwide/cargo-home/registry/src/index.crates.io-6f17d22bba15001f/tokio-1.23.1/src/macros/scoped_tls.rs:61:9
[INFO] [stdout]   31:     0x55a1c3cf3a3f - tokio::runtime::scheduler::current_thread::CoreGuard::enter::h28c1c8bc43c0774a
[INFO] [stdout]                                at /opt/rustwide/cargo-home/registry/src/index.crates.io-6f17d22bba15001f/tokio-1.23.1/src/runtime/scheduler/current_thread.rs:615:27
[INFO] [stdout]   32:     0x55a1c3cf526c - tokio::runtime::scheduler::current_thread::CoreGuard::block_on::h439c21c009c5aeee
[INFO] [stdout]                                at /opt/rustwide/cargo-home/registry/src/index.crates.io-6f17d22bba15001f/tokio-1.23.1/src/runtime/scheduler/current_thread.rs:530:19
[INFO] [stdout]   33:     0x55a1c3cef8eb - tokio::runtime::scheduler::current_thread::CurrentThread::block_on::h7c05cb19f77a5528
[INFO] [stdout]                                at /opt/rustwide/cargo-home/registry/src/index.crates.io-6f17d22bba15001f/tokio-1.23.1/src/runtime/scheduler/current_thread.rs:154:24
[INFO] [stdout]   34:     0x55a1c3cbe767 - tokio::runtime::runtime::Runtime::block_on::ha289e168d9846461
[INFO] [stdout]                                at /opt/rustwide/cargo-home/registry/src/index.crates.io-6f17d22bba15001f/tokio-1.23.1/src/runtime/runtime.rs:282:47
[INFO] [stdout]   35:     0x55a1c3be6e5e - binance_cli::binance_trade::test::test_convertcommission::hf582cb262b57ebe5
[INFO] [stdout]                                at /opt/rustwide/workdir/src/binance_trade.rs:588:9
[INFO] [stdout]   36:     0x55a1c3be6d17 - binance_cli::binance_trade::test::test_convertcommission::{{closure}}::h71d8f35d20444b17
[INFO] [stdout]                                at /opt/rustwide/workdir/src/binance_trade.rs:571:38
[INFO] [stdout]   37:     0x55a1c3bd2816 - core::ops::function::FnOnce::call_once::h677ea65d07c8c035
[INFO] [stdout]                                at /rustc/0e09125c6c3c2fd70d7de961bcf0e51575235fad/library/core/src/ops/function.rs:250:5
[INFO] [stdout]   38:     0x55a1c3ddbe8f - core::ops::function::FnOnce::call_once::hd64d26f405258157
[INFO] [stdout]                                at /rustc/0e09125c6c3c2fd70d7de961bcf0e51575235fad/library/core/src/ops/function.rs:250:5
[INFO] [stdout]   39:     0x55a1c3ddbe8f - test::__rust_begin_short_backtrace::he21b0b7a6d731bf9
[INFO] [stdout]                                at /rustc/0e09125c6c3c2fd70d7de961bcf0e51575235fad/library/test/src/lib.rs:627:18
[INFO] [stdout]   40:     0x55a1c3ddac11 - test::run_test_in_process::{{closure}}::hf5c73986d7bdfde2
[INFO] [stdout]                                at /rustc/0e09125c6c3c2fd70d7de961bcf0e51575235fad/library/test/src/lib.rs:650:60
[INFO] [stdout]   41:     0x55a1c3ddac11 - <core::panic::unwind_safe::AssertUnwindSafe<F> as core::ops::function::FnOnce<()>>::call_once::h330011ad032aadc0
[INFO] [stdout]                                at /rustc/0e09125c6c3c2fd70d7de961bcf0e51575235fad/library/core/src/panic/unwind_safe.rs:272:9
[INFO] [stdout]   42:     0x55a1c3ddac11 - std::panicking::try::do_call::he61b0a958b795a41
[INFO] [stdout]                                at /rustc/0e09125c6c3c2fd70d7de961bcf0e51575235fad/library/std/src/panicking.rs:552:40
[INFO] [stdout]   43:     0x55a1c3ddac11 - std::panicking::try::h7309da130f906eb7
[INFO] [stdout]                                at /rustc/0e09125c6c3c2fd70d7de961bcf0e51575235fad/library/std/src/panicking.rs:516:19
[INFO] [stdout]   44:     0x55a1c3ddac11 - std::panic::catch_unwind::hc5c3a06fdaf0a92a
[INFO] [stdout]                                at /rustc/0e09125c6c3c2fd70d7de961bcf0e51575235fad/library/std/src/panic.rs:142:14
[INFO] [stdout]   45:     0x55a1c3ddac11 - test::run_test_in_process::h7e7b7c71c3324e0f
[INFO] [stdout]                                at /rustc/0e09125c6c3c2fd70d7de961bcf0e51575235fad/library/test/src/lib.rs:650:27
[INFO] [stdout]   46:     0x55a1c3ddac11 - test::run_test::{{closure}}::h1f509f28f5cf20b1
[INFO] [stdout]                                at /rustc/0e09125c6c3c2fd70d7de961bcf0e51575235fad/library/test/src/lib.rs:573:43
[INFO] [stdout]   47:     0x55a1c3da1f46 - test::run_test::{{closure}}::h1754218abf443f6d
[INFO] [stdout]                                at /rustc/0e09125c6c3c2fd70d7de961bcf0e51575235fad/library/test/src/lib.rs:601:41
[INFO] [stdout]   48:     0x55a1c3da1f46 - std::sys_common::backtrace::__rust_begin_short_backtrace::h2ee174b9d5954948
[INFO] [stdout]                                at /rustc/0e09125c6c3c2fd70d7de961bcf0e51575235fad/library/std/src/sys_common/backtrace.rs:155:18
[INFO] [stdout]   49:     0x55a1c3da6fa7 - std::thread::Builder::spawn_unchecked_::{{closure}}::{{closure}}::hf60bee9c1a17ef09
[INFO] [stdout]                                at /rustc/0e09125c6c3c2fd70d7de961bcf0e51575235fad/library/std/src/thread/mod.rs:529:17
[INFO] [stdout]   50:     0x55a1c3da6fa7 - <core::panic::unwind_safe::AssertUnwindSafe<F> as core::ops::function::FnOnce<()>>::call_once::h33d0dddec5216160
[INFO] [stdout]                                at /rustc/0e09125c6c3c2fd70d7de961bcf0e51575235fad/library/core/src/panic/unwind_safe.rs:272:9
[INFO] [stdout]   51:     0x55a1c3da6fa7 - std::panicking::try::do_call::h144b3048b546f835
[INFO] [stdout]                                at /rustc/0e09125c6c3c2fd70d7de961bcf0e51575235fad/library/std/src/panicking.rs:552:40
[INFO] [stdout]   52:     0x55a1c3da6fa7 - std::panicking::try::h978244d04646189f
[INFO] [stdout]                                at /rustc/0e09125c6c3c2fd70d7de961bcf0e51575235fad/library/std/src/panicking.rs:516:19
[INFO] [stdout]   53:     0x55a1c3da6fa7 - std::panic::catch_unwind::hdf436369d188fe86
[INFO] [stdout]                                at /rustc/0e09125c6c3c2fd70d7de961bcf0e51575235fad/library/std/src/panic.rs:142:14
[INFO] [stdout]   54:     0x55a1c3da6fa7 - std::thread::Builder::spawn_unchecked_::{{closure}}::h87329cbdd33c79ec
[INFO] [stdout]                                at /rustc/0e09125c6c3c2fd70d7de961bcf0e51575235fad/library/std/src/thread/mod.rs:528:30
[INFO] [stdout]   55:     0x55a1c3da6fa7 - core::ops::function::FnOnce::call_once{{vtable.shim}}::h401abbe67897d450
[INFO] [stdout]                                at /rustc/0e09125c6c3c2fd70d7de961bcf0e51575235fad/library/core/src/ops/function.rs:250:5
[INFO] [stdout]   56:     0x55a1c4322b15 - <alloc::boxed::Box<F,A> as core::ops::function::FnOnce<Args>>::call_once::h5d7c8f150ab9c84c
[INFO] [stdout]                                at /rustc/0e09125c6c3c2fd70d7de961bcf0e51575235fad/library/alloc/src/boxed.rs:2015:9
[INFO] [stdout]   57:     0x55a1c4322b15 - <alloc::boxed::Box<F,A> as core::ops::function::FnOnce<Args>>::call_once::h570d5b005c242c15
[INFO] [stdout]                                at /rustc/0e09125c6c3c2fd70d7de961bcf0e51575235fad/library/alloc/src/boxed.rs:2015:9
[INFO] [stdout]   58:     0x55a1c4322b15 - std::sys::unix::thread::Thread::new::thread_start::h36b0a20c0b2361ad
[INFO] [stdout]                                at /rustc/0e09125c6c3c2fd70d7de961bcf0e51575235fad/library/std/src/sys/unix/thread.rs:108:17
[INFO] [stdout]   59:     0x7f406da65ac3 - <unknown>
[INFO] [stdout]   60:     0x7f406daf6bf4 - __clone
[INFO] [stdout]   61:                0x0 - <unknown>
[INFO] [stdout] 
[INFO] [stdout] ---- binance_trade::test::test_convert_indirect stdout ----
[INFO] [stdout] thread 'binance_trade::test::test_convert_indirect' panicked at src/binance_trade.rs:483:14:
[INFO] [stdout] called `Result::unwrap()` on an `Err` value: "convert error, asset: BAT not convertable to BNB"
[INFO] [stdout] stack backtrace:
[INFO] [stdout]    0:     0x55a1c431b9e6 - std::backtrace_rs::backtrace::libunwind::trace::h261606ad26a499c1
[INFO] [stdout]                                at /rustc/0e09125c6c3c2fd70d7de961bcf0e51575235fad/library/std/src/../../backtrace/src/backtrace/libunwind.rs:104:5
[INFO] [stdout]    1:     0x55a1c431b9e6 - std::backtrace_rs::backtrace::trace_unsynchronized::hd183f0625477fb28
[INFO] [stdout]                                at /rustc/0e09125c6c3c2fd70d7de961bcf0e51575235fad/library/std/src/../../backtrace/src/backtrace/mod.rs:66:5
[INFO] [stdout]    2:     0x55a1c431b9e6 - std::sys_common::backtrace::_print_fmt::hd7f8fef21b4eda67
[INFO] [stdout]                                at /rustc/0e09125c6c3c2fd70d7de961bcf0e51575235fad/library/std/src/sys_common/backtrace.rs:68:5
[INFO] [stdout]    3:     0x55a1c431b9e6 - <std::sys_common::backtrace::_print::DisplayBacktrace as core::fmt::Display>::fmt::h623d9b51f2f453f1
[INFO] [stdout]                                at /rustc/0e09125c6c3c2fd70d7de961bcf0e51575235fad/library/std/src/sys_common/backtrace.rs:44:22
[INFO] [stdout]    4:     0x55a1c4349db0 - core::fmt::rt::Argument::fmt::h9f417ac76a86f368
[INFO] [stdout]                                at /rustc/0e09125c6c3c2fd70d7de961bcf0e51575235fad/library/core/src/fmt/rt.rs:142:9
[INFO] [stdout]    5:     0x55a1c4349db0 - core::fmt::write::hc9b6faf4ac2aeff7
[INFO] [stdout]                                at /rustc/0e09125c6c3c2fd70d7de961bcf0e51575235fad/library/core/src/fmt/mod.rs:1120:17
[INFO] [stdout]    6:     0x55a1c431884f - std::io::Write::write_fmt::he04625a3a989fec3
[INFO] [stdout]                                at /rustc/0e09125c6c3c2fd70d7de961bcf0e51575235fad/library/std/src/io/mod.rs:1810:15
[INFO] [stdout]    7:     0x55a1c431b7c4 - std::sys_common::backtrace::_print::hd5d66399c7df88a2
[INFO] [stdout]                                at /rustc/0e09125c6c3c2fd70d7de961bcf0e51575235fad/library/std/src/sys_common/backtrace.rs:47:5
[INFO] [stdout]    8:     0x55a1c431b7c4 - std::sys_common::backtrace::print::he81ed2da642d37e5
[INFO] [stdout]                                at /rustc/0e09125c6c3c2fd70d7de961bcf0e51575235fad/library/std/src/sys_common/backtrace.rs:34:9
[INFO] [stdout]    9:     0x55a1c431d537 - std::panicking::default_hook::{{closure}}::h85773f4fa117163d
[INFO] [stdout]   10:     0x55a1c431d21d - std::panicking::default_hook::h6a1694a91d09b278
[INFO] [stdout]                                at /rustc/0e09125c6c3c2fd70d7de961bcf0e51575235fad/library/std/src/panicking.rs:289:9
[INFO] [stdout]   11:     0x55a1c3dd65b7 - <alloc::boxed::Box<F,A> as core::ops::function::Fn<Args>>::call::h616ac37fa3cd6c8f
[INFO] [stdout]                                at /rustc/0e09125c6c3c2fd70d7de961bcf0e51575235fad/library/alloc/src/boxed.rs:2029:9
[INFO] [stdout]   12:     0x55a1c3dd65b7 - test::test_main::{{closure}}::h00d84697cefdcbb6
[INFO] [stdout]                                at /rustc/0e09125c6c3c2fd70d7de961bcf0e51575235fad/library/test/src/lib.rs:138:21
[INFO] [stdout]   13:     0x55a1c431db56 - <alloc::boxed::Box<F,A> as core::ops::function::Fn<Args>>::call::hcb3fe3b9bb537ba8
[INFO] [stdout]                                at /rustc/0e09125c6c3c2fd70d7de961bcf0e51575235fad/library/alloc/src/boxed.rs:2029:9
[INFO] [stdout]   14:     0x55a1c431db56 - std::panicking::rust_panic_with_hook::h0a7ad96e90f7145b
[INFO] [stdout]                                at /rustc/0e09125c6c3c2fd70d7de961bcf0e51575235fad/library/std/src/panicking.rs:783:13
[INFO] [stdout]   15:     0x55a1c431d8a2 - std::panicking::begin_panic_handler::{{closure}}::h7919090525c6485e
[INFO] [stdout]                                at /rustc/0e09125c6c3c2fd70d7de961bcf0e51575235fad/library/std/src/panicking.rs:657:13
[INFO] [stdout]   16:     0x55a1c431bee6 - std::sys_common::backtrace::__rust_end_short_backtrace::hf3289479464f7dfe
[INFO] [stdout]                                at /rustc/0e09125c6c3c2fd70d7de961bcf0e51575235fad/library/std/src/sys_common/backtrace.rs:171:18
[INFO] [stdout]   17:     0x55a1c431d600 - rust_begin_unwind
[INFO] [stdout]                                at /rustc/0e09125c6c3c2fd70d7de961bcf0e51575235fad/library/std/src/panicking.rs:645:5
[INFO] [stdout]   18:     0x55a1c3b5d895 - core::panicking::panic_fmt::hcc9f77c5c132af55
[INFO] [stdout]                                at /rustc/0e09125c6c3c2fd70d7de961bcf0e51575235fad/library/core/src/panicking.rs:72:14
[INFO] [stdout]   19:     0x55a1c3b5de73 - core::result::unwrap_failed::hbe14f498be1452f9
[INFO] [stdout]                                at /rustc/0e09125c6c3c2fd70d7de961bcf0e51575235fad/library/core/src/result.rs:1649:5
[INFO] [stdout]   20:     0x55a1c3c072c0 - core::result::Result<T,E>::unwrap::h2d85186eb4fb7bf5
[INFO] [stdout]                                at /rustc/0e09125c6c3c2fd70d7de961bcf0e51575235fad/library/core/src/result.rs:1073:23
[INFO] [stdout]   21:     0x55a1c3be3645 - binance_cli::binance_trade::test::convert_test::{{closure}}::h9832ae1895b9692a
[INFO] [stdout]                                at /opt/rustwide/workdir/src/binance_trade.rs:481:36
[INFO] [stdout]   22:     0x55a1c3be68ca - binance_cli::binance_trade::test::test_convert_indirect::{{closure}}::h21869224dd7865cd
[INFO] [stdout]                                at /opt/rustwide/workdir/src/binance_trade.rs:563:45
[INFO] [stdout]   23:     0x55a1c3be2a0b - <core::pin::Pin<P> as core::future::future::Future>::poll::h8eb13192231d6dc1
[INFO] [stdout]                                at /rustc/0e09125c6c3c2fd70d7de961bcf0e51575235fad/library/core/src/future/future.rs:124:9
[INFO] [stdout]   24:     0x55a1c3cfa4e4 - tokio::runtime::scheduler::current_thread::CoreGuard::block_on::{{closure}}::{{closure}}::{{closure}}::hf9b320705b2b7139
[INFO] [stdout]                                at /opt/rustwide/cargo-home/registry/src/index.crates.io-6f17d22bba15001f/tokio-1.23.1/src/runtime/scheduler/current_thread.rs:541:57
[INFO] [stdout]   25:     0x55a1c3cfa1ba - tokio::runtime::coop::with_budget::hb4cdcbef0f45c155
[INFO] [stdout]                                at /opt/rustwide/cargo-home/registry/src/index.crates.io-6f17d22bba15001f/tokio-1.23.1/src/runtime/coop.rs:102:5
[INFO] [stdout]   26:     0x55a1c3cfa1ba - tokio::runtime::coop::budget::hfd336431c0793ee9
[INFO] [stdout]                                at /opt/rustwide/cargo-home/registry/src/index.crates.io-6f17d22bba15001f/tokio-1.23.1/src/runtime/coop.rs:68:5
[INFO] [stdout]   27:     0x55a1c3cfa1ba - tokio::runtime::scheduler::current_thread::CoreGuard::block_on::{{closure}}::{{closure}}::ha6a3e8ac6eca9bac
[INFO] [stdout]                                at /opt/rustwide/cargo-home/registry/src/index.crates.io-6f17d22bba15001f/tokio-1.23.1/src/runtime/scheduler/current_thread.rs:541:25
[INFO] [stdout]   28:     0x55a1c3cf06dc - tokio::runtime::scheduler::current_thread::Context::enter::h150b329cafe3914a
[INFO] [stdout]                                at /opt/rustwide/cargo-home/registry/src/index.crates.io-6f17d22bba15001f/tokio-1.23.1/src/runtime/scheduler/current_thread.rs:350:19
[INFO] [stdout]   29:     0x55a1c3cf6c22 - tokio::runtime::scheduler::current_thread::CoreGuard::block_on::{{closure}}::h73968c4dadb06586
[INFO] [stdout]                                at /opt/rustwide/cargo-home/registry/src/index.crates.io-6f17d22bba15001f/tokio-1.23.1/src/runtime/scheduler/current_thread.rs:540:36
[INFO] [stdout]   30:     0x55a1c3cf509b - tokio::runtime::scheduler::current_thread::CoreGuard::enter::{{closure}}::h570587f47c59c595
[INFO] [stdout]                                at /opt/rustwide/cargo-home/registry/src/index.crates.io-6f17d22bba15001f/tokio-1.23.1/src/runtime/scheduler/current_thread.rs:615:57
[INFO] [stdout]   31:     0x55a1c3d0b6dd - tokio::macros::scoped_tls::ScopedKey<T>::set::h9aa9ecc6fbd634cd
[INFO] [stdout]                                at /opt/rustwide/cargo-home/registry/src/index.crates.io-6f17d22bba15001f/tokio-1.23.1/src/macros/scoped_tls.rs:61:9
[INFO] [stdout]   32:     0x55a1c3cf421f - tokio::runtime::scheduler::current_thread::CoreGuard::enter::h49f05885e0dfb2e9
[INFO] [stdout]                                at /opt/rustwide/cargo-home/registry/src/index.crates.io-6f17d22bba15001f/tokio-1.23.1/src/runtime/scheduler/current_thread.rs:615:27
[INFO] [stdout]   33:     0x55a1c3cf530c - tokio::runtime::scheduler::current_thread::CoreGuard::block_on::hd148b645620f9947
[INFO] [stdout]                                at /opt/rustwide/cargo-home/registry/src/index.crates.io-6f17d22bba15001f/tokio-1.23.1/src/runtime/scheduler/current_thread.rs:530:19
[INFO] [stdout]   34:     0x55a1c3cef46b - tokio::runtime::scheduler::current_thread::CurrentThread::block_on::h7bd9cab9e722840b
[INFO] [stdout]                                at /opt/rustwide/cargo-home/registry/src/index.crates.io-6f17d22bba15001f/tokio-1.23.1/src/runtime/scheduler/current_thread.rs:154:24
[INFO] [stdout]   35:     0x55a1c3cbe477 - tokio::runtime::runtime::Runtime::block_on::h5960e9ea6a93c016
[INFO] [stdout]                                at /opt/rustwide/cargo-home/registry/src/index.crates.io-6f17d22bba15001f/tokio-1.23.1/src/runtime/runtime.rs:282:47
[INFO] [stdout]   36:     0x55a1c3be65fb - binance_cli::binance_trade::test::test_convert_indirect::hf5b18727e3fc191c
[INFO] [stdout]                                at /opt/rustwide/workdir/src/binance_trade.rs:567:9
[INFO] [stdout]   37:     0x55a1c3be64b7 - binance_cli::binance_trade::test::test_convert_indirect::{{closure}}::h9befec794f58f841
[INFO] [stdout]                                at /opt/rustwide/workdir/src/binance_trade.rs:562:37
[INFO] [stdout]   38:     0x55a1c3bd2ce6 - core::ops::function::FnOnce::call_once::h81f8aaece6b746d0
[INFO] [stdout]                                at /rustc/0e09125c6c3c2fd70d7de961bcf0e51575235fad/library/core/src/ops/function.rs:250:5
[INFO] [stdout]   39:     0x55a1c3ddbe8f - core::ops::function::FnOnce::call_once::hd64d26f405258157
[INFO] [stdout]                                at /rustc/0e09125c6c3c2fd70d7de961bcf0e51575235fad/library/core/src/ops/function.rs:250:5
[INFO] [stdout]   40:     0x55a1c3ddbe8f - test::__rust_begin_short_backtrace::he21b0b7a6d731bf9
[INFO] [stdout]                                at /rustc/0e09125c6c3c2fd70d7de961bcf0e51575235fad/library/test/src/lib.rs:627:18
[INFO] [stdout]   41:     0x55a1c3ddac11 - test::run_test_in_process::{{closure}}::hf5c73986d7bdfde2
[INFO] [stdout]                                at /rustc/0e09125c6c3c2fd70d7de961bcf0e51575235fad/library/test/src/lib.rs:650:60
[INFO] [stdout]   42:     0x55a1c3ddac11 - <core::panic::unwind_safe::AssertUnwindSafe<F> as core::ops::function::FnOnce<()>>::call_once::h330011ad032aadc0
[INFO] [stdout]                                at /rustc/0e09125c6c3c2fd70d7de961bcf0e51575235fad/library/core/src/panic/unwind_safe.rs:272:9
[INFO] [stdout]   43:     0x55a1c3ddac11 - std::panicking::try::do_call::he61b0a958b795a41
[INFO] [stdout]                                at /rustc/0e09125c6c3c2fd70d7de961bcf0e51575235fad/library/std/src/panicking.rs:552:40
[INFO] [stdout]   44:     0x55a1c3ddac11 - std::panicking::try::h7309da130f906eb7
[INFO] [stdout]                                at /rustc/0e09125c6c3c2fd70d7de961bcf0e51575235fad/library/std/src/panicking.rs:516:19
[INFO] [stdout]   45:     0x55a1c3ddac11 - std::panic::catch_unwind::hc5c3a06fdaf0a92a
[INFO] [stdout]                                at /rustc/0e09125c6c3c2fd70d7de961bcf0e51575235fad/library/std/src/panic.rs:142:14
[INFO] [stdout]   46:     0x55a1c3ddac11 - test::run_test_in_process::h7e7b7c71c3324e0f
[INFO] [stdout]                                at /rustc/0e09125c6c3c2fd70d7de961bcf0e51575235fad/library/test/src/lib.rs:650:27
[INFO] [stdout]   47:     0x55a1c3ddac11 - test::run_test::{{closure}}::h1f509f28f5cf20b1
[INFO] [stdout]                                at /rustc/0e09125c6c3c2fd70d7de961bcf0e51575235fad/library/test/src/lib.rs:573:43
[INFO] [stdout]   48:     0x55a1c3da1f46 - test::run_test::{{closure}}::h1754218abf443f6d
[INFO] [stdout]                                at /rustc/0e09125c6c3c2fd70d7de961bcf0e51575235fad/library/test/src/lib.rs:601:41
[INFO] [stdout]   49:     0x55a1c3da1f46 - std::sys_common::backtrace::__rust_begin_short_backtrace::h2ee174b9d5954948
[INFO] [stdout]                                at /rustc/0e09125c6c3c2fd70d7de961bcf0e51575235fad/library/std/src/sys_common/backtrace.rs:155:18
[INFO] [stdout]   50:     0x55a1c3da6fa7 - std::thread::Builder::spawn_unchecked_::{{closure}}::{{closure}}::hf60bee9c1a17ef09
[INFO] [stdout]                                at /rustc/0e09125c6c3c2fd70d7de961bcf0e51575235fad/library/std/src/thread/mod.rs:529:17
[INFO] [stdout]   51:     0x55a1c3da6fa7 - <core::panic::unwind_safe::AssertUnwindSafe<F> as core::ops::function::FnOnce<()>>::call_once::h33d0dddec5216160
[INFO] [stdout]                                at /rustc/0e09125c6c3c2fd70d7de961bcf0e51575235fad/library/core/src/panic/unwind_safe.rs:272:9
[INFO] [stdout]   52:     0x55a1c3da6fa7 - std::panicking::try::do_call::h144b3048b546f835
[INFO] [stdout]                                at /rustc/0e09125c6c3c2fd70d7de961bcf0e51575235fad/library/std/src/panicking.rs:552:40
[INFO] [stdout]   53:     0x55a1c3da6fa7 - std::panicking::try::h978244d04646189f
[INFO] [stdout]                                at /rustc/0e09125c6c3c2fd70d7de961bcf0e51575235fad/library/std/src/panicking.rs:516:19
[INFO] [stdout]   54:     0x55a1c3da6fa7 - std::panic::catch_unwind::hdf436369d188fe86
[INFO] [stdout]                                at /rustc/0e09125c6c3c2fd70d7de961bcf0e51575235fad/library/std/src/panic.rs:142:14
[INFO] [stdout]   55:     0x55a1c3da6fa7 - std::thread::Builder::spawn_unchecked_::{{closure}}::h87329cbdd33c79ec
[INFO] [stdout]                                at /rustc/0e09125c6c3c2fd70d7de961bcf0e51575235fad/library/std/src/thread/mod.rs:528:30
[INFO] [stdout]   56:     0x55a1c3da6fa7 - core::ops::function::FnOnce::call_once{{vtable.shim}}::h401abbe67897d450
[INFO] [stdout]                                at /rustc/0e09125c6c3c2fd70d7de961bcf0e51575235fad/library/core/src/ops/function.rs:250:5
[INFO] [stdout]   57:     0x55a1c4322b15 - <alloc::boxed::Box<F,A> as core::ops::function::FnOnce<Args>>::call_once::h5d7c8f150ab9c84c
[INFO] [stdout]                                at /rustc/0e09125c6c3c2fd70d7de961bcf0e51575235fad/library/alloc/src/boxed.rs:2015:9
[INFO] [stdout]   58:     0x55a1c4322b15 - <alloc::boxed::Box<F,A> as core::ops::function::FnOnce<Args>>::call_once::h570d5b005c242c15
[INFO] [stdout]                                at /rustc/0e09125c6c3c2fd70d7de961bcf0e51575235fad/library/alloc/src/boxed.rs:2015:9
[INFO] [stdout]   59:     0x55a1c4322b15 - std::sys::unix::thread::Thread::new::thread_start::h36b0a20c0b2361ad
[INFO] [stdout]                                at /rustc/0e09125c6c3c2fd70d7de961bcf0e51575235fad/library/std/src/sys/unix/thread.rs:108:17
[INFO] [stdout]   60:     0x7f406da65ac3 - <unknown>
[INFO] [stdout]   61:     0x7f406daf6bf4 - __clone
[INFO] [stdout]   62:                0x0 - <unknown>
[INFO] [stdout] 
[INFO] [stdout] 
[INFO] [stdout] failures:
[INFO] [stdout]     binance_trade::test::test_convert_indirect
[INFO] [stdout]     binance_trade::test::test_convertcommission
[INFO] [stdout] 
[INFO] [stdout] test result: FAILED. 74 passed; 2 failed; 2 ignored; 0 measured; 0 filtered out; finished in 40.51s
[INFO] [stdout] 
[INFO] [stderr] error: test failed, to rerun pass `--bin binance-cli`
[INFO] running `Command { std: "docker" "inspect" "84c97de10bd859d494a3806c8378c565e09bcae3911f5c2399f1b6a80481b7cf", kill_on_drop: false }`
[INFO] running `Command { std: "docker" "rm" "-f" "84c97de10bd859d494a3806c8378c565e09bcae3911f5c2399f1b6a80481b7cf", kill_on_drop: false }`
[INFO] [stdout] 84c97de10bd859d494a3806c8378c565e09bcae3911f5c2399f1b6a80481b7cf
