[INFO] cloning repository https://github.com/westside/rust_test
[INFO] running `Command { std: "git" "-c" "credential.helper=" "-c" "credential.helper=/workspace/cargo-home/bin/git-credential-null" "clone" "--bare" "https://github.com/westside/rust_test" "/workspace/cache/git-repos/https%3A%2F%2Fgithub.com%2Fwestside%2Frust_test", kill_on_drop: false }`
[INFO] [stderr] Cloning into bare repository '/workspace/cache/git-repos/https%3A%2F%2Fgithub.com%2Fwestside%2Frust_test'...
[INFO] running `Command { std: "git" "rev-parse" "HEAD", kill_on_drop: false }`
[INFO] [stdout] 58282e5e768122cc6887181226ebc3f8405ad563
[INFO] testing westside/rust_test against 1.75.0 for beta-1.76-1
[INFO] running `Command { std: "git" "clone" "/workspace/cache/git-repos/https%3A%2F%2Fgithub.com%2Fwestside%2Frust_test" "/workspace/builds/worker-3-tc1/source", kill_on_drop: false }`
[INFO] [stderr] Cloning into '/workspace/builds/worker-3-tc1/source'...
[INFO] [stderr] done.
[INFO] validating manifest of git repo https://github.com/westside/rust_test on toolchain 1.75.0
[INFO] running `Command { std: CARGO_HOME="/workspace/cargo-home" RUSTUP_HOME="/workspace/rustup-home" "/workspace/cargo-home/bin/cargo" "+1.75.0" "metadata" "--manifest-path" "Cargo.toml" "--no-deps", kill_on_drop: false }`
[INFO] started tweaking git repo https://github.com/westside/rust_test
[INFO] finished tweaking git repo https://github.com/westside/rust_test
[INFO] tweaked toml for git repo https://github.com/westside/rust_test written to /workspace/builds/worker-3-tc1/source/Cargo.toml
[INFO] crate git repo https://github.com/westside/rust_test already has a lockfile, it will not be regenerated
[INFO] running `Command { std: CARGO_HOME="/workspace/cargo-home" RUSTUP_HOME="/workspace/rustup-home" "/workspace/cargo-home/bin/cargo" "+1.75.0" "fetch" "--manifest-path" "Cargo.toml", kill_on_drop: false }`
[INFO] [stderr]  Downloading crates ...
[INFO] [stderr]   Downloaded interoptopus_proc v0.14.9
[INFO] [stderr]   Downloaded interoptopus v0.14.15
[INFO] [stderr]   Downloaded interoptopus_backend_csharp v0.14.17
[INFO] running `Command { std: "docker" "create" "-v" "/var/lib/crater-agent-workspace/builds/worker-3-tc1/target:/opt/rustwide/target:rw,Z" "-v" "/var/lib/crater-agent-workspace/builds/worker-3-tc1/source:/opt/rustwide/workdir:ro,Z" "-v" "/var/lib/crater-agent-workspace/cargo-home:/opt/rustwide/cargo-home:ro,Z" "-v" "/var/lib/crater-agent-workspace/rustup-home:/opt/rustwide/rustup-home:ro,Z" "-e" "SOURCE_DIR=/opt/rustwide/workdir" "-e" "CARGO_TARGET_DIR=/opt/rustwide/target" "-e" "CARGO_HOME=/opt/rustwide/cargo-home" "-e" "RUSTUP_HOME=/opt/rustwide/rustup-home" "-w" "/opt/rustwide/workdir" "-m" "1610612736" "--user" "0:0" "--network" "none" "ghcr.io/rust-lang/crates-build-env/linux@sha256:2788e3201cd34a07e3172128adcd8b3090168a8e3bcc40d7c032b9dda1df7d1c" "/opt/rustwide/cargo-home/bin/cargo" "+1.75.0" "metadata" "--no-deps" "--format-version=1", kill_on_drop: false }`
[INFO] [stdout] 4865c61c7a7cd0120e4d174f24bc1a6db15419606e82b1690e4fd1f8777541d6
[INFO] running `Command { std: "docker" "start" "-a" "4865c61c7a7cd0120e4d174f24bc1a6db15419606e82b1690e4fd1f8777541d6", kill_on_drop: false }`
[INFO] running `Command { std: "docker" "inspect" "4865c61c7a7cd0120e4d174f24bc1a6db15419606e82b1690e4fd1f8777541d6", kill_on_drop: false }`
[INFO] running `Command { std: "docker" "rm" "-f" "4865c61c7a7cd0120e4d174f24bc1a6db15419606e82b1690e4fd1f8777541d6", kill_on_drop: false }`
[INFO] [stdout] 4865c61c7a7cd0120e4d174f24bc1a6db15419606e82b1690e4fd1f8777541d6
[INFO] running `Command { std: "docker" "create" "-v" "/var/lib/crater-agent-workspace/builds/worker-3-tc1/target:/opt/rustwide/target:rw,Z" "-v" "/var/lib/crater-agent-workspace/builds/worker-3-tc1/source:/opt/rustwide/workdir:ro,Z" "-v" "/var/lib/crater-agent-workspace/cargo-home:/opt/rustwide/cargo-home:ro,Z" "-v" "/var/lib/crater-agent-workspace/rustup-home:/opt/rustwide/rustup-home:ro,Z" "-e" "SOURCE_DIR=/opt/rustwide/workdir" "-e" "CARGO_TARGET_DIR=/opt/rustwide/target" "-e" "CARGO_INCREMENTAL=0" "-e" "RUST_BACKTRACE=full" "-e" "RUSTFLAGS=--cap-lints=warn" "-e" "RUSTDOCFLAGS=--cap-lints=warn" "-e" "CARGO_HOME=/opt/rustwide/cargo-home" "-e" "RUSTUP_HOME=/opt/rustwide/rustup-home" "-w" "/opt/rustwide/workdir" "-m" "1610612736" "--user" "0:0" "--network" "none" "ghcr.io/rust-lang/crates-build-env/linux@sha256:2788e3201cd34a07e3172128adcd8b3090168a8e3bcc40d7c032b9dda1df7d1c" "/opt/rustwide/cargo-home/bin/cargo" "+1.75.0" "build" "--frozen" "--message-format=json", kill_on_drop: false }`
[INFO] [stdout] 2ae14d997091fe1cdd099aac7855079dfc64385fbe0499a957c992673b57d19d
[INFO] running `Command { std: "docker" "start" "-a" "2ae14d997091fe1cdd099aac7855079dfc64385fbe0499a957c992673b57d19d", kill_on_drop: false }`
[INFO] [stderr]    Compiling proc-macro2 v1.0.51
[INFO] [stderr]    Compiling quote v1.0.23
[INFO] [stderr]    Compiling unicode-ident v1.0.6
[INFO] [stderr]    Compiling syn v1.0.109
[INFO] [stderr]    Compiling strsim v0.10.0
[INFO] [stderr]    Compiling fnv v1.0.7
[INFO] [stderr]    Compiling ident_case v1.0.1
[INFO] [stderr]    Compiling heck v0.4.1
[INFO] [stderr]    Compiling darling_core v0.13.4
[INFO] [stderr]    Compiling darling_macro v0.13.4
[INFO] [stderr]    Compiling darling v0.13.4
[INFO] [stderr]    Compiling interoptopus_proc v0.14.9
[INFO] [stderr]    Compiling interoptopus v0.14.15
[INFO] [stderr]    Compiling interoptopus_backend_csharp v0.14.17
[INFO] [stderr]    Compiling bhaptics_test v0.1.0 (/opt/rustwide/workdir)
[INFO] [stderr]     Finished dev [unoptimized + debuginfo] target(s) in 7.09s
[INFO] running `Command { std: "docker" "inspect" "2ae14d997091fe1cdd099aac7855079dfc64385fbe0499a957c992673b57d19d", kill_on_drop: false }`
[INFO] running `Command { std: "docker" "rm" "-f" "2ae14d997091fe1cdd099aac7855079dfc64385fbe0499a957c992673b57d19d", kill_on_drop: false }`
[INFO] [stdout] 2ae14d997091fe1cdd099aac7855079dfc64385fbe0499a957c992673b57d19d
[INFO] running `Command { std: "docker" "create" "-v" "/var/lib/crater-agent-workspace/builds/worker-3-tc1/target:/opt/rustwide/target:rw,Z" "-v" "/var/lib/crater-agent-workspace/builds/worker-3-tc1/source:/opt/rustwide/workdir:ro,Z" "-v" "/var/lib/crater-agent-workspace/cargo-home:/opt/rustwide/cargo-home:ro,Z" "-v" "/var/lib/crater-agent-workspace/rustup-home:/opt/rustwide/rustup-home:ro,Z" "-e" "SOURCE_DIR=/opt/rustwide/workdir" "-e" "CARGO_TARGET_DIR=/opt/rustwide/target" "-e" "CARGO_INCREMENTAL=0" "-e" "RUST_BACKTRACE=full" "-e" "RUSTFLAGS=--cap-lints=warn" "-e" "RUSTDOCFLAGS=--cap-lints=warn" "-e" "CARGO_HOME=/opt/rustwide/cargo-home" "-e" "RUSTUP_HOME=/opt/rustwide/rustup-home" "-w" "/opt/rustwide/workdir" "-m" "1610612736" "--user" "0:0" "--network" "none" "ghcr.io/rust-lang/crates-build-env/linux@sha256:2788e3201cd34a07e3172128adcd8b3090168a8e3bcc40d7c032b9dda1df7d1c" "/opt/rustwide/cargo-home/bin/cargo" "+1.75.0" "test" "--frozen" "--no-run" "--message-format=json", kill_on_drop: false }`
[INFO] [stdout] 04e9a5d22bef5813ab46512fc41d537e24fec9bcfa1d4b5116ce51f694edff33
[INFO] running `Command { std: "docker" "start" "-a" "04e9a5d22bef5813ab46512fc41d537e24fec9bcfa1d4b5116ce51f694edff33", kill_on_drop: false }`
[INFO] [stderr]    Compiling bhaptics_test v0.1.0 (/opt/rustwide/workdir)
[INFO] [stdout] warning: unused import: `Unity`
[INFO] [stdout]  --> tests/bindings.rs:7:58
[INFO] [stdout]   |
[INFO] [stdout] 7 |     use interoptopus_backend_csharp::overloads::{DotNet, Unity};
[INFO] [stdout]   |                                                          ^^^^^
[INFO] [stdout]   |
[INFO] [stdout]   = note: `#[warn(unused_imports)]` on by default
[INFO] [stdout] 
[INFO] [stdout] 
[INFO] [stdout] warning: 1 warning emitted
[INFO] [stdout] 
[INFO] [stdout] 
[INFO] [stderr]     Finished test [unoptimized + debuginfo] target(s) in 0.39s
[INFO] running `Command { std: "docker" "inspect" "04e9a5d22bef5813ab46512fc41d537e24fec9bcfa1d4b5116ce51f694edff33", kill_on_drop: false }`
[INFO] running `Command { std: "docker" "rm" "-f" "04e9a5d22bef5813ab46512fc41d537e24fec9bcfa1d4b5116ce51f694edff33", kill_on_drop: false }`
[INFO] [stdout] 04e9a5d22bef5813ab46512fc41d537e24fec9bcfa1d4b5116ce51f694edff33
[INFO] running `Command { std: "docker" "create" "-v" "/var/lib/crater-agent-workspace/builds/worker-3-tc1/target:/opt/rustwide/target:rw,Z" "-v" "/var/lib/crater-agent-workspace/builds/worker-3-tc1/source:/opt/rustwide/workdir:ro,Z" "-v" "/var/lib/crater-agent-workspace/cargo-home:/opt/rustwide/cargo-home:ro,Z" "-v" "/var/lib/crater-agent-workspace/rustup-home:/opt/rustwide/rustup-home:ro,Z" "-e" "SOURCE_DIR=/opt/rustwide/workdir" "-e" "CARGO_TARGET_DIR=/opt/rustwide/target" "-e" "CARGO_INCREMENTAL=0" "-e" "RUST_BACKTRACE=full" "-e" "RUSTFLAGS=--cap-lints=warn" "-e" "RUSTDOCFLAGS=--cap-lints=warn" "-e" "CARGO_HOME=/opt/rustwide/cargo-home" "-e" "RUSTUP_HOME=/opt/rustwide/rustup-home" "-w" "/opt/rustwide/workdir" "-m" "1610612736" "--user" "0:0" "--network" "none" "ghcr.io/rust-lang/crates-build-env/linux@sha256:2788e3201cd34a07e3172128adcd8b3090168a8e3bcc40d7c032b9dda1df7d1c" "/opt/rustwide/cargo-home/bin/cargo" "+1.75.0" "test" "--frozen", kill_on_drop: false }`
[INFO] [stdout] d154cdfd36b06ec72cfa3c8762529ee02819ecfa47362cca72754c990c95a560
[INFO] running `Command { std: "docker" "start" "-a" "d154cdfd36b06ec72cfa3c8762529ee02819ecfa47362cca72754c990c95a560", kill_on_drop: false }`
[INFO] [stderr] warning: unused import: `Unity`
[INFO] [stderr]  --> tests/bindings.rs:7:58
[INFO] [stderr]   |
[INFO] [stderr] 7 |     use interoptopus_backend_csharp::overloads::{DotNet, Unity};
[INFO] [stderr]   |                                                          ^^^^^
[INFO] [stderr]   |
[INFO] [stderr]   = note: `#[warn(unused_imports)]` on by default
[INFO] [stderr] 
[INFO] [stderr] warning: `bhaptics_test` (test "bindings") generated 1 warning (run `cargo fix --test "bindings"` to apply 1 suggestion)
[INFO] [stderr]     Finished test [unoptimized + debuginfo] target(s) in 0.01s
[INFO] [stderr]      Running unittests src/lib.rs (/opt/rustwide/target/debug/deps/bhaptics_test-a605579029eecbae)
[INFO] [stdout] 
[INFO] [stdout] running 0 tests
[INFO] [stdout] 
[INFO] [stdout] test result: ok. 0 passed; 0 failed; 0 ignored; 0 measured; 0 filtered out; finished in 0.00s
[INFO] [stdout] 
[INFO] [stderr]      Running unittests src/main.rs (/opt/rustwide/target/debug/deps/bhaptics_test-4899cfa32f888a9c)
[INFO] [stdout] 
[INFO] [stdout] running 0 tests
[INFO] [stdout] 
[INFO] [stdout] test result: ok. 0 passed; 0 failed; 0 ignored; 0 measured; 0 filtered out; finished in 0.00s
[INFO] [stdout] 
[INFO] [stderr]      Running tests/bindings.rs (/opt/rustwide/target/debug/deps/bindings-f58c8165f9faf8df)
[INFO] [stdout] 
[INFO] [stdout] running 1 test
[INFO] [stdout] test bindings_csharp ... FAILED
[INFO] [stdout] 
[INFO] [stdout] failures:
[INFO] [stdout] 
[INFO] [stdout] ---- bindings_csharp stdout ----
[INFO] [stdout] Error: IO(Os { code: 30, kind: ReadOnlyFilesystem, message: "Read-only file system" })
[INFO] [stdout] 
[INFO] [stdout] 
[INFO] [stdout] failures:
[INFO] [stdout]     bindings_csharp
[INFO] [stdout] 
[INFO] [stdout] test result: FAILED. 0 passed; 1 failed; 0 ignored; 0 measured; 0 filtered out; finished in 0.00s
[INFO] [stdout] 
[INFO] [stderr] error: test failed, to rerun pass `--test bindings`
[INFO] running `Command { std: "docker" "inspect" "d154cdfd36b06ec72cfa3c8762529ee02819ecfa47362cca72754c990c95a560", kill_on_drop: false }`
[INFO] running `Command { std: "docker" "rm" "-f" "d154cdfd36b06ec72cfa3c8762529ee02819ecfa47362cca72754c990c95a560", kill_on_drop: false }`
[INFO] [stdout] d154cdfd36b06ec72cfa3c8762529ee02819ecfa47362cca72754c990c95a560
[INFO] testing westside/rust_test against beta-2023-12-22 for beta-1.76-1
[INFO] running `Command { std: "git" "clone" "/workspace/cache/git-repos/https%3A%2F%2Fgithub.com%2Fwestside%2Frust_test" "/workspace/builds/worker-3-tc2/source", kill_on_drop: false }`
[INFO] [stderr] Cloning into '/workspace/builds/worker-3-tc2/source'...
[INFO] [stderr] done.
[INFO] validating manifest of git repo https://github.com/westside/rust_test on toolchain beta-2023-12-22
[INFO] running `Command { std: CARGO_HOME="/workspace/cargo-home" RUSTUP_HOME="/workspace/rustup-home" "/workspace/cargo-home/bin/cargo" "+beta-2023-12-22" "metadata" "--manifest-path" "Cargo.toml" "--no-deps", kill_on_drop: false }`
[INFO] started tweaking git repo https://github.com/westside/rust_test
[INFO] finished tweaking git repo https://github.com/westside/rust_test
[INFO] tweaked toml for git repo https://github.com/westside/rust_test written to /workspace/builds/worker-3-tc2/source/Cargo.toml
[INFO] crate git repo https://github.com/westside/rust_test already has a lockfile, it will not be regenerated
[INFO] running `Command { std: CARGO_HOME="/workspace/cargo-home" RUSTUP_HOME="/workspace/rustup-home" "/workspace/cargo-home/bin/cargo" "+beta-2023-12-22" "fetch" "--manifest-path" "Cargo.toml", kill_on_drop: false }`
[INFO] running `Command { std: "docker" "create" "-v" "/var/lib/crater-agent-workspace/builds/worker-3-tc2/target:/opt/rustwide/target:rw,Z" "-v" "/var/lib/crater-agent-workspace/builds/worker-3-tc2/source:/opt/rustwide/workdir:ro,Z" "-v" "/var/lib/crater-agent-workspace/cargo-home:/opt/rustwide/cargo-home:ro,Z" "-v" "/var/lib/crater-agent-workspace/rustup-home:/opt/rustwide/rustup-home:ro,Z" "-e" "SOURCE_DIR=/opt/rustwide/workdir" "-e" "CARGO_TARGET_DIR=/opt/rustwide/target" "-e" "CARGO_HOME=/opt/rustwide/cargo-home" "-e" "RUSTUP_HOME=/opt/rustwide/rustup-home" "-w" "/opt/rustwide/workdir" "-m" "1610612736" "--user" "0:0" "--network" "none" "ghcr.io/rust-lang/crates-build-env/linux@sha256:2788e3201cd34a07e3172128adcd8b3090168a8e3bcc40d7c032b9dda1df7d1c" "/opt/rustwide/cargo-home/bin/cargo" "+beta-2023-12-22" "metadata" "--no-deps" "--format-version=1", kill_on_drop: false }`
[INFO] [stdout] 506bd235a65a5b71d48a5c4144cc5b8d2e6f98ab7fd48dd75210f4abb83ea620
[INFO] running `Command { std: "docker" "start" "-a" "506bd235a65a5b71d48a5c4144cc5b8d2e6f98ab7fd48dd75210f4abb83ea620", kill_on_drop: false }`
[INFO] running `Command { std: "docker" "inspect" "506bd235a65a5b71d48a5c4144cc5b8d2e6f98ab7fd48dd75210f4abb83ea620", kill_on_drop: false }`
[INFO] running `Command { std: "docker" "rm" "-f" "506bd235a65a5b71d48a5c4144cc5b8d2e6f98ab7fd48dd75210f4abb83ea620", kill_on_drop: false }`
[INFO] [stdout] 506bd235a65a5b71d48a5c4144cc5b8d2e6f98ab7fd48dd75210f4abb83ea620
[INFO] running `Command { std: "docker" "create" "-v" "/var/lib/crater-agent-workspace/builds/worker-3-tc2/target:/opt/rustwide/target:rw,Z" "-v" "/var/lib/crater-agent-workspace/builds/worker-3-tc2/source:/opt/rustwide/workdir:ro,Z" "-v" "/var/lib/crater-agent-workspace/cargo-home:/opt/rustwide/cargo-home:ro,Z" "-v" "/var/lib/crater-agent-workspace/rustup-home:/opt/rustwide/rustup-home:ro,Z" "-e" "SOURCE_DIR=/opt/rustwide/workdir" "-e" "CARGO_TARGET_DIR=/opt/rustwide/target" "-e" "CARGO_INCREMENTAL=0" "-e" "RUST_BACKTRACE=full" "-e" "RUSTFLAGS=--cap-lints=warn" "-e" "RUSTDOCFLAGS=--cap-lints=warn" "-e" "CARGO_HOME=/opt/rustwide/cargo-home" "-e" "RUSTUP_HOME=/opt/rustwide/rustup-home" "-w" "/opt/rustwide/workdir" "-m" "1610612736" "--user" "0:0" "--network" "none" "ghcr.io/rust-lang/crates-build-env/linux@sha256:2788e3201cd34a07e3172128adcd8b3090168a8e3bcc40d7c032b9dda1df7d1c" "/opt/rustwide/cargo-home/bin/cargo" "+beta-2023-12-22" "build" "--frozen" "--message-format=json", kill_on_drop: false }`
[INFO] [stdout] 75926a504b2b78639304a1c83a107a3a0b94f3b9dc7a92bd4b2604ebf6431ff8
[INFO] running `Command { std: "docker" "start" "-a" "75926a504b2b78639304a1c83a107a3a0b94f3b9dc7a92bd4b2604ebf6431ff8", kill_on_drop: false }`
[INFO] [stderr]    Compiling proc-macro2 v1.0.51
[INFO] [stderr]    Compiling quote v1.0.23
[INFO] [stderr]    Compiling unicode-ident v1.0.6
[INFO] [stderr]    Compiling syn v1.0.109
[INFO] [stderr]    Compiling strsim v0.10.0
[INFO] [stderr]    Compiling ident_case v1.0.1
[INFO] [stderr]    Compiling fnv v1.0.7
[INFO] [stderr]    Compiling heck v0.4.1
[INFO] [stderr]    Compiling darling_core v0.13.4
[INFO] [stderr]    Compiling darling_macro v0.13.4
[INFO] [stderr]    Compiling darling v0.13.4
[INFO] [stderr]    Compiling interoptopus_proc v0.14.9
[INFO] [stderr]    Compiling interoptopus v0.14.15
[INFO] [stderr]    Compiling interoptopus_backend_csharp v0.14.17
[INFO] [stderr]    Compiling bhaptics_test v0.1.0 (/opt/rustwide/workdir)
[INFO] [stderr]     Finished dev [unoptimized + debuginfo] target(s) in 6.95s
[INFO] running `Command { std: "docker" "inspect" "75926a504b2b78639304a1c83a107a3a0b94f3b9dc7a92bd4b2604ebf6431ff8", kill_on_drop: false }`
[INFO] running `Command { std: "docker" "rm" "-f" "75926a504b2b78639304a1c83a107a3a0b94f3b9dc7a92bd4b2604ebf6431ff8", kill_on_drop: false }`
[INFO] [stdout] 75926a504b2b78639304a1c83a107a3a0b94f3b9dc7a92bd4b2604ebf6431ff8
[INFO] running `Command { std: "docker" "create" "-v" "/var/lib/crater-agent-workspace/builds/worker-3-tc2/target:/opt/rustwide/target:rw,Z" "-v" "/var/lib/crater-agent-workspace/builds/worker-3-tc2/source:/opt/rustwide/workdir:ro,Z" "-v" "/var/lib/crater-agent-workspace/cargo-home:/opt/rustwide/cargo-home:ro,Z" "-v" "/var/lib/crater-agent-workspace/rustup-home:/opt/rustwide/rustup-home:ro,Z" "-e" "SOURCE_DIR=/opt/rustwide/workdir" "-e" "CARGO_TARGET_DIR=/opt/rustwide/target" "-e" "CARGO_INCREMENTAL=0" "-e" "RUST_BACKTRACE=full" "-e" "RUSTFLAGS=--cap-lints=warn" "-e" "RUSTDOCFLAGS=--cap-lints=warn" "-e" "CARGO_HOME=/opt/rustwide/cargo-home" "-e" "RUSTUP_HOME=/opt/rustwide/rustup-home" "-w" "/opt/rustwide/workdir" "-m" "1610612736" "--user" "0:0" "--network" "none" "ghcr.io/rust-lang/crates-build-env/linux@sha256:2788e3201cd34a07e3172128adcd8b3090168a8e3bcc40d7c032b9dda1df7d1c" "/opt/rustwide/cargo-home/bin/cargo" "+beta-2023-12-22" "test" "--frozen" "--no-run" "--message-format=json", kill_on_drop: false }`
[INFO] [stdout] 53ebd9f863bd6f3064c507aed6ef599cf0cbf41ef76f4e7e5aeb4c76883cdf49
[INFO] running `Command { std: "docker" "start" "-a" "53ebd9f863bd6f3064c507aed6ef599cf0cbf41ef76f4e7e5aeb4c76883cdf49", kill_on_drop: false }`
[INFO] [stderr]    Compiling bhaptics_test v0.1.0 (/opt/rustwide/workdir)
[INFO] [stdout] warning: unused import: `Unity`
[INFO] [stdout]  --> tests/bindings.rs:7:58
[INFO] [stdout]   |
[INFO] [stdout] 7 |     use interoptopus_backend_csharp::overloads::{DotNet, Unity};
[INFO] [stdout]   |                                                          ^^^^^
[INFO] [stdout]   |
[INFO] [stdout]   = note: `#[warn(unused_imports)]` on by default
[INFO] [stdout] 
[INFO] [stdout] 
[INFO] [stdout] warning: 1 warning emitted
[INFO] [stdout] 
[INFO] [stdout] 
[INFO] [stderr]     Finished test [unoptimized + debuginfo] target(s) in 0.37s
[INFO] running `Command { std: "docker" "inspect" "53ebd9f863bd6f3064c507aed6ef599cf0cbf41ef76f4e7e5aeb4c76883cdf49", kill_on_drop: false }`
[INFO] running `Command { std: "docker" "rm" "-f" "53ebd9f863bd6f3064c507aed6ef599cf0cbf41ef76f4e7e5aeb4c76883cdf49", kill_on_drop: false }`
[INFO] [stdout] 53ebd9f863bd6f3064c507aed6ef599cf0cbf41ef76f4e7e5aeb4c76883cdf49
[INFO] running `Command { std: "docker" "create" "-v" "/var/lib/crater-agent-workspace/builds/worker-3-tc2/target:/opt/rustwide/target:rw,Z" "-v" "/var/lib/crater-agent-workspace/builds/worker-3-tc2/source:/opt/rustwide/workdir:ro,Z" "-v" "/var/lib/crater-agent-workspace/cargo-home:/opt/rustwide/cargo-home:ro,Z" "-v" "/var/lib/crater-agent-workspace/rustup-home:/opt/rustwide/rustup-home:ro,Z" "-e" "SOURCE_DIR=/opt/rustwide/workdir" "-e" "CARGO_TARGET_DIR=/opt/rustwide/target" "-e" "CARGO_INCREMENTAL=0" "-e" "RUST_BACKTRACE=full" "-e" "RUSTFLAGS=--cap-lints=warn" "-e" "RUSTDOCFLAGS=--cap-lints=warn" "-e" "CARGO_HOME=/opt/rustwide/cargo-home" "-e" "RUSTUP_HOME=/opt/rustwide/rustup-home" "-w" "/opt/rustwide/workdir" "-m" "1610612736" "--user" "0:0" "--network" "none" "ghcr.io/rust-lang/crates-build-env/linux@sha256:2788e3201cd34a07e3172128adcd8b3090168a8e3bcc40d7c032b9dda1df7d1c" "/opt/rustwide/cargo-home/bin/cargo" "+beta-2023-12-22" "test" "--frozen", kill_on_drop: false }`
[INFO] [stdout] d52a3a6585d50746686e4c4c10affe5186d9aac3bd6cd9050ea41b9b07e2ecac
[INFO] running `Command { std: "docker" "start" "-a" "d52a3a6585d50746686e4c4c10affe5186d9aac3bd6cd9050ea41b9b07e2ecac", kill_on_drop: false }`
[INFO] [stderr] warning: unused import: `Unity`
[INFO] [stderr]  --> tests/bindings.rs:7:58
[INFO] [stderr]   |
[INFO] [stderr] 7 |     use interoptopus_backend_csharp::overloads::{DotNet, Unity};
[INFO] [stderr]   |                                                          ^^^^^
[INFO] [stderr]   |
[INFO] [stderr]   = note: `#[warn(unused_imports)]` on by default
[INFO] [stderr] 
[INFO] [stderr] warning: `bhaptics_test` (test "bindings") generated 1 warning (run `cargo fix --test "bindings"` to apply 1 suggestion)
[INFO] [stderr]     Finished test [unoptimized + debuginfo] target(s) in 0.01s
[INFO] [stderr]      Running unittests src/lib.rs (/opt/rustwide/target/debug/deps/bhaptics_test-21566b093f9a6c92)
[INFO] [stdout] 
[INFO] [stdout] running 0 tests
[INFO] [stdout] 
[INFO] [stdout] test result: ok. 0 passed; 0 failed; 0 ignored; 0 measured; 0 filtered out; finished in 0.00s
[INFO] [stdout] 
[INFO] [stderr]      Running unittests src/main.rs (/opt/rustwide/target/debug/deps/bhaptics_test-bbc9b89721fb1eb6)
[INFO] [stdout] 
[INFO] [stdout] running 0 tests
[INFO] [stdout] 
[INFO] [stdout] test result: ok. 0 passed; 0 failed; 0 ignored; 0 measured; 0 filtered out; finished in 0.00s
[INFO] [stdout] 
[INFO] [stderr]      Running tests/bindings.rs (/opt/rustwide/target/debug/deps/bindings-73dd9c82322202e4)
[INFO] [stdout] 
[INFO] [stdout] running 1 test
[INFO] [stdout] test bindings_csharp ... FAILED
[INFO] [stdout] 
[INFO] [stdout] failures:
[INFO] [stdout] 
[INFO] [stdout] ---- bindings_csharp stdout ----
[INFO] [stdout] Error: IO(Os { code: 30, kind: ReadOnlyFilesystem, message: "Read-only file system" })
[INFO] [stdout] 
[INFO] [stdout] 
[INFO] [stdout] failures:
[INFO] [stdout]     bindings_csharp
[INFO] [stdout] 
[INFO] [stdout] test result: FAILED. 0 passed; 1 failed; 0 ignored; 0 measured; 0 filtered out; finished in 0.00s
[INFO] [stdout] 
[INFO] [stderr] error: test failed, to rerun pass `--test bindings`
[INFO] running `Command { std: "docker" "inspect" "d52a3a6585d50746686e4c4c10affe5186d9aac3bd6cd9050ea41b9b07e2ecac", kill_on_drop: false }`
[INFO] running `Command { std: "docker" "rm" "-f" "d52a3a6585d50746686e4c4c10affe5186d9aac3bd6cd9050ea41b9b07e2ecac", kill_on_drop: false }`
[INFO] [stdout] d52a3a6585d50746686e4c4c10affe5186d9aac3bd6cd9050ea41b9b07e2ecac
