[INFO] cloning repository https://github.com/webern/rs_book
[INFO] running `Command { std: "git" "-c" "credential.helper=" "-c" "credential.helper=/workspace/cargo-home/bin/git-credential-null" "clone" "--bare" "https://github.com/webern/rs_book" "/workspace/cache/git-repos/https%3A%2F%2Fgithub.com%2Fwebern%2Frs_book", kill_on_drop: false }`
[INFO] [stderr] Cloning into bare repository '/workspace/cache/git-repos/https%3A%2F%2Fgithub.com%2Fwebern%2Frs_book'...
[INFO] running `Command { std: "git" "rev-parse" "HEAD", kill_on_drop: false }`
[INFO] [stdout] b108e4bc63cbba35460e4505e109d71ea3b5f7e1
[INFO] testing webern/rs_book against 1.75.0 for beta-1.76-1
[INFO] running `Command { std: "git" "clone" "/workspace/cache/git-repos/https%3A%2F%2Fgithub.com%2Fwebern%2Frs_book" "/workspace/builds/worker-3-tc1/source", kill_on_drop: false }`
[INFO] [stderr] Cloning into '/workspace/builds/worker-3-tc1/source'...
[INFO] [stderr] done.
[INFO] validating manifest of git repo https://github.com/webern/rs_book on toolchain 1.75.0
[INFO] running `Command { std: CARGO_HOME="/workspace/cargo-home" RUSTUP_HOME="/workspace/rustup-home" "/workspace/cargo-home/bin/cargo" "+1.75.0" "metadata" "--manifest-path" "Cargo.toml" "--no-deps", kill_on_drop: false }`
[INFO] started tweaking git repo https://github.com/webern/rs_book
[INFO] finished tweaking git repo https://github.com/webern/rs_book
[INFO] tweaked toml for git repo https://github.com/webern/rs_book written to /workspace/builds/worker-3-tc1/source/Cargo.toml
[INFO] crate git repo https://github.com/webern/rs_book already has a lockfile, it will not be regenerated
[INFO] running `Command { std: CARGO_HOME="/workspace/cargo-home" RUSTUP_HOME="/workspace/rustup-home" "/workspace/cargo-home/bin/cargo" "+1.75.0" "fetch" "--manifest-path" "Cargo.toml", kill_on_drop: false }`
[INFO] running `Command { std: "docker" "create" "-v" "/var/lib/crater-agent-workspace/builds/worker-3-tc1/target:/opt/rustwide/target:rw,Z" "-v" "/var/lib/crater-agent-workspace/builds/worker-3-tc1/source:/opt/rustwide/workdir:ro,Z" "-v" "/var/lib/crater-agent-workspace/cargo-home:/opt/rustwide/cargo-home:ro,Z" "-v" "/var/lib/crater-agent-workspace/rustup-home:/opt/rustwide/rustup-home:ro,Z" "-e" "SOURCE_DIR=/opt/rustwide/workdir" "-e" "CARGO_TARGET_DIR=/opt/rustwide/target" "-e" "CARGO_HOME=/opt/rustwide/cargo-home" "-e" "RUSTUP_HOME=/opt/rustwide/rustup-home" "-w" "/opt/rustwide/workdir" "-m" "1610612736" "--user" "0:0" "--network" "none" "ghcr.io/rust-lang/crates-build-env/linux@sha256:2788e3201cd34a07e3172128adcd8b3090168a8e3bcc40d7c032b9dda1df7d1c" "/opt/rustwide/cargo-home/bin/cargo" "+1.75.0" "metadata" "--no-deps" "--format-version=1", kill_on_drop: false }`
[INFO] [stdout] dd6ed94d12ed8bf2b59e9a1437d7246d674ff3409fb29e74b2ffd1e7f39ac0cc
[INFO] running `Command { std: "docker" "start" "-a" "dd6ed94d12ed8bf2b59e9a1437d7246d674ff3409fb29e74b2ffd1e7f39ac0cc", kill_on_drop: false }`
[INFO] running `Command { std: "docker" "inspect" "dd6ed94d12ed8bf2b59e9a1437d7246d674ff3409fb29e74b2ffd1e7f39ac0cc", kill_on_drop: false }`
[INFO] running `Command { std: "docker" "rm" "-f" "dd6ed94d12ed8bf2b59e9a1437d7246d674ff3409fb29e74b2ffd1e7f39ac0cc", kill_on_drop: false }`
[INFO] [stdout] dd6ed94d12ed8bf2b59e9a1437d7246d674ff3409fb29e74b2ffd1e7f39ac0cc
[INFO] running `Command { std: "docker" "create" "-v" "/var/lib/crater-agent-workspace/builds/worker-3-tc1/target:/opt/rustwide/target:rw,Z" "-v" "/var/lib/crater-agent-workspace/builds/worker-3-tc1/source:/opt/rustwide/workdir:ro,Z" "-v" "/var/lib/crater-agent-workspace/cargo-home:/opt/rustwide/cargo-home:ro,Z" "-v" "/var/lib/crater-agent-workspace/rustup-home:/opt/rustwide/rustup-home:ro,Z" "-e" "SOURCE_DIR=/opt/rustwide/workdir" "-e" "CARGO_TARGET_DIR=/opt/rustwide/target" "-e" "CARGO_INCREMENTAL=0" "-e" "RUST_BACKTRACE=full" "-e" "RUSTFLAGS=--cap-lints=warn" "-e" "RUSTDOCFLAGS=--cap-lints=warn" "-e" "CARGO_HOME=/opt/rustwide/cargo-home" "-e" "RUSTUP_HOME=/opt/rustwide/rustup-home" "-w" "/opt/rustwide/workdir" "-m" "1610612736" "--user" "0:0" "--network" "none" "ghcr.io/rust-lang/crates-build-env/linux@sha256:2788e3201cd34a07e3172128adcd8b3090168a8e3bcc40d7c032b9dda1df7d1c" "/opt/rustwide/cargo-home/bin/cargo" "+1.75.0" "build" "--frozen" "--message-format=json", kill_on_drop: false }`
[INFO] [stdout] 348f511fa217b014b3abfd2c2114ed533a50afff6405ea4c66d0960c025667b7
[INFO] running `Command { std: "docker" "start" "-a" "348f511fa217b014b3abfd2c2114ed533a50afff6405ea4c66d0960c025667b7", kill_on_drop: false }`
[INFO] [stderr] warning: output filename collision.
[INFO] [stderr] The bin target `rustlings` in package `rustlings-chapter-7 v5.6.1 (/opt/rustwide/workdir/chapter-7/rustlings)` has the same output filename as the bin target `rustlings` in package `rustlings-chapter-6 v5.6.1 (/opt/rustwide/workdir/chapter-6/rustlings)`.
[INFO] [stderr] Colliding filename is: /opt/rustwide/target/debug/rustlings
[INFO] [stderr] The targets should have unique names.
[INFO] [stderr] Consider changing their names to be unique or compiling them separately.
[INFO] [stderr] This may become a hard error in the future; see <https://github.com/rust-lang/cargo/issues/6313>.
[INFO] [stderr] warning: output filename collision.
[INFO] [stderr] The bin target `rustlings` in package `rustlings-chapter-7 v5.6.1 (/opt/rustwide/workdir/chapter-7/rustlings)` has the same output filename as the bin target `rustlings` in package `rustlings-chapter-6 v5.6.1 (/opt/rustwide/workdir/chapter-6/rustlings)`.
[INFO] [stderr] Colliding filename is: /opt/rustwide/target/debug/rustlings.dwp
[INFO] [stderr] The targets should have unique names.
[INFO] [stderr] Consider changing their names to be unique or compiling them separately.
[INFO] [stderr] This may become a hard error in the future; see <https://github.com/rust-lang/cargo/issues/6313>.
[INFO] [stderr] warning: output filename collision.
[INFO] [stderr] The bin target `rustlings` in package `rustlings-chapter-8 v5.6.1 (/opt/rustwide/workdir/chapter-8/rustlings)` has the same output filename as the bin target `rustlings` in package `rustlings-chapter-7 v5.6.1 (/opt/rustwide/workdir/chapter-7/rustlings)`.
[INFO] [stderr] Colliding filename is: /opt/rustwide/target/debug/rustlings
[INFO] [stderr] The targets should have unique names.
[INFO] [stderr] Consider changing their names to be unique or compiling them separately.
[INFO] [stderr] This may become a hard error in the future; see <https://github.com/rust-lang/cargo/issues/6313>.
[INFO] [stderr] warning: output filename collision.
[INFO] [stderr] The bin target `rustlings` in package `rustlings-chapter-8 v5.6.1 (/opt/rustwide/workdir/chapter-8/rustlings)` has the same output filename as the bin target `rustlings` in package `rustlings-chapter-7 v5.6.1 (/opt/rustwide/workdir/chapter-7/rustlings)`.
[INFO] [stderr] Colliding filename is: /opt/rustwide/target/debug/rustlings.dwp
[INFO] [stderr] The targets should have unique names.
[INFO] [stderr] Consider changing their names to be unique or compiling them separately.
[INFO] [stderr] This may become a hard error in the future; see <https://github.com/rust-lang/cargo/issues/6313>.
[INFO] [stderr]    Compiling proc-macro2 v1.0.69
[INFO] [stderr]    Compiling unicode-ident v1.0.12
[INFO] [stderr]    Compiling libc v0.2.150
[INFO] [stderr]    Compiling heck v0.4.1
[INFO] [stderr]    Compiling anyhow v1.0.75
[INFO] [stderr]    Compiling serde v1.0.192
[INFO] [stderr]    Compiling syn v1.0.109
[INFO] [stderr]    Compiling autocfg v1.1.0
[INFO] [stderr]    Compiling cfg-if v1.0.0
[INFO] [stderr]    Compiling doc-comment v0.3.3
[INFO] [stderr]    Compiling thiserror v1.0.50
[INFO] [stderr]    Compiling slab v0.4.9
[INFO] [stderr]    Compiling cfg-if v0.1.10
[INFO] [stderr]    Compiling eyre v0.6.9
[INFO] [stderr]    Compiling utf8parse v0.2.1
[INFO] [stderr]    Compiling anstyle-parse v0.2.2
[INFO] [stderr]    Compiling hashbrown v0.14.2
[INFO] [stderr]    Compiling anstyle v1.0.4
[INFO] [stderr]    Compiling equivalent v1.0.1
[INFO] [stderr]    Compiling portable-atomic v1.5.1
[INFO] [stderr]    Compiling indenter v0.3.3
[INFO] [stderr]    Compiling quote v1.0.33
[INFO] [stderr]    Compiling anstyle-query v1.0.0
[INFO] [stderr]    Compiling log v0.4.20
[INFO] [stderr]    Compiling once_cell v1.18.0
[INFO] [stderr]    Compiling syn v2.0.39
[INFO] [stderr]    Compiling memchr v2.6.4
[INFO] [stderr]    Compiling colorchoice v1.0.0
[INFO] [stderr]    Compiling iovec v0.1.4
[INFO] [stderr]    Compiling net2 v0.2.39
[INFO] [stderr]    Compiling anstream v0.6.4
[INFO] [stderr]    Compiling inotify-sys v0.1.5
[INFO] [stderr]    Compiling winnow v0.5.19
[INFO] [stderr]    Compiling indexmap v2.1.0
[INFO] [stderr]    Compiling aho-corasick v1.1.2
[INFO] [stderr]    Compiling mio v0.6.23
[INFO] [stderr]    Compiling lazy_static v1.4.0
[INFO] [stderr]    Compiling rustix v0.38.21
[INFO] [stderr]    Compiling clap_lex v0.6.0
[INFO] [stderr]    Compiling strsim v0.10.0
[INFO] [stderr]    Compiling lazycell v1.3.0
[INFO] [stderr]    Compiling unicode-width v0.1.11
[INFO] [stderr]    Compiling serde_json v1.0.108
[INFO] [stderr]    Compiling bitflags v1.3.2
[INFO] [stderr]    Compiling regex-syntax v0.8.2
[INFO] [stderr]    Compiling same-file v1.0.6
[INFO] [stderr]    Compiling walkdir v2.4.0
[INFO] [stderr]    Compiling inotify v0.7.1
[INFO] [stderr]    Compiling mio-extras v2.0.6
[INFO] [stderr]    Compiling console v0.15.7
[INFO] [stderr]    Compiling clap_builder v4.4.8
[INFO] [stderr]    Compiling filetime v0.2.22
[INFO] [stderr]    Compiling bitflags v2.4.1
[INFO] [stderr]    Compiling regex-automata v0.4.3
[INFO] [stderr]    Compiling ryu v1.0.15
[INFO] [stderr]    Compiling number_prefix v0.4.0
[INFO] [stderr]    Compiling linux-raw-sys v0.4.10
[INFO] [stderr]    Compiling itoa v1.0.9
[INFO] [stderr]    Compiling indicatif v0.17.7
[INFO] [stderr]    Compiling notify v4.0.17
[INFO] [stderr]    Compiling fastrand v2.0.1
[INFO] [stderr]    Compiling glob v0.3.1
[INFO] [stderr]    Compiling serde_derive v1.0.192
[INFO] [stderr]    Compiling thiserror-impl v1.0.50
[INFO] [stderr]    Compiling snafu-derive v0.7.5
[INFO] [stderr]    Compiling clap_derive v4.4.7
[INFO] [stderr]    Compiling regex v1.10.2
[INFO] [stderr]    Compiling home v0.5.5
[INFO] [stderr]    Compiling tempfile v3.8.1
[INFO] [stderr]    Compiling c_multiple_crates v0.1.0 (/opt/rustwide/workdir/chapter-7/c_multiple_crates)
[INFO] [stderr]    Compiling d_custom_crate_files v0.1.0 (/opt/rustwide/workdir/chapter-7/d_custom_crate_files)
[INFO] [stderr]    Compiling chapter-3 v0.1.0 (/opt/rustwide/workdir/chapter-3)
[INFO] [stderr]    Compiling chapter-11 v0.1.0 (/opt/rustwide/workdir/chapter-11)
[INFO] [stderr]    Compiling chapter-8 v0.1.0 (/opt/rustwide/workdir/chapter-8)
[INFO] [stderr]    Compiling a_standard_binary v0.1.0 (/opt/rustwide/workdir/chapter-7/a_normal_binary)
[INFO] [stderr]    Compiling chapter-10c v0.1.0 (/opt/rustwide/workdir/chapter-10c)
[INFO] [stderr]    Compiling b_standard_library v0.1.0 (/opt/rustwide/workdir/chapter-7/b_normal_library)
[INFO] [stderr]    Compiling chapter-5 v0.1.0 (/opt/rustwide/workdir/chapter-5)
[INFO] [stderr]    Compiling e_pub_vs_private v0.1.0 (/opt/rustwide/workdir/chapter-7/e_pub_vs_private)
[INFO] [stderr]    Compiling chapter-4 v0.1.0 (/opt/rustwide/workdir/chapter-4)
[INFO] [stderr]    Compiling chapter-10b v0.1.0 (/opt/rustwide/workdir/chapter-10b)
[INFO] [stderr]    Compiling chapter-6 v0.1.0 (/opt/rustwide/workdir/chapter-6)
[INFO] [stderr]    Compiling chapter-10a v0.1.0 (/opt/rustwide/workdir/chapter-10a)
[INFO] [stderr]    Compiling snafu v0.7.5
[INFO] [stderr]    Compiling chapter-9 v0.1.0 (/opt/rustwide/workdir/chapter-9)
[INFO] [stderr]    Compiling clap v4.4.8
[INFO] [stderr]    Compiling toml_datetime v0.6.5
[INFO] [stderr]    Compiling serde_spanned v0.6.4
[INFO] [stderr]    Compiling toml_edit v0.19.15
[INFO] [stderr]    Compiling toml v0.7.8
[INFO] [stderr]    Compiling rustlings-chapter-7 v5.6.1 (/opt/rustwide/workdir/chapter-7/rustlings)
[INFO] [stderr]    Compiling rustlings-chapter-6 v5.6.1 (/opt/rustwide/workdir/chapter-6/rustlings)
[INFO] [stderr]    Compiling rustlings-chapter-8 v5.6.1 (/opt/rustwide/workdir/chapter-8/rustlings)
[INFO] [stderr]     Finished dev [unoptimized + debuginfo] target(s) in 41.58s
[INFO] running `Command { std: "docker" "inspect" "348f511fa217b014b3abfd2c2114ed533a50afff6405ea4c66d0960c025667b7", kill_on_drop: false }`
[INFO] running `Command { std: "docker" "rm" "-f" "348f511fa217b014b3abfd2c2114ed533a50afff6405ea4c66d0960c025667b7", kill_on_drop: false }`
[INFO] [stdout] 348f511fa217b014b3abfd2c2114ed533a50afff6405ea4c66d0960c025667b7
[INFO] running `Command { std: "docker" "create" "-v" "/var/lib/crater-agent-workspace/builds/worker-3-tc1/target:/opt/rustwide/target:rw,Z" "-v" "/var/lib/crater-agent-workspace/builds/worker-3-tc1/source:/opt/rustwide/workdir:ro,Z" "-v" "/var/lib/crater-agent-workspace/cargo-home:/opt/rustwide/cargo-home:ro,Z" "-v" "/var/lib/crater-agent-workspace/rustup-home:/opt/rustwide/rustup-home:ro,Z" "-e" "SOURCE_DIR=/opt/rustwide/workdir" "-e" "CARGO_TARGET_DIR=/opt/rustwide/target" "-e" "CARGO_INCREMENTAL=0" "-e" "RUST_BACKTRACE=full" "-e" "RUSTFLAGS=--cap-lints=warn" "-e" "RUSTDOCFLAGS=--cap-lints=warn" "-e" "CARGO_HOME=/opt/rustwide/cargo-home" "-e" "RUSTUP_HOME=/opt/rustwide/rustup-home" "-w" "/opt/rustwide/workdir" "-m" "1610612736" "--user" "0:0" "--network" "none" "ghcr.io/rust-lang/crates-build-env/linux@sha256:2788e3201cd34a07e3172128adcd8b3090168a8e3bcc40d7c032b9dda1df7d1c" "/opt/rustwide/cargo-home/bin/cargo" "+1.75.0" "test" "--frozen" "--no-run" "--message-format=json", kill_on_drop: false }`
[INFO] [stdout] 8759b7f1fca6e7b4c3cb61d4ef5c31699e2937d17ac0facdb5fd7b72578725f3
[INFO] running `Command { std: "docker" "start" "-a" "8759b7f1fca6e7b4c3cb61d4ef5c31699e2937d17ac0facdb5fd7b72578725f3", kill_on_drop: false }`
[INFO] [stderr] warning: output filename collision.
[INFO] [stderr] The bin target `rustlings` in package `rustlings-chapter-7 v5.6.1 (/opt/rustwide/workdir/chapter-7/rustlings)` has the same output filename as the bin target `rustlings` in package `rustlings-chapter-6 v5.6.1 (/opt/rustwide/workdir/chapter-6/rustlings)`.
[INFO] [stderr] Colliding filename is: /opt/rustwide/target/debug/rustlings
[INFO] [stderr] The targets should have unique names.
[INFO] [stderr] Consider changing their names to be unique or compiling them separately.
[INFO] [stderr] This may become a hard error in the future; see <https://github.com/rust-lang/cargo/issues/6313>.
[INFO] [stderr] warning: output filename collision.
[INFO] [stderr] The bin target `rustlings` in package `rustlings-chapter-7 v5.6.1 (/opt/rustwide/workdir/chapter-7/rustlings)` has the same output filename as the bin target `rustlings` in package `rustlings-chapter-6 v5.6.1 (/opt/rustwide/workdir/chapter-6/rustlings)`.
[INFO] [stderr] Colliding filename is: /opt/rustwide/target/debug/rustlings.dwp
[INFO] [stderr] The targets should have unique names.
[INFO] [stderr] Consider changing their names to be unique or compiling them separately.
[INFO] [stderr] This may become a hard error in the future; see <https://github.com/rust-lang/cargo/issues/6313>.
[INFO] [stderr] warning: output filename collision.
[INFO] [stderr] The bin target `rustlings` in package `rustlings-chapter-8 v5.6.1 (/opt/rustwide/workdir/chapter-8/rustlings)` has the same output filename as the bin target `rustlings` in package `rustlings-chapter-7 v5.6.1 (/opt/rustwide/workdir/chapter-7/rustlings)`.
[INFO] [stderr] Colliding filename is: /opt/rustwide/target/debug/rustlings
[INFO] [stderr] The targets should have unique names.
[INFO] [stderr] Consider changing their names to be unique or compiling them separately.
[INFO] [stderr] This may become a hard error in the future; see <https://github.com/rust-lang/cargo/issues/6313>.
[INFO] [stderr] warning: output filename collision.
[INFO] [stderr] The bin target `rustlings` in package `rustlings-chapter-8 v5.6.1 (/opt/rustwide/workdir/chapter-8/rustlings)` has the same output filename as the bin target `rustlings` in package `rustlings-chapter-7 v5.6.1 (/opt/rustwide/workdir/chapter-7/rustlings)`.
[INFO] [stderr] Colliding filename is: /opt/rustwide/target/debug/rustlings.dwp
[INFO] [stderr] The targets should have unique names.
[INFO] [stderr] Consider changing their names to be unique or compiling them separately.
[INFO] [stderr] This may become a hard error in the future; see <https://github.com/rust-lang/cargo/issues/6313>.
[INFO] [stderr]    Compiling regex-automata v0.4.3
[INFO] [stderr]    Compiling num-traits v0.2.17
[INFO] [stderr]    Compiling predicates-core v1.0.6
[INFO] [stderr]    Compiling either v1.9.0
[INFO] [stderr]    Compiling normalize-line-endings v0.3.0
[INFO] [stderr]    Compiling difflib v0.4.0
[INFO] [stderr]    Compiling termtree v0.4.1
[INFO] [stderr]    Compiling wait-timeout v0.2.0
[INFO] [stderr]    Compiling d_custom_crate_files v0.1.0 (/opt/rustwide/workdir/chapter-7/d_custom_crate_files)
[INFO] [stderr]    Compiling c_multiple_crates v0.1.0 (/opt/rustwide/workdir/chapter-7/c_multiple_crates)
[INFO] [stderr]    Compiling predicates-tree v1.0.9
[INFO] [stderr]    Compiling itertools v0.11.0
[INFO] [stderr]    Compiling chapter-3 v0.1.0 (/opt/rustwide/workdir/chapter-3)
[INFO] [stderr]    Compiling chapter-11 v0.1.0 (/opt/rustwide/workdir/chapter-11)
[INFO] [stderr]    Compiling chapter-9 v0.1.0 (/opt/rustwide/workdir/chapter-9)
[INFO] [stderr]    Compiling chapter-8 v0.1.0 (/opt/rustwide/workdir/chapter-8)
[INFO] [stderr]    Compiling a_standard_binary v0.1.0 (/opt/rustwide/workdir/chapter-7/a_normal_binary)
[INFO] [stderr]    Compiling chapter-4 v0.1.0 (/opt/rustwide/workdir/chapter-4)
[INFO] [stderr]    Compiling chapter-6 v0.1.0 (/opt/rustwide/workdir/chapter-6)
[INFO] [stderr]    Compiling float-cmp v0.9.0
[INFO] [stderr]    Compiling b_standard_library v0.1.0 (/opt/rustwide/workdir/chapter-7/b_normal_library)
[INFO] [stderr]    Compiling e_pub_vs_private v0.1.0 (/opt/rustwide/workdir/chapter-7/e_pub_vs_private)
[INFO] [stderr]    Compiling chapter-10a v0.1.0 (/opt/rustwide/workdir/chapter-10a)
[INFO] [stderr]    Compiling chapter-10b v0.1.0 (/opt/rustwide/workdir/chapter-10b)
[INFO] [stderr]    Compiling chapter-10c v0.1.0 (/opt/rustwide/workdir/chapter-10c)
[INFO] [stderr]    Compiling chapter-5 v0.1.0 (/opt/rustwide/workdir/chapter-5)
[INFO] [stderr]    Compiling regex v1.10.2
[INFO] [stderr]    Compiling bstr v1.8.0
[INFO] [stderr]    Compiling predicates v3.0.4
[INFO] [stderr]    Compiling assert_cmd v2.0.12
[INFO] [stderr]    Compiling rustlings-chapter-8 v5.6.1 (/opt/rustwide/workdir/chapter-8/rustlings)
[INFO] [stderr]    Compiling rustlings-chapter-6 v5.6.1 (/opt/rustwide/workdir/chapter-6/rustlings)
[INFO] [stderr]    Compiling rustlings-chapter-7 v5.6.1 (/opt/rustwide/workdir/chapter-7/rustlings)
[INFO] [stderr]     Finished test [unoptimized + debuginfo] target(s) in 19.77s
[INFO] running `Command { std: "docker" "inspect" "8759b7f1fca6e7b4c3cb61d4ef5c31699e2937d17ac0facdb5fd7b72578725f3", kill_on_drop: false }`
[INFO] running `Command { std: "docker" "rm" "-f" "8759b7f1fca6e7b4c3cb61d4ef5c31699e2937d17ac0facdb5fd7b72578725f3", kill_on_drop: false }`
[INFO] [stdout] 8759b7f1fca6e7b4c3cb61d4ef5c31699e2937d17ac0facdb5fd7b72578725f3
[INFO] running `Command { std: "docker" "create" "-v" "/var/lib/crater-agent-workspace/builds/worker-3-tc1/target:/opt/rustwide/target:rw,Z" "-v" "/var/lib/crater-agent-workspace/builds/worker-3-tc1/source:/opt/rustwide/workdir:ro,Z" "-v" "/var/lib/crater-agent-workspace/cargo-home:/opt/rustwide/cargo-home:ro,Z" "-v" "/var/lib/crater-agent-workspace/rustup-home:/opt/rustwide/rustup-home:ro,Z" "-e" "SOURCE_DIR=/opt/rustwide/workdir" "-e" "CARGO_TARGET_DIR=/opt/rustwide/target" "-e" "CARGO_INCREMENTAL=0" "-e" "RUST_BACKTRACE=full" "-e" "RUSTFLAGS=--cap-lints=warn" "-e" "RUSTDOCFLAGS=--cap-lints=warn" "-e" "CARGO_HOME=/opt/rustwide/cargo-home" "-e" "RUSTUP_HOME=/opt/rustwide/rustup-home" "-w" "/opt/rustwide/workdir" "-m" "1610612736" "--user" "0:0" "--network" "none" "ghcr.io/rust-lang/crates-build-env/linux@sha256:2788e3201cd34a07e3172128adcd8b3090168a8e3bcc40d7c032b9dda1df7d1c" "/opt/rustwide/cargo-home/bin/cargo" "+1.75.0" "test" "--frozen", kill_on_drop: false }`
[INFO] [stdout] 6b1d0b692652daca8da83d6bc2d27669b7eccc444a0c4ecb7a9cbe9af55a1e78
[INFO] running `Command { std: "docker" "start" "-a" "6b1d0b692652daca8da83d6bc2d27669b7eccc444a0c4ecb7a9cbe9af55a1e78", kill_on_drop: false }`
[INFO] [stderr] warning: output filename collision.
[INFO] [stderr] The bin target `rustlings` in package `rustlings-chapter-7 v5.6.1 (/opt/rustwide/workdir/chapter-7/rustlings)` has the same output filename as the bin target `rustlings` in package `rustlings-chapter-6 v5.6.1 (/opt/rustwide/workdir/chapter-6/rustlings)`.
[INFO] [stderr] Colliding filename is: /opt/rustwide/target/debug/rustlings
[INFO] [stderr] The targets should have unique names.
[INFO] [stderr] Consider changing their names to be unique or compiling them separately.
[INFO] [stderr] This may become a hard error in the future; see <https://github.com/rust-lang/cargo/issues/6313>.
[INFO] [stderr] warning: output filename collision.
[INFO] [stderr] The bin target `rustlings` in package `rustlings-chapter-7 v5.6.1 (/opt/rustwide/workdir/chapter-7/rustlings)` has the same output filename as the bin target `rustlings` in package `rustlings-chapter-6 v5.6.1 (/opt/rustwide/workdir/chapter-6/rustlings)`.
[INFO] [stderr] Colliding filename is: /opt/rustwide/target/debug/rustlings.dwp
[INFO] [stderr] The targets should have unique names.
[INFO] [stderr] Consider changing their names to be unique or compiling them separately.
[INFO] [stderr] This may become a hard error in the future; see <https://github.com/rust-lang/cargo/issues/6313>.
[INFO] [stderr] warning: output filename collision.
[INFO] [stderr] The bin target `rustlings` in package `rustlings-chapter-8 v5.6.1 (/opt/rustwide/workdir/chapter-8/rustlings)` has the same output filename as the bin target `rustlings` in package `rustlings-chapter-7 v5.6.1 (/opt/rustwide/workdir/chapter-7/rustlings)`.
[INFO] [stderr] Colliding filename is: /opt/rustwide/target/debug/rustlings
[INFO] [stderr] The targets should have unique names.
[INFO] [stderr] Consider changing their names to be unique or compiling them separately.
[INFO] [stderr] This may become a hard error in the future; see <https://github.com/rust-lang/cargo/issues/6313>.
[INFO] [stderr] warning: output filename collision.
[INFO] [stderr] The bin target `rustlings` in package `rustlings-chapter-8 v5.6.1 (/opt/rustwide/workdir/chapter-8/rustlings)` has the same output filename as the bin target `rustlings` in package `rustlings-chapter-7 v5.6.1 (/opt/rustwide/workdir/chapter-7/rustlings)`.
[INFO] [stderr] Colliding filename is: /opt/rustwide/target/debug/rustlings.dwp
[INFO] [stderr] The targets should have unique names.
[INFO] [stderr] Consider changing their names to be unique or compiling them separately.
[INFO] [stderr] This may become a hard error in the future; see <https://github.com/rust-lang/cargo/issues/6313>.
[INFO] [stderr]     Finished test [unoptimized + debuginfo] target(s) in 0.17s
[INFO] [stderr]      Running unittests src/main.rs (/opt/rustwide/target/debug/deps/a_standard_binary-9458f0f08263e86e)
[INFO] [stdout] 
[INFO] [stdout] running 0 tests
[INFO] [stdout] 
[INFO] [stdout] test result: ok. 0 passed; 0 failed; 0 ignored; 0 measured; 0 filtered out; finished in 0.00s
[INFO] [stdout] 
[INFO] [stderr]      Running unittests src/lib.rs (/opt/rustwide/target/debug/deps/b_standard_library-d79e31ae6efd5668)
[INFO] [stdout] 
[INFO] [stdout] running 0 tests
[INFO] [stdout] 
[INFO] [stdout] test result: ok. 0 passed; 0 failed; 0 ignored; 0 measured; 0 filtered out; finished in 0.00s
[INFO] [stdout] 
[INFO] [stderr]      Running unittests src/lib.rs (/opt/rustwide/target/debug/deps/c_multiple_crates-4b987b734637f74f)
[INFO] [stdout] 
[INFO] [stdout] running 0 tests
[INFO] [stderr]      Running unittests src/bin/goodbye_world.rs (/opt/rustwide/target/debug/deps/goodbye_world-5e02f33bc2ab3f7f)
[INFO] [stdout] 
[INFO] [stdout] test result: ok. 0 passed; 0 failed; 0 ignored; 0 measured; 0 filtered out; finished in 0.00s
[INFO] [stdout] 
[INFO] [stderr]      Running unittests src/bin/hello_world.rs (/opt/rustwide/target/debug/deps/hello_world-15b2fb984b9d25cc)
[INFO] [stdout] 
[INFO] [stdout] running 0 tests
[INFO] [stdout] 
[INFO] [stdout] test result: ok. 0 passed; 0 failed; 0 ignored; 0 measured; 0 filtered out; finished in 0.00s
[INFO] [stdout] 
[INFO] [stderr]      Running unittests src/main.rs (/opt/rustwide/target/debug/deps/chapter_10a-d1ddd12f8074ea9c)
[INFO] [stdout] 
[INFO] [stdout] running 0 tests
[INFO] [stdout] 
[INFO] [stdout] test result: ok. 0 passed; 0 failed; 0 ignored; 0 measured; 0 filtered out; finished in 0.00s
[INFO] [stdout] 
[INFO] [stdout] 
[INFO] [stdout] running 0 tests
[INFO] [stdout] 
[INFO] [stdout] test result: ok. 0 passed; 0 failed; 0 ignored; 0 measured; 0 filtered out; finished in 0.00s
[INFO] [stdout] 
[INFO] [stderr]      Running unittests src/main.rs (/opt/rustwide/target/debug/deps/chapter_10b-f28476212e1e8c92)
[INFO] [stdout] 
[INFO] [stdout] running 0 tests
[INFO] [stdout] 
[INFO] [stdout] test result: ok. 0 passed; 0 failed; 0 ignored; 0 measured; 0 filtered out; finished in 0.00s
[INFO] [stdout] 
[INFO] [stderr]      Running unittests src/main.rs (/opt/rustwide/target/debug/deps/chapter_10c-69dcfde8c46b8677)
[INFO] [stdout] 
[INFO] [stdout] running 0 tests
[INFO] [stdout] 
[INFO] [stdout] test result: ok. 0 passed; 0 failed; 0 ignored; 0 measured; 0 filtered out; finished in 0.00s
[INFO] [stdout] 
[INFO] [stderr]      Running unittests src/lib.rs (/opt/rustwide/target/debug/deps/chapter_11-89f39e84d37103e1)
[INFO] [stdout] 
[INFO] [stdout] running 15 tests
[INFO] [stdout] test isolated::bad_test_1 ... ok
[INFO] [stdout] test rant_about_loops::i_hate_this ... ok
[INFO] [stdout] test output::example ... ok
[INFO] [stdout] test isolated::good_test ... ok
[INFO] [stdout] test integ_discussion::unit_test ... ok
[INFO] [stdout] test isolated::bad_test_2 ... ok
[INFO] [stdout] test compile_guarded::a_test ... ok
[INFO] [stdout] test rant_about_loops::trim_test_1_leading_space ... ok
[INFO] [stdout] test rant_about_loops::trim_test_2_trailing_space ... ok
[INFO] [stdout] test tests_returning_results::returns_a_result ... FAILED
[INFO] [stdout] test rant_about_loops::trim_test_3_leading_and_trailing ... ok
[INFO] [stdout] test be_assertive::a_some_assertions ... FAILED
[INFO] [stdout] test everybody_panic::panic_is_ok - should panic ... ok
[INFO] [stdout] test should_panic_tests::unreliable_test - should panic ... ok
[INFO] [stderr] error: test failed, to rerun pass `-p chapter-11 --lib`
[INFO] [stdout] test should_panic_tests::reliable_test - should panic ... FAILED
[INFO] [stdout] 
[INFO] [stdout] failures:
[INFO] [stdout] 
[INFO] [stdout] ---- tests_returning_results::returns_a_result stdout ----
[INFO] [stdout] Error: No such file or directory (os error 2)
[INFO] [stdout] 
[INFO] [stdout] ---- be_assertive::a_some_assertions stdout ----
[INFO] [stdout] thread 'be_assertive::a_some_assertions' panicked at chapter-11/src/lib.rs:215:9:
[INFO] [stdout] assertion `left == right` failed: 'double(3)' should return '6'
[INFO] [stdout]   left: 7
[INFO] [stdout]  right: 6
[INFO] [stdout] stack backtrace:
[INFO] [stdout]    0:     0x5628fdc334cc - std::backtrace_rs::backtrace::libunwind::trace::ha637c64ce894333a
[INFO] [stdout]                                at /rustc/82e1608dfa6e0b5569232559e3d385fea5a93112/library/std/src/../../backtrace/src/backtrace/libunwind.rs:104:5
[INFO] [stdout]    1:     0x5628fdc334cc - std::backtrace_rs::backtrace::trace_unsynchronized::h47f62dea28e0c88d
[INFO] [stdout]                                at /rustc/82e1608dfa6e0b5569232559e3d385fea5a93112/library/std/src/../../backtrace/src/backtrace/mod.rs:66:5
[INFO] [stdout]    2:     0x5628fdc334cc - std::sys_common::backtrace::_print_fmt::h9eef0abe20ede486
[INFO] [stdout]                                at /rustc/82e1608dfa6e0b5569232559e3d385fea5a93112/library/std/src/sys_common/backtrace.rs:67:5
[INFO] [stdout]    3:     0x5628fdc334cc - <std::sys_common::backtrace::_print::DisplayBacktrace as core::fmt::Display>::fmt::hed7f999df88cc644
[INFO] [stdout]                                at /rustc/82e1608dfa6e0b5569232559e3d385fea5a93112/library/std/src/sys_common/backtrace.rs:44:22
[INFO] [stdout]    4:     0x5628fdc5da00 - core::fmt::rt::Argument::fmt::h1539a9308b8d058d
[INFO] [stdout]                                at /rustc/82e1608dfa6e0b5569232559e3d385fea5a93112/library/core/src/fmt/rt.rs:142:9
[INFO] [stdout]    5:     0x5628fdc5da00 - core::fmt::write::h3a39390d8560d9c9
[INFO] [stdout]                                at /rustc/82e1608dfa6e0b5569232559e3d385fea5a93112/library/core/src/fmt/mod.rs:1120:17
[INFO] [stdout]    6:     0x5628fdc30c6f - std::io::Write::write_fmt::h040b369f3a0f9cbc
[INFO] [stdout]                                at /rustc/82e1608dfa6e0b5569232559e3d385fea5a93112/library/std/src/io/mod.rs:1762:15
[INFO] [stdout]    7:     0x5628fdc332b4 - std::sys_common::backtrace::_print::h894006fb5c6f3d45
[INFO] [stdout]                                at /rustc/82e1608dfa6e0b5569232559e3d385fea5a93112/library/std/src/sys_common/backtrace.rs:47:5
[INFO] [stdout]    8:     0x5628fdc332b4 - std::sys_common::backtrace::print::h23a2d212c6fff936
[INFO] [stdout]                                at /rustc/82e1608dfa6e0b5569232559e3d385fea5a93112/library/std/src/sys_common/backtrace.rs:34:9
[INFO] [stdout]    9:     0x5628fdc34f77 - std::panicking::default_hook::{{closure}}::h8a1d2ee00185001a
[INFO] [stdout]   10:     0x5628fdc34c63 - std::panicking::default_hook::h6038f2eba384e475
[INFO] [stdout]                                at /rustc/82e1608dfa6e0b5569232559e3d385fea5a93112/library/std/src/panicking.rs:289:9
[INFO] [stdout]   11:     0x5628fdbf75d7 - <alloc::boxed::Box<F,A> as core::ops::function::Fn<Args>>::call::h0ad024c9bdc6d768
[INFO] [stdout]                                at /rustc/82e1608dfa6e0b5569232559e3d385fea5a93112/library/alloc/src/boxed.rs:2021:9
[INFO] [stdout]   12:     0x5628fdbf75d7 - test::test_main::{{closure}}::h7500b54257359db6
[INFO] [stdout]                                at /rustc/82e1608dfa6e0b5569232559e3d385fea5a93112/library/test/src/lib.rs:138:21
[INFO] [stdout]   13:     0x5628fdc35588 - <alloc::boxed::Box<F,A> as core::ops::function::Fn<Args>>::call::h1f8f335eaa9cfaee
[INFO] [stdout]                                at /rustc/82e1608dfa6e0b5569232559e3d385fea5a93112/library/alloc/src/boxed.rs:2021:9
[INFO] [stdout]   14:     0x5628fdc35588 - std::panicking::rust_panic_with_hook::h2b5517d590cab22e
[INFO] [stdout]                                at /rustc/82e1608dfa6e0b5569232559e3d385fea5a93112/library/std/src/panicking.rs:783:13
[INFO] [stdout]   15:     0x5628fdc352de - std::panicking::begin_panic_handler::{{closure}}::h233112c06e0ef43e
[INFO] [stdout]                                at /rustc/82e1608dfa6e0b5569232559e3d385fea5a93112/library/std/src/panicking.rs:657:13
[INFO] [stdout]   16:     0x5628fdc33996 - std::sys_common::backtrace::__rust_end_short_backtrace::h6e893f24d7ebbff8
[INFO] [stdout]                                at /rustc/82e1608dfa6e0b5569232559e3d385fea5a93112/library/std/src/sys_common/backtrace.rs:170:18
[INFO] [stdout]   17:     0x5628fdc35042 - rust_begin_unwind
[INFO] [stdout]                                at /rustc/82e1608dfa6e0b5569232559e3d385fea5a93112/library/std/src/panicking.rs:645:5
[INFO] [stdout]   18:     0x5628fdbba055 - core::panicking::panic_fmt::hbf0e066aabfa482c
[INFO] [stdout]                                at /rustc/82e1608dfa6e0b5569232559e3d385fea5a93112/library/core/src/panicking.rs:72:14
[INFO] [stdout]   19:     0x5628fdbba551 - core::panicking::assert_failed_inner::h0bba8b7c26ee4492
[INFO] [stdout]   20:     0x5628fdbbc24e - core::panicking::assert_failed::h96fc60e8a69cc36e
[INFO] [stdout]                                at /rustc/82e1608dfa6e0b5569232559e3d385fea5a93112/library/core/src/panicking.rs:279:5
[INFO] [stdout]   21:     0x5628fdbbeb6e - chapter_11::be_assertive::a_some_assertions::he35c60fd07875e64
[INFO] [stdout]                                at /opt/rustwide/workdir/chapter-11/src/lib.rs:215:9
[INFO] [stdout]   22:     0x5628fdbbe957 - chapter_11::be_assertive::a_some_assertions::{{closure}}::ha3331cb277ea9e24
[INFO] [stdout]                                at /opt/rustwide/workdir/chapter-11/src/lib.rs:205:27
[INFO] [stdout]   23:     0x5628fdbbb456 - core::ops::function::FnOnce::call_once::h2f972dc8fec39caf
[INFO] [stdout]                                at /rustc/82e1608dfa6e0b5569232559e3d385fea5a93112/library/core/src/ops/function.rs:250:5
[INFO] [stdout]   24:     0x5628fdbfcc2f - core::ops::function::FnOnce::call_once::h2b5d431d5046312d
[INFO] [stdout]                                at /rustc/82e1608dfa6e0b5569232559e3d385fea5a93112/library/core/src/ops/function.rs:250:5
[INFO] [stdout]   25:     0x5628fdbfcc2f - test::__rust_begin_short_backtrace::h7714669af176e207
[INFO] [stdout]                                at /rustc/82e1608dfa6e0b5569232559e3d385fea5a93112/library/test/src/lib.rs:628:18
[INFO] [stdout]   26:     0x5628fdbfbc45 - test::run_test_in_process::{{closure}}::h85218797dcbcec12
[INFO] [stdout]                                at /rustc/82e1608dfa6e0b5569232559e3d385fea5a93112/library/test/src/lib.rs:651:60
[INFO] [stdout]   27:     0x5628fdbfbc45 - <core::panic::unwind_safe::AssertUnwindSafe<F> as core::ops::function::FnOnce<()>>::call_once::h76c106ea31c14d7b
[INFO] [stdout]                                at /rustc/82e1608dfa6e0b5569232559e3d385fea5a93112/library/core/src/panic/unwind_safe.rs:272:9
[INFO] [stdout]   28:     0x5628fdbfbc45 - std::panicking::try::do_call::h3bd5d0f6620ee946
[INFO] [stdout]                                at /rustc/82e1608dfa6e0b5569232559e3d385fea5a93112/library/std/src/panicking.rs:552:40
[INFO] [stdout]   29:     0x5628fdbfbc45 - std::panicking::try::h232e535e4744fe31
[INFO] [stdout]                                at /rustc/82e1608dfa6e0b5569232559e3d385fea5a93112/library/std/src/panicking.rs:516:19
[INFO] [stdout]   30:     0x5628fdbfbc45 - std::panic::catch_unwind::h3ce3bd6ca8dbac68
[INFO] [stdout]                                at /rustc/82e1608dfa6e0b5569232559e3d385fea5a93112/library/std/src/panic.rs:142:14
[INFO] [stdout]   31:     0x5628fdbfbc45 - test::run_test_in_process::hc97b257c9621286a
[INFO] [stdout]                                at /rustc/82e1608dfa6e0b5569232559e3d385fea5a93112/library/test/src/lib.rs:651:27
[INFO] [stdout]   32:     0x5628fdbfbc45 - test::run_test::{{closure}}::h2aa798823a438d38
[INFO] [stdout]                                at /rustc/82e1608dfa6e0b5569232559e3d385fea5a93112/library/test/src/lib.rs:574:43
[INFO] [stdout]   33:     0x5628fdbc3f06 - test::run_test::{{closure}}::h87d231c78fb59832
[INFO] [stdout]                                at /rustc/82e1608dfa6e0b5569232559e3d385fea5a93112/library/test/src/lib.rs:602:41
[INFO] [stdout]   34:     0x5628fdbc3f06 - std::sys_common::backtrace::__rust_begin_short_backtrace::he6df152596625789
[INFO] [stdout]                                at /rustc/82e1608dfa6e0b5569232559e3d385fea5a93112/library/std/src/sys_common/backtrace.rs:154:18
[INFO] [stdout]   35:     0x5628fdbc8fb7 - std::thread::Builder::spawn_unchecked_::{{closure}}::{{closure}}::ha94be15d1e0acf36
[INFO] [stdout]                                at /rustc/82e1608dfa6e0b5569232559e3d385fea5a93112/library/std/src/thread/mod.rs:529:17
[INFO] [stdout]   36:     0x5628fdbc8fb7 - <core::panic::unwind_safe::AssertUnwindSafe<F> as core::ops::function::FnOnce<()>>::call_once::h9dc6bd6372f16606
[INFO] [stdout]                                at /rustc/82e1608dfa6e0b5569232559e3d385fea5a93112/library/core/src/panic/unwind_safe.rs:272:9
[INFO] [stdout]   37:     0x5628fdbc8fb7 - std::panicking::try::do_call::h9057517f80303cd4
[INFO] [stdout]                                at /rustc/82e1608dfa6e0b5569232559e3d385fea5a93112/library/std/src/panicking.rs:552:40
[INFO] [stdout]   38:     0x5628fdbc8fb7 - std::panicking::try::he3a30b11ee45340c
[INFO] [stdout]                                at /rustc/82e1608dfa6e0b5569232559e3d385fea5a93112/library/std/src/panicking.rs:516:19
[INFO] [stdout]   39:     0x5628fdbc8fb7 - std::panic::catch_unwind::h410458cfd3528b8b
[INFO] [stdout]                                at /rustc/82e1608dfa6e0b5569232559e3d385fea5a93112/library/std/src/panic.rs:142:14
[INFO] [stdout]   40:     0x5628fdbc8fb7 - std::thread::Builder::spawn_unchecked_::{{closure}}::h72ac3bdb567b737b
[INFO] [stdout]                                at /rustc/82e1608dfa6e0b5569232559e3d385fea5a93112/library/std/src/thread/mod.rs:528:30
[INFO] [stdout]   41:     0x5628fdbc8fb7 - core::ops::function::FnOnce::call_once{{vtable.shim}}::h38f34da3654a8344
[INFO] [stdout]                                at /rustc/82e1608dfa6e0b5569232559e3d385fea5a93112/library/core/src/ops/function.rs:250:5
[INFO] [stdout]   42:     0x5628fdc3a985 - <alloc::boxed::Box<F,A> as core::ops::function::FnOnce<Args>>::call_once::hc7eafaff61e32df9
[INFO] [stdout]                                at /rustc/82e1608dfa6e0b5569232559e3d385fea5a93112/library/alloc/src/boxed.rs:2007:9
[INFO] [stdout]   43:     0x5628fdc3a985 - <alloc::boxed::Box<F,A> as core::ops::function::FnOnce<Args>>::call_once::h6ba4a5de48dd2304
[INFO] [stdout]                                at /rustc/82e1608dfa6e0b5569232559e3d385fea5a93112/library/alloc/src/boxed.rs:2007:9
[INFO] [stdout]   44:     0x5628fdc3a985 - std::sys::unix::thread::Thread::new::thread_start::he469335aef763e45
[INFO] [stdout]                                at /rustc/82e1608dfa6e0b5569232559e3d385fea5a93112/library/std/src/sys/unix/thread.rs:108:17
[INFO] [stdout]   45:     0x7f17aa7aeac3 - <unknown>
[INFO] [stdout]   46:     0x7f17aa83fbf4 - __clone
[INFO] [stdout]   47:                0x0 - <unknown>
[INFO] [stdout] 
[INFO] [stdout] ---- should_panic_tests::reliable_test stdout ----
[INFO] [stdout] thread 'should_panic_tests::reliable_test' panicked at chapter-11/src/lib.rs:224:22:
[INFO] [stdout] attempt to subtract with overflow
[INFO] [stdout] stack backtrace:
[INFO] [stdout]    0:     0x5628fdc334cc - std::backtrace_rs::backtrace::libunwind::trace::ha637c64ce894333a
[INFO] [stdout]                                at /rustc/82e1608dfa6e0b5569232559e3d385fea5a93112/library/std/src/../../backtrace/src/backtrace/libunwind.rs:104:5
[INFO] [stdout]    1:     0x5628fdc334cc - std::backtrace_rs::backtrace::trace_unsynchronized::h47f62dea28e0c88d
[INFO] [stdout]                                at /rustc/82e1608dfa6e0b5569232559e3d385fea5a93112/library/std/src/../../backtrace/src/backtrace/mod.rs:66:5
[INFO] [stdout]    2:     0x5628fdc334cc - std::sys_common::backtrace::_print_fmt::h9eef0abe20ede486
[INFO] [stdout]                                at /rustc/82e1608dfa6e0b5569232559e3d385fea5a93112/library/std/src/sys_common/backtrace.rs:67:5
[INFO] [stdout]    3:     0x5628fdc334cc - <std::sys_common::backtrace::_print::DisplayBacktrace as core::fmt::Display>::fmt::hed7f999df88cc644
[INFO] [stdout]                                at /rustc/82e1608dfa6e0b5569232559e3d385fea5a93112/library/std/src/sys_common/backtrace.rs:44:22
[INFO] [stdout]    4:     0x5628fdc5da00 - core::fmt::rt::Argument::fmt::h1539a9308b8d058d
[INFO] [stdout]                                at /rustc/82e1608dfa6e0b5569232559e3d385fea5a93112/library/core/src/fmt/rt.rs:142:9
[INFO] [stdout]    5:     0x5628fdc5da00 - core::fmt::write::h3a39390d8560d9c9
[INFO] [stdout]                                at /rustc/82e1608dfa6e0b5569232559e3d385fea5a93112/library/core/src/fmt/mod.rs:1120:17
[INFO] [stdout]    6:     0x5628fdc30c6f - std::io::Write::write_fmt::h040b369f3a0f9cbc
[INFO] [stdout]                                at /rustc/82e1608dfa6e0b5569232559e3d385fea5a93112/library/std/src/io/mod.rs:1762:15
[INFO] [stdout]    7:     0x5628fdc332b4 - std::sys_common::backtrace::_print::h894006fb5c6f3d45
[INFO] [stdout]                                at /rustc/82e1608dfa6e0b5569232559e3d385fea5a93112/library/std/src/sys_common/backtrace.rs:47:5
[INFO] [stdout]    8:     0x5628fdc332b4 - std::sys_common::backtrace::print::h23a2d212c6fff936
[INFO] [stdout]                                at /rustc/82e1608dfa6e0b5569232559e3d385fea5a93112/library/std/src/sys_common/backtrace.rs:34:9
[INFO] [stdout]    9:     0x5628fdc34f77 - std::panicking::default_hook::{{closure}}::h8a1d2ee00185001a
[INFO] [stdout]   10:     0x5628fdc34c63 - std::panicking::default_hook::h6038f2eba384e475
[INFO] [stdout]                                at /rustc/82e1608dfa6e0b5569232559e3d385fea5a93112/library/std/src/panicking.rs:289:9
[INFO] [stdout]   11:     0x5628fdbf75d7 - <alloc::boxed::Box<F,A> as core::ops::function::Fn<Args>>::call::h0ad024c9bdc6d768
[INFO] [stdout]                                at /rustc/82e1608dfa6e0b5569232559e3d385fea5a93112/library/alloc/src/boxed.rs:2021:9
[INFO] [stdout]   12:     0x5628fdbf75d7 - test::test_main::{{closure}}::h7500b54257359db6
[INFO] [stdout]                                at /rustc/82e1608dfa6e0b5569232559e3d385fea5a93112/library/test/src/lib.rs:138:21
[INFO] [stdout]   13:     0x5628fdc35588 - <alloc::boxed::Box<F,A> as core::ops::function::Fn<Args>>::call::h1f8f335eaa9cfaee
[INFO] [stdout]                                at /rustc/82e1608dfa6e0b5569232559e3d385fea5a93112/library/alloc/src/boxed.rs:2021:9
[INFO] [stdout]   14:     0x5628fdc35588 - std::panicking::rust_panic_with_hook::h2b5517d590cab22e
[INFO] [stdout]                                at /rustc/82e1608dfa6e0b5569232559e3d385fea5a93112/library/std/src/panicking.rs:783:13
[INFO] [stdout]   15:     0x5628fdc352a9 - std::panicking::begin_panic_handler::{{closure}}::h233112c06e0ef43e
[INFO] [stdout]                                at /rustc/82e1608dfa6e0b5569232559e3d385fea5a93112/library/std/src/panicking.rs:649:13
[INFO] [stdout]   16:     0x5628fdc33996 - std::sys_common::backtrace::__rust_end_short_backtrace::h6e893f24d7ebbff8
[INFO] [stdout]                                at /rustc/82e1608dfa6e0b5569232559e3d385fea5a93112/library/std/src/sys_common/backtrace.rs:170:18
[INFO] [stdout]   17:     0x5628fdc35042 - rust_begin_unwind
[INFO] [stdout]                                at /rustc/82e1608dfa6e0b5569232559e3d385fea5a93112/library/std/src/panicking.rs:645:5
[INFO] [stdout]   18:     0x5628fdbba055 - core::panicking::panic_fmt::hbf0e066aabfa482c
[INFO] [stdout]                                at /rustc/82e1608dfa6e0b5569232559e3d385fea5a93112/library/core/src/panicking.rs:72:14
[INFO] [stdout]   19:     0x5628fdbba0f3 - core::panicking::panic::h195fc2a96298d4c3
[INFO] [stdout]                                at /rustc/82e1608dfa6e0b5569232559e3d385fea5a93112/library/core/src/panicking.rs:127:5
[INFO] [stdout]   20:     0x5628fdbbdbee - chapter_11::should_panic_tests::gimme_a_value_greater_than_10::h9ffa066933dbd494
[INFO] [stdout]                                at /opt/rustwide/workdir/chapter-11/src/lib.rs:224:22
[INFO] [stdout]   21:     0x5628fdbbebf8 - chapter_11::should_panic_tests::reliable_test::h547539f85f367757
[INFO] [stdout]                                at /opt/rustwide/workdir/chapter-11/src/lib.rs:245:17
[INFO] [stdout]   22:     0x5628fdbbebd7 - chapter_11::should_panic_tests::reliable_test::{{closure}}::he3fe4db705db3130
[INFO] [stdout]                                at /opt/rustwide/workdir/chapter-11/src/lib.rs:244:23
[INFO] [stdout]   23:     0x5628fdbbb6d6 - core::ops::function::FnOnce::call_once::hd46c8ef16ec421d9
[INFO] [stdout]                                at /rustc/82e1608dfa6e0b5569232559e3d385fea5a93112/library/core/src/ops/function.rs:250:5
[INFO] [stdout]   24:     0x5628fdbfcc2f - core::ops::function::FnOnce::call_once::h2b5d431d5046312d
[INFO] [stdout]                                at /rustc/82e1608dfa6e0b5569232559e3d385fea5a93112/library/core/src/ops/function.rs:250:5
[INFO] [stdout]   25:     0x5628fdbfcc2f - test::__rust_begin_short_backtrace::h7714669af176e207
[INFO] [stdout]                                at /rustc/82e1608dfa6e0b5569232559e3d385fea5a93112/library/test/src/lib.rs:628:18
[INFO] [stdout]   26:     0x5628fdbfbc45 - test::run_test_in_process::{{closure}}::h85218797dcbcec12
[INFO] [stdout]                                at /rustc/82e1608dfa6e0b5569232559e3d385fea5a93112/library/test/src/lib.rs:651:60
[INFO] [stdout]   27:     0x5628fdbfbc45 - <core::panic::unwind_safe::AssertUnwindSafe<F> as core::ops::function::FnOnce<()>>::call_once::h76c106ea31c14d7b
[INFO] [stdout]                                at /rustc/82e1608dfa6e0b5569232559e3d385fea5a93112/library/core/src/panic/unwind_safe.rs:272:9
[INFO] [stdout]   28:     0x5628fdbfbc45 - std::panicking::try::do_call::h3bd5d0f6620ee946
[INFO] [stdout]                                at /rustc/82e1608dfa6e0b5569232559e3d385fea5a93112/library/std/src/panicking.rs:552:40
[INFO] [stdout]   29:     0x5628fdbfbc45 - std::panicking::try::h232e535e4744fe31
[INFO] [stdout]                                at /rustc/82e1608dfa6e0b5569232559e3d385fea5a93112/library/std/src/panicking.rs:516:19
[INFO] [stdout]   30:     0x5628fdbfbc45 - std::panic::catch_unwind::h3ce3bd6ca8dbac68
[INFO] [stdout]                                at /rustc/82e1608dfa6e0b5569232559e3d385fea5a93112/library/std/src/panic.rs:142:14
[INFO] [stdout]   31:     0x5628fdbfbc45 - test::run_test_in_process::hc97b257c9621286a
[INFO] [stdout]                                at /rustc/82e1608dfa6e0b5569232559e3d385fea5a93112/library/test/src/lib.rs:651:27
[INFO] [stdout]   32:     0x5628fdbfbc45 - test::run_test::{{closure}}::h2aa798823a438d38
[INFO] [stdout]                                at /rustc/82e1608dfa6e0b5569232559e3d385fea5a93112/library/test/src/lib.rs:574:43
[INFO] [stdout]   33:     0x5628fdbc3f06 - test::run_test::{{closure}}::h87d231c78fb59832
[INFO] [stdout]                                at /rustc/82e1608dfa6e0b5569232559e3d385fea5a93112/library/test/src/lib.rs:602:41
[INFO] [stdout]   34:     0x5628fdbc3f06 - std::sys_common::backtrace::__rust_begin_short_backtrace::he6df152596625789
[INFO] [stdout]                                at /rustc/82e1608dfa6e0b5569232559e3d385fea5a93112/library/std/src/sys_common/backtrace.rs:154:18
[INFO] [stdout]   35:     0x5628fdbc8fb7 - std::thread::Builder::spawn_unchecked_::{{closure}}::{{closure}}::ha94be15d1e0acf36
[INFO] [stdout]                                at /rustc/82e1608dfa6e0b5569232559e3d385fea5a93112/library/std/src/thread/mod.rs:529:17
[INFO] [stdout]   36:     0x5628fdbc8fb7 - <core::panic::unwind_safe::AssertUnwindSafe<F> as core::ops::function::FnOnce<()>>::call_once::h9dc6bd6372f16606
[INFO] [stdout]                                at /rustc/82e1608dfa6e0b5569232559e3d385fea5a93112/library/core/src/panic/unwind_safe.rs:272:9
[INFO] [stdout]   37:     0x5628fdbc8fb7 - std::panicking::try::do_call::h9057517f80303cd4
[INFO] [stdout]                                at /rustc/82e1608dfa6e0b5569232559e3d385fea5a93112/library/std/src/panicking.rs:552:40
[INFO] [stdout]   38:     0x5628fdbc8fb7 - std::panicking::try::he3a30b11ee45340c
[INFO] [stdout]                                at /rustc/82e1608dfa6e0b5569232559e3d385fea5a93112/library/std/src/panicking.rs:516:19
[INFO] [stdout]   39:     0x5628fdbc8fb7 - std::panic::catch_unwind::h410458cfd3528b8b
[INFO] [stdout]                                at /rustc/82e1608dfa6e0b5569232559e3d385fea5a93112/library/std/src/panic.rs:142:14
[INFO] [stdout]   40:     0x5628fdbc8fb7 - std::thread::Builder::spawn_unchecked_::{{closure}}::h72ac3bdb567b737b
[INFO] [stdout]                                at /rustc/82e1608dfa6e0b5569232559e3d385fea5a93112/library/std/src/thread/mod.rs:528:30
[INFO] [stdout]   41:     0x5628fdbc8fb7 - core::ops::function::FnOnce::call_once{{vtable.shim}}::h38f34da3654a8344
[INFO] [stdout]                                at /rustc/82e1608dfa6e0b5569232559e3d385fea5a93112/library/core/src/ops/function.rs:250:5
[INFO] [stdout]   42:     0x5628fdc3a985 - <alloc::boxed::Box<F,A> as core::ops::function::FnOnce<Args>>::call_once::hc7eafaff61e32df9
[INFO] [stdout]                                at /rustc/82e1608dfa6e0b5569232559e3d385fea5a93112/library/alloc/src/boxed.rs:2007:9
[INFO] [stdout]   43:     0x5628fdc3a985 - <alloc::boxed::Box<F,A> as core::ops::function::FnOnce<Args>>::call_once::h6ba4a5de48dd2304
[INFO] [stdout]                                at /rustc/82e1608dfa6e0b5569232559e3d385fea5a93112/library/alloc/src/boxed.rs:2007:9
[INFO] [stdout]   44:     0x5628fdc3a985 - std::sys::unix::thread::Thread::new::thread_start::he469335aef763e45
[INFO] [stdout]                                at /rustc/82e1608dfa6e0b5569232559e3d385fea5a93112/library/std/src/sys/unix/thread.rs:108:17
[INFO] [stdout]   45:     0x7f17aa7aeac3 - <unknown>
[INFO] [stdout]   46:     0x7f17aa83fbf4 - __clone
[INFO] [stdout]   47:                0x0 - <unknown>
[INFO] [stdout] note: panic did not contain expected string
[INFO] [stdout]       panic message: `"attempt to subtract with overflow"`,
[INFO] [stdout]  expected substring: `"too high"`
[INFO] [stdout] 
[INFO] [stdout] failures:
[INFO] [stdout]     be_assertive::a_some_assertions
[INFO] [stdout]     should_panic_tests::reliable_test
[INFO] [stdout]     tests_returning_results::returns_a_result
[INFO] [stdout] 
[INFO] [stdout] test result: FAILED. 12 passed; 3 failed; 0 ignored; 0 measured; 0 filtered out; finished in 0.11s
[INFO] [stdout] 
[INFO] running `Command { std: "docker" "inspect" "6b1d0b692652daca8da83d6bc2d27669b7eccc444a0c4ecb7a9cbe9af55a1e78", kill_on_drop: false }`
[INFO] running `Command { std: "docker" "rm" "-f" "6b1d0b692652daca8da83d6bc2d27669b7eccc444a0c4ecb7a9cbe9af55a1e78", kill_on_drop: false }`
[INFO] [stdout] 6b1d0b692652daca8da83d6bc2d27669b7eccc444a0c4ecb7a9cbe9af55a1e78
