[INFO] cloning repository https://github.com/wcshds/cjk-unicode-pdf-to-xlsx
[INFO] running `Command { std: "git" "-c" "credential.helper=" "-c" "credential.helper=/workspace/cargo-home/bin/git-credential-null" "clone" "--bare" "https://github.com/wcshds/cjk-unicode-pdf-to-xlsx" "/workspace/cache/git-repos/https%3A%2F%2Fgithub.com%2Fwcshds%2Fcjk-unicode-pdf-to-xlsx", kill_on_drop: false }`
[INFO] [stderr] Cloning into bare repository '/workspace/cache/git-repos/https%3A%2F%2Fgithub.com%2Fwcshds%2Fcjk-unicode-pdf-to-xlsx'...
[INFO] running `Command { std: "git" "rev-parse" "HEAD", kill_on_drop: false }`
[INFO] [stdout] cfd6635788b9265398e6549191bfaa11bbaf632a
[INFO] testing wcshds/cjk-unicode-pdf-to-xlsx against 1.75.0 for beta-1.76-1
[INFO] running `Command { std: "git" "clone" "/workspace/cache/git-repos/https%3A%2F%2Fgithub.com%2Fwcshds%2Fcjk-unicode-pdf-to-xlsx" "/workspace/builds/worker-6-tc1/source", kill_on_drop: false }`
[INFO] [stderr] Cloning into '/workspace/builds/worker-6-tc1/source'...
[INFO] [stderr] done.
[INFO] validating manifest of git repo https://github.com/wcshds/cjk-unicode-pdf-to-xlsx on toolchain 1.75.0
[INFO] running `Command { std: CARGO_HOME="/workspace/cargo-home" RUSTUP_HOME="/workspace/rustup-home" "/workspace/cargo-home/bin/cargo" "+1.75.0" "metadata" "--manifest-path" "Cargo.toml" "--no-deps", kill_on_drop: false }`
[INFO] started tweaking git repo https://github.com/wcshds/cjk-unicode-pdf-to-xlsx
[INFO] finished tweaking git repo https://github.com/wcshds/cjk-unicode-pdf-to-xlsx
[INFO] tweaked toml for git repo https://github.com/wcshds/cjk-unicode-pdf-to-xlsx written to /workspace/builds/worker-6-tc1/source/Cargo.toml
[INFO] crate git repo https://github.com/wcshds/cjk-unicode-pdf-to-xlsx already has a lockfile, it will not be regenerated
[INFO] running `Command { std: CARGO_HOME="/workspace/cargo-home" RUSTUP_HOME="/workspace/rustup-home" "/workspace/cargo-home/bin/cargo" "+1.75.0" "fetch" "--manifest-path" "Cargo.toml", kill_on_drop: false }`
[INFO] [stderr]  Downloading crates ...
[INFO] [stderr]   Downloaded rust_xlsxwriter v0.45.0
[INFO] running `Command { std: "docker" "create" "-v" "/var/lib/crater-agent-workspace/builds/worker-6-tc1/target:/opt/rustwide/target:rw,Z" "-v" "/var/lib/crater-agent-workspace/builds/worker-6-tc1/source:/opt/rustwide/workdir:ro,Z" "-v" "/var/lib/crater-agent-workspace/cargo-home:/opt/rustwide/cargo-home:ro,Z" "-v" "/var/lib/crater-agent-workspace/rustup-home:/opt/rustwide/rustup-home:ro,Z" "-e" "SOURCE_DIR=/opt/rustwide/workdir" "-e" "CARGO_TARGET_DIR=/opt/rustwide/target" "-e" "CARGO_HOME=/opt/rustwide/cargo-home" "-e" "RUSTUP_HOME=/opt/rustwide/rustup-home" "-w" "/opt/rustwide/workdir" "-m" "1610612736" "--user" "0:0" "--network" "none" "ghcr.io/rust-lang/crates-build-env/linux@sha256:2788e3201cd34a07e3172128adcd8b3090168a8e3bcc40d7c032b9dda1df7d1c" "/opt/rustwide/cargo-home/bin/cargo" "+1.75.0" "metadata" "--no-deps" "--format-version=1", kill_on_drop: false }`
[INFO] [stdout] 216a08eaf469ce17bc356aee9db1ed1c2f129844c82646a5944b8ed337200cef
[INFO] running `Command { std: "docker" "start" "-a" "216a08eaf469ce17bc356aee9db1ed1c2f129844c82646a5944b8ed337200cef", kill_on_drop: false }`
[INFO] running `Command { std: "docker" "inspect" "216a08eaf469ce17bc356aee9db1ed1c2f129844c82646a5944b8ed337200cef", kill_on_drop: false }`
[INFO] running `Command { std: "docker" "rm" "-f" "216a08eaf469ce17bc356aee9db1ed1c2f129844c82646a5944b8ed337200cef", kill_on_drop: false }`
[INFO] [stdout] 216a08eaf469ce17bc356aee9db1ed1c2f129844c82646a5944b8ed337200cef
[INFO] running `Command { std: "docker" "create" "-v" "/var/lib/crater-agent-workspace/builds/worker-6-tc1/target:/opt/rustwide/target:rw,Z" "-v" "/var/lib/crater-agent-workspace/builds/worker-6-tc1/source:/opt/rustwide/workdir:ro,Z" "-v" "/var/lib/crater-agent-workspace/cargo-home:/opt/rustwide/cargo-home:ro,Z" "-v" "/var/lib/crater-agent-workspace/rustup-home:/opt/rustwide/rustup-home:ro,Z" "-e" "SOURCE_DIR=/opt/rustwide/workdir" "-e" "CARGO_TARGET_DIR=/opt/rustwide/target" "-e" "CARGO_INCREMENTAL=0" "-e" "RUST_BACKTRACE=full" "-e" "RUSTFLAGS=--cap-lints=warn" "-e" "RUSTDOCFLAGS=--cap-lints=warn" "-e" "CARGO_HOME=/opt/rustwide/cargo-home" "-e" "RUSTUP_HOME=/opt/rustwide/rustup-home" "-w" "/opt/rustwide/workdir" "-m" "1610612736" "--user" "0:0" "--network" "none" "ghcr.io/rust-lang/crates-build-env/linux@sha256:2788e3201cd34a07e3172128adcd8b3090168a8e3bcc40d7c032b9dda1df7d1c" "/opt/rustwide/cargo-home/bin/cargo" "+1.75.0" "build" "--frozen" "--message-format=json", kill_on_drop: false }`
[INFO] [stdout] 27c6c16ba88cc3d1fc6c29668e527c75c674bb53aee9d49c87c54bfd49735782
[INFO] running `Command { std: "docker" "start" "-a" "27c6c16ba88cc3d1fc6c29668e527c75c674bb53aee9d49c87c54bfd49735782", kill_on_drop: false }`
[INFO] [stderr]    Compiling libc v0.2.147
[INFO] [stderr]    Compiling autocfg v1.1.0
[INFO] [stderr]    Compiling version_check v0.9.4
[INFO] [stderr]    Compiling cfg-if v1.0.0
[INFO] [stderr]    Compiling proc-macro2 v1.0.66
[INFO] [stderr]    Compiling unicode-ident v1.0.11
[INFO] [stderr]    Compiling typenum v1.16.0
[INFO] [stderr]    Compiling simd-adler32 v0.3.7
[INFO] [stderr]    Compiling scopeguard v1.2.0
[INFO] [stderr]    Compiling adler v1.0.2
[INFO] [stderr]    Compiling crc32fast v1.3.2
[INFO] [stderr]    Compiling crossbeam-utils v0.8.16
[INFO] [stderr]    Compiling pkg-config v0.3.27
[INFO] [stderr]    Compiling target-lexicon v0.12.11
[INFO] [stderr]    Compiling bytemuck v1.13.1
[INFO] [stderr]    Compiling smallvec v1.11.0
[INFO] [stderr]    Compiling arrayvec v0.7.4
[INFO] [stderr]    Compiling float-cmp v0.9.0
[INFO] [stderr]    Compiling rayon-core v1.11.0
[INFO] [stderr]    Compiling subtle v2.5.0
[INFO] [stderr]    Compiling miniz_oxide v0.7.1
[INFO] [stderr]    Compiling strict-num v0.1.1
[INFO] [stderr]    Compiling log v0.4.19
[INFO] [stderr]    Compiling syn v1.0.109
[INFO] [stderr]    Compiling xmlparser v0.13.5
[INFO] [stderr]    Compiling arrayref v0.3.7
[INFO] [stderr]    Compiling bitflags v1.3.2
[INFO] [stderr]    Compiling once_cell v1.18.0
[INFO] [stderr]    Compiling memoffset v0.9.0
[INFO] [stderr]    Compiling generic-array v0.14.7
[INFO] [stderr]    Compiling crossbeam-epoch v0.9.15
[INFO] [stderr]    Compiling lock_api v0.4.10
[INFO] [stderr]    Compiling slotmap v1.0.6
[INFO] [stderr]    Compiling tiny-skia-path v0.10.0
[INFO] [stderr]    Compiling kurbo v0.9.5
[INFO] [stderr]    Compiling roxmltree v0.18.0
[INFO] [stderr]    Compiling memchr v2.5.0
[INFO] [stderr]    Compiling siphasher v0.3.10
[INFO] [stderr]    Compiling unicode-general-category v0.6.0
[INFO] [stderr]    Compiling cpufeatures v0.2.9
[INFO] [stderr]    Compiling either v1.9.0
[INFO] [stderr]    Compiling flate2 v1.0.26
[INFO] [stderr]    Compiling crossbeam-channel v0.5.8
[INFO] [stderr]    Compiling quote v1.0.32
[INFO] [stderr]    Compiling pyo3-build-config v0.19.2
[INFO] [stderr]    Compiling num-traits v0.2.16
[INFO] [stderr]    Compiling tinyvec_macros v0.1.1
[INFO] [stderr]    Compiling rctree v0.5.0
[INFO] [stderr]    Compiling jobserver v0.1.26
[INFO] [stderr]    Compiling crossbeam-deque v0.8.3
[INFO] [stderr]    Compiling num_cpus v1.16.0
[INFO] [stderr]    Compiling syn v2.0.28
[INFO] [stderr]    Compiling zstd-safe v5.0.2+zstd.1.5.2
[INFO] [stderr]    Compiling futures-core v0.3.28
[INFO] [stderr]    Compiling cc v1.0.82
[INFO] [stderr]    Compiling svgtypes v0.11.0
[INFO] [stderr]    Compiling memmap2 v0.6.2
[INFO] [stderr]    Compiling getrandom v0.2.10
[INFO] [stderr]    Compiling tinyvec v1.6.0
[INFO] [stderr]    Compiling fontconfig-parser v0.5.3
[INFO] [stderr]    Compiling proc-macro-error-attr v1.0.4
[INFO] [stderr]    Compiling num-integer v0.1.45
[INFO] [stderr]    Compiling fdeflate v0.3.0
[INFO] [stderr]    Compiling ttf-parser v0.19.1
[INFO] [stderr]    Compiling rayon v1.7.0
[INFO] [stderr]    Compiling crypto-common v0.1.6
[INFO] [stderr]    Compiling block-buffer v0.10.4
[INFO] [stderr]    Compiling inout v0.1.3
[INFO] [stderr]    Compiling digest v0.10.7
[INFO] [stderr]    Compiling usvg-tree v0.35.0
[INFO] [stderr]    Compiling rand_core v0.6.4
[INFO] [stderr]    Compiling base64ct v1.6.0
[INFO] [stderr]    Compiling parking_lot_core v0.9.8
[INFO] [stderr]    Compiling unicode-script v0.5.5
[INFO] [stderr]    Compiling weezl v0.1.7
[INFO] [stderr]    Compiling unicode-ccc v0.1.2
[INFO] [stderr]    Compiling unicode-bidi-mirroring v0.1.0
[INFO] [stderr]    Compiling ttf-parser v0.18.1
[INFO] [stderr]    Compiling password-hash v0.4.2
[INFO] [stderr]    Compiling sha2 v0.10.7
[INFO] [stderr]    Compiling hmac v0.12.1
[INFO] [stderr]    Compiling cipher v0.4.4
[INFO] [stderr]    Compiling aho-corasick v1.0.2
[INFO] [stderr]    Compiling png v0.17.9
[INFO] [stderr]    Compiling nanorand v0.7.0
[INFO] [stderr]    Compiling pyo3-ffi v0.19.2
[INFO] [stderr]    Compiling zstd-sys v2.0.8+zstd.1.5.5
[INFO] [stderr]    Compiling bzip2-sys v0.1.11+1.0.8
[INFO] [stderr]    Compiling spin v0.9.8
[INFO] [stderr]    Compiling proc-macro-error v1.0.4
[INFO] [stderr]    Compiling num-rational v0.4.1
[INFO] [stderr]    Compiling simplecss v0.2.1
[INFO] [stderr]    Compiling regex-syntax v0.7.4
[INFO] [stderr]    Compiling time-core v0.1.1
[INFO] [stderr]    Compiling color_quant v1.1.0
[INFO] [stderr]    Compiling futures-sink v0.3.28
[INFO] [stderr]    Compiling byteorder v1.4.3
[INFO] [stderr]    Compiling imagesize v0.12.0
[INFO] [stderr]    Compiling unicode-vo v0.1.0
[INFO] [stderr]    Compiling data-url v0.2.0
[INFO] [stderr]    Compiling unicode-bidi v0.3.13
[INFO] [stderr]    Compiling gif v0.12.0
[INFO] [stderr]    Compiling usvg-parser v0.35.0
[INFO] [stderr]    Compiling time v0.3.22
[INFO] [stderr]    Compiling pbkdf2 v0.11.0
[INFO] [stderr]    Compiling pyo3 v0.19.2
[INFO] [stderr]    Compiling aes v0.8.3
[INFO] [stderr]    Compiling fontdb v0.14.1
[INFO] [stderr]    Compiling jpeg-decoder v0.3.0
[INFO] [stderr]    Compiling sha1 v0.10.5
[INFO] [stderr]    Compiling zune-inflate v0.2.54
[INFO] [stderr]    Compiling bit_field v0.10.2
[INFO] [stderr]    Compiling base64 v0.21.2
[INFO] [stderr]    Compiling pico-args v0.5.0
[INFO] [stderr]    Compiling rustybuzz v0.7.0
[INFO] [stderr]    Compiling lebe v0.5.2
[INFO] [stderr]    Compiling pyo3-macros-backend v0.19.2
[INFO] [stderr]    Compiling xmlwriter v0.1.0
[INFO] [stderr]    Compiling constant_time_eq v0.1.5
[INFO] [stderr]    Compiling half v2.2.1
[INFO] [stderr]    Compiling tiff v0.9.0
[INFO] [stderr]    Compiling parking_lot v0.12.1
[INFO] [stderr]    Compiling tiny-skia v0.10.0
[INFO] [stderr]    Compiling qoi v0.4.1
[INFO] [stderr]    Compiling regex-automata v0.3.6
[INFO] [stderr]    Compiling rgb v0.8.36
[INFO] [stderr]    Compiling indoc v1.0.9
[INFO] [stderr]    Compiling lazy_static v1.4.0
[INFO] [stderr]    Compiling heck v0.4.1
[INFO] [stderr]    Compiling unindent v0.1.11
[INFO] [stderr]    Compiling itertools v0.11.0
[INFO] [stderr]    Compiling pin-project-internal v1.1.3
[INFO] [stderr]    Compiling usvg-text-layout v0.35.0
[INFO] [stderr]    Compiling duplicate v1.0.0
[INFO] [stderr]    Compiling bzip2 v0.4.4
[INFO] [stderr]    Compiling usvg v0.35.0
[INFO] [stderr]    Compiling pyo3-macros v0.19.2
[INFO] [stderr]    Compiling resvg v0.35.0
[INFO] [stderr]    Compiling regex v1.9.3
[INFO] [stderr]    Compiling pin-project v1.1.3
[INFO] [stderr]    Compiling flume v0.10.14
[INFO] [stderr]    Compiling exr v1.7.0
[INFO] [stderr]    Compiling zstd v0.11.2+zstd.1.5.2
[INFO] [stderr]    Compiling zip v0.6.6
[INFO] [stderr]    Compiling image v0.24.7
[INFO] [stderr]    Compiling rust_xlsxwriter v0.45.0
[INFO] [stderr]    Compiling cjk-unicode-pdf-to-xlsx v0.1.0 (/opt/rustwide/workdir)
[INFO] [stderr]     Finished dev [unoptimized + debuginfo] target(s) in 22.86s
[INFO] running `Command { std: "docker" "inspect" "27c6c16ba88cc3d1fc6c29668e527c75c674bb53aee9d49c87c54bfd49735782", kill_on_drop: false }`
[INFO] running `Command { std: "docker" "rm" "-f" "27c6c16ba88cc3d1fc6c29668e527c75c674bb53aee9d49c87c54bfd49735782", kill_on_drop: false }`
[INFO] [stdout] 27c6c16ba88cc3d1fc6c29668e527c75c674bb53aee9d49c87c54bfd49735782
[INFO] running `Command { std: "docker" "create" "-v" "/var/lib/crater-agent-workspace/builds/worker-6-tc1/target:/opt/rustwide/target:rw,Z" "-v" "/var/lib/crater-agent-workspace/builds/worker-6-tc1/source:/opt/rustwide/workdir:ro,Z" "-v" "/var/lib/crater-agent-workspace/cargo-home:/opt/rustwide/cargo-home:ro,Z" "-v" "/var/lib/crater-agent-workspace/rustup-home:/opt/rustwide/rustup-home:ro,Z" "-e" "SOURCE_DIR=/opt/rustwide/workdir" "-e" "CARGO_TARGET_DIR=/opt/rustwide/target" "-e" "CARGO_INCREMENTAL=0" "-e" "RUST_BACKTRACE=full" "-e" "RUSTFLAGS=--cap-lints=warn" "-e" "RUSTDOCFLAGS=--cap-lints=warn" "-e" "CARGO_HOME=/opt/rustwide/cargo-home" "-e" "RUSTUP_HOME=/opt/rustwide/rustup-home" "-w" "/opt/rustwide/workdir" "-m" "1610612736" "--user" "0:0" "--network" "none" "ghcr.io/rust-lang/crates-build-env/linux@sha256:2788e3201cd34a07e3172128adcd8b3090168a8e3bcc40d7c032b9dda1df7d1c" "/opt/rustwide/cargo-home/bin/cargo" "+1.75.0" "test" "--frozen" "--no-run" "--message-format=json", kill_on_drop: false }`
[INFO] [stdout] e574b49b91a26f3facb884ba0c2ce1d63ae5662a56d3a4a9afabdae36c12645f
[INFO] running `Command { std: "docker" "start" "-a" "e574b49b91a26f3facb884ba0c2ce1d63ae5662a56d3a4a9afabdae36c12645f", kill_on_drop: false }`
[INFO] [stderr]    Compiling cjk-unicode-pdf-to-xlsx v0.1.0 (/opt/rustwide/workdir)
[INFO] [stderr]     Finished test [unoptimized + debuginfo] target(s) in 3.89s
[INFO] running `Command { std: "docker" "inspect" "e574b49b91a26f3facb884ba0c2ce1d63ae5662a56d3a4a9afabdae36c12645f", kill_on_drop: false }`
[INFO] running `Command { std: "docker" "rm" "-f" "e574b49b91a26f3facb884ba0c2ce1d63ae5662a56d3a4a9afabdae36c12645f", kill_on_drop: false }`
[INFO] [stdout] e574b49b91a26f3facb884ba0c2ce1d63ae5662a56d3a4a9afabdae36c12645f
[INFO] running `Command { std: "docker" "create" "-v" "/var/lib/crater-agent-workspace/builds/worker-6-tc1/target:/opt/rustwide/target:rw,Z" "-v" "/var/lib/crater-agent-workspace/builds/worker-6-tc1/source:/opt/rustwide/workdir:ro,Z" "-v" "/var/lib/crater-agent-workspace/cargo-home:/opt/rustwide/cargo-home:ro,Z" "-v" "/var/lib/crater-agent-workspace/rustup-home:/opt/rustwide/rustup-home:ro,Z" "-e" "SOURCE_DIR=/opt/rustwide/workdir" "-e" "CARGO_TARGET_DIR=/opt/rustwide/target" "-e" "CARGO_INCREMENTAL=0" "-e" "RUST_BACKTRACE=full" "-e" "RUSTFLAGS=--cap-lints=warn" "-e" "RUSTDOCFLAGS=--cap-lints=warn" "-e" "CARGO_HOME=/opt/rustwide/cargo-home" "-e" "RUSTUP_HOME=/opt/rustwide/rustup-home" "-w" "/opt/rustwide/workdir" "-m" "1610612736" "--user" "0:0" "--network" "none" "ghcr.io/rust-lang/crates-build-env/linux@sha256:2788e3201cd34a07e3172128adcd8b3090168a8e3bcc40d7c032b9dda1df7d1c" "/opt/rustwide/cargo-home/bin/cargo" "+1.75.0" "test" "--frozen", kill_on_drop: false }`
[INFO] [stdout] eb987ab1a1a4a8dc3db01804bfb5ec9efd0e1181447594517869624b20892829
[INFO] running `Command { std: "docker" "start" "-a" "eb987ab1a1a4a8dc3db01804bfb5ec9efd0e1181447594517869624b20892829", kill_on_drop: false }`
[INFO] [stderr]     Finished test [unoptimized + debuginfo] target(s) in 0.09s
[INFO] [stderr]      Running unittests src/lib.rs (/opt/rustwide/target/debug/deps/cjk_unicode_pdf_to_xlsx-3720f2e3a6e43bcf)
[INFO] [stdout] 
[INFO] [stdout] running 1 test
[INFO] [stdout] test image_gen::test::tt ... FAILED
[INFO] [stdout] 
[INFO] [stdout] failures:
[INFO] [stdout] 
[INFO] [stdout] ---- image_gen::test::tt stdout ----
[INFO] [stdout] thread 'image_gen::test::tt' panicked at src/image_gen.rs:68:30:
[INFO] [stdout] called `Result::unwrap()` on an `Err` value: IoError(Os { code: 30, kind: ReadOnlyFilesystem, message: "Read-only file system" })
[INFO] [stdout] stack backtrace:
[INFO] [stdout]    0:     0x55c425ca0cfc - std::backtrace_rs::backtrace::libunwind::trace::ha637c64ce894333a
[INFO] [stdout]                                at /rustc/82e1608dfa6e0b5569232559e3d385fea5a93112/library/std/src/../../backtrace/src/backtrace/libunwind.rs:104:5
[INFO] [stdout]    1:     0x55c425ca0cfc - std::backtrace_rs::backtrace::trace_unsynchronized::h47f62dea28e0c88d
[INFO] [stdout]                                at /rustc/82e1608dfa6e0b5569232559e3d385fea5a93112/library/std/src/../../backtrace/src/backtrace/mod.rs:66:5
[INFO] [stdout]    2:     0x55c425ca0cfc - std::sys_common::backtrace::_print_fmt::h9eef0abe20ede486
[INFO] [stdout]                                at /rustc/82e1608dfa6e0b5569232559e3d385fea5a93112/library/std/src/sys_common/backtrace.rs:67:5
[INFO] [stdout]    3:     0x55c425ca0cfc - <std::sys_common::backtrace::_print::DisplayBacktrace as core::fmt::Display>::fmt::hed7f999df88cc644
[INFO] [stdout]                                at /rustc/82e1608dfa6e0b5569232559e3d385fea5a93112/library/std/src/sys_common/backtrace.rs:44:22
[INFO] [stdout]    4:     0x55c425ccd240 - core::fmt::rt::Argument::fmt::h1539a9308b8d058d
[INFO] [stdout]                                at /rustc/82e1608dfa6e0b5569232559e3d385fea5a93112/library/core/src/fmt/rt.rs:142:9
[INFO] [stdout]    5:     0x55c425ccd240 - core::fmt::write::h3a39390d8560d9c9
[INFO] [stdout]                                at /rustc/82e1608dfa6e0b5569232559e3d385fea5a93112/library/core/src/fmt/mod.rs:1120:17
[INFO] [stdout]    6:     0x55c425c9e49f - std::io::Write::write_fmt::h040b369f3a0f9cbc
[INFO] [stdout]                                at /rustc/82e1608dfa6e0b5569232559e3d385fea5a93112/library/std/src/io/mod.rs:1762:15
[INFO] [stdout]    7:     0x55c425ca0ae4 - std::sys_common::backtrace::_print::h894006fb5c6f3d45
[INFO] [stdout]                                at /rustc/82e1608dfa6e0b5569232559e3d385fea5a93112/library/std/src/sys_common/backtrace.rs:47:5
[INFO] [stdout]    8:     0x55c425ca0ae4 - std::sys_common::backtrace::print::h23a2d212c6fff936
[INFO] [stdout]                                at /rustc/82e1608dfa6e0b5569232559e3d385fea5a93112/library/std/src/sys_common/backtrace.rs:34:9
[INFO] [stdout]    9:     0x55c425ca27a7 - std::panicking::default_hook::{{closure}}::h8a1d2ee00185001a
[INFO] [stdout]   10:     0x55c425ca2493 - std::panicking::default_hook::h6038f2eba384e475
[INFO] [stdout]                                at /rustc/82e1608dfa6e0b5569232559e3d385fea5a93112/library/std/src/panicking.rs:289:9
[INFO] [stdout]   11:     0x55c425703e17 - <alloc::boxed::Box<F,A> as core::ops::function::Fn<Args>>::call::h0ad024c9bdc6d768
[INFO] [stdout]                                at /rustc/82e1608dfa6e0b5569232559e3d385fea5a93112/library/alloc/src/boxed.rs:2021:9
[INFO] [stdout]   12:     0x55c425703e17 - test::test_main::{{closure}}::h7500b54257359db6
[INFO] [stdout]                                at /rustc/82e1608dfa6e0b5569232559e3d385fea5a93112/library/test/src/lib.rs:138:21
[INFO] [stdout]   13:     0x55c425ca2db8 - <alloc::boxed::Box<F,A> as core::ops::function::Fn<Args>>::call::h1f8f335eaa9cfaee
[INFO] [stdout]                                at /rustc/82e1608dfa6e0b5569232559e3d385fea5a93112/library/alloc/src/boxed.rs:2021:9
[INFO] [stdout]   14:     0x55c425ca2db8 - std::panicking::rust_panic_with_hook::h2b5517d590cab22e
[INFO] [stdout]                                at /rustc/82e1608dfa6e0b5569232559e3d385fea5a93112/library/std/src/panicking.rs:783:13
[INFO] [stdout]   15:     0x55c425ca2b0e - std::panicking::begin_panic_handler::{{closure}}::h233112c06e0ef43e
[INFO] [stdout]                                at /rustc/82e1608dfa6e0b5569232559e3d385fea5a93112/library/std/src/panicking.rs:657:13
[INFO] [stdout]   16:     0x55c425ca11c6 - std::sys_common::backtrace::__rust_end_short_backtrace::h6e893f24d7ebbff8
[INFO] [stdout]                                at /rustc/82e1608dfa6e0b5569232559e3d385fea5a93112/library/std/src/sys_common/backtrace.rs:170:18
[INFO] [stdout]   17:     0x55c425ca2872 - rust_begin_unwind
[INFO] [stdout]                                at /rustc/82e1608dfa6e0b5569232559e3d385fea5a93112/library/std/src/panicking.rs:645:5
[INFO] [stdout]   18:     0x55c4256cb2a5 - core::panicking::panic_fmt::hbf0e066aabfa482c
[INFO] [stdout]                                at /rustc/82e1608dfa6e0b5569232559e3d385fea5a93112/library/core/src/panicking.rs:72:14
[INFO] [stdout]   19:     0x55c4256cb873 - core::result::unwrap_failed::hddb4fea594200c52
[INFO] [stdout]                                at /rustc/82e1608dfa6e0b5569232559e3d385fea5a93112/library/core/src/result.rs:1653:5
[INFO] [stdout]   20:     0x55c4259acbb3 - core::result::Result<T,E>::unwrap::h161bbd0089e4ffda
[INFO] [stdout]                                at /rustc/82e1608dfa6e0b5569232559e3d385fea5a93112/library/core/src/result.rs:1077:23
[INFO] [stdout]   21:     0x55c4256d0419 - cjk_unicode_pdf_to_xlsx::image_gen::test::tt::h85d9298844f8c79d
[INFO] [stdout]                                at /opt/rustwide/workdir/src/image_gen.rs:68:9
[INFO] [stdout]   22:     0x55c4256d0367 - cjk_unicode_pdf_to_xlsx::image_gen::test::tt::{{closure}}::hd20706d4945b4529
[INFO] [stdout]                                at /opt/rustwide/workdir/src/image_gen.rs:65:12
[INFO] [stdout]   23:     0x55c4256ccfe6 - core::ops::function::FnOnce::call_once::h99e769f87c87af9b
[INFO] [stdout]                                at /rustc/82e1608dfa6e0b5569232559e3d385fea5a93112/library/core/src/ops/function.rs:250:5
[INFO] [stdout]   24:     0x55c42570946f - core::ops::function::FnOnce::call_once::h2b5d431d5046312d
[INFO] [stdout]                                at /rustc/82e1608dfa6e0b5569232559e3d385fea5a93112/library/core/src/ops/function.rs:250:5
[INFO] [stdout]   25:     0x55c42570946f - test::__rust_begin_short_backtrace::h7714669af176e207
[INFO] [stdout]                                at /rustc/82e1608dfa6e0b5569232559e3d385fea5a93112/library/test/src/lib.rs:628:18
[INFO] [stdout]   26:     0x55c425708485 - test::run_test_in_process::{{closure}}::h85218797dcbcec12
[INFO] [stdout]                                at /rustc/82e1608dfa6e0b5569232559e3d385fea5a93112/library/test/src/lib.rs:651:60
[INFO] [stdout]   27:     0x55c425708485 - <core::panic::unwind_safe::AssertUnwindSafe<F> as core::ops::function::FnOnce<()>>::call_once::h76c106ea31c14d7b
[INFO] [stdout]                                at /rustc/82e1608dfa6e0b5569232559e3d385fea5a93112/library/core/src/panic/unwind_safe.rs:272:9
[INFO] [stdout]   28:     0x55c425708485 - std::panicking::try::do_call::h3bd5d0f6620ee946
[INFO] [stdout]                                at /rustc/82e1608dfa6e0b5569232559e3d385fea5a93112/library/std/src/panicking.rs:552:40
[INFO] [stdout]   29:     0x55c425708485 - std::panicking::try::h232e535e4744fe31
[INFO] [stdout]                                at /rustc/82e1608dfa6e0b5569232559e3d385fea5a93112/library/std/src/panicking.rs:516:19
[INFO] [stdout]   30:     0x55c425708485 - std::panic::catch_unwind::h3ce3bd6ca8dbac68
[INFO] [stdout]                                at /rustc/82e1608dfa6e0b5569232559e3d385fea5a93112/library/std/src/panic.rs:142:14
[INFO] [stdout]   31:     0x55c425708485 - test::run_test_in_process::hc97b257c9621286a
[INFO] [stdout]                                at /rustc/82e1608dfa6e0b5569232559e3d385fea5a93112/library/test/src/lib.rs:651:27
[INFO] [stdout]   32:     0x55c425708485 - test::run_test::{{closure}}::h2aa798823a438d38
[INFO] [stdout]                                at /rustc/82e1608dfa6e0b5569232559e3d385fea5a93112/library/test/src/lib.rs:574:43
[INFO] [stdout]   33:     0x55c4256d0746 - test::run_test::{{closure}}::h87d231c78fb59832
[INFO] [stdout]                                at /rustc/82e1608dfa6e0b5569232559e3d385fea5a93112/library/test/src/lib.rs:602:41
[INFO] [stdout]   34:     0x55c4256d0746 - std::sys_common::backtrace::__rust_begin_short_backtrace::he6df152596625789
[INFO] [stdout]                                at /rustc/82e1608dfa6e0b5569232559e3d385fea5a93112/library/std/src/sys_common/backtrace.rs:154:18
[INFO] [stdout]   35:     0x55c4256d57f7 - std::thread::Builder::spawn_unchecked_::{{closure}}::{{closure}}::ha94be15d1e0acf36
[INFO] [stdout]                                at /rustc/82e1608dfa6e0b5569232559e3d385fea5a93112/library/std/src/thread/mod.rs:529:17
[INFO] [stdout]   36:     0x55c4256d57f7 - <core::panic::unwind_safe::AssertUnwindSafe<F> as core::ops::function::FnOnce<()>>::call_once::h9dc6bd6372f16606
[INFO] [stdout]                                at /rustc/82e1608dfa6e0b5569232559e3d385fea5a93112/library/core/src/panic/unwind_safe.rs:272:9
[INFO] [stdout]   37:     0x55c4256d57f7 - std::panicking::try::do_call::h9057517f80303cd4
[INFO] [stdout]                                at /rustc/82e1608dfa6e0b5569232559e3d385fea5a93112/library/std/src/panicking.rs:552:40
[INFO] [stdout]   38:     0x55c4256d57f7 - std::panicking::try::he3a30b11ee45340c
[INFO] [stdout]                                at /rustc/82e1608dfa6e0b5569232559e3d385fea5a93112/library/std/src/panicking.rs:516:19
[INFO] [stdout]   39:     0x55c4256d57f7 - std::panic::catch_unwind::h410458cfd3528b8b
[INFO] [stdout]                                at /rustc/82e1608dfa6e0b5569232559e3d385fea5a93112/library/std/src/panic.rs:142:14
[INFO] [stdout]   40:     0x55c4256d57f7 - std::thread::Builder::spawn_unchecked_::{{closure}}::h72ac3bdb567b737b
[INFO] [stdout]                                at /rustc/82e1608dfa6e0b5569232559e3d385fea5a93112/library/std/src/thread/mod.rs:528:30
[INFO] [stdout]   41:     0x55c4256d57f7 - core::ops::function::FnOnce::call_once{{vtable.shim}}::h38f34da3654a8344
[INFO] [stdout]                                at /rustc/82e1608dfa6e0b5569232559e3d385fea5a93112/library/core/src/ops/function.rs:250:5
[INFO] [stdout]   42:     0x55c425ca7955 - <alloc::boxed::Box<F,A> as core::ops::function::FnOnce<Args>>::call_once::hc7eafaff61e32df9
[INFO] [stdout]                                at /rustc/82e1608dfa6e0b5569232559e3d385fea5a93112/library/alloc/src/boxed.rs:2007:9
[INFO] [stdout]   43:     0x55c425ca7955 - <alloc::boxed::Box<F,A> as core::ops::function::FnOnce<Args>>::call_once::h6ba4a5de48dd2304
[INFO] [stdout]                                at /rustc/82e1608dfa6e0b5569232559e3d385fea5a93112/library/alloc/src/boxed.rs:2007:9
[INFO] [stdout]   44:     0x55c425ca7955 - std::sys::unix::thread::Thread::new::thread_start::he469335aef763e45
[INFO] [stdout]                                at /rustc/82e1608dfa6e0b5569232559e3d385fea5a93112/library/std/src/sys/unix/thread.rs:108:17
[INFO] [stdout]   45:     0x7f8cee5bcac3 - <unknown>
[INFO] [stdout]   46:     0x7f8cee64dbf4 - __clone
[INFO] [stdout]   47:                0x0 - <unknown>
[INFO] [stdout] 
[INFO] [stdout] 
[INFO] [stdout] failures:
[INFO] [stdout]     image_gen::test::tt
[INFO] [stdout] 
[INFO] [stdout] test result: FAILED. 0 passed; 1 failed; 0 ignored; 0 measured; 0 filtered out; finished in 0.10s
[INFO] [stdout] 
[INFO] [stderr] error: test failed, to rerun pass `--lib`
[INFO] running `Command { std: "docker" "inspect" "eb987ab1a1a4a8dc3db01804bfb5ec9efd0e1181447594517869624b20892829", kill_on_drop: false }`
[INFO] running `Command { std: "docker" "rm" "-f" "eb987ab1a1a4a8dc3db01804bfb5ec9efd0e1181447594517869624b20892829", kill_on_drop: false }`
[INFO] [stdout] eb987ab1a1a4a8dc3db01804bfb5ec9efd0e1181447594517869624b20892829
