[INFO] cloning repository https://github.com/waycrate/wayshot
[INFO] running `Command { std: "git" "-c" "credential.helper=" "-c" "credential.helper=/workspace/cargo-home/bin/git-credential-null" "clone" "--bare" "https://github.com/waycrate/wayshot" "/workspace/cache/git-repos/https%3A%2F%2Fgithub.com%2Fwaycrate%2Fwayshot", kill_on_drop: false }`
[INFO] [stderr] Cloning into bare repository '/workspace/cache/git-repos/https%3A%2F%2Fgithub.com%2Fwaycrate%2Fwayshot'...
[INFO] running `Command { std: "git" "rev-parse" "HEAD", kill_on_drop: false }`
[INFO] [stdout] edd1f14923cbe3da1d0a7c93d354d73c5004e06b
[INFO] testing waycrate/wayshot against 1.75.0 for beta-1.76-1
[INFO] running `Command { std: "git" "clone" "/workspace/cache/git-repos/https%3A%2F%2Fgithub.com%2Fwaycrate%2Fwayshot" "/workspace/builds/worker-6-tc1/source", kill_on_drop: false }`
[INFO] [stderr] Cloning into '/workspace/builds/worker-6-tc1/source'...
[INFO] [stderr] done.
[INFO] validating manifest of git repo https://github.com/waycrate/wayshot on toolchain 1.75.0
[INFO] running `Command { std: CARGO_HOME="/workspace/cargo-home" RUSTUP_HOME="/workspace/rustup-home" "/workspace/cargo-home/bin/cargo" "+1.75.0" "metadata" "--manifest-path" "Cargo.toml" "--no-deps", kill_on_drop: false }`
[INFO] started tweaking git repo https://github.com/waycrate/wayshot
[INFO] finished tweaking git repo https://github.com/waycrate/wayshot
[INFO] tweaked toml for git repo https://github.com/waycrate/wayshot written to /workspace/builds/worker-6-tc1/source/Cargo.toml
[INFO] crate git repo https://github.com/waycrate/wayshot already has a lockfile, it will not be regenerated
[INFO] running `Command { std: CARGO_HOME="/workspace/cargo-home" RUSTUP_HOME="/workspace/rustup-home" "/workspace/cargo-home/bin/cargo" "+1.75.0" "fetch" "--manifest-path" "Cargo.toml", kill_on_drop: false }`
[INFO] running `Command { std: "docker" "create" "-v" "/var/lib/crater-agent-workspace/builds/worker-6-tc1/target:/opt/rustwide/target:rw,Z" "-v" "/var/lib/crater-agent-workspace/builds/worker-6-tc1/source:/opt/rustwide/workdir:ro,Z" "-v" "/var/lib/crater-agent-workspace/cargo-home:/opt/rustwide/cargo-home:ro,Z" "-v" "/var/lib/crater-agent-workspace/rustup-home:/opt/rustwide/rustup-home:ro,Z" "-e" "SOURCE_DIR=/opt/rustwide/workdir" "-e" "CARGO_TARGET_DIR=/opt/rustwide/target" "-e" "CARGO_HOME=/opt/rustwide/cargo-home" "-e" "RUSTUP_HOME=/opt/rustwide/rustup-home" "-w" "/opt/rustwide/workdir" "-m" "1610612736" "--user" "0:0" "--network" "none" "ghcr.io/rust-lang/crates-build-env/linux@sha256:2788e3201cd34a07e3172128adcd8b3090168a8e3bcc40d7c032b9dda1df7d1c" "/opt/rustwide/cargo-home/bin/cargo" "+1.75.0" "metadata" "--no-deps" "--format-version=1", kill_on_drop: false }`
[INFO] [stdout] 0d7e34bd126cc1a471a91402f35926f45c6d1af1c1e698ab6366c1e7b65ccea1
[INFO] running `Command { std: "docker" "start" "-a" "0d7e34bd126cc1a471a91402f35926f45c6d1af1c1e698ab6366c1e7b65ccea1", kill_on_drop: false }`
[INFO] running `Command { std: "docker" "inspect" "0d7e34bd126cc1a471a91402f35926f45c6d1af1c1e698ab6366c1e7b65ccea1", kill_on_drop: false }`
[INFO] running `Command { std: "docker" "rm" "-f" "0d7e34bd126cc1a471a91402f35926f45c6d1af1c1e698ab6366c1e7b65ccea1", kill_on_drop: false }`
[INFO] [stdout] 0d7e34bd126cc1a471a91402f35926f45c6d1af1c1e698ab6366c1e7b65ccea1
[INFO] running `Command { std: "docker" "create" "-v" "/var/lib/crater-agent-workspace/builds/worker-6-tc1/target:/opt/rustwide/target:rw,Z" "-v" "/var/lib/crater-agent-workspace/builds/worker-6-tc1/source:/opt/rustwide/workdir:ro,Z" "-v" "/var/lib/crater-agent-workspace/cargo-home:/opt/rustwide/cargo-home:ro,Z" "-v" "/var/lib/crater-agent-workspace/rustup-home:/opt/rustwide/rustup-home:ro,Z" "-e" "SOURCE_DIR=/opt/rustwide/workdir" "-e" "CARGO_TARGET_DIR=/opt/rustwide/target" "-e" "CARGO_INCREMENTAL=0" "-e" "RUST_BACKTRACE=full" "-e" "RUSTFLAGS=--cap-lints=warn" "-e" "RUSTDOCFLAGS=--cap-lints=warn" "-e" "CARGO_HOME=/opt/rustwide/cargo-home" "-e" "RUSTUP_HOME=/opt/rustwide/rustup-home" "-w" "/opt/rustwide/workdir" "-m" "1610612736" "--user" "0:0" "--network" "none" "ghcr.io/rust-lang/crates-build-env/linux@sha256:2788e3201cd34a07e3172128adcd8b3090168a8e3bcc40d7c032b9dda1df7d1c" "/opt/rustwide/cargo-home/bin/cargo" "+1.75.0" "build" "--frozen" "--message-format=json", kill_on_drop: false }`
[INFO] [stdout] 7e60da8da3cecaeedd09b76b09f56112ae9af009c91ab2bd63f63e2bb5414a27
[INFO] running `Command { std: "docker" "start" "-a" "7e60da8da3cecaeedd09b76b09f56112ae9af009c91ab2bd63f63e2bb5414a27", kill_on_drop: false }`
[INFO] [stderr]    Compiling cfg-if v1.0.0
[INFO] [stderr]    Compiling autocfg v1.1.0
[INFO] [stderr]    Compiling proc-macro2 v1.0.70
[INFO] [stderr]    Compiling unicode-ident v1.0.12
[INFO] [stderr]    Compiling libc v0.2.151
[INFO] [stderr]    Compiling crc32fast v1.3.2
[INFO] [stderr]    Compiling adler v1.0.2
[INFO] [stderr]    Compiling pkg-config v0.3.27
[INFO] [stderr]    Compiling log v0.4.20
[INFO] [stderr]    Compiling bitflags v1.3.2
[INFO] [stderr]    Compiling bitflags v2.4.1
[INFO] [stderr]    Compiling once_cell v1.19.0
[INFO] [stderr]    Compiling simd-adler32 v0.3.7
[INFO] [stderr]    Compiling smallvec v1.11.2
[INFO] [stderr]    Compiling memchr v2.6.4
[INFO] [stderr]    Compiling libloading v0.8.1
[INFO] [stderr]    Compiling scoped-tls v1.0.1
[INFO] [stderr]    Compiling downcast-rs v1.2.0
[INFO] [stderr]    Compiling thiserror v1.0.51
[INFO] [stderr]    Compiling rustix v0.38.28
[INFO] [stderr]    Compiling miniz_oxide v0.7.1
[INFO] [stderr]    Compiling dlib v0.5.2
[INFO] [stderr]    Compiling tracing-core v0.1.32
[INFO] [stderr]    Compiling utf8parse v0.2.1
[INFO] [stderr]    Compiling thread_local v1.1.7
[INFO] [stderr]    Compiling fdeflate v0.3.1
[INFO] [stderr]    Compiling anstyle-parse v0.2.3
[INFO] [stderr]    Compiling colorchoice v1.0.0
[INFO] [stderr]    Compiling memoffset v0.7.1
[INFO] [stderr]    Compiling num-traits v0.2.17
[INFO] [stderr]    Compiling num-integer v0.1.45
[INFO] [stderr]    Compiling num-rational v0.4.1
[INFO] [stderr]    Compiling bytemuck v1.14.0
[INFO] [stderr]    Compiling anstyle v1.0.4
[INFO] [stderr]    Compiling linux-raw-sys v0.4.12
[INFO] [stderr]    Compiling wayland-sys v0.31.1
[INFO] [stderr]    Compiling quick-xml v0.30.0
[INFO] [stderr]    Compiling flate2 v1.0.28
[INFO] [stderr]    Compiling anstyle-query v1.0.2
[INFO] [stderr]    Compiling qoi v0.4.1
[INFO] [stderr]    Compiling quote v1.0.33
[INFO] [stderr]    Compiling anstream v0.6.5
[INFO] [stderr]    Compiling unicode-width v0.1.11
[INFO] [stderr]    Compiling syn v2.0.41
[INFO] [stderr]    Compiling overload v0.1.1
[INFO] [stderr]    Compiling strsim v0.10.0
[INFO] [stderr]    Compiling png v0.17.10
[INFO] [stderr]    Compiling color_quant v1.1.0
[INFO] [stderr]    Compiling jpeg-decoder v0.3.0
[INFO] [stderr]    Compiling pin-project-lite v0.2.13
[INFO] [stderr]    Compiling byteorder v1.5.0
[INFO] [stderr]    Compiling cc v1.0.83
[INFO] [stderr]    Compiling clap_lex v0.6.0
[INFO] [stderr]    Compiling fastrand v2.0.1
[INFO] [stderr]    Compiling nu-ansi-term v0.46.0
[INFO] [stderr]    Compiling tracing-log v0.2.0
[INFO] [stderr]    Compiling clap_builder v4.4.11
[INFO] [stderr]    Compiling fuzzy-matcher v0.3.7
[INFO] [stderr]    Compiling sharded-slab v0.1.7
[INFO] [stderr]    Compiling wayshot v1.3.2-dev (/opt/rustwide/workdir/wayshot)
[INFO] [stderr]    Compiling zeroize v1.7.0
[INFO] [stderr]    Compiling shell-words v1.1.0
[INFO] [stderr]    Compiling wayland-scanner v0.31.0
[INFO] [stderr]    Compiling nix v0.26.4
[INFO] [stderr]    Compiling nix v0.27.1
[INFO] [stderr]    Compiling memmap2 v0.9.2
[INFO] [stderr]    Compiling console v0.15.7
[INFO] [stderr]    Compiling tracing-subscriber v0.3.18
[INFO] [stderr]    Compiling wayland-backend v0.3.2
[INFO] [stderr]    Compiling image v0.24.7
[INFO] [stderr]    Compiling tempfile v3.8.1
[INFO] [stderr]    Compiling clap v4.4.11
[INFO] [stderr]    Compiling wayland-client v0.31.1
[INFO] [stderr]    Compiling thiserror-impl v1.0.51
[INFO] [stderr]    Compiling tracing-attributes v0.1.27
[INFO] [stderr]    Compiling wayland-protocols v0.31.0
[INFO] [stderr]    Compiling dialoguer v0.11.0
[INFO] [stderr]    Compiling tracing v0.1.40
[INFO] [stderr]    Compiling wayland-protocols-wlr v0.2.0
[INFO] [stderr]    Compiling libwayshot v0.3.2-dev (/opt/rustwide/workdir/libwayshot)
[INFO] [stderr]     Finished dev [unoptimized + debuginfo] target(s) in 8.86s
[INFO] running `Command { std: "docker" "inspect" "7e60da8da3cecaeedd09b76b09f56112ae9af009c91ab2bd63f63e2bb5414a27", kill_on_drop: false }`
[INFO] running `Command { std: "docker" "rm" "-f" "7e60da8da3cecaeedd09b76b09f56112ae9af009c91ab2bd63f63e2bb5414a27", kill_on_drop: false }`
[INFO] [stdout] 7e60da8da3cecaeedd09b76b09f56112ae9af009c91ab2bd63f63e2bb5414a27
[INFO] running `Command { std: "docker" "create" "-v" "/var/lib/crater-agent-workspace/builds/worker-6-tc1/target:/opt/rustwide/target:rw,Z" "-v" "/var/lib/crater-agent-workspace/builds/worker-6-tc1/source:/opt/rustwide/workdir:ro,Z" "-v" "/var/lib/crater-agent-workspace/cargo-home:/opt/rustwide/cargo-home:ro,Z" "-v" "/var/lib/crater-agent-workspace/rustup-home:/opt/rustwide/rustup-home:ro,Z" "-e" "SOURCE_DIR=/opt/rustwide/workdir" "-e" "CARGO_TARGET_DIR=/opt/rustwide/target" "-e" "CARGO_INCREMENTAL=0" "-e" "RUST_BACKTRACE=full" "-e" "RUSTFLAGS=--cap-lints=warn" "-e" "RUSTDOCFLAGS=--cap-lints=warn" "-e" "CARGO_HOME=/opt/rustwide/cargo-home" "-e" "RUSTUP_HOME=/opt/rustwide/rustup-home" "-w" "/opt/rustwide/workdir" "-m" "1610612736" "--user" "0:0" "--network" "none" "ghcr.io/rust-lang/crates-build-env/linux@sha256:2788e3201cd34a07e3172128adcd8b3090168a8e3bcc40d7c032b9dda1df7d1c" "/opt/rustwide/cargo-home/bin/cargo" "+1.75.0" "test" "--frozen" "--no-run" "--message-format=json", kill_on_drop: false }`
[INFO] [stdout] d810766a5771905d08aef98c7af25631c9b12165c5f74bf34d865748e638123d
[INFO] running `Command { std: "docker" "start" "-a" "d810766a5771905d08aef98c7af25631c9b12165c5f74bf34d865748e638123d", kill_on_drop: false }`
[INFO] [stderr]    Compiling libwayshot v0.3.2-dev (/opt/rustwide/workdir/libwayshot)
[INFO] [stderr]    Compiling wayshot v1.3.2-dev (/opt/rustwide/workdir/wayshot)
[INFO] [stderr]     Finished test [unoptimized + debuginfo] target(s) in 0.38s
[INFO] running `Command { std: "docker" "inspect" "d810766a5771905d08aef98c7af25631c9b12165c5f74bf34d865748e638123d", kill_on_drop: false }`
[INFO] running `Command { std: "docker" "rm" "-f" "d810766a5771905d08aef98c7af25631c9b12165c5f74bf34d865748e638123d", kill_on_drop: false }`
[INFO] [stdout] d810766a5771905d08aef98c7af25631c9b12165c5f74bf34d865748e638123d
[INFO] running `Command { std: "docker" "create" "-v" "/var/lib/crater-agent-workspace/builds/worker-6-tc1/target:/opt/rustwide/target:rw,Z" "-v" "/var/lib/crater-agent-workspace/builds/worker-6-tc1/source:/opt/rustwide/workdir:ro,Z" "-v" "/var/lib/crater-agent-workspace/cargo-home:/opt/rustwide/cargo-home:ro,Z" "-v" "/var/lib/crater-agent-workspace/rustup-home:/opt/rustwide/rustup-home:ro,Z" "-e" "SOURCE_DIR=/opt/rustwide/workdir" "-e" "CARGO_TARGET_DIR=/opt/rustwide/target" "-e" "CARGO_INCREMENTAL=0" "-e" "RUST_BACKTRACE=full" "-e" "RUSTFLAGS=--cap-lints=warn" "-e" "RUSTDOCFLAGS=--cap-lints=warn" "-e" "CARGO_HOME=/opt/rustwide/cargo-home" "-e" "RUSTUP_HOME=/opt/rustwide/rustup-home" "-w" "/opt/rustwide/workdir" "-m" "1610612736" "--user" "0:0" "--network" "none" "ghcr.io/rust-lang/crates-build-env/linux@sha256:2788e3201cd34a07e3172128adcd8b3090168a8e3bcc40d7c032b9dda1df7d1c" "/opt/rustwide/cargo-home/bin/cargo" "+1.75.0" "test" "--frozen", kill_on_drop: false }`
[INFO] [stdout] 9d3faf66649cde9e1aff3292af670489d6e9da19987b263b3330eed1637c9d79
[INFO] running `Command { std: "docker" "start" "-a" "9d3faf66649cde9e1aff3292af670489d6e9da19987b263b3330eed1637c9d79", kill_on_drop: false }`
[INFO] [stderr]     Finished test [unoptimized + debuginfo] target(s) in 0.05s
[INFO] [stderr]      Running unittests src/lib.rs (/opt/rustwide/target/debug/deps/libwayshot-4f4b0ce5eff77bee)
[INFO] [stdout] 
[INFO] [stdout] running 0 tests
[INFO] [stdout] 
[INFO] [stdout] test result: ok. 0 passed; 0 failed; 0 ignored; 0 measured; 0 filtered out; finished in 0.00s
[INFO] [stdout] 
[INFO] [stderr]      Running unittests src/wayshot.rs (/opt/rustwide/target/debug/deps/wayshot-000c544a3fcee113)
[INFO] [stdout] 
[INFO] [stdout] running 0 tests
[INFO] [stdout] 
[INFO] [stdout] test result: ok. 0 passed; 0 failed; 0 ignored; 0 measured; 0 filtered out; finished in 0.00s
[INFO] [stdout] 
[INFO] [stderr]    Doc-tests libwayshot
[INFO] [stdout] 
[INFO] [stdout] running 1 test
[INFO] [stdout] test libwayshot/src/lib.rs - WayshotConnection (line 79) ... FAILED
[INFO] [stdout] 
[INFO] [stdout] failures:
[INFO] [stdout] 
[INFO] [stdout] ---- libwayshot/src/lib.rs - WayshotConnection (line 79) stdout ----
[INFO] [stdout] error[E0433]: failed to resolve: use of undeclared type `WayshotConnection`
[INFO] [stdout]  --> libwayshot/src/lib.rs:80:26
[INFO] [stdout]   |
[INFO] [stdout] 3 | let wayshot_connection = WayshotConnection::new().unwrap();
[INFO] [stdout]   |                          ^^^^^^^^^^^^^^^^^ use of undeclared type `WayshotConnection`
[INFO] [stdout]   |
[INFO] [stdout] help: consider importing this struct
[INFO] [stdout]   |
[INFO] [stdout] 2 + use libwayshot::WayshotConnection;
[INFO] [stdout]   |
[INFO] [stdout] 
[INFO] [stdout] error: aborting due to previous error
[INFO] [stdout] 
[INFO] [stdout] For more information about this error, try `rustc --explain E0433`.
[INFO] [stdout] Couldn't compile the test.
[INFO] [stdout] 
[INFO] [stdout] failures:
[INFO] [stdout]     libwayshot/src/lib.rs - WayshotConnection (line 79)
[INFO] [stdout] 
[INFO] [stdout] test result: FAILED. 0 passed; 1 failed; 0 ignored; 0 measured; 0 filtered out; finished in 0.05s
[INFO] [stdout] 
[INFO] [stderr] error: doctest failed, to rerun pass `-p libwayshot --doc`
[INFO] running `Command { std: "docker" "inspect" "9d3faf66649cde9e1aff3292af670489d6e9da19987b263b3330eed1637c9d79", kill_on_drop: false }`
[INFO] running `Command { std: "docker" "rm" "-f" "9d3faf66649cde9e1aff3292af670489d6e9da19987b263b3330eed1637c9d79", kill_on_drop: false }`
[INFO] [stdout] 9d3faf66649cde9e1aff3292af670489d6e9da19987b263b3330eed1637c9d79
[INFO] testing waycrate/wayshot against beta-2023-12-22 for beta-1.76-1
[INFO] running `Command { std: "git" "clone" "/workspace/cache/git-repos/https%3A%2F%2Fgithub.com%2Fwaycrate%2Fwayshot" "/workspace/builds/worker-6-tc2/source", kill_on_drop: false }`
[INFO] [stderr] Cloning into '/workspace/builds/worker-6-tc2/source'...
[INFO] [stderr] done.
[INFO] validating manifest of git repo https://github.com/waycrate/wayshot on toolchain beta-2023-12-22
[INFO] running `Command { std: CARGO_HOME="/workspace/cargo-home" RUSTUP_HOME="/workspace/rustup-home" "/workspace/cargo-home/bin/cargo" "+beta-2023-12-22" "metadata" "--manifest-path" "Cargo.toml" "--no-deps", kill_on_drop: false }`
[INFO] started tweaking git repo https://github.com/waycrate/wayshot
[INFO] finished tweaking git repo https://github.com/waycrate/wayshot
[INFO] tweaked toml for git repo https://github.com/waycrate/wayshot written to /workspace/builds/worker-6-tc2/source/Cargo.toml
[INFO] crate git repo https://github.com/waycrate/wayshot already has a lockfile, it will not be regenerated
[INFO] running `Command { std: CARGO_HOME="/workspace/cargo-home" RUSTUP_HOME="/workspace/rustup-home" "/workspace/cargo-home/bin/cargo" "+beta-2023-12-22" "fetch" "--manifest-path" "Cargo.toml", kill_on_drop: false }`
[INFO] running `Command { std: "docker" "create" "-v" "/var/lib/crater-agent-workspace/builds/worker-6-tc2/target:/opt/rustwide/target:rw,Z" "-v" "/var/lib/crater-agent-workspace/builds/worker-6-tc2/source:/opt/rustwide/workdir:ro,Z" "-v" "/var/lib/crater-agent-workspace/cargo-home:/opt/rustwide/cargo-home:ro,Z" "-v" "/var/lib/crater-agent-workspace/rustup-home:/opt/rustwide/rustup-home:ro,Z" "-e" "SOURCE_DIR=/opt/rustwide/workdir" "-e" "CARGO_TARGET_DIR=/opt/rustwide/target" "-e" "CARGO_HOME=/opt/rustwide/cargo-home" "-e" "RUSTUP_HOME=/opt/rustwide/rustup-home" "-w" "/opt/rustwide/workdir" "-m" "1610612736" "--user" "0:0" "--network" "none" "ghcr.io/rust-lang/crates-build-env/linux@sha256:2788e3201cd34a07e3172128adcd8b3090168a8e3bcc40d7c032b9dda1df7d1c" "/opt/rustwide/cargo-home/bin/cargo" "+beta-2023-12-22" "metadata" "--no-deps" "--format-version=1", kill_on_drop: false }`
[INFO] [stdout] f374b84b67aea4022436fd51591e7e0570f90c13a328ef00b3c49c4a97e57a88
[INFO] running `Command { std: "docker" "start" "-a" "f374b84b67aea4022436fd51591e7e0570f90c13a328ef00b3c49c4a97e57a88", kill_on_drop: false }`
[INFO] running `Command { std: "docker" "inspect" "f374b84b67aea4022436fd51591e7e0570f90c13a328ef00b3c49c4a97e57a88", kill_on_drop: false }`
[INFO] running `Command { std: "docker" "rm" "-f" "f374b84b67aea4022436fd51591e7e0570f90c13a328ef00b3c49c4a97e57a88", kill_on_drop: false }`
[INFO] [stdout] f374b84b67aea4022436fd51591e7e0570f90c13a328ef00b3c49c4a97e57a88
[INFO] running `Command { std: "docker" "create" "-v" "/var/lib/crater-agent-workspace/builds/worker-6-tc2/target:/opt/rustwide/target:rw,Z" "-v" "/var/lib/crater-agent-workspace/builds/worker-6-tc2/source:/opt/rustwide/workdir:ro,Z" "-v" "/var/lib/crater-agent-workspace/cargo-home:/opt/rustwide/cargo-home:ro,Z" "-v" "/var/lib/crater-agent-workspace/rustup-home:/opt/rustwide/rustup-home:ro,Z" "-e" "SOURCE_DIR=/opt/rustwide/workdir" "-e" "CARGO_TARGET_DIR=/opt/rustwide/target" "-e" "CARGO_INCREMENTAL=0" "-e" "RUST_BACKTRACE=full" "-e" "RUSTFLAGS=--cap-lints=warn" "-e" "RUSTDOCFLAGS=--cap-lints=warn" "-e" "CARGO_HOME=/opt/rustwide/cargo-home" "-e" "RUSTUP_HOME=/opt/rustwide/rustup-home" "-w" "/opt/rustwide/workdir" "-m" "1610612736" "--user" "0:0" "--network" "none" "ghcr.io/rust-lang/crates-build-env/linux@sha256:2788e3201cd34a07e3172128adcd8b3090168a8e3bcc40d7c032b9dda1df7d1c" "/opt/rustwide/cargo-home/bin/cargo" "+beta-2023-12-22" "build" "--frozen" "--message-format=json", kill_on_drop: false }`
[INFO] [stdout] b86c48d102af82f50a075ad805b73bfae80d699dbfa94575a2b5c6fe41d8ea0b
[INFO] running `Command { std: "docker" "start" "-a" "b86c48d102af82f50a075ad805b73bfae80d699dbfa94575a2b5c6fe41d8ea0b", kill_on_drop: false }`
[INFO] [stderr]    Compiling cfg-if v1.0.0
[INFO] [stderr]    Compiling autocfg v1.1.0
[INFO] [stderr]    Compiling proc-macro2 v1.0.70
[INFO] [stderr]    Compiling unicode-ident v1.0.12
[INFO] [stderr]    Compiling libc v0.2.151
[INFO] [stderr]    Compiling crc32fast v1.3.2
[INFO] [stderr]    Compiling adler v1.0.2
[INFO] [stderr]    Compiling bitflags v2.4.1
[INFO] [stderr]    Compiling log v0.4.20
[INFO] [stderr]    Compiling once_cell v1.19.0
[INFO] [stderr]    Compiling bitflags v1.3.2
[INFO] [stderr]    Compiling pkg-config v0.3.27
[INFO] [stderr]    Compiling simd-adler32 v0.3.7
[INFO] [stderr]    Compiling smallvec v1.11.2
[INFO] [stderr]    Compiling memchr v2.6.4
[INFO] [stderr]    Compiling libloading v0.8.1
[INFO] [stderr]    Compiling downcast-rs v1.2.0
[INFO] [stderr]    Compiling scoped-tls v1.0.1
[INFO] [stderr]    Compiling rustix v0.38.28
[INFO] [stderr]    Compiling thiserror v1.0.51
[INFO] [stderr]    Compiling tracing-core v0.1.32
[INFO] [stderr]    Compiling dlib v0.5.2
[INFO] [stderr]    Compiling miniz_oxide v0.7.1
[INFO] [stderr]    Compiling utf8parse v0.2.1
[INFO] [stderr]    Compiling thread_local v1.1.7
[INFO] [stderr]    Compiling fdeflate v0.3.1
[INFO] [stderr]    Compiling linux-raw-sys v0.4.12
[INFO] [stderr]    Compiling anstyle-parse v0.2.3
[INFO] [stderr]    Compiling memoffset v0.7.1
[INFO] [stderr]    Compiling num-traits v0.2.17
[INFO] [stderr]    Compiling num-integer v0.1.45
[INFO] [stderr]    Compiling num-rational v0.4.1
[INFO] [stderr]    Compiling colorchoice v1.0.0
[INFO] [stderr]    Compiling anstyle-query v1.0.2
[INFO] [stderr]    Compiling bytemuck v1.14.0
[INFO] [stderr]    Compiling quick-xml v0.30.0
[INFO] [stderr]    Compiling wayland-sys v0.31.1
[INFO] [stderr]    Compiling anstyle v1.0.4
[INFO] [stderr]    Compiling clap_lex v0.6.0
[INFO] [stderr]    Compiling flate2 v1.0.28
[INFO] [stderr]    Compiling qoi v0.4.1
[INFO] [stderr]    Compiling quote v1.0.33
[INFO] [stderr]    Compiling anstream v0.6.5
[INFO] [stderr]    Compiling jpeg-decoder v0.3.0
[INFO] [stderr]    Compiling color_quant v1.1.0
[INFO] [stderr]    Compiling byteorder v1.5.0
[INFO] [stderr]    Compiling strsim v0.10.0
[INFO] [stderr]    Compiling overload v0.1.1
[INFO] [stderr]    Compiling png v0.17.10
[INFO] [stderr]    Compiling cc v1.0.83
[INFO] [stderr]    Compiling syn v2.0.41
[INFO] [stderr]    Compiling pin-project-lite v0.2.13
[INFO] [stderr]    Compiling unicode-width v0.1.11
[INFO] [stderr]    Compiling fastrand v2.0.1
[INFO] [stderr]    Compiling clap_builder v4.4.11
[INFO] [stderr]    Compiling nu-ansi-term v0.46.0
[INFO] [stderr]    Compiling tracing-log v0.2.0
[INFO] [stderr]    Compiling fuzzy-matcher v0.3.7
[INFO] [stderr]    Compiling sharded-slab v0.1.7
[INFO] [stderr]    Compiling wayshot v1.3.2-dev (/opt/rustwide/workdir/wayshot)
[INFO] [stderr]    Compiling wayland-scanner v0.31.0
[INFO] [stderr]    Compiling shell-words v1.1.0
[INFO] [stderr]    Compiling zeroize v1.7.0
[INFO] [stderr]    Compiling nix v0.26.4
[INFO] [stderr]    Compiling nix v0.27.1
[INFO] [stderr]    Compiling memmap2 v0.9.2
[INFO] [stderr]    Compiling console v0.15.7
[INFO] [stderr]    Compiling tracing-subscriber v0.3.18
[INFO] [stderr]    Compiling wayland-backend v0.3.2
[INFO] [stderr]    Compiling tempfile v3.8.1
[INFO] [stderr]    Compiling image v0.24.7
[INFO] [stderr]    Compiling clap v4.4.11
[INFO] [stderr]    Compiling wayland-client v0.31.1
[INFO] [stderr]    Compiling wayland-protocols v0.31.0
[INFO] [stderr]    Compiling thiserror-impl v1.0.51
[INFO] [stderr]    Compiling tracing-attributes v0.1.27
[INFO] [stderr]    Compiling dialoguer v0.11.0
[INFO] [stderr]    Compiling tracing v0.1.40
[INFO] [stderr]    Compiling wayland-protocols-wlr v0.2.0
[INFO] [stderr]    Compiling libwayshot v0.3.2-dev (/opt/rustwide/workdir/libwayshot)
[INFO] [stderr]     Finished dev [unoptimized + debuginfo] target(s) in 8.39s
[INFO] running `Command { std: "docker" "inspect" "b86c48d102af82f50a075ad805b73bfae80d699dbfa94575a2b5c6fe41d8ea0b", kill_on_drop: false }`
[INFO] running `Command { std: "docker" "rm" "-f" "b86c48d102af82f50a075ad805b73bfae80d699dbfa94575a2b5c6fe41d8ea0b", kill_on_drop: false }`
[INFO] [stdout] b86c48d102af82f50a075ad805b73bfae80d699dbfa94575a2b5c6fe41d8ea0b
[INFO] running `Command { std: "docker" "create" "-v" "/var/lib/crater-agent-workspace/builds/worker-6-tc2/target:/opt/rustwide/target:rw,Z" "-v" "/var/lib/crater-agent-workspace/builds/worker-6-tc2/source:/opt/rustwide/workdir:ro,Z" "-v" "/var/lib/crater-agent-workspace/cargo-home:/opt/rustwide/cargo-home:ro,Z" "-v" "/var/lib/crater-agent-workspace/rustup-home:/opt/rustwide/rustup-home:ro,Z" "-e" "SOURCE_DIR=/opt/rustwide/workdir" "-e" "CARGO_TARGET_DIR=/opt/rustwide/target" "-e" "CARGO_INCREMENTAL=0" "-e" "RUST_BACKTRACE=full" "-e" "RUSTFLAGS=--cap-lints=warn" "-e" "RUSTDOCFLAGS=--cap-lints=warn" "-e" "CARGO_HOME=/opt/rustwide/cargo-home" "-e" "RUSTUP_HOME=/opt/rustwide/rustup-home" "-w" "/opt/rustwide/workdir" "-m" "1610612736" "--user" "0:0" "--network" "none" "ghcr.io/rust-lang/crates-build-env/linux@sha256:2788e3201cd34a07e3172128adcd8b3090168a8e3bcc40d7c032b9dda1df7d1c" "/opt/rustwide/cargo-home/bin/cargo" "+beta-2023-12-22" "test" "--frozen" "--no-run" "--message-format=json", kill_on_drop: false }`
[INFO] [stdout] 556784d96d507ee2521acf08d48bdb2428722e02ec69c77093ce58aa9b730142
[INFO] running `Command { std: "docker" "start" "-a" "556784d96d507ee2521acf08d48bdb2428722e02ec69c77093ce58aa9b730142", kill_on_drop: false }`
[INFO] [stderr]    Compiling libwayshot v0.3.2-dev (/opt/rustwide/workdir/libwayshot)
[INFO] [stderr]    Compiling wayshot v1.3.2-dev (/opt/rustwide/workdir/wayshot)
[INFO] [stderr]     Finished test [unoptimized + debuginfo] target(s) in 0.40s
[INFO] running `Command { std: "docker" "inspect" "556784d96d507ee2521acf08d48bdb2428722e02ec69c77093ce58aa9b730142", kill_on_drop: false }`
[INFO] running `Command { std: "docker" "rm" "-f" "556784d96d507ee2521acf08d48bdb2428722e02ec69c77093ce58aa9b730142", kill_on_drop: false }`
[INFO] [stdout] 556784d96d507ee2521acf08d48bdb2428722e02ec69c77093ce58aa9b730142
[INFO] running `Command { std: "docker" "create" "-v" "/var/lib/crater-agent-workspace/builds/worker-6-tc2/target:/opt/rustwide/target:rw,Z" "-v" "/var/lib/crater-agent-workspace/builds/worker-6-tc2/source:/opt/rustwide/workdir:ro,Z" "-v" "/var/lib/crater-agent-workspace/cargo-home:/opt/rustwide/cargo-home:ro,Z" "-v" "/var/lib/crater-agent-workspace/rustup-home:/opt/rustwide/rustup-home:ro,Z" "-e" "SOURCE_DIR=/opt/rustwide/workdir" "-e" "CARGO_TARGET_DIR=/opt/rustwide/target" "-e" "CARGO_INCREMENTAL=0" "-e" "RUST_BACKTRACE=full" "-e" "RUSTFLAGS=--cap-lints=warn" "-e" "RUSTDOCFLAGS=--cap-lints=warn" "-e" "CARGO_HOME=/opt/rustwide/cargo-home" "-e" "RUSTUP_HOME=/opt/rustwide/rustup-home" "-w" "/opt/rustwide/workdir" "-m" "1610612736" "--user" "0:0" "--network" "none" "ghcr.io/rust-lang/crates-build-env/linux@sha256:2788e3201cd34a07e3172128adcd8b3090168a8e3bcc40d7c032b9dda1df7d1c" "/opt/rustwide/cargo-home/bin/cargo" "+beta-2023-12-22" "test" "--frozen", kill_on_drop: false }`
[INFO] [stdout] 38ce983b23c0baf8aa003d277061ded2d84123b7eb5e33d6daa799e83e9b7f0c
[INFO] running `Command { std: "docker" "start" "-a" "38ce983b23c0baf8aa003d277061ded2d84123b7eb5e33d6daa799e83e9b7f0c", kill_on_drop: false }`
[INFO] [stderr]     Finished test [unoptimized + debuginfo] target(s) in 0.05s
[INFO] [stderr]      Running unittests src/lib.rs (/opt/rustwide/target/debug/deps/libwayshot-e850fd27a0dbbc48)
[INFO] [stdout] 
[INFO] [stdout] running 0 tests
[INFO] [stdout] 
[INFO] [stdout] test result: ok. 0 passed; 0 failed; 0 ignored; 0 measured; 0 filtered out; finished in 0.00s
[INFO] [stdout] 
[INFO] [stderr]      Running unittests src/wayshot.rs (/opt/rustwide/target/debug/deps/wayshot-54dc0c565ffa2ac8)
[INFO] [stdout] 
[INFO] [stdout] running 0 tests
[INFO] [stdout] 
[INFO] [stdout] test result: ok. 0 passed; 0 failed; 0 ignored; 0 measured; 0 filtered out; finished in 0.00s
[INFO] [stdout] 
[INFO] [stderr]    Doc-tests libwayshot
[INFO] [stdout] 
[INFO] [stdout] running 1 test
[INFO] [stdout] test libwayshot/src/lib.rs - WayshotConnection (line 79) ... FAILED
[INFO] [stdout] 
[INFO] [stdout] failures:
[INFO] [stdout] 
[INFO] [stdout] ---- libwayshot/src/lib.rs - WayshotConnection (line 79) stdout ----
[INFO] [stdout] error[E0433]: failed to resolve: use of undeclared type `WayshotConnection`
[INFO] [stdout]  --> libwayshot/src/lib.rs:80:26
[INFO] [stdout]   |
[INFO] [stdout] 3 | let wayshot_connection = WayshotConnection::new().unwrap();
[INFO] [stdout]   |                          ^^^^^^^^^^^^^^^^^ use of undeclared type `WayshotConnection`
[INFO] [stdout]   |
[INFO] [stdout] help: consider importing this struct
[INFO] [stdout]   |
[INFO] [stdout] 2 + use libwayshot::WayshotConnection;
[INFO] [stdout]   |
[INFO] [stdout] 
[INFO] [stdout] error: aborting due to 1 previous error
[INFO] [stdout] 
[INFO] [stdout] For more information about this error, try `rustc --explain E0433`.
[INFO] [stdout] Couldn't compile the test.
[INFO] [stdout] 
[INFO] [stdout] failures:
[INFO] [stdout]     libwayshot/src/lib.rs - WayshotConnection (line 79)
[INFO] [stdout] 
[INFO] [stdout] test result: FAILED. 0 passed; 1 failed; 0 ignored; 0 measured; 0 filtered out; finished in 0.07s
[INFO] [stdout] 
[INFO] [stderr] error: doctest failed, to rerun pass `-p libwayshot --doc`
[INFO] running `Command { std: "docker" "inspect" "38ce983b23c0baf8aa003d277061ded2d84123b7eb5e33d6daa799e83e9b7f0c", kill_on_drop: false }`
[INFO] running `Command { std: "docker" "rm" "-f" "38ce983b23c0baf8aa003d277061ded2d84123b7eb5e33d6daa799e83e9b7f0c", kill_on_drop: false }`
[INFO] [stdout] 38ce983b23c0baf8aa003d277061ded2d84123b7eb5e33d6daa799e83e9b7f0c
