[INFO] cloning repository https://github.com/ward/rusty-butler
[INFO] running `Command { std: "git" "-c" "credential.helper=" "-c" "credential.helper=/workspace/cargo-home/bin/git-credential-null" "clone" "--bare" "https://github.com/ward/rusty-butler" "/workspace/cache/git-repos/https%3A%2F%2Fgithub.com%2Fward%2Frusty-butler", kill_on_drop: false }`
[INFO] [stderr] Cloning into bare repository '/workspace/cache/git-repos/https%3A%2F%2Fgithub.com%2Fward%2Frusty-butler'...
[INFO] running `Command { std: "git" "rev-parse" "HEAD", kill_on_drop: false }`
[INFO] [stdout] 69f84a7fd5c9a2e4473b1a26cf9891ada9588f04
[INFO] testing ward/rusty-butler against 1.75.0 for beta-1.76-1
[INFO] running `Command { std: "git" "clone" "/workspace/cache/git-repos/https%3A%2F%2Fgithub.com%2Fward%2Frusty-butler" "/workspace/builds/worker-7-tc1/source", kill_on_drop: false }`
[INFO] [stderr] Cloning into '/workspace/builds/worker-7-tc1/source'...
[INFO] [stderr] done.
[INFO] validating manifest of git repo https://github.com/ward/rusty-butler on toolchain 1.75.0
[INFO] running `Command { std: CARGO_HOME="/workspace/cargo-home" RUSTUP_HOME="/workspace/rustup-home" "/workspace/cargo-home/bin/cargo" "+1.75.0" "metadata" "--manifest-path" "Cargo.toml" "--no-deps", kill_on_drop: false }`
[INFO] started tweaking git repo https://github.com/ward/rusty-butler
[INFO] finished tweaking git repo https://github.com/ward/rusty-butler
[INFO] tweaked toml for git repo https://github.com/ward/rusty-butler written to /workspace/builds/worker-7-tc1/source/Cargo.toml
[INFO] crate git repo https://github.com/ward/rusty-butler already has a lockfile, it will not be regenerated
[INFO] running `Command { std: CARGO_HOME="/workspace/cargo-home" RUSTUP_HOME="/workspace/rustup-home" "/workspace/cargo-home/bin/cargo" "+1.75.0" "fetch" "--manifest-path" "Cargo.toml", kill_on_drop: false }`
[INFO] [stderr]     Updating git repository `https://github.com/ward/football`
[INFO] [stderr]     Updating git repository `https://github.com/ward/bitap`
[INFO] [stderr]     Updating crates.io index
[INFO] [stderr]  Downloading crates ...
[INFO] [stderr]   Downloaded irc-proto v0.15.0
[INFO] [stderr]   Downloaded irc v0.15.0
[INFO] running `Command { std: "docker" "create" "-v" "/var/lib/crater-agent-workspace/builds/worker-7-tc1/target:/opt/rustwide/target:rw,Z" "-v" "/var/lib/crater-agent-workspace/builds/worker-7-tc1/source:/opt/rustwide/workdir:ro,Z" "-v" "/var/lib/crater-agent-workspace/cargo-home:/opt/rustwide/cargo-home:ro,Z" "-v" "/var/lib/crater-agent-workspace/rustup-home:/opt/rustwide/rustup-home:ro,Z" "-e" "SOURCE_DIR=/opt/rustwide/workdir" "-e" "CARGO_TARGET_DIR=/opt/rustwide/target" "-e" "CARGO_HOME=/opt/rustwide/cargo-home" "-e" "RUSTUP_HOME=/opt/rustwide/rustup-home" "-w" "/opt/rustwide/workdir" "-m" "1610612736" "--user" "0:0" "--network" "none" "ghcr.io/rust-lang/crates-build-env/linux@sha256:2788e3201cd34a07e3172128adcd8b3090168a8e3bcc40d7c032b9dda1df7d1c" "/opt/rustwide/cargo-home/bin/cargo" "+1.75.0" "metadata" "--no-deps" "--format-version=1", kill_on_drop: false }`
[INFO] [stdout] d66737468866594e46c595d7e0dbc663577ce3f6ece68af598ba8438d1a7cb24
[INFO] running `Command { std: "docker" "start" "-a" "d66737468866594e46c595d7e0dbc663577ce3f6ece68af598ba8438d1a7cb24", kill_on_drop: false }`
[INFO] running `Command { std: "docker" "inspect" "d66737468866594e46c595d7e0dbc663577ce3f6ece68af598ba8438d1a7cb24", kill_on_drop: false }`
[INFO] running `Command { std: "docker" "rm" "-f" "d66737468866594e46c595d7e0dbc663577ce3f6ece68af598ba8438d1a7cb24", kill_on_drop: false }`
[INFO] [stdout] d66737468866594e46c595d7e0dbc663577ce3f6ece68af598ba8438d1a7cb24
[INFO] running `Command { std: "docker" "create" "-v" "/var/lib/crater-agent-workspace/builds/worker-7-tc1/target:/opt/rustwide/target:rw,Z" "-v" "/var/lib/crater-agent-workspace/builds/worker-7-tc1/source:/opt/rustwide/workdir:ro,Z" "-v" "/var/lib/crater-agent-workspace/cargo-home:/opt/rustwide/cargo-home:ro,Z" "-v" "/var/lib/crater-agent-workspace/rustup-home:/opt/rustwide/rustup-home:ro,Z" "-e" "SOURCE_DIR=/opt/rustwide/workdir" "-e" "CARGO_TARGET_DIR=/opt/rustwide/target" "-e" "CARGO_INCREMENTAL=0" "-e" "RUST_BACKTRACE=full" "-e" "RUSTFLAGS=--cap-lints=warn" "-e" "RUSTDOCFLAGS=--cap-lints=warn" "-e" "CARGO_HOME=/opt/rustwide/cargo-home" "-e" "RUSTUP_HOME=/opt/rustwide/rustup-home" "-w" "/opt/rustwide/workdir" "-m" "1610612736" "--user" "0:0" "--network" "none" "ghcr.io/rust-lang/crates-build-env/linux@sha256:2788e3201cd34a07e3172128adcd8b3090168a8e3bcc40d7c032b9dda1df7d1c" "/opt/rustwide/cargo-home/bin/cargo" "+1.75.0" "build" "--frozen" "--message-format=json", kill_on_drop: false }`
[INFO] [stdout] 135030b1ed3cab72a7bba5ab7e988d647eb627c9e1fca98b09db257d271eef49
[INFO] running `Command { std: "docker" "start" "-a" "135030b1ed3cab72a7bba5ab7e988d647eb627c9e1fca98b09db257d271eef49", kill_on_drop: false }`
[INFO] [stderr]    Compiling proc-macro2 v1.0.56
[INFO] [stderr]    Compiling quote v1.0.26
[INFO] [stderr]    Compiling cfg-if v1.0.0
[INFO] [stderr]    Compiling unicode-ident v1.0.8
[INFO] [stderr]    Compiling autocfg v1.1.0
[INFO] [stderr]    Compiling libc v0.2.141
[INFO] [stderr]    Compiling log v0.4.17
[INFO] [stderr]    Compiling ppv-lite86 v0.2.17
[INFO] [stderr]    Compiling getrandom v0.1.16
[INFO] [stderr]    Compiling serde_derive v1.0.159
[INFO] [stderr]    Compiling siphasher v0.3.10
[INFO] [stderr]    Compiling syn v1.0.109
[INFO] [stderr]    Compiling once_cell v1.17.1
[INFO] [stderr]    Compiling serde v1.0.159
[INFO] [stderr]    Compiling pin-project-lite v0.2.9
[INFO] [stderr]    Compiling futures-core v0.3.28
[INFO] [stderr]    Compiling phf_shared v0.8.0
[INFO] [stderr]    Compiling num-traits v0.2.15
[INFO] [stderr]    Compiling syn v2.0.13
[INFO] [stderr]    Compiling bytes v1.4.0
[INFO] [stderr]    Compiling memchr v2.5.0
[INFO] [stderr]    Compiling tokio v1.27.0
[INFO] [stderr]    Compiling rand_core v0.5.1
[INFO] [stderr]    Compiling futures-sink v0.3.28
[INFO] [stderr]    Compiling mio v0.8.6
[INFO] [stderr]    Compiling rand_pcg v0.2.1
[INFO] [stderr]    Compiling rand_chacha v0.2.2
[INFO] [stderr]    Compiling rand v0.7.3
[INFO] [stderr]    Compiling num_cpus v1.15.0
[INFO] [stderr]    Compiling socket2 v0.4.9
[INFO] [stderr]    Compiling num-integer v0.1.45
[INFO] [stderr]    Compiling cc v1.0.79
[INFO] [stderr]    Compiling itoa v1.0.6
[INFO] [stderr]    Compiling smallvec v1.10.0
[INFO] [stderr]    Compiling pkg-config v0.3.26
[INFO] [stderr]    Compiling getrandom v0.2.9
[INFO] [stderr]    Compiling phf_generator v0.8.0
[INFO] [stderr]    Compiling slab v0.4.8
[INFO] [stderr]    Compiling futures-task v0.3.28
[INFO] [stderr]    Compiling futures-channel v0.3.28
[INFO] [stderr]    Compiling rand_core v0.6.4
[INFO] [stderr]    Compiling lock_api v0.4.9
[INFO] [stderr]    Compiling bitflags v1.3.2
[INFO] [stderr]    Compiling proc-macro-hack v0.5.20+deprecated
[INFO] [stderr]    Compiling futures-util v0.3.28
[INFO] [stderr]    Compiling rand_chacha v0.3.1
[INFO] [stderr]    Compiling phf_codegen v0.8.0
[INFO] [stderr]    Compiling phf_shared v0.10.0
[INFO] [stderr]    Compiling tinyvec_macros v0.1.1
[INFO] [stderr]    Compiling pin-utils v0.1.0
[INFO] [stderr]    Compiling scopeguard v1.1.0
[INFO] [stderr]    Compiling futures-io v0.3.28
[INFO] [stderr]    Compiling tinyvec v1.6.0
[INFO] [stderr]    Compiling rand v0.8.5
[INFO] [stderr]    Compiling openssl-sys v0.9.85
[INFO] [stderr]    Compiling foreign-types-shared v0.1.1
[INFO] [stderr]    Compiling openssl v0.10.50
[INFO] [stderr]    Compiling encoding_index_tests v0.1.4
[INFO] [stderr]    Compiling parking_lot_core v0.9.7
[INFO] [stderr]    Compiling foreign-types v0.3.2
[INFO] [stderr]    Compiling tracing-core v0.1.30
[INFO] [stderr]    Compiling unicode-normalization v0.1.22
[INFO] [stderr]    Compiling phf_generator v0.10.0
[INFO] [stderr]    Compiling indexmap v1.9.3
[INFO] [stderr]    Compiling percent-encoding v2.2.0
[INFO] [stderr]    Compiling fnv v1.0.7
[INFO] [stderr]    Compiling native-tls v0.2.11
[INFO] [stderr]    Compiling new_debug_unreachable v1.0.4
[INFO] [stderr]    Compiling matches v0.1.10
[INFO] [stderr]    Compiling unicode-bidi v0.3.13
[INFO] [stderr]    Compiling http v0.2.9
[INFO] [stderr]    Compiling tracing v0.1.37
[INFO] [stderr]    Compiling string_cache_codegen v0.5.2
[INFO] [stderr]    Compiling time v0.1.45
[INFO] [stderr]    Compiling time-core v0.1.0
[INFO] [stderr]    Compiling regex-syntax v0.6.29
[INFO] [stderr]    Compiling precomputed-hash v0.1.1
[INFO] [stderr]    Compiling httparse v1.8.0
[INFO] [stderr]    Compiling version_check v0.9.4
[INFO] [stderr]    Compiling hashbrown v0.12.3
[INFO] [stderr]    Compiling openssl-probe v0.1.5
[INFO] [stderr]    Compiling iana-time-zone v0.1.56
[INFO] [stderr]    Compiling mac v0.1.1
[INFO] [stderr]    Compiling futf v0.1.5
[INFO] [stderr]    Compiling chrono v0.4.24
[INFO] [stderr]    Compiling cookie v0.16.2
[INFO] [stderr]    Compiling markup5ever v0.10.1
[INFO] [stderr]    Compiling tokio-macros v2.0.0
[INFO] [stderr]    Compiling futures-macro v0.3.28
[INFO] [stderr]    Compiling openssl-macros v0.1.1
[INFO] [stderr]    Compiling regex v1.7.3
[INFO] [stderr]    Compiling phf_macros v0.8.0
[INFO] [stderr]    Compiling cssparser v0.27.2
[INFO] [stderr]    Compiling time-macros v0.2.8
[INFO] [stderr]    Compiling parking_lot v0.12.1
[INFO] [stderr]    Compiling idna v0.3.0
[INFO] [stderr]    Compiling phf v0.8.0
[INFO] [stderr]    Compiling form_urlencoded v1.1.0
[INFO] [stderr]    Compiling num-bigint v0.4.3
[INFO] [stderr]    Compiling dtoa v0.4.8
[INFO] [stderr]    Compiling utf-8 v0.7.6
[INFO] [stderr]    Compiling unicode-width v0.1.10
[INFO] [stderr]    Compiling serde_json v1.0.95
[INFO] [stderr]    Compiling ryu v1.0.13
[INFO] [stderr]    Compiling try-lock v0.2.4
[INFO] [stderr]    Compiling want v0.3.0
[INFO] [stderr]    Compiling tendril v0.4.3
[INFO] [stderr]    Compiling time v0.3.20
[INFO] [stderr]    Compiling dtoa-short v0.3.3
[INFO] [stderr]    Compiling html5ever v0.25.2
[INFO] [stderr]    Compiling cssparser-macros v0.6.0
[INFO] [stderr]    Compiling parse-zoneinfo v0.3.0
[INFO] [stderr]    Compiling tokio-util v0.7.7
[INFO] [stderr]    Compiling tokio-native-tls v0.3.1
[INFO] [stderr]    Compiling h2 v0.3.16
[INFO] [stderr]    Compiling http-body v0.4.5
[INFO] [stderr]    Compiling selectors v0.22.0
[INFO] [stderr]    Compiling num-rational v0.4.1
[INFO] [stderr]    Compiling num-iter v0.1.43
[INFO] [stderr]    Compiling parking_lot_core v0.8.6
[INFO] [stderr]    Compiling nodrop v0.1.14
[INFO] [stderr]    Compiling httpdate v1.0.2
[INFO] [stderr]    Compiling byteorder v1.4.3
[INFO] [stderr]    Compiling convert_case v0.4.0
[INFO] [stderr]    Compiling psl-types v2.0.11
[INFO] [stderr]    Compiling thiserror v1.0.40
[INFO] [stderr]    Compiling itoa v0.4.8
[INFO] [stderr]    Compiling stable_deref_trait v1.2.0
[INFO] [stderr]    Compiling tower-service v0.3.2
[INFO] [stderr]    Compiling servo_arc v0.1.1
[INFO] [stderr]    Compiling derive_more v0.99.17
[INFO] [stderr]    Compiling fxhash v0.2.1
[INFO] [stderr]    Compiling publicsuffix v2.2.3
[INFO] [stderr]    Compiling string_cache v0.8.7
[INFO] [stderr]    Compiling chrono-tz v0.5.3
[INFO] [stderr]    Compiling url v2.3.1
[INFO] [stderr]    Compiling hyper v0.14.25
[INFO] [stderr]    Compiling thiserror-impl v1.0.40
[INFO] [stderr]    Compiling idna v0.2.3
[INFO] [stderr]    Compiling encoding-index-simpchinese v1.20141219.5
[INFO] [stderr]    Compiling encoding-index-japanese v1.20141219.5
[INFO] [stderr]    Compiling encoding-index-korean v1.20141219.5
[INFO] [stderr]    Compiling encoding-index-tradchinese v1.20141219.5
[INFO] [stderr]    Compiling encoding-index-singlebyte v1.20141219.5
[INFO] [stderr]    Compiling instant v0.1.12
[INFO] [stderr]    Compiling thin-slice v0.1.1
[INFO] [stderr]    Compiling encoding v0.2.33
[INFO] [stderr]    Compiling cookie_store v0.16.1
[INFO] [stderr]    Compiling hyper-tls v0.5.0
[INFO] [stderr]    Compiling serde_urlencoded v0.7.1
[INFO] [stderr]    Compiling num-complex v0.4.3
[INFO] [stderr]    Compiling tokio-util v0.6.10
[INFO] [stderr]    Compiling getopts v0.2.21
[INFO] [stderr]    Compiling pin-project-internal v1.0.12
[INFO] [stderr]    Compiling aho-corasick v0.7.20
[INFO] [stderr]    Compiling atty v0.2.14
[INFO] [stderr]    Compiling thread_local v1.1.7
[INFO] [stderr]    Compiling encoding_rs v0.8.32
[INFO] [stderr]    Compiling ipnet v2.7.2
[INFO] [stderr]    Compiling async-trait v0.1.68
[INFO] [stderr]    Compiling mime v0.3.17
[INFO] [stderr]    Compiling ego-tree v0.6.2
[INFO] [stderr]    Compiling base64 v0.21.0
[INFO] [stderr]    Compiling scraper v0.12.0
[INFO] [stderr]    Compiling fuzzy-matcher v0.3.7
[INFO] [stderr]    Compiling irc-proto v0.15.0
[INFO] [stderr]    Compiling num v0.4.0
[INFO] [stderr]    Compiling pin-project v1.0.12
[INFO] [stderr]    Compiling reqwest v0.11.16
[INFO] [stderr]    Compiling parking_lot v0.11.2
[INFO] [stderr]    Compiling toml v0.5.11
[INFO] [stderr]    Compiling tokio-stream v0.1.12
[INFO] [stderr]    Compiling futures-executor v0.3.28
[INFO] [stderr]    Compiling textwrap v0.11.0
[INFO] [stderr]    Compiling chrono-humanize v0.1.2
[INFO] [stderr]    Compiling bitap v0.2.0 (https://github.com/ward/bitap#e6f35507)
[INFO] [stderr]    Compiling strsim v0.10.0
[INFO] [stderr]    Compiling strsim v0.8.0
[INFO] [stderr]    Compiling ansi_term v0.12.1
[INFO] [stderr]    Compiling humantime v2.1.0
[INFO] [stderr]    Compiling vec_map v0.8.2
[INFO] [stderr]    Compiling termcolor v1.2.0
[INFO] [stderr]    Compiling clap v2.34.0
[INFO] [stderr]    Compiling football v0.2.0 (https://github.com/ward/football#0045311d)
[INFO] [stderr]    Compiling env_logger v0.8.4
[INFO] [stderr]    Compiling irc v0.15.0
[INFO] [stderr]    Compiling futures v0.3.28
[INFO] [stderr]    Compiling rink-core v0.6.2
[INFO] [stderr]    Compiling unicode-segmentation v1.10.1
[INFO] [stderr]    Compiling rusty-butler v0.4.0 (/opt/rustwide/workdir)
[INFO] [stdout] warning: use of deprecated associated function `chrono::Utc::today`: use `Utc::now()` instead, potentially with `.date_naive()`
[INFO] [stdout]   --> src/plugins/games/toirc.rs:21:32
[INFO] [stdout]    |
[INFO] [stdout] 21 |                 let now = Utc::today();
[INFO] [stdout]    |                                ^^^^^
[INFO] [stdout]    |
[INFO] [stdout]    = note: `#[warn(deprecated)]` on by default
[INFO] [stdout] 
[INFO] [stdout] 
[INFO] [stdout] warning: use of deprecated method `chrono::DateTime::<Tz>::date`: Use `date_naive()` instead
[INFO] [stdout]   --> src/plugins/games/toirc.rs:22:36
[INFO] [stdout]    |
[INFO] [stdout] 22 |                 if self.start_time.date().ordinal() == now.ordinal() {
[INFO] [stdout]    |                                    ^^^^
[INFO] [stdout] 
[INFO] [stdout] 
[INFO] [stdout] warning: 2 warnings emitted
[INFO] [stdout] 
[INFO] [stdout] 
[INFO] [stderr]     Finished dev [unoptimized + debuginfo] target(s) in 53.04s
[INFO] running `Command { std: "docker" "inspect" "135030b1ed3cab72a7bba5ab7e988d647eb627c9e1fca98b09db257d271eef49", kill_on_drop: false }`
[INFO] running `Command { std: "docker" "rm" "-f" "135030b1ed3cab72a7bba5ab7e988d647eb627c9e1fca98b09db257d271eef49", kill_on_drop: false }`
[INFO] [stdout] 135030b1ed3cab72a7bba5ab7e988d647eb627c9e1fca98b09db257d271eef49
[INFO] running `Command { std: "docker" "create" "-v" "/var/lib/crater-agent-workspace/builds/worker-7-tc1/target:/opt/rustwide/target:rw,Z" "-v" "/var/lib/crater-agent-workspace/builds/worker-7-tc1/source:/opt/rustwide/workdir:ro,Z" "-v" "/var/lib/crater-agent-workspace/cargo-home:/opt/rustwide/cargo-home:ro,Z" "-v" "/var/lib/crater-agent-workspace/rustup-home:/opt/rustwide/rustup-home:ro,Z" "-e" "SOURCE_DIR=/opt/rustwide/workdir" "-e" "CARGO_TARGET_DIR=/opt/rustwide/target" "-e" "CARGO_INCREMENTAL=0" "-e" "RUST_BACKTRACE=full" "-e" "RUSTFLAGS=--cap-lints=warn" "-e" "RUSTDOCFLAGS=--cap-lints=warn" "-e" "CARGO_HOME=/opt/rustwide/cargo-home" "-e" "RUSTUP_HOME=/opt/rustwide/rustup-home" "-w" "/opt/rustwide/workdir" "-m" "1610612736" "--user" "0:0" "--network" "none" "ghcr.io/rust-lang/crates-build-env/linux@sha256:2788e3201cd34a07e3172128adcd8b3090168a8e3bcc40d7c032b9dda1df7d1c" "/opt/rustwide/cargo-home/bin/cargo" "+1.75.0" "test" "--frozen" "--no-run" "--message-format=json", kill_on_drop: false }`
[INFO] [stdout] 01303f7435dbcb0c10280dd46fcf082a58e7f781b02575fd157635d2e4ddfd78
[INFO] running `Command { std: "docker" "start" "-a" "01303f7435dbcb0c10280dd46fcf082a58e7f781b02575fd157635d2e4ddfd78", kill_on_drop: false }`
[INFO] [stdout] warning: use of deprecated associated function `chrono::Utc::today`: use `Utc::now()` instead, potentially with `.date_naive()`
[INFO] [stdout]   --> src/plugins/games/toirc.rs:21:32
[INFO] [stdout]    |
[INFO] [stdout] 21 |                 let now = Utc::today();
[INFO] [stdout]    |                                ^^^^^
[INFO] [stdout]    |
[INFO] [stdout]    = note: `#[warn(deprecated)]` on by default
[INFO] [stdout] 
[INFO] [stdout] 
[INFO] [stdout] warning: use of deprecated method `chrono::DateTime::<Tz>::date`: Use `date_naive()` instead
[INFO] [stdout]   --> src/plugins/games/toirc.rs:22:36
[INFO] [stdout]    |
[INFO] [stdout] 22 |                 if self.start_time.date().ordinal() == now.ordinal() {
[INFO] [stdout]    |                                    ^^^^
[INFO] [stdout] 
[INFO] [stdout] 
[INFO] [stdout] warning: 2 warnings emitted
[INFO] [stdout] 
[INFO] [stdout] 
[INFO] [stderr]    Compiling rusty-butler v0.4.0 (/opt/rustwide/workdir)
[INFO] [stdout] warning: use of deprecated associated function `chrono::Utc::today`: use `Utc::now()` instead, potentially with `.date_naive()`
[INFO] [stdout]   --> src/plugins/games/toirc.rs:21:32
[INFO] [stdout]    |
[INFO] [stdout] 21 |                 let now = Utc::today();
[INFO] [stdout]    |                                ^^^^^
[INFO] [stdout]    |
[INFO] [stdout]    = note: `#[warn(deprecated)]` on by default
[INFO] [stdout] 
[INFO] [stdout] 
[INFO] [stdout] warning: use of deprecated method `chrono::DateTime::<Tz>::date`: Use `date_naive()` instead
[INFO] [stdout]   --> src/plugins/games/toirc.rs:22:36
[INFO] [stdout]    |
[INFO] [stdout] 22 |                 if self.start_time.date().ordinal() == now.ordinal() {
[INFO] [stdout]    |                                    ^^^^
[INFO] [stdout] 
[INFO] [stdout] 
[INFO] [stdout] warning: function `read_to_string` is never used
[INFO] [stdout]    --> src/plugins/elo.rs:236:8
[INFO] [stdout]     |
[INFO] [stdout] 236 |     fn read_to_string(path: &str) -> String {
[INFO] [stdout]     |        ^^^^^^^^^^^^^^
[INFO] [stdout]     |
[INFO] [stdout]     = note: `#[warn(dead_code)]` on by default
[INFO] [stdout] 
[INFO] [stdout] 
[INFO] [stdout] warning: 3 warnings emitted
[INFO] [stdout] 
[INFO] [stdout] 
[INFO] [stderr]     Finished test [unoptimized + debuginfo] target(s) in 4.33s
[INFO] running `Command { std: "docker" "inspect" "01303f7435dbcb0c10280dd46fcf082a58e7f781b02575fd157635d2e4ddfd78", kill_on_drop: false }`
[INFO] running `Command { std: "docker" "rm" "-f" "01303f7435dbcb0c10280dd46fcf082a58e7f781b02575fd157635d2e4ddfd78", kill_on_drop: false }`
[INFO] [stdout] 01303f7435dbcb0c10280dd46fcf082a58e7f781b02575fd157635d2e4ddfd78
[INFO] running `Command { std: "docker" "create" "-v" "/var/lib/crater-agent-workspace/builds/worker-7-tc1/target:/opt/rustwide/target:rw,Z" "-v" "/var/lib/crater-agent-workspace/builds/worker-7-tc1/source:/opt/rustwide/workdir:ro,Z" "-v" "/var/lib/crater-agent-workspace/cargo-home:/opt/rustwide/cargo-home:ro,Z" "-v" "/var/lib/crater-agent-workspace/rustup-home:/opt/rustwide/rustup-home:ro,Z" "-e" "SOURCE_DIR=/opt/rustwide/workdir" "-e" "CARGO_TARGET_DIR=/opt/rustwide/target" "-e" "CARGO_INCREMENTAL=0" "-e" "RUST_BACKTRACE=full" "-e" "RUSTFLAGS=--cap-lints=warn" "-e" "RUSTDOCFLAGS=--cap-lints=warn" "-e" "CARGO_HOME=/opt/rustwide/cargo-home" "-e" "RUSTUP_HOME=/opt/rustwide/rustup-home" "-w" "/opt/rustwide/workdir" "-m" "1610612736" "--user" "0:0" "--network" "none" "ghcr.io/rust-lang/crates-build-env/linux@sha256:2788e3201cd34a07e3172128adcd8b3090168a8e3bcc40d7c032b9dda1df7d1c" "/opt/rustwide/cargo-home/bin/cargo" "+1.75.0" "test" "--frozen", kill_on_drop: false }`
[INFO] [stdout] 106cebede59bb32f04d1b8dfc94ef15c63fe252ad8808c605a0189d00dd513f8
[INFO] running `Command { std: "docker" "start" "-a" "106cebede59bb32f04d1b8dfc94ef15c63fe252ad8808c605a0189d00dd513f8", kill_on_drop: false }`
[INFO] [stderr] warning: use of deprecated associated function `chrono::Utc::today`: use `Utc::now()` instead, potentially with `.date_naive()`
[INFO] [stderr]   --> src/plugins/games/toirc.rs:21:32
[INFO] [stderr]    |
[INFO] [stderr] 21 |                 let now = Utc::today();
[INFO] [stderr]    |                                ^^^^^
[INFO] [stderr]    |
[INFO] [stderr]    = note: `#[warn(deprecated)]` on by default
[INFO] [stderr] 
[INFO] [stderr] warning: use of deprecated method `chrono::DateTime::<Tz>::date`: Use `date_naive()` instead
[INFO] [stderr]   --> src/plugins/games/toirc.rs:22:36
[INFO] [stderr]    |
[INFO] [stderr] 22 |                 if self.start_time.date().ordinal() == now.ordinal() {
[INFO] [stderr]    |                                    ^^^^
[INFO] [stderr] 
[INFO] [stderr] warning: function `read_to_string` is never used
[INFO] [stderr]    --> src/plugins/elo.rs:236:8
[INFO] [stderr]     |
[INFO] [stderr] 236 |     fn read_to_string(path: &str) -> String {
[INFO] [stderr]     |        ^^^^^^^^^^^^^^
[INFO] [stderr]     |
[INFO] [stderr]     = note: `#[warn(dead_code)]` on by default
[INFO] [stderr] 
[INFO] [stderr] warning: `rusty-butler` (lib) generated 2 warnings
[INFO] [stderr] warning: `rusty-butler` (lib test) generated 3 warnings (2 duplicates)
[INFO] [stderr]     Finished test [unoptimized + debuginfo] target(s) in 0.11s
[INFO] [stderr]      Running unittests src/lib.rs (/opt/rustwide/target/debug/deps/rusty_butler_lib-e2501441021ed84e)
[INFO] [stdout] 
[INFO] [stdout] running 43 tests
[INFO] [stdout] test plugins::calc::tests::calc_input ... ok
[INFO] [stdout] test plugins::calc::tests::calc_matches ... ok
[INFO] [stdout] test plugins::elo::tests::find_different_case_club ... ok
[INFO] [stdout] test plugins::elo::tests::find_exact_club ... ok
[INFO] [stdout] test plugins::elo::tests::find_many_clubs ... ok
[INFO] [stdout] test plugins::elo::tests::get_top_10 ... ok
[INFO] [stdout] test plugins::elo::tests::parse_ranking ... ok
[INFO] [stdout] test plugins::games::query::tests::test_competition ... ok
[INFO] [stdout] test plugins::games::query::tests::test_competition_before_country ... ok
[INFO] [stdout] test plugins::games::query::tests::test_competition_no_country ... ok
[INFO] [stdout] test plugins::games::query::tests::test_country_query ... ok
[INFO] [stdout] test plugins::games::query::tests::test_country_with_spaces ... ok
[INFO] [stdout] test plugins::games::query::tests::test_epl_caps_shortcut ... ok
[INFO] [stdout] test plugins::games::query::tests::test_epl_shortcut ... ok
[INFO] [stdout] test plugins::games::query::tests::test_epl_shortcut_with_time ... ok
[INFO] [stdout] test plugins::games::query::tests::test_normal_query ... ok
[INFO] [stdout] test plugins::games::query::tests::test_query_with_many_spaces ... ok
[INFO] [stdout] test plugins::games::query::tests::test_serie_a ... ok
[INFO] [stdout] test plugins::games::query::tests::test_shortcut_and_competition ... ok
[INFO] [stdout] test plugins::games::query::tests::test_shortcut_with_dashes ... ok
[INFO] [stdout] test plugins::games::query::tests::test_women_world_cup_shortcut ... ok
[INFO] [stdout] test plugins::games::query::tests::test_world_cup_shortcut ... ok
[INFO] [stdout] test plugins::help::tests::match_help ... ok
[INFO] [stdout] test plugins::lastseen::tests::match_nick ... ok
[INFO] [stdout] test plugins::leagueranking::tests::test_group_name_converter ... ok
[INFO] [stdout] test plugins::simple_reply::tests::test_multiple_triggers ... ok
[INFO] [stdout] test plugins::simple_reply::tests::test_single_reply ... ok
[INFO] [stdout] test plugins::simple_reply::tests::test_single_trigger ... ok
[INFO] [stdout] test plugins::strava::strava_irc_link::tests::strava_irc_link ... FAILED
[INFO] [stdout] test plugins::strava::strava_irc_link::tests::strava_irc_link_parse ... ok
[INFO] [stdout] test plugins::strava::tests::athlete_display ... ok
[INFO] [stdout] test plugins::strava::tests::irc_highlight_prevention ... ok
[INFO] [stdout] test plugins::strava::tests::match_club ... ok
[INFO] [stdout] test plugins::strava::tests::match_club_and_unicode ... ok
[INFO] [stdout] test plugins::untappd::api::tests::failed_untappd_api_reply ... ok
[INFO] [stdout] test plugins::untappd::api::tests::parse_untappd_response ... ok
[INFO] [stdout] test plugins::calc::tests::unicode_line ... ok
[INFO] [stdout] test plugins::calc::tests::pace_conversion ... ok
[INFO] [stdout] test plugins::calc::tests::grade_calculation ... ok
[INFO] [stdout] test plugins::calc::tests::rink_calcer ... ok
[INFO] [stdout] test plugins::calc::tests::cm_to_feet ... ok
[INFO] [stdout] test plugins::calc::tests::shortcut ... ok
[INFO] [stdout] test plugins::calc::tests::rink_degree_conversion ... ok
[INFO] [stdout] 
[INFO] [stdout] failures:
[INFO] [stdout] 
[INFO] [stdout] ---- plugins::strava::strava_irc_link::tests::strava_irc_link stdout ----
[INFO] [stdout] thread 'plugins::strava::strava_irc_link::tests::strava_irc_link' panicked at src/plugins/strava/strava_irc_link.rs:57:23:
[INFO] [stdout] Failed to save, Read-only file system (os error 30)
[INFO] [stdout] stack backtrace:
[INFO] [stdout]    0:     0x5584a467d69c - std::backtrace_rs::backtrace::libunwind::trace::ha637c64ce894333a
[INFO] [stdout]                                at /rustc/82e1608dfa6e0b5569232559e3d385fea5a93112/library/std/src/../../backtrace/src/backtrace/libunwind.rs:104:5
[INFO] [stdout]    1:     0x5584a467d69c - std::backtrace_rs::backtrace::trace_unsynchronized::h47f62dea28e0c88d
[INFO] [stdout]                                at /rustc/82e1608dfa6e0b5569232559e3d385fea5a93112/library/std/src/../../backtrace/src/backtrace/mod.rs:66:5
[INFO] [stdout]    2:     0x5584a467d69c - std::sys_common::backtrace::_print_fmt::h9eef0abe20ede486
[INFO] [stdout]                                at /rustc/82e1608dfa6e0b5569232559e3d385fea5a93112/library/std/src/sys_common/backtrace.rs:67:5
[INFO] [stdout]    3:     0x5584a467d69c - <std::sys_common::backtrace::_print::DisplayBacktrace as core::fmt::Display>::fmt::hed7f999df88cc644
[INFO] [stdout]                                at /rustc/82e1608dfa6e0b5569232559e3d385fea5a93112/library/std/src/sys_common/backtrace.rs:44:22
[INFO] [stdout]    4:     0x5584a46aa2c0 - core::fmt::rt::Argument::fmt::h1539a9308b8d058d
[INFO] [stdout]                                at /rustc/82e1608dfa6e0b5569232559e3d385fea5a93112/library/core/src/fmt/rt.rs:142:9
[INFO] [stdout]    5:     0x5584a46aa2c0 - core::fmt::write::h3a39390d8560d9c9
[INFO] [stdout]                                at /rustc/82e1608dfa6e0b5569232559e3d385fea5a93112/library/core/src/fmt/mod.rs:1120:17
[INFO] [stdout]    6:     0x5584a467aebf - std::io::Write::write_fmt::h040b369f3a0f9cbc
[INFO] [stdout]                                at /rustc/82e1608dfa6e0b5569232559e3d385fea5a93112/library/std/src/io/mod.rs:1762:15
[INFO] [stdout]    7:     0x5584a467d484 - std::sys_common::backtrace::_print::h894006fb5c6f3d45
[INFO] [stdout]                                at /rustc/82e1608dfa6e0b5569232559e3d385fea5a93112/library/std/src/sys_common/backtrace.rs:47:5
[INFO] [stdout]    8:     0x5584a467d484 - std::sys_common::backtrace::print::h23a2d212c6fff936
[INFO] [stdout]                                at /rustc/82e1608dfa6e0b5569232559e3d385fea5a93112/library/std/src/sys_common/backtrace.rs:34:9
[INFO] [stdout]    9:     0x5584a467f147 - std::panicking::default_hook::{{closure}}::h8a1d2ee00185001a
[INFO] [stdout]   10:     0x5584a467ee33 - std::panicking::default_hook::h6038f2eba384e475
[INFO] [stdout]                                at /rustc/82e1608dfa6e0b5569232559e3d385fea5a93112/library/std/src/panicking.rs:289:9
[INFO] [stdout]   11:     0x5584a442f9e7 - <alloc::boxed::Box<F,A> as core::ops::function::Fn<Args>>::call::h0ad024c9bdc6d768
[INFO] [stdout]                                at /rustc/82e1608dfa6e0b5569232559e3d385fea5a93112/library/alloc/src/boxed.rs:2021:9
[INFO] [stdout]   12:     0x5584a442f9e7 - test::test_main::{{closure}}::h7500b54257359db6
[INFO] [stdout]                                at /rustc/82e1608dfa6e0b5569232559e3d385fea5a93112/library/test/src/lib.rs:138:21
[INFO] [stdout]   13:     0x5584a467f758 - <alloc::boxed::Box<F,A> as core::ops::function::Fn<Args>>::call::h1f8f335eaa9cfaee
[INFO] [stdout]                                at /rustc/82e1608dfa6e0b5569232559e3d385fea5a93112/library/alloc/src/boxed.rs:2021:9
[INFO] [stdout]   14:     0x5584a467f758 - std::panicking::rust_panic_with_hook::h2b5517d590cab22e
[INFO] [stdout]                                at /rustc/82e1608dfa6e0b5569232559e3d385fea5a93112/library/std/src/panicking.rs:783:13
[INFO] [stdout]   15:     0x5584a467f4ae - std::panicking::begin_panic_handler::{{closure}}::h233112c06e0ef43e
[INFO] [stdout]                                at /rustc/82e1608dfa6e0b5569232559e3d385fea5a93112/library/std/src/panicking.rs:657:13
[INFO] [stdout]   16:     0x5584a467db66 - std::sys_common::backtrace::__rust_end_short_backtrace::h6e893f24d7ebbff8
[INFO] [stdout]                                at /rustc/82e1608dfa6e0b5569232559e3d385fea5a93112/library/std/src/sys_common/backtrace.rs:170:18
[INFO] [stdout]   17:     0x5584a467f212 - rust_begin_unwind
[INFO] [stdout]                                at /rustc/82e1608dfa6e0b5569232559e3d385fea5a93112/library/std/src/panicking.rs:645:5
[INFO] [stdout]   18:     0x5584a417d465 - core::panicking::panic_fmt::hbf0e066aabfa482c
[INFO] [stdout]                                at /rustc/82e1608dfa6e0b5569232559e3d385fea5a93112/library/core/src/panicking.rs:72:14
[INFO] [stdout]   19:     0x5584a41b19f4 - rusty_butler_lib::plugins::strava::strava_irc_link::StravaIrcLink::_to_file::h389fc1c843903d19
[INFO] [stdout]                                at /opt/rustwide/workdir/src/plugins/strava/strava_irc_link.rs:57:23
[INFO] [stdout]   20:     0x5584a41aeb2a - rusty_butler_lib::plugins::strava::strava_irc_link::tests::strava_irc_link::h49937bb07b1dc1ab
[INFO] [stdout]                                at /opt/rustwide/workdir/src/plugins/strava/strava_irc_link.rs:151:9
[INFO] [stdout]   21:     0x5584a41ae747 - rusty_butler_lib::plugins::strava::strava_irc_link::tests::strava_irc_link::{{closure}}::he2932e6c16faf1b1
[INFO] [stdout]                                at /opt/rustwide/workdir/src/plugins/strava/strava_irc_link.rs:141:25
[INFO] [stdout]   22:     0x5584a41bff16 - core::ops::function::FnOnce::call_once::h3681b424b5744e41
[INFO] [stdout]                                at /rustc/82e1608dfa6e0b5569232559e3d385fea5a93112/library/core/src/ops/function.rs:250:5
[INFO] [stdout]   23:     0x5584a443503f - core::ops::function::FnOnce::call_once::h2b5d431d5046312d
[INFO] [stdout]                                at /rustc/82e1608dfa6e0b5569232559e3d385fea5a93112/library/core/src/ops/function.rs:250:5
[INFO] [stdout]   24:     0x5584a443503f - test::__rust_begin_short_backtrace::h7714669af176e207
[INFO] [stdout]                                at /rustc/82e1608dfa6e0b5569232559e3d385fea5a93112/library/test/src/lib.rs:628:18
[INFO] [stdout]   25:     0x5584a4434055 - test::run_test_in_process::{{closure}}::h85218797dcbcec12
[INFO] [stdout]                                at /rustc/82e1608dfa6e0b5569232559e3d385fea5a93112/library/test/src/lib.rs:651:60
[INFO] [stdout]   26:     0x5584a4434055 - <core::panic::unwind_safe::AssertUnwindSafe<F> as core::ops::function::FnOnce<()>>::call_once::h76c106ea31c14d7b
[INFO] [stdout]                                at /rustc/82e1608dfa6e0b5569232559e3d385fea5a93112/library/core/src/panic/unwind_safe.rs:272:9
[INFO] [stdout]   27:     0x5584a4434055 - std::panicking::try::do_call::h3bd5d0f6620ee946
[INFO] [stdout]                                at /rustc/82e1608dfa6e0b5569232559e3d385fea5a93112/library/std/src/panicking.rs:552:40
[INFO] [stdout]   28:     0x5584a4434055 - std::panicking::try::h232e535e4744fe31
[INFO] [stdout]                                at /rustc/82e1608dfa6e0b5569232559e3d385fea5a93112/library/std/src/panicking.rs:516:19
[INFO] [stdout]   29:     0x5584a4434055 - std::panic::catch_unwind::h3ce3bd6ca8dbac68
[INFO] [stdout]                                at /rustc/82e1608dfa6e0b5569232559e3d385fea5a93112/library/std/src/panic.rs:142:14
[INFO] [stdout]   30:     0x5584a4434055 - test::run_test_in_process::hc97b257c9621286a
[INFO] [stdout]                                at /rustc/82e1608dfa6e0b5569232559e3d385fea5a93112/library/test/src/lib.rs:651:27
[INFO] [stdout]   31:     0x5584a4434055 - test::run_test::{{closure}}::h2aa798823a438d38
[INFO] [stdout]                                at /rustc/82e1608dfa6e0b5569232559e3d385fea5a93112/library/test/src/lib.rs:574:43
[INFO] [stdout]   32:     0x5584a43fc316 - test::run_test::{{closure}}::h87d231c78fb59832
[INFO] [stdout]                                at /rustc/82e1608dfa6e0b5569232559e3d385fea5a93112/library/test/src/lib.rs:602:41
[INFO] [stdout]   33:     0x5584a43fc316 - std::sys_common::backtrace::__rust_begin_short_backtrace::he6df152596625789
[INFO] [stdout]                                at /rustc/82e1608dfa6e0b5569232559e3d385fea5a93112/library/std/src/sys_common/backtrace.rs:154:18
[INFO] [stdout]   34:     0x5584a44013c7 - std::thread::Builder::spawn_unchecked_::{{closure}}::{{closure}}::ha94be15d1e0acf36
[INFO] [stdout]                                at /rustc/82e1608dfa6e0b5569232559e3d385fea5a93112/library/std/src/thread/mod.rs:529:17
[INFO] [stdout]   35:     0x5584a44013c7 - <core::panic::unwind_safe::AssertUnwindSafe<F> as core::ops::function::FnOnce<()>>::call_once::h9dc6bd6372f16606
[INFO] [stdout]                                at /rustc/82e1608dfa6e0b5569232559e3d385fea5a93112/library/core/src/panic/unwind_safe.rs:272:9
[INFO] [stdout]   36:     0x5584a44013c7 - std::panicking::try::do_call::h9057517f80303cd4
[INFO] [stdout]                                at /rustc/82e1608dfa6e0b5569232559e3d385fea5a93112/library/std/src/panicking.rs:552:40
[INFO] [stdout]   37:     0x5584a44013c7 - std::panicking::try::he3a30b11ee45340c
[INFO] [stdout]                                at /rustc/82e1608dfa6e0b5569232559e3d385fea5a93112/library/std/src/panicking.rs:516:19
[INFO] [stdout]   38:     0x5584a44013c7 - std::panic::catch_unwind::h410458cfd3528b8b
[INFO] [stdout]                                at /rustc/82e1608dfa6e0b5569232559e3d385fea5a93112/library/std/src/panic.rs:142:14
[INFO] [stdout]   39:     0x5584a44013c7 - std::thread::Builder::spawn_unchecked_::{{closure}}::h72ac3bdb567b737b
[INFO] [stdout]                                at /rustc/82e1608dfa6e0b5569232559e3d385fea5a93112/library/std/src/thread/mod.rs:528:30
[INFO] [stdout]   40:     0x5584a44013c7 - core::ops::function::FnOnce::call_once{{vtable.shim}}::h38f34da3654a8344
[INFO] [stdout]                                at /rustc/82e1608dfa6e0b5569232559e3d385fea5a93112/library/core/src/ops/function.rs:250:5
[INFO] [stdout]   41:     0x5584a4684435 - <alloc::boxed::Box<F,A> as core::ops::function::FnOnce<Args>>::call_once::hc7eafaff61e32df9
[INFO] [stdout]                                at /rustc/82e1608dfa6e0b5569232559e3d385fea5a93112/library/alloc/src/boxed.rs:2007:9
[INFO] [stdout]   42:     0x5584a4684435 - <alloc::boxed::Box<F,A> as core::ops::function::FnOnce<Args>>::call_once::h6ba4a5de48dd2304
[INFO] [stdout]                                at /rustc/82e1608dfa6e0b5569232559e3d385fea5a93112/library/alloc/src/boxed.rs:2007:9
[INFO] [stdout]   43:     0x5584a4684435 - std::sys::unix::thread::Thread::new::thread_start::he469335aef763e45
[INFO] [stdout]                                at /rustc/82e1608dfa6e0b5569232559e3d385fea5a93112/library/std/src/sys/unix/thread.rs:108:17
[INFO] [stdout]   44:     0x7f8d7b5dfac3 - <unknown>
[INFO] [stdout]   45:     0x7f8d7b670bf4 - __clone
[INFO] [stdout]   46:                0x0 - <unknown>
[INFO] [stdout] 
[INFO] [stdout] 
[INFO] [stdout] failures:
[INFO] [stdout]     plugins::strava::strava_irc_link::tests::strava_irc_link
[INFO] [stdout] 
[INFO] [stdout] test result: FAILED. 42 passed; 1 failed; 0 ignored; 0 measured; 0 filtered out; finished in 0.66s
[INFO] [stdout] 
[INFO] [stderr] error: test failed, to rerun pass `--lib`
[INFO] running `Command { std: "docker" "inspect" "106cebede59bb32f04d1b8dfc94ef15c63fe252ad8808c605a0189d00dd513f8", kill_on_drop: false }`
[INFO] running `Command { std: "docker" "rm" "-f" "106cebede59bb32f04d1b8dfc94ef15c63fe252ad8808c605a0189d00dd513f8", kill_on_drop: false }`
[INFO] [stdout] 106cebede59bb32f04d1b8dfc94ef15c63fe252ad8808c605a0189d00dd513f8
[INFO] testing ward/rusty-butler against beta-2023-12-22 for beta-1.76-1
[INFO] running `Command { std: "git" "clone" "/workspace/cache/git-repos/https%3A%2F%2Fgithub.com%2Fward%2Frusty-butler" "/workspace/builds/worker-7-tc2/source", kill_on_drop: false }`
[INFO] [stderr] Cloning into '/workspace/builds/worker-7-tc2/source'...
[INFO] [stderr] done.
[INFO] validating manifest of git repo https://github.com/ward/rusty-butler on toolchain beta-2023-12-22
[INFO] running `Command { std: CARGO_HOME="/workspace/cargo-home" RUSTUP_HOME="/workspace/rustup-home" "/workspace/cargo-home/bin/cargo" "+beta-2023-12-22" "metadata" "--manifest-path" "Cargo.toml" "--no-deps", kill_on_drop: false }`
[INFO] started tweaking git repo https://github.com/ward/rusty-butler
[INFO] finished tweaking git repo https://github.com/ward/rusty-butler
[INFO] tweaked toml for git repo https://github.com/ward/rusty-butler written to /workspace/builds/worker-7-tc2/source/Cargo.toml
[INFO] crate git repo https://github.com/ward/rusty-butler already has a lockfile, it will not be regenerated
[INFO] running `Command { std: CARGO_HOME="/workspace/cargo-home" RUSTUP_HOME="/workspace/rustup-home" "/workspace/cargo-home/bin/cargo" "+beta-2023-12-22" "fetch" "--manifest-path" "Cargo.toml", kill_on_drop: false }`
[INFO] running `Command { std: "docker" "create" "-v" "/var/lib/crater-agent-workspace/builds/worker-7-tc2/target:/opt/rustwide/target:rw,Z" "-v" "/var/lib/crater-agent-workspace/builds/worker-7-tc2/source:/opt/rustwide/workdir:ro,Z" "-v" "/var/lib/crater-agent-workspace/cargo-home:/opt/rustwide/cargo-home:ro,Z" "-v" "/var/lib/crater-agent-workspace/rustup-home:/opt/rustwide/rustup-home:ro,Z" "-e" "SOURCE_DIR=/opt/rustwide/workdir" "-e" "CARGO_TARGET_DIR=/opt/rustwide/target" "-e" "CARGO_HOME=/opt/rustwide/cargo-home" "-e" "RUSTUP_HOME=/opt/rustwide/rustup-home" "-w" "/opt/rustwide/workdir" "-m" "1610612736" "--user" "0:0" "--network" "none" "ghcr.io/rust-lang/crates-build-env/linux@sha256:2788e3201cd34a07e3172128adcd8b3090168a8e3bcc40d7c032b9dda1df7d1c" "/opt/rustwide/cargo-home/bin/cargo" "+beta-2023-12-22" "metadata" "--no-deps" "--format-version=1", kill_on_drop: false }`
[INFO] [stdout] 1af2a0357fbf05f4b96cf1a50d36eb5b2da67a9e0482115cacc2e0b6988e8e9e
[INFO] running `Command { std: "docker" "start" "-a" "1af2a0357fbf05f4b96cf1a50d36eb5b2da67a9e0482115cacc2e0b6988e8e9e", kill_on_drop: false }`
[INFO] running `Command { std: "docker" "inspect" "1af2a0357fbf05f4b96cf1a50d36eb5b2da67a9e0482115cacc2e0b6988e8e9e", kill_on_drop: false }`
[INFO] running `Command { std: "docker" "rm" "-f" "1af2a0357fbf05f4b96cf1a50d36eb5b2da67a9e0482115cacc2e0b6988e8e9e", kill_on_drop: false }`
[INFO] [stdout] 1af2a0357fbf05f4b96cf1a50d36eb5b2da67a9e0482115cacc2e0b6988e8e9e
[INFO] running `Command { std: "docker" "create" "-v" "/var/lib/crater-agent-workspace/builds/worker-7-tc2/target:/opt/rustwide/target:rw,Z" "-v" "/var/lib/crater-agent-workspace/builds/worker-7-tc2/source:/opt/rustwide/workdir:ro,Z" "-v" "/var/lib/crater-agent-workspace/cargo-home:/opt/rustwide/cargo-home:ro,Z" "-v" "/var/lib/crater-agent-workspace/rustup-home:/opt/rustwide/rustup-home:ro,Z" "-e" "SOURCE_DIR=/opt/rustwide/workdir" "-e" "CARGO_TARGET_DIR=/opt/rustwide/target" "-e" "CARGO_INCREMENTAL=0" "-e" "RUST_BACKTRACE=full" "-e" "RUSTFLAGS=--cap-lints=warn" "-e" "RUSTDOCFLAGS=--cap-lints=warn" "-e" "CARGO_HOME=/opt/rustwide/cargo-home" "-e" "RUSTUP_HOME=/opt/rustwide/rustup-home" "-w" "/opt/rustwide/workdir" "-m" "1610612736" "--user" "0:0" "--network" "none" "ghcr.io/rust-lang/crates-build-env/linux@sha256:2788e3201cd34a07e3172128adcd8b3090168a8e3bcc40d7c032b9dda1df7d1c" "/opt/rustwide/cargo-home/bin/cargo" "+beta-2023-12-22" "build" "--frozen" "--message-format=json", kill_on_drop: false }`
[INFO] [stdout] 1e00a93910dca8ef1a9c2a2d8d6d9697528575fccadee04b4eb4aeb2779715ed
[INFO] running `Command { std: "docker" "start" "-a" "1e00a93910dca8ef1a9c2a2d8d6d9697528575fccadee04b4eb4aeb2779715ed", kill_on_drop: false }`
[INFO] [stderr]    Compiling proc-macro2 v1.0.56
[INFO] [stderr]    Compiling unicode-ident v1.0.8
[INFO] [stderr]    Compiling cfg-if v1.0.0
[INFO] [stderr]    Compiling quote v1.0.26
[INFO] [stderr]    Compiling autocfg v1.1.0
[INFO] [stderr]    Compiling libc v0.2.141
[INFO] [stderr]    Compiling log v0.4.17
[INFO] [stderr]    Compiling ppv-lite86 v0.2.17
[INFO] [stderr]    Compiling getrandom v0.1.16
[INFO] [stderr]    Compiling siphasher v0.3.10
[INFO] [stderr]    Compiling serde_derive v1.0.159
[INFO] [stderr]    Compiling syn v1.0.109
[INFO] [stderr]    Compiling serde v1.0.159
[INFO] [stderr]    Compiling once_cell v1.17.1
[INFO] [stderr]    Compiling pin-project-lite v0.2.9
[INFO] [stderr]    Compiling futures-core v0.3.28
[INFO] [stderr]    Compiling phf_shared v0.8.0
[INFO] [stderr]    Compiling num-traits v0.2.15
[INFO] [stderr]    Compiling memchr v2.5.0
[INFO] [stderr]    Compiling bytes v1.4.0
[INFO] [stderr]    Compiling tokio v1.27.0
[INFO] [stderr]    Compiling syn v2.0.13
[INFO] [stderr]    Compiling futures-sink v0.3.28
[INFO] [stderr]    Compiling socket2 v0.4.9
[INFO] [stderr]    Compiling rand_core v0.5.1
[INFO] [stderr]    Compiling num_cpus v1.15.0
[INFO] [stderr]    Compiling rand_chacha v0.2.2
[INFO] [stderr]    Compiling rand_pcg v0.2.1
[INFO] [stderr]    Compiling rand v0.7.3
[INFO] [stderr]    Compiling mio v0.8.6
[INFO] [stderr]    Compiling num-integer v0.1.45
[INFO] [stderr]    Compiling smallvec v1.10.0
[INFO] [stderr]    Compiling itoa v1.0.6
[INFO] [stderr]    Compiling cc v1.0.79
[INFO] [stderr]    Compiling pkg-config v0.3.26
[INFO] [stderr]    Compiling getrandom v0.2.9
[INFO] [stderr]    Compiling phf_generator v0.8.0
[INFO] [stderr]    Compiling slab v0.4.8
[INFO] [stderr]    Compiling futures-channel v0.3.28
[INFO] [stderr]    Compiling futures-task v0.3.28
[INFO] [stderr]    Compiling rand_core v0.6.4
[INFO] [stderr]    Compiling lock_api v0.4.9
[INFO] [stderr]    Compiling futures-util v0.3.28
[INFO] [stderr]    Compiling proc-macro-hack v0.5.20+deprecated
[INFO] [stderr]    Compiling bitflags v1.3.2
[INFO] [stderr]    Compiling rand_chacha v0.3.1
[INFO] [stderr]    Compiling phf_codegen v0.8.0
[INFO] [stderr]    Compiling phf_shared v0.10.0
[INFO] [stderr]    Compiling futures-io v0.3.28
[INFO] [stderr]    Compiling tinyvec_macros v0.1.1
[INFO] [stderr]    Compiling scopeguard v1.1.0
[INFO] [stderr]    Compiling pin-utils v0.1.0
[INFO] [stderr]    Compiling openssl-sys v0.9.85
[INFO] [stderr]    Compiling tinyvec v1.6.0
[INFO] [stderr]    Compiling rand v0.8.5
[INFO] [stderr]    Compiling openssl v0.10.50
[INFO] [stderr]    Compiling parking_lot_core v0.9.7
[INFO] [stderr]    Compiling foreign-types-shared v0.1.1
[INFO] [stderr]    Compiling encoding_index_tests v0.1.4
[INFO] [stderr]    Compiling foreign-types v0.3.2
[INFO] [stderr]    Compiling phf_generator v0.10.0
[INFO] [stderr]    Compiling tracing-core v0.1.30
[INFO] [stderr]    Compiling indexmap v1.9.3
[INFO] [stderr]    Compiling fnv v1.0.7
[INFO] [stderr]    Compiling unicode-bidi v0.3.13
[INFO] [stderr]    Compiling unicode-normalization v0.1.22
[INFO] [stderr]    Compiling percent-encoding v2.2.0
[INFO] [stderr]    Compiling new_debug_unreachable v1.0.4
[INFO] [stderr]    Compiling native-tls v0.2.11
[INFO] [stderr]    Compiling matches v0.1.10
[INFO] [stderr]    Compiling tracing v0.1.37
[INFO] [stderr]    Compiling http v0.2.9
[INFO] [stderr]    Compiling string_cache_codegen v0.5.2
[INFO] [stderr]    Compiling time v0.1.45
[INFO] [stderr]    Compiling version_check v0.9.4
[INFO] [stderr]    Compiling time-core v0.1.0
[INFO] [stderr]    Compiling regex-syntax v0.6.29
[INFO] [stderr]    Compiling hashbrown v0.12.3
[INFO] [stderr]    Compiling iana-time-zone v0.1.56
[INFO] [stderr]    Compiling openssl-probe v0.1.5
[INFO] [stderr]    Compiling precomputed-hash v0.1.1
[INFO] [stderr]    Compiling mac v0.1.1
[INFO] [stderr]    Compiling httparse v1.8.0
[INFO] [stderr]    Compiling futf v0.1.5
[INFO] [stderr]    Compiling chrono v0.4.24
[INFO] [stderr]    Compiling cookie v0.16.2
[INFO] [stderr]    Compiling markup5ever v0.10.1
[INFO] [stderr]    Compiling tokio-macros v2.0.0
[INFO] [stderr]    Compiling futures-macro v0.3.28
[INFO] [stderr]    Compiling openssl-macros v0.1.1
[INFO] [stderr]    Compiling regex v1.7.3
[INFO] [stderr]    Compiling time-macros v0.2.8
[INFO] [stderr]    Compiling phf_macros v0.8.0
[INFO] [stderr]    Compiling cssparser v0.27.2
[INFO] [stderr]    Compiling parking_lot v0.12.1
[INFO] [stderr]    Compiling idna v0.3.0
[INFO] [stderr]    Compiling phf v0.8.0
[INFO] [stderr]    Compiling form_urlencoded v1.1.0
[INFO] [stderr]    Compiling num-bigint v0.4.3
[INFO] [stderr]    Compiling ryu v1.0.13
[INFO] [stderr]    Compiling serde_json v1.0.95
[INFO] [stderr]    Compiling utf-8 v0.7.6
[INFO] [stderr]    Compiling unicode-width v0.1.10
[INFO] [stderr]    Compiling dtoa v0.4.8
[INFO] [stderr]    Compiling try-lock v0.2.4
[INFO] [stderr]    Compiling want v0.3.0
[INFO] [stderr]    Compiling tendril v0.4.3
[INFO] [stderr]    Compiling dtoa-short v0.3.3
[INFO] [stderr]    Compiling time v0.3.20
[INFO] [stderr]    Compiling html5ever v0.25.2
[INFO] [stderr]    Compiling cssparser-macros v0.6.0
[INFO] [stderr]    Compiling parse-zoneinfo v0.3.0
[INFO] [stderr]    Compiling tokio-util v0.7.7
[INFO] [stderr]    Compiling tokio-native-tls v0.3.1
[INFO] [stderr]    Compiling h2 v0.3.16
[INFO] [stderr]    Compiling http-body v0.4.5
[INFO] [stderr]    Compiling selectors v0.22.0
[INFO] [stderr]    Compiling num-rational v0.4.1
[INFO] [stderr]    Compiling num-iter v0.1.43
[INFO] [stderr]    Compiling psl-types v2.0.11
[INFO] [stderr]    Compiling convert_case v0.4.0
[INFO] [stderr]    Compiling itoa v0.4.8
[INFO] [stderr]    Compiling thiserror v1.0.40
[INFO] [stderr]    Compiling httpdate v1.0.2
[INFO] [stderr]    Compiling nodrop v0.1.14
[INFO] [stderr]    Compiling parking_lot_core v0.8.6
[INFO] [stderr]    Compiling byteorder v1.4.3
[INFO] [stderr]    Compiling stable_deref_trait v1.2.0
[INFO] [stderr]    Compiling tower-service v0.3.2
[INFO] [stderr]    Compiling servo_arc v0.1.1
[INFO] [stderr]    Compiling derive_more v0.99.17
[INFO] [stderr]    Compiling fxhash v0.2.1
[INFO] [stderr]    Compiling publicsuffix v2.2.3
[INFO] [stderr]    Compiling chrono-tz v0.5.3
[INFO] [stderr]    Compiling string_cache v0.8.7
[INFO] [stderr]    Compiling url v2.3.1
[INFO] [stderr]    Compiling thiserror-impl v1.0.40
[INFO] [stderr]    Compiling idna v0.2.3
[INFO] [stderr]    Compiling hyper v0.14.25
[INFO] [stderr]    Compiling encoding-index-korean v1.20141219.5
[INFO] [stderr]    Compiling encoding-index-tradchinese v1.20141219.5
[INFO] [stderr]    Compiling encoding-index-singlebyte v1.20141219.5
[INFO] [stderr]    Compiling encoding-index-japanese v1.20141219.5
[INFO] [stderr]    Compiling encoding-index-simpchinese v1.20141219.5
[INFO] [stderr]    Compiling instant v0.1.12
[INFO] [stderr]    Compiling thin-slice v0.1.1
[INFO] [stderr]    Compiling encoding v0.2.33
[INFO] [stderr]    Compiling cookie_store v0.16.1
[INFO] [stderr]    Compiling serde_urlencoded v0.7.1
[INFO] [stderr]    Compiling num-complex v0.4.3
[INFO] [stderr]    Compiling tokio-util v0.6.10
[INFO] [stderr]    Compiling getopts v0.2.21
[INFO] [stderr]    Compiling pin-project-internal v1.0.12
[INFO] [stderr]    Compiling aho-corasick v0.7.20
[INFO] [stderr]    Compiling atty v0.2.14
[INFO] [stderr]    Compiling thread_local v1.1.7
[INFO] [stderr]    Compiling hyper-tls v0.5.0
[INFO] [stderr]    Compiling encoding_rs v0.8.32
[INFO] [stderr]    Compiling base64 v0.21.0
[INFO] [stderr]    Compiling ego-tree v0.6.2
[INFO] [stderr]    Compiling async-trait v0.1.68
[INFO] [stderr]    Compiling ipnet v2.7.2
[INFO] [stderr]    Compiling mime v0.3.17
[INFO] [stderr]    Compiling scraper v0.12.0
[INFO] [stderr]    Compiling fuzzy-matcher v0.3.7
[INFO] [stderr]    Compiling irc-proto v0.15.0
[INFO] [stderr]    Compiling pin-project v1.0.12
[INFO] [stderr]    Compiling reqwest v0.11.16
[INFO] [stderr]    Compiling num v0.4.0
[INFO] [stderr]    Compiling parking_lot v0.11.2
[INFO] [stderr]    Compiling toml v0.5.11
[INFO] [stderr]    Compiling tokio-stream v0.1.12
[INFO] [stderr]    Compiling textwrap v0.11.0
[INFO] [stderr]    Compiling futures-executor v0.3.28
[INFO] [stderr]    Compiling chrono-humanize v0.1.2
[INFO] [stderr]    Compiling termcolor v1.2.0
[INFO] [stderr]    Compiling bitap v0.2.0 (https://github.com/ward/bitap#e6f35507)
[INFO] [stderr]    Compiling ansi_term v0.12.1
[INFO] [stderr]    Compiling strsim v0.10.0
[INFO] [stderr]    Compiling vec_map v0.8.2
[INFO] [stderr]    Compiling strsim v0.8.0
[INFO] [stderr]    Compiling humantime v2.1.0
[INFO] [stderr]    Compiling env_logger v0.8.4
[INFO] [stderr]    Compiling clap v2.34.0
[INFO] [stderr]    Compiling football v0.2.0 (https://github.com/ward/football#0045311d)
[INFO] [stderr]    Compiling irc v0.15.0
[INFO] [stderr]    Compiling rink-core v0.6.2
[INFO] [stderr]    Compiling futures v0.3.28
[INFO] [stderr]    Compiling unicode-segmentation v1.10.1
[INFO] [stderr]    Compiling rusty-butler v0.4.0 (/opt/rustwide/workdir)
[INFO] [stdout] warning: use of deprecated associated function `chrono::Utc::today`: use `Utc::now()` instead, potentially with `.date_naive()`
[INFO] [stdout]   --> src/plugins/games/toirc.rs:21:32
[INFO] [stdout]    |
[INFO] [stdout] 21 |                 let now = Utc::today();
[INFO] [stdout]    |                                ^^^^^
[INFO] [stdout]    |
[INFO] [stdout]    = note: `#[warn(deprecated)]` on by default
[INFO] [stdout] 
[INFO] [stdout] 
[INFO] [stdout] warning: use of deprecated method `chrono::DateTime::<Tz>::date`: Use `date_naive()` instead
[INFO] [stdout]   --> src/plugins/games/toirc.rs:22:36
[INFO] [stdout]    |
[INFO] [stdout] 22 |                 if self.start_time.date().ordinal() == now.ordinal() {
[INFO] [stdout]    |                                    ^^^^
[INFO] [stdout] 
[INFO] [stdout] 
[INFO] [stdout] warning: 2 warnings emitted
[INFO] [stdout] 
[INFO] [stdout] 
[INFO] [stderr]     Finished dev [unoptimized + debuginfo] target(s) in 28.36s
[INFO] running `Command { std: "docker" "inspect" "1e00a93910dca8ef1a9c2a2d8d6d9697528575fccadee04b4eb4aeb2779715ed", kill_on_drop: false }`
[INFO] running `Command { std: "docker" "rm" "-f" "1e00a93910dca8ef1a9c2a2d8d6d9697528575fccadee04b4eb4aeb2779715ed", kill_on_drop: false }`
[INFO] [stdout] 1e00a93910dca8ef1a9c2a2d8d6d9697528575fccadee04b4eb4aeb2779715ed
[INFO] running `Command { std: "docker" "create" "-v" "/var/lib/crater-agent-workspace/builds/worker-7-tc2/target:/opt/rustwide/target:rw,Z" "-v" "/var/lib/crater-agent-workspace/builds/worker-7-tc2/source:/opt/rustwide/workdir:ro,Z" "-v" "/var/lib/crater-agent-workspace/cargo-home:/opt/rustwide/cargo-home:ro,Z" "-v" "/var/lib/crater-agent-workspace/rustup-home:/opt/rustwide/rustup-home:ro,Z" "-e" "SOURCE_DIR=/opt/rustwide/workdir" "-e" "CARGO_TARGET_DIR=/opt/rustwide/target" "-e" "CARGO_INCREMENTAL=0" "-e" "RUST_BACKTRACE=full" "-e" "RUSTFLAGS=--cap-lints=warn" "-e" "RUSTDOCFLAGS=--cap-lints=warn" "-e" "CARGO_HOME=/opt/rustwide/cargo-home" "-e" "RUSTUP_HOME=/opt/rustwide/rustup-home" "-w" "/opt/rustwide/workdir" "-m" "1610612736" "--user" "0:0" "--network" "none" "ghcr.io/rust-lang/crates-build-env/linux@sha256:2788e3201cd34a07e3172128adcd8b3090168a8e3bcc40d7c032b9dda1df7d1c" "/opt/rustwide/cargo-home/bin/cargo" "+beta-2023-12-22" "test" "--frozen" "--no-run" "--message-format=json", kill_on_drop: false }`
[INFO] [stdout] 30151629a8ef7063440f23ea239eb947b2921e44a665b1fc35cbc94365775c64
[INFO] running `Command { std: "docker" "start" "-a" "30151629a8ef7063440f23ea239eb947b2921e44a665b1fc35cbc94365775c64", kill_on_drop: false }`
[INFO] [stdout] warning: use of deprecated associated function `chrono::Utc::today`: use `Utc::now()` instead, potentially with `.date_naive()`
[INFO] [stdout]   --> src/plugins/games/toirc.rs:21:32
[INFO] [stdout]    |
[INFO] [stdout] 21 |                 let now = Utc::today();
[INFO] [stdout]    |                                ^^^^^
[INFO] [stdout]    |
[INFO] [stdout]    = note: `#[warn(deprecated)]` on by default
[INFO] [stdout] 
[INFO] [stdout] 
[INFO] [stdout] warning: use of deprecated method `chrono::DateTime::<Tz>::date`: Use `date_naive()` instead
[INFO] [stdout]   --> src/plugins/games/toirc.rs:22:36
[INFO] [stdout]    |
[INFO] [stdout] 22 |                 if self.start_time.date().ordinal() == now.ordinal() {
[INFO] [stdout]    |                                    ^^^^
[INFO] [stdout] 
[INFO] [stdout] 
[INFO] [stdout] warning: 2 warnings emitted
[INFO] [stdout] 
[INFO] [stdout] 
[INFO] [stderr]    Compiling rusty-butler v0.4.0 (/opt/rustwide/workdir)
[INFO] [stdout] warning: use of deprecated associated function `chrono::Utc::today`: use `Utc::now()` instead, potentially with `.date_naive()`
[INFO] [stdout]   --> src/plugins/games/toirc.rs:21:32
[INFO] [stdout]    |
[INFO] [stdout] 21 |                 let now = Utc::today();
[INFO] [stdout]    |                                ^^^^^
[INFO] [stdout]    |
[INFO] [stdout]    = note: `#[warn(deprecated)]` on by default
[INFO] [stdout] 
[INFO] [stdout] 
[INFO] [stdout] warning: use of deprecated method `chrono::DateTime::<Tz>::date`: Use `date_naive()` instead
[INFO] [stdout]   --> src/plugins/games/toirc.rs:22:36
[INFO] [stdout]    |
[INFO] [stdout] 22 |                 if self.start_time.date().ordinal() == now.ordinal() {
[INFO] [stdout]    |                                    ^^^^
[INFO] [stdout] 
[INFO] [stdout] 
[INFO] [stdout] warning: function `read_to_string` is never used
[INFO] [stdout]    --> src/plugins/elo.rs:236:8
[INFO] [stdout]     |
[INFO] [stdout] 236 |     fn read_to_string(path: &str) -> String {
[INFO] [stdout]     |        ^^^^^^^^^^^^^^
[INFO] [stdout]     |
[INFO] [stdout]     = note: `#[warn(dead_code)]` on by default
[INFO] [stdout] 
[INFO] [stdout] 
[INFO] [stdout] warning: 3 warnings emitted
[INFO] [stdout] 
[INFO] [stdout] 
[INFO] [stderr]     Finished test [unoptimized + debuginfo] target(s) in 3.59s
[INFO] running `Command { std: "docker" "inspect" "30151629a8ef7063440f23ea239eb947b2921e44a665b1fc35cbc94365775c64", kill_on_drop: false }`
[INFO] running `Command { std: "docker" "rm" "-f" "30151629a8ef7063440f23ea239eb947b2921e44a665b1fc35cbc94365775c64", kill_on_drop: false }`
[INFO] [stdout] 30151629a8ef7063440f23ea239eb947b2921e44a665b1fc35cbc94365775c64
[INFO] running `Command { std: "docker" "create" "-v" "/var/lib/crater-agent-workspace/builds/worker-7-tc2/target:/opt/rustwide/target:rw,Z" "-v" "/var/lib/crater-agent-workspace/builds/worker-7-tc2/source:/opt/rustwide/workdir:ro,Z" "-v" "/var/lib/crater-agent-workspace/cargo-home:/opt/rustwide/cargo-home:ro,Z" "-v" "/var/lib/crater-agent-workspace/rustup-home:/opt/rustwide/rustup-home:ro,Z" "-e" "SOURCE_DIR=/opt/rustwide/workdir" "-e" "CARGO_TARGET_DIR=/opt/rustwide/target" "-e" "CARGO_INCREMENTAL=0" "-e" "RUST_BACKTRACE=full" "-e" "RUSTFLAGS=--cap-lints=warn" "-e" "RUSTDOCFLAGS=--cap-lints=warn" "-e" "CARGO_HOME=/opt/rustwide/cargo-home" "-e" "RUSTUP_HOME=/opt/rustwide/rustup-home" "-w" "/opt/rustwide/workdir" "-m" "1610612736" "--user" "0:0" "--network" "none" "ghcr.io/rust-lang/crates-build-env/linux@sha256:2788e3201cd34a07e3172128adcd8b3090168a8e3bcc40d7c032b9dda1df7d1c" "/opt/rustwide/cargo-home/bin/cargo" "+beta-2023-12-22" "test" "--frozen", kill_on_drop: false }`
[INFO] [stdout] b56e73b681eba10163ca592c39caf42310c4e53149693b712c88a1a9669da44d
[INFO] running `Command { std: "docker" "start" "-a" "b56e73b681eba10163ca592c39caf42310c4e53149693b712c88a1a9669da44d", kill_on_drop: false }`
[INFO] [stderr] warning: use of deprecated associated function `chrono::Utc::today`: use `Utc::now()` instead, potentially with `.date_naive()`
[INFO] [stderr]   --> src/plugins/games/toirc.rs:21:32
[INFO] [stderr]    |
[INFO] [stderr] 21 |                 let now = Utc::today();
[INFO] [stderr]    |                                ^^^^^
[INFO] [stderr]    |
[INFO] [stderr]    = note: `#[warn(deprecated)]` on by default
[INFO] [stderr] 
[INFO] [stderr] warning: use of deprecated method `chrono::DateTime::<Tz>::date`: Use `date_naive()` instead
[INFO] [stderr]   --> src/plugins/games/toirc.rs:22:36
[INFO] [stderr]    |
[INFO] [stderr] 22 |                 if self.start_time.date().ordinal() == now.ordinal() {
[INFO] [stderr]    |                                    ^^^^
[INFO] [stderr] 
[INFO] [stderr] warning: function `read_to_string` is never used
[INFO] [stderr]    --> src/plugins/elo.rs:236:8
[INFO] [stderr]     |
[INFO] [stderr] 236 |     fn read_to_string(path: &str) -> String {
[INFO] [stderr]     |        ^^^^^^^^^^^^^^
[INFO] [stderr]     |
[INFO] [stderr]     = note: `#[warn(dead_code)]` on by default
[INFO] [stderr] 
[INFO] [stderr] warning: `rusty-butler` (lib) generated 2 warnings
[INFO] [stderr] warning: `rusty-butler` (lib test) generated 3 warnings (2 duplicates)
[INFO] [stderr]     Finished test [unoptimized + debuginfo] target(s) in 0.20s
[INFO] [stderr]      Running unittests src/lib.rs (/opt/rustwide/target/debug/deps/rusty_butler_lib-077ffe7c5a31486b)
[INFO] [stdout] 
[INFO] [stdout] running 43 tests
[INFO] [stdout] test plugins::calc::tests::calc_input ... ok
[INFO] [stdout] test plugins::calc::tests::calc_matches ... ok
[INFO] [stdout] test plugins::elo::tests::find_different_case_club ... ok
[INFO] [stdout] test plugins::elo::tests::find_exact_club ... ok
[INFO] [stdout] test plugins::elo::tests::find_many_clubs ... ok
[INFO] [stdout] test plugins::elo::tests::get_top_10 ... ok
[INFO] [stdout] test plugins::elo::tests::parse_ranking ... ok
[INFO] [stdout] test plugins::games::query::tests::test_competition ... ok
[INFO] [stdout] test plugins::games::query::tests::test_competition_before_country ... ok
[INFO] [stdout] test plugins::games::query::tests::test_competition_no_country ... ok
[INFO] [stdout] test plugins::games::query::tests::test_country_query ... ok
[INFO] [stdout] test plugins::games::query::tests::test_country_with_spaces ... ok
[INFO] [stdout] test plugins::games::query::tests::test_epl_caps_shortcut ... ok
[INFO] [stdout] test plugins::games::query::tests::test_epl_shortcut ... ok
[INFO] [stdout] test plugins::games::query::tests::test_epl_shortcut_with_time ... ok
[INFO] [stdout] test plugins::games::query::tests::test_normal_query ... ok
[INFO] [stdout] test plugins::games::query::tests::test_query_with_many_spaces ... ok
[INFO] [stdout] test plugins::games::query::tests::test_serie_a ... ok
[INFO] [stdout] test plugins::games::query::tests::test_shortcut_and_competition ... ok
[INFO] [stdout] test plugins::games::query::tests::test_shortcut_with_dashes ... ok
[INFO] [stdout] test plugins::games::query::tests::test_women_world_cup_shortcut ... ok
[INFO] [stdout] test plugins::games::query::tests::test_world_cup_shortcut ... ok
[INFO] [stdout] test plugins::help::tests::match_help ... ok
[INFO] [stdout] test plugins::lastseen::tests::match_nick ... ok
[INFO] [stdout] test plugins::leagueranking::tests::test_group_name_converter ... ok
[INFO] [stdout] test plugins::simple_reply::tests::test_multiple_triggers ... ok
[INFO] [stdout] test plugins::simple_reply::tests::test_single_reply ... ok
[INFO] [stdout] test plugins::simple_reply::tests::test_single_trigger ... ok
[INFO] [stdout] test plugins::strava::strava_irc_link::tests::strava_irc_link ... FAILED
[INFO] [stdout] test plugins::strava::strava_irc_link::tests::strava_irc_link_parse ... ok
[INFO] [stdout] test plugins::strava::tests::athlete_display ... ok
[INFO] [stdout] test plugins::strava::tests::irc_highlight_prevention ... ok
[INFO] [stdout] test plugins::strava::tests::match_club ... ok
[INFO] [stdout] test plugins::strava::tests::match_club_and_unicode ... ok
[INFO] [stdout] test plugins::untappd::api::tests::failed_untappd_api_reply ... ok
[INFO] [stdout] test plugins::untappd::api::tests::parse_untappd_response ... ok
[INFO] [stdout] test plugins::calc::tests::unicode_line ... ok
[INFO] [stdout] test plugins::calc::tests::rink_calcer ... ok
[INFO] [stdout] test plugins::calc::tests::grade_calculation ... ok
[INFO] [stdout] test plugins::calc::tests::shortcut ... ok
[INFO] [stdout] test plugins::calc::tests::rink_degree_conversion ... ok
[INFO] [stdout] test plugins::calc::tests::pace_conversion ... ok
[INFO] [stdout] test plugins::calc::tests::cm_to_feet ... ok
[INFO] [stdout] 
[INFO] [stdout] failures:
[INFO] [stdout] 
[INFO] [stdout] ---- plugins::strava::strava_irc_link::tests::strava_irc_link stdout ----
[INFO] [stdout] thread 'plugins::strava::strava_irc_link::tests::strava_irc_link' panicked at src/plugins/strava/strava_irc_link.rs:57:23:
[INFO] [stdout] Failed to save, Read-only file system (os error 30)
[INFO] [stdout] stack backtrace:
[INFO] [stdout]    0:     0x56097e6356d6 - std::backtrace_rs::backtrace::libunwind::trace::h261606ad26a499c1
[INFO] [stdout]                                at /rustc/0e09125c6c3c2fd70d7de961bcf0e51575235fad/library/std/src/../../backtrace/src/backtrace/libunwind.rs:104:5
[INFO] [stdout]    1:     0x56097e6356d6 - std::backtrace_rs::backtrace::trace_unsynchronized::hd183f0625477fb28
[INFO] [stdout]                                at /rustc/0e09125c6c3c2fd70d7de961bcf0e51575235fad/library/std/src/../../backtrace/src/backtrace/mod.rs:66:5
[INFO] [stdout]    2:     0x56097e6356d6 - std::sys_common::backtrace::_print_fmt::hd7f8fef21b4eda67
[INFO] [stdout]                                at /rustc/0e09125c6c3c2fd70d7de961bcf0e51575235fad/library/std/src/sys_common/backtrace.rs:68:5
[INFO] [stdout]    3:     0x56097e6356d6 - <std::sys_common::backtrace::_print::DisplayBacktrace as core::fmt::Display>::fmt::h623d9b51f2f453f1
[INFO] [stdout]                                at /rustc/0e09125c6c3c2fd70d7de961bcf0e51575235fad/library/std/src/sys_common/backtrace.rs:44:22
[INFO] [stdout]    4:     0x56097e661610 - core::fmt::rt::Argument::fmt::h9f417ac76a86f368
[INFO] [stdout]                                at /rustc/0e09125c6c3c2fd70d7de961bcf0e51575235fad/library/core/src/fmt/rt.rs:142:9
[INFO] [stdout]    5:     0x56097e661610 - core::fmt::write::hc9b6faf4ac2aeff7
[INFO] [stdout]                                at /rustc/0e09125c6c3c2fd70d7de961bcf0e51575235fad/library/core/src/fmt/mod.rs:1120:17
[INFO] [stdout]    6:     0x56097e632faf - std::io::Write::write_fmt::he04625a3a989fec3
[INFO] [stdout]                                at /rustc/0e09125c6c3c2fd70d7de961bcf0e51575235fad/library/std/src/io/mod.rs:1810:15
[INFO] [stdout]    7:     0x56097e6354b4 - std::sys_common::backtrace::_print::hd5d66399c7df88a2
[INFO] [stdout]                                at /rustc/0e09125c6c3c2fd70d7de961bcf0e51575235fad/library/std/src/sys_common/backtrace.rs:47:5
[INFO] [stdout]    8:     0x56097e6354b4 - std::sys_common::backtrace::print::he81ed2da642d37e5
[INFO] [stdout]                                at /rustc/0e09125c6c3c2fd70d7de961bcf0e51575235fad/library/std/src/sys_common/backtrace.rs:34:9
[INFO] [stdout]    9:     0x56097e637227 - std::panicking::default_hook::{{closure}}::h85773f4fa117163d
[INFO] [stdout]   10:     0x56097e636f0d - std::panicking::default_hook::h6a1694a91d09b278
[INFO] [stdout]                                at /rustc/0e09125c6c3c2fd70d7de961bcf0e51575235fad/library/std/src/panicking.rs:289:9
[INFO] [stdout]   11:     0x56097e3e84e7 - <alloc::boxed::Box<F,A> as core::ops::function::Fn<Args>>::call::h616ac37fa3cd6c8f
[INFO] [stdout]                                at /rustc/0e09125c6c3c2fd70d7de961bcf0e51575235fad/library/alloc/src/boxed.rs:2029:9
[INFO] [stdout]   12:     0x56097e3e84e7 - test::test_main::{{closure}}::h00d84697cefdcbb6
[INFO] [stdout]                                at /rustc/0e09125c6c3c2fd70d7de961bcf0e51575235fad/library/test/src/lib.rs:138:21
[INFO] [stdout]   13:     0x56097e637846 - <alloc::boxed::Box<F,A> as core::ops::function::Fn<Args>>::call::hcb3fe3b9bb537ba8
[INFO] [stdout]                                at /rustc/0e09125c6c3c2fd70d7de961bcf0e51575235fad/library/alloc/src/boxed.rs:2029:9
[INFO] [stdout]   14:     0x56097e637846 - std::panicking::rust_panic_with_hook::h0a7ad96e90f7145b
[INFO] [stdout]                                at /rustc/0e09125c6c3c2fd70d7de961bcf0e51575235fad/library/std/src/panicking.rs:783:13
[INFO] [stdout]   15:     0x56097e637592 - std::panicking::begin_panic_handler::{{closure}}::h7919090525c6485e
[INFO] [stdout]                                at /rustc/0e09125c6c3c2fd70d7de961bcf0e51575235fad/library/std/src/panicking.rs:657:13
[INFO] [stdout]   16:     0x56097e635bd6 - std::sys_common::backtrace::__rust_end_short_backtrace::hf3289479464f7dfe
[INFO] [stdout]                                at /rustc/0e09125c6c3c2fd70d7de961bcf0e51575235fad/library/std/src/sys_common/backtrace.rs:171:18
[INFO] [stdout]   17:     0x56097e6372f0 - rust_begin_unwind
[INFO] [stdout]                                at /rustc/0e09125c6c3c2fd70d7de961bcf0e51575235fad/library/std/src/panicking.rs:645:5
[INFO] [stdout]   18:     0x56097e12d445 - core::panicking::panic_fmt::hcc9f77c5c132af55
[INFO] [stdout]                                at /rustc/0e09125c6c3c2fd70d7de961bcf0e51575235fad/library/core/src/panicking.rs:72:14
[INFO] [stdout]   19:     0x56097e1708d2 - rusty_butler_lib::plugins::strava::strava_irc_link::StravaIrcLink::_to_file::h4af4082dd548cf04
[INFO] [stdout]                                at /opt/rustwide/workdir/src/plugins/strava/strava_irc_link.rs:57:23
[INFO] [stdout]   20:     0x56097e160a5a - rusty_butler_lib::plugins::strava::strava_irc_link::tests::strava_irc_link::hc36f27450504bd89
[INFO] [stdout]                                at /opt/rustwide/workdir/src/plugins/strava/strava_irc_link.rs:151:9
[INFO] [stdout]   21:     0x56097e160677 - rusty_butler_lib::plugins::strava::strava_irc_link::tests::strava_irc_link::{{closure}}::h229bbea027551164
[INFO] [stdout]                                at /opt/rustwide/workdir/src/plugins/strava/strava_irc_link.rs:141:25
[INFO] [stdout]   22:     0x56097e164126 - core::ops::function::FnOnce::call_once::h9e7985cd573c7579
[INFO] [stdout]                                at /rustc/0e09125c6c3c2fd70d7de961bcf0e51575235fad/library/core/src/ops/function.rs:250:5
[INFO] [stdout]   23:     0x56097e3eddbf - core::ops::function::FnOnce::call_once::hd64d26f405258157
[INFO] [stdout]                                at /rustc/0e09125c6c3c2fd70d7de961bcf0e51575235fad/library/core/src/ops/function.rs:250:5
[INFO] [stdout]   24:     0x56097e3eddbf - test::__rust_begin_short_backtrace::he21b0b7a6d731bf9
[INFO] [stdout]                                at /rustc/0e09125c6c3c2fd70d7de961bcf0e51575235fad/library/test/src/lib.rs:627:18
[INFO] [stdout]   25:     0x56097e3ecb41 - test::run_test_in_process::{{closure}}::hf5c73986d7bdfde2
[INFO] [stdout]                                at /rustc/0e09125c6c3c2fd70d7de961bcf0e51575235fad/library/test/src/lib.rs:650:60
[INFO] [stdout]   26:     0x56097e3ecb41 - <core::panic::unwind_safe::AssertUnwindSafe<F> as core::ops::function::FnOnce<()>>::call_once::h330011ad032aadc0
[INFO] [stdout]                                at /rustc/0e09125c6c3c2fd70d7de961bcf0e51575235fad/library/core/src/panic/unwind_safe.rs:272:9
[INFO] [stdout]   27:     0x56097e3ecb41 - std::panicking::try::do_call::he61b0a958b795a41
[INFO] [stdout]                                at /rustc/0e09125c6c3c2fd70d7de961bcf0e51575235fad/library/std/src/panicking.rs:552:40
[INFO] [stdout]   28:     0x56097e3ecb41 - std::panicking::try::h7309da130f906eb7
[INFO] [stdout]                                at /rustc/0e09125c6c3c2fd70d7de961bcf0e51575235fad/library/std/src/panicking.rs:516:19
[INFO] [stdout]   29:     0x56097e3ecb41 - std::panic::catch_unwind::hc5c3a06fdaf0a92a
[INFO] [stdout]                                at /rustc/0e09125c6c3c2fd70d7de961bcf0e51575235fad/library/std/src/panic.rs:142:14
[INFO] [stdout]   30:     0x56097e3ecb41 - test::run_test_in_process::h7e7b7c71c3324e0f
[INFO] [stdout]                                at /rustc/0e09125c6c3c2fd70d7de961bcf0e51575235fad/library/test/src/lib.rs:650:27
[INFO] [stdout]   31:     0x56097e3ecb41 - test::run_test::{{closure}}::h1f509f28f5cf20b1
[INFO] [stdout]                                at /rustc/0e09125c6c3c2fd70d7de961bcf0e51575235fad/library/test/src/lib.rs:573:43
[INFO] [stdout]   32:     0x56097e3b3e76 - test::run_test::{{closure}}::h1754218abf443f6d
[INFO] [stdout]                                at /rustc/0e09125c6c3c2fd70d7de961bcf0e51575235fad/library/test/src/lib.rs:601:41
[INFO] [stdout]   33:     0x56097e3b3e76 - std::sys_common::backtrace::__rust_begin_short_backtrace::h2ee174b9d5954948
[INFO] [stdout]                                at /rustc/0e09125c6c3c2fd70d7de961bcf0e51575235fad/library/std/src/sys_common/backtrace.rs:155:18
[INFO] [stdout]   34:     0x56097e3b8ed7 - std::thread::Builder::spawn_unchecked_::{{closure}}::{{closure}}::hf60bee9c1a17ef09
[INFO] [stdout]                                at /rustc/0e09125c6c3c2fd70d7de961bcf0e51575235fad/library/std/src/thread/mod.rs:529:17
[INFO] [stdout]   35:     0x56097e3b8ed7 - <core::panic::unwind_safe::AssertUnwindSafe<F> as core::ops::function::FnOnce<()>>::call_once::h33d0dddec5216160
[INFO] [stdout]                                at /rustc/0e09125c6c3c2fd70d7de961bcf0e51575235fad/library/core/src/panic/unwind_safe.rs:272:9
[INFO] [stdout]   36:     0x56097e3b8ed7 - std::panicking::try::do_call::h144b3048b546f835
[INFO] [stdout]                                at /rustc/0e09125c6c3c2fd70d7de961bcf0e51575235fad/library/std/src/panicking.rs:552:40
[INFO] [stdout]   37:     0x56097e3b8ed7 - std::panicking::try::h978244d04646189f
[INFO] [stdout]                                at /rustc/0e09125c6c3c2fd70d7de961bcf0e51575235fad/library/std/src/panicking.rs:516:19
[INFO] [stdout]   38:     0x56097e3b8ed7 - std::panic::catch_unwind::hdf436369d188fe86
[INFO] [stdout]                                at /rustc/0e09125c6c3c2fd70d7de961bcf0e51575235fad/library/std/src/panic.rs:142:14
[INFO] [stdout]   39:     0x56097e3b8ed7 - std::thread::Builder::spawn_unchecked_::{{closure}}::h87329cbdd33c79ec
[INFO] [stdout]                                at /rustc/0e09125c6c3c2fd70d7de961bcf0e51575235fad/library/std/src/thread/mod.rs:528:30
[INFO] [stdout]   40:     0x56097e3b8ed7 - core::ops::function::FnOnce::call_once{{vtable.shim}}::h401abbe67897d450
[INFO] [stdout]                                at /rustc/0e09125c6c3c2fd70d7de961bcf0e51575235fad/library/core/src/ops/function.rs:250:5
[INFO] [stdout]   41:     0x56097e63c575 - <alloc::boxed::Box<F,A> as core::ops::function::FnOnce<Args>>::call_once::h5d7c8f150ab9c84c
[INFO] [stdout]                                at /rustc/0e09125c6c3c2fd70d7de961bcf0e51575235fad/library/alloc/src/boxed.rs:2015:9
[INFO] [stdout]   42:     0x56097e63c575 - <alloc::boxed::Box<F,A> as core::ops::function::FnOnce<Args>>::call_once::h570d5b005c242c15
[INFO] [stdout]                                at /rustc/0e09125c6c3c2fd70d7de961bcf0e51575235fad/library/alloc/src/boxed.rs:2015:9
[INFO] [stdout]   43:     0x56097e63c575 - std::sys::unix::thread::Thread::new::thread_start::h36b0a20c0b2361ad
[INFO] [stdout]                                at /rustc/0e09125c6c3c2fd70d7de961bcf0e51575235fad/library/std/src/sys/unix/thread.rs:108:17
[INFO] [stdout]   44:     0x7f3cfaed2ac3 - <unknown>
[INFO] [stdout]   45:     0x7f3cfaf63bf4 - __clone
[INFO] [stdout]   46:                0x0 - <unknown>
[INFO] [stdout] 
[INFO] [stdout] 
[INFO] [stdout] failures:
[INFO] [stdout]     plugins::strava::strava_irc_link::tests::strava_irc_link
[INFO] [stdout] 
[INFO] [stdout] test result: FAILED. 42 passed; 1 failed; 0 ignored; 0 measured; 0 filtered out; finished in 2.12s
[INFO] [stdout] 
[INFO] [stderr] error: test failed, to rerun pass `--lib`
[INFO] running `Command { std: "docker" "inspect" "b56e73b681eba10163ca592c39caf42310c4e53149693b712c88a1a9669da44d", kill_on_drop: false }`
[INFO] running `Command { std: "docker" "rm" "-f" "b56e73b681eba10163ca592c39caf42310c4e53149693b712c88a1a9669da44d", kill_on_drop: false }`
[INFO] [stdout] b56e73b681eba10163ca592c39caf42310c4e53149693b712c88a1a9669da44d
