[INFO] cloning repository https://github.com/vstepanyuk/advent2022
[INFO] running `Command { std: "git" "-c" "credential.helper=" "-c" "credential.helper=/workspace/cargo-home/bin/git-credential-null" "clone" "--bare" "https://github.com/vstepanyuk/advent2022" "/workspace/cache/git-repos/https%3A%2F%2Fgithub.com%2Fvstepanyuk%2Fadvent2022", kill_on_drop: false }`
[INFO] [stderr] Cloning into bare repository '/workspace/cache/git-repos/https%3A%2F%2Fgithub.com%2Fvstepanyuk%2Fadvent2022'...
[INFO] running `Command { std: "git" "rev-parse" "HEAD", kill_on_drop: false }`
[INFO] [stdout] 293993002e43330f2fbc3464b76864df136b7494
[INFO] testing vstepanyuk/advent2022 against 1.75.0 for beta-1.76-1
[INFO] running `Command { std: "git" "clone" "/workspace/cache/git-repos/https%3A%2F%2Fgithub.com%2Fvstepanyuk%2Fadvent2022" "/workspace/builds/worker-1-tc1/source", kill_on_drop: false }`
[INFO] [stderr] Cloning into '/workspace/builds/worker-1-tc1/source'...
[INFO] [stderr] done.
[INFO] validating manifest of git repo https://github.com/vstepanyuk/advent2022 on toolchain 1.75.0
[INFO] running `Command { std: CARGO_HOME="/workspace/cargo-home" RUSTUP_HOME="/workspace/rustup-home" "/workspace/cargo-home/bin/cargo" "+1.75.0" "metadata" "--manifest-path" "Cargo.toml" "--no-deps", kill_on_drop: false }`
[INFO] started tweaking git repo https://github.com/vstepanyuk/advent2022
[INFO] finished tweaking git repo https://github.com/vstepanyuk/advent2022
[INFO] tweaked toml for git repo https://github.com/vstepanyuk/advent2022 written to /workspace/builds/worker-1-tc1/source/Cargo.toml
[INFO] crate git repo https://github.com/vstepanyuk/advent2022 already has a lockfile, it will not be regenerated
[INFO] running `Command { std: CARGO_HOME="/workspace/cargo-home" RUSTUP_HOME="/workspace/rustup-home" "/workspace/cargo-home/bin/cargo" "+1.75.0" "fetch" "--manifest-path" "Cargo.toml", kill_on_drop: false }`
[INFO] [stderr]  Downloading crates ...
[INFO] [stderr]   Downloaded parse-display v0.8.0
[INFO] [stderr]   Downloaded parse-display-derive v0.8.0
[INFO] [stderr]   Downloaded pathfinding v4.0.0
[INFO] [stderr]   Downloaded memoize v0.3.1
[INFO] [stderr]   Downloaded memoize-inner v0.2.1
[INFO] running `Command { std: "docker" "create" "-v" "/var/lib/crater-agent-workspace/builds/worker-1-tc1/target:/opt/rustwide/target:rw,Z" "-v" "/var/lib/crater-agent-workspace/builds/worker-1-tc1/source:/opt/rustwide/workdir:ro,Z" "-v" "/var/lib/crater-agent-workspace/cargo-home:/opt/rustwide/cargo-home:ro,Z" "-v" "/var/lib/crater-agent-workspace/rustup-home:/opt/rustwide/rustup-home:ro,Z" "-e" "SOURCE_DIR=/opt/rustwide/workdir" "-e" "CARGO_TARGET_DIR=/opt/rustwide/target" "-e" "CARGO_HOME=/opt/rustwide/cargo-home" "-e" "RUSTUP_HOME=/opt/rustwide/rustup-home" "-w" "/opt/rustwide/workdir" "-m" "1610612736" "--user" "0:0" "--network" "none" "ghcr.io/rust-lang/crates-build-env/linux@sha256:2788e3201cd34a07e3172128adcd8b3090168a8e3bcc40d7c032b9dda1df7d1c" "/opt/rustwide/cargo-home/bin/cargo" "+1.75.0" "metadata" "--no-deps" "--format-version=1", kill_on_drop: false }`
[INFO] [stdout] e02cf25ac6db2ae09d263e0fd0a548258e83f0de60ccbc32f8ff4cdf934d0c4b
[INFO] running `Command { std: "docker" "start" "-a" "e02cf25ac6db2ae09d263e0fd0a548258e83f0de60ccbc32f8ff4cdf934d0c4b", kill_on_drop: false }`
[INFO] running `Command { std: "docker" "inspect" "e02cf25ac6db2ae09d263e0fd0a548258e83f0de60ccbc32f8ff4cdf934d0c4b", kill_on_drop: false }`
[INFO] running `Command { std: "docker" "rm" "-f" "e02cf25ac6db2ae09d263e0fd0a548258e83f0de60ccbc32f8ff4cdf934d0c4b", kill_on_drop: false }`
[INFO] [stdout] e02cf25ac6db2ae09d263e0fd0a548258e83f0de60ccbc32f8ff4cdf934d0c4b
[INFO] running `Command { std: "docker" "create" "-v" "/var/lib/crater-agent-workspace/builds/worker-1-tc1/target:/opt/rustwide/target:rw,Z" "-v" "/var/lib/crater-agent-workspace/builds/worker-1-tc1/source:/opt/rustwide/workdir:ro,Z" "-v" "/var/lib/crater-agent-workspace/cargo-home:/opt/rustwide/cargo-home:ro,Z" "-v" "/var/lib/crater-agent-workspace/rustup-home:/opt/rustwide/rustup-home:ro,Z" "-e" "SOURCE_DIR=/opt/rustwide/workdir" "-e" "CARGO_TARGET_DIR=/opt/rustwide/target" "-e" "CARGO_INCREMENTAL=0" "-e" "RUST_BACKTRACE=full" "-e" "RUSTFLAGS=--cap-lints=warn" "-e" "RUSTDOCFLAGS=--cap-lints=warn" "-e" "CARGO_HOME=/opt/rustwide/cargo-home" "-e" "RUSTUP_HOME=/opt/rustwide/rustup-home" "-w" "/opt/rustwide/workdir" "-m" "1610612736" "--user" "0:0" "--network" "none" "ghcr.io/rust-lang/crates-build-env/linux@sha256:2788e3201cd34a07e3172128adcd8b3090168a8e3bcc40d7c032b9dda1df7d1c" "/opt/rustwide/cargo-home/bin/cargo" "+1.75.0" "build" "--frozen" "--message-format=json", kill_on_drop: false }`
[INFO] [stdout] 125c43eb5ee6f457bbc54220aa56f7c9fc79513dd43ebecb2511c748d6ada013
[INFO] running `Command { std: "docker" "start" "-a" "125c43eb5ee6f457bbc54220aa56f7c9fc79513dd43ebecb2511c748d6ada013", kill_on_drop: false }`
[INFO] [stderr]    Compiling autocfg v1.1.0
[INFO] [stderr]    Compiling proc-macro2 v1.0.47
[INFO] [stderr]    Compiling unicode-ident v1.0.5
[INFO] [stderr]    Compiling quote v1.0.21
[INFO] [stderr]    Compiling syn v1.0.104
[INFO] [stderr]    Compiling memchr v2.5.0
[INFO] [stderr]    Compiling crossbeam-utils v0.8.14
[INFO] [stderr]    Compiling cfg-if v1.0.0
[INFO] [stderr]    Compiling libc v0.2.138
[INFO] [stderr]    Compiling fnv v1.0.7
[INFO] [stderr]    Compiling ident_case v1.0.1
[INFO] [stderr]    Compiling strsim v0.10.0
[INFO] [stderr]    Compiling scopeguard v1.1.0
[INFO] [stderr]    Compiling anyhow v1.0.66
[INFO] [stderr]    Compiling either v1.8.0
[INFO] [stderr]    Compiling regex-syntax v0.6.28
[INFO] [stderr]    Compiling serde v1.0.149
[INFO] [stderr]    Compiling rayon-core v1.10.1
[INFO] [stderr]    Compiling thiserror v1.0.37
[INFO] [stderr]    Compiling hashbrown v0.12.3
[INFO] [stderr]    Compiling lazy_static v1.4.0
[INFO] [stderr]    Compiling once_cell v1.16.0
[INFO] [stderr]    Compiling serde_json v1.0.89
[INFO] [stderr]    Compiling itertools v0.10.5
[INFO] [stderr]    Compiling paste v1.0.9
[INFO] [stderr]    Compiling byteorder v1.4.3
[INFO] [stderr]    Compiling num-traits v0.2.15
[INFO] [stderr]    Compiling memoffset v0.7.1
[INFO] [stderr]    Compiling num-integer v0.1.45
[INFO] [stderr]    Compiling crossbeam-epoch v0.9.13
[INFO] [stderr]    Compiling num-bigint v0.4.3
[INFO] [stderr]    Compiling num-rational v0.4.1
[INFO] [stderr]    Compiling indexmap v1.9.2
[INFO] [stderr]    Compiling num-iter v0.1.43
[INFO] [stderr]    Compiling rustc-hash v1.1.0
[INFO] [stderr]    Compiling ryu v1.0.11
[INFO] [stderr]    Compiling itoa v1.0.4
[INFO] [stderr]    Compiling aho-corasick v0.7.20
[INFO] [stderr]    Compiling crossbeam-channel v0.5.6
[INFO] [stderr]    Compiling fixedbitset v0.4.2
[INFO] [stderr]    Compiling crossbeam-deque v0.8.2
[INFO] [stderr]    Compiling num_cpus v1.14.0
[INFO] [stderr]    Compiling minimal-lexical v0.2.1
[INFO] [stderr]    Compiling aoc v0.1.0 (/opt/rustwide/workdir/aoc)
[INFO] [stderr]    Compiling fxhash v0.2.1
[INFO] [stderr]    Compiling nom v7.1.1
[INFO] [stderr]    Compiling integer-sqrt v0.1.5
[INFO] [stderr]    Compiling num-complex v0.4.2
[INFO] [stderr]    Compiling rayon v1.6.0
[INFO] [stderr]    Compiling regex v1.7.0
[INFO] [stderr]    Compiling num v0.4.0
[INFO] [stderr]    Compiling darling_core v0.14.2
[INFO] [stderr]    Compiling structmeta-derive v0.1.5
[INFO] [stderr]    Compiling thiserror-impl v1.0.37
[INFO] [stderr]    Compiling memoize-inner v0.2.1
[INFO] [stderr]    Compiling memoize v0.3.1
[INFO] [stderr]    Compiling darling_macro v0.14.2
[INFO] [stderr]    Compiling pathfinding v4.0.0
[INFO] [stderr]    Compiling structmeta v0.1.5
[INFO] [stderr]    Compiling parse-display-derive v0.8.0
[INFO] [stderr]    Compiling darling v0.14.2
[INFO] [stderr]    Compiling aoc_derive v0.1.0 (/opt/rustwide/workdir/aoc_derive)
[INFO] [stderr]    Compiling parse-display v0.8.0
[INFO] [stderr]    Compiling y2022 v0.1.0 (/opt/rustwide/workdir)
[INFO] [stderr]     Finished dev [unoptimized + debuginfo] target(s) in 12.88s
[INFO] running `Command { std: "docker" "inspect" "125c43eb5ee6f457bbc54220aa56f7c9fc79513dd43ebecb2511c748d6ada013", kill_on_drop: false }`
[INFO] running `Command { std: "docker" "rm" "-f" "125c43eb5ee6f457bbc54220aa56f7c9fc79513dd43ebecb2511c748d6ada013", kill_on_drop: false }`
[INFO] [stdout] 125c43eb5ee6f457bbc54220aa56f7c9fc79513dd43ebecb2511c748d6ada013
[INFO] running `Command { std: "docker" "create" "-v" "/var/lib/crater-agent-workspace/builds/worker-1-tc1/target:/opt/rustwide/target:rw,Z" "-v" "/var/lib/crater-agent-workspace/builds/worker-1-tc1/source:/opt/rustwide/workdir:ro,Z" "-v" "/var/lib/crater-agent-workspace/cargo-home:/opt/rustwide/cargo-home:ro,Z" "-v" "/var/lib/crater-agent-workspace/rustup-home:/opt/rustwide/rustup-home:ro,Z" "-e" "SOURCE_DIR=/opt/rustwide/workdir" "-e" "CARGO_TARGET_DIR=/opt/rustwide/target" "-e" "CARGO_INCREMENTAL=0" "-e" "RUST_BACKTRACE=full" "-e" "RUSTFLAGS=--cap-lints=warn" "-e" "RUSTDOCFLAGS=--cap-lints=warn" "-e" "CARGO_HOME=/opt/rustwide/cargo-home" "-e" "RUSTUP_HOME=/opt/rustwide/rustup-home" "-w" "/opt/rustwide/workdir" "-m" "1610612736" "--user" "0:0" "--network" "none" "ghcr.io/rust-lang/crates-build-env/linux@sha256:2788e3201cd34a07e3172128adcd8b3090168a8e3bcc40d7c032b9dda1df7d1c" "/opt/rustwide/cargo-home/bin/cargo" "+1.75.0" "test" "--frozen" "--no-run" "--message-format=json", kill_on_drop: false }`
[INFO] [stdout] e661ae0098bd262257214c29edc4d85ca813b681d1e54349ad649418c3838581
[INFO] running `Command { std: "docker" "start" "-a" "e661ae0098bd262257214c29edc4d85ca813b681d1e54349ad649418c3838581", kill_on_drop: false }`
[INFO] [stderr]    Compiling y2022 v0.1.0 (/opt/rustwide/workdir)
[INFO] [stderr]     Finished test [unoptimized + debuginfo] target(s) in 4.39s
[INFO] running `Command { std: "docker" "inspect" "e661ae0098bd262257214c29edc4d85ca813b681d1e54349ad649418c3838581", kill_on_drop: false }`
[INFO] running `Command { std: "docker" "rm" "-f" "e661ae0098bd262257214c29edc4d85ca813b681d1e54349ad649418c3838581", kill_on_drop: false }`
[INFO] [stdout] e661ae0098bd262257214c29edc4d85ca813b681d1e54349ad649418c3838581
[INFO] running `Command { std: "docker" "create" "-v" "/var/lib/crater-agent-workspace/builds/worker-1-tc1/target:/opt/rustwide/target:rw,Z" "-v" "/var/lib/crater-agent-workspace/builds/worker-1-tc1/source:/opt/rustwide/workdir:ro,Z" "-v" "/var/lib/crater-agent-workspace/cargo-home:/opt/rustwide/cargo-home:ro,Z" "-v" "/var/lib/crater-agent-workspace/rustup-home:/opt/rustwide/rustup-home:ro,Z" "-e" "SOURCE_DIR=/opt/rustwide/workdir" "-e" "CARGO_TARGET_DIR=/opt/rustwide/target" "-e" "CARGO_INCREMENTAL=0" "-e" "RUST_BACKTRACE=full" "-e" "RUSTFLAGS=--cap-lints=warn" "-e" "RUSTDOCFLAGS=--cap-lints=warn" "-e" "CARGO_HOME=/opt/rustwide/cargo-home" "-e" "RUSTUP_HOME=/opt/rustwide/rustup-home" "-w" "/opt/rustwide/workdir" "-m" "1610612736" "--user" "0:0" "--network" "none" "ghcr.io/rust-lang/crates-build-env/linux@sha256:2788e3201cd34a07e3172128adcd8b3090168a8e3bcc40d7c032b9dda1df7d1c" "/opt/rustwide/cargo-home/bin/cargo" "+1.75.0" "test" "--frozen", kill_on_drop: false }`
[INFO] [stdout] 71d47bde0027b9d41d256003eeb3a6a0c598091b0fdd73ebb982ccf9ada1657e
[INFO] running `Command { std: "docker" "start" "-a" "71d47bde0027b9d41d256003eeb3a6a0c598091b0fdd73ebb982ccf9ada1657e", kill_on_drop: false }`
[INFO] [stderr]     Finished test [unoptimized + debuginfo] target(s) in 0.04s
[INFO] [stderr]      Running unittests src/main.rs (/opt/rustwide/target/debug/deps/y2022-b554207734441911)
[INFO] [stdout] 
[INFO] [stdout] running 50 tests
[INFO] [stdout] test day01::test::test_day01_part2 ... ok
[INFO] [stdout] test day02::test::test_day02_part1 ... ok
[INFO] [stdout] test day01::test::test_day01_part1 ... ok
[INFO] [stdout] test day02::test::test_day02_part2 ... ok
[INFO] [stdout] test day04::test::test_day04_part1 ... ok
[INFO] [stdout] test day03::test::test_day03_part2 ... ok
[INFO] [stdout] test day04::test::test_day04_part2 ... ok
[INFO] [stdout] test day05::test::test_day05_part1 ... ok
[INFO] [stdout] test day05::test::test_day05_part2 ... ok
[INFO] [stdout] test day06::test::test_day06_part1 ... ok
[INFO] [stdout] test day06::test::test_day06_part2 ... ok
[INFO] [stdout] test day07::test::test_day07_part1 ... ok
[INFO] [stdout] test day07::test::test_day07_part2 ... ok
[INFO] [stdout] test day09::test::test_day09_part1 ... ok
[INFO] [stdout] test day10::test::test_day10_part1 ... ok
[INFO] [stdout] test day09::test::test_day09_part2 ... ok
[INFO] [stdout] test day10::test::test_day10_part2 ... ok
[INFO] [stdout] test day08::test::test_day08_part2 ... ok
[INFO] [stdout] test day08::test::test_day08_part1 ... ok
[INFO] [stdout] test day11::test::test_day11_part1 ... ok
[INFO] [stdout] test day12::test::test_day12_part2 ... ok
[INFO] [stdout] test day12::test::test_day12_part1 ... ok
[INFO] [stdout] test day13::test::test_day13_part1 ... ok
[INFO] [stdout] test day13::test::test_day13_part2 ... ok
[INFO] [stdout] test day15::test::test_day15_range ... ok
[INFO] [stdout] test day14::test::test_day14_part1 ... ok
[INFO] [stdout] test day20::test::test_day20_part2 ... ok
[INFO] [stdout] test day20::test::test_day20_part1 ... ok
[INFO] [stdout] test day18::test::test_day18_part1 ... ok
[INFO] [stdout] test day03::test::test_day03_part1 ... ok
[INFO] [stdout] test day18::test::test_day18_part2 ... ok
[INFO] [stdout] test day22::test::test_day22_part1 ... ok
[INFO] [stdout] test day14::test::test_day14_part2 ... ok
[INFO] [stdout] test day23::test::test_day23_part1 ... ok
[INFO] [stdout] test day24::test::test_day24_part1 ... ok
[INFO] [stdout] test day24::test::test_day24_part2 ... ok
[INFO] [stdout] test day25::test::test_day25_part1 ... ok
[INFO] [stdout] test day15::test::test_day15_part1 ... ok
[INFO] [stdout] test day15::test::test_day15_part2 ... ok
[INFO] [stdout] test day23::test::test_day23_part2 ... ok
[INFO] [stdout] test day21::test::test_day21_part2 ... ok
[INFO] [stdout] test day21::test::test_day21_part1 ... ok
[INFO] [stdout] test day17::test::test_day17_part2 ... FAILED
[INFO] [stdout] test day11::test::test_day11_part2 ... ok
[INFO] [stdout] test day22::test::test_day22_part2 ... ok
[INFO] [stdout] test day17::test::test_day17_part1 ... FAILED
[INFO] [stdout] test day16::test::test_day16_part1 ... ok
[INFO] [stdout] test day16::test::test_day16_part2 ... ok
[INFO] [stderr] error: test failed, to rerun pass `--bin y2022`
[INFO] [stderr] 
[INFO] [stderr] Caused by:
[INFO] [stderr]   process didn't exit successfully: `/opt/rustwide/target/debug/deps/y2022-b554207734441911` (signal: 9, SIGKILL: kill)
[INFO] running `Command { std: "docker" "inspect" "71d47bde0027b9d41d256003eeb3a6a0c598091b0fdd73ebb982ccf9ada1657e", kill_on_drop: false }`
[INFO] running `Command { std: "docker" "rm" "-f" "71d47bde0027b9d41d256003eeb3a6a0c598091b0fdd73ebb982ccf9ada1657e", kill_on_drop: false }`
[INFO] [stdout] 71d47bde0027b9d41d256003eeb3a6a0c598091b0fdd73ebb982ccf9ada1657e
[INFO] testing vstepanyuk/advent2022 against beta-2023-12-22 for beta-1.76-1
[INFO] running `Command { std: "git" "clone" "/workspace/cache/git-repos/https%3A%2F%2Fgithub.com%2Fvstepanyuk%2Fadvent2022" "/workspace/builds/worker-1-tc2/source", kill_on_drop: false }`
[INFO] [stderr] Cloning into '/workspace/builds/worker-1-tc2/source'...
[INFO] [stderr] done.
[INFO] validating manifest of git repo https://github.com/vstepanyuk/advent2022 on toolchain beta-2023-12-22
[INFO] running `Command { std: CARGO_HOME="/workspace/cargo-home" RUSTUP_HOME="/workspace/rustup-home" "/workspace/cargo-home/bin/cargo" "+beta-2023-12-22" "metadata" "--manifest-path" "Cargo.toml" "--no-deps", kill_on_drop: false }`
[INFO] started tweaking git repo https://github.com/vstepanyuk/advent2022
[INFO] finished tweaking git repo https://github.com/vstepanyuk/advent2022
[INFO] tweaked toml for git repo https://github.com/vstepanyuk/advent2022 written to /workspace/builds/worker-1-tc2/source/Cargo.toml
[INFO] crate git repo https://github.com/vstepanyuk/advent2022 already has a lockfile, it will not be regenerated
[INFO] running `Command { std: CARGO_HOME="/workspace/cargo-home" RUSTUP_HOME="/workspace/rustup-home" "/workspace/cargo-home/bin/cargo" "+beta-2023-12-22" "fetch" "--manifest-path" "Cargo.toml", kill_on_drop: false }`
[INFO] running `Command { std: "docker" "create" "-v" "/var/lib/crater-agent-workspace/builds/worker-1-tc2/target:/opt/rustwide/target:rw,Z" "-v" "/var/lib/crater-agent-workspace/builds/worker-1-tc2/source:/opt/rustwide/workdir:ro,Z" "-v" "/var/lib/crater-agent-workspace/cargo-home:/opt/rustwide/cargo-home:ro,Z" "-v" "/var/lib/crater-agent-workspace/rustup-home:/opt/rustwide/rustup-home:ro,Z" "-e" "SOURCE_DIR=/opt/rustwide/workdir" "-e" "CARGO_TARGET_DIR=/opt/rustwide/target" "-e" "CARGO_HOME=/opt/rustwide/cargo-home" "-e" "RUSTUP_HOME=/opt/rustwide/rustup-home" "-w" "/opt/rustwide/workdir" "-m" "1610612736" "--user" "0:0" "--network" "none" "ghcr.io/rust-lang/crates-build-env/linux@sha256:2788e3201cd34a07e3172128adcd8b3090168a8e3bcc40d7c032b9dda1df7d1c" "/opt/rustwide/cargo-home/bin/cargo" "+beta-2023-12-22" "metadata" "--no-deps" "--format-version=1", kill_on_drop: false }`
[INFO] [stdout] fe8f710bbc2f3f00d904f1c0bde25ab3f7322602bc312cb2737f0c0026ee16c3
[INFO] running `Command { std: "docker" "start" "-a" "fe8f710bbc2f3f00d904f1c0bde25ab3f7322602bc312cb2737f0c0026ee16c3", kill_on_drop: false }`
[INFO] running `Command { std: "docker" "inspect" "fe8f710bbc2f3f00d904f1c0bde25ab3f7322602bc312cb2737f0c0026ee16c3", kill_on_drop: false }`
[INFO] running `Command { std: "docker" "rm" "-f" "fe8f710bbc2f3f00d904f1c0bde25ab3f7322602bc312cb2737f0c0026ee16c3", kill_on_drop: false }`
[INFO] [stdout] fe8f710bbc2f3f00d904f1c0bde25ab3f7322602bc312cb2737f0c0026ee16c3
[INFO] running `Command { std: "docker" "create" "-v" "/var/lib/crater-agent-workspace/builds/worker-1-tc2/target:/opt/rustwide/target:rw,Z" "-v" "/var/lib/crater-agent-workspace/builds/worker-1-tc2/source:/opt/rustwide/workdir:ro,Z" "-v" "/var/lib/crater-agent-workspace/cargo-home:/opt/rustwide/cargo-home:ro,Z" "-v" "/var/lib/crater-agent-workspace/rustup-home:/opt/rustwide/rustup-home:ro,Z" "-e" "SOURCE_DIR=/opt/rustwide/workdir" "-e" "CARGO_TARGET_DIR=/opt/rustwide/target" "-e" "CARGO_INCREMENTAL=0" "-e" "RUST_BACKTRACE=full" "-e" "RUSTFLAGS=--cap-lints=warn" "-e" "RUSTDOCFLAGS=--cap-lints=warn" "-e" "CARGO_HOME=/opt/rustwide/cargo-home" "-e" "RUSTUP_HOME=/opt/rustwide/rustup-home" "-w" "/opt/rustwide/workdir" "-m" "1610612736" "--user" "0:0" "--network" "none" "ghcr.io/rust-lang/crates-build-env/linux@sha256:2788e3201cd34a07e3172128adcd8b3090168a8e3bcc40d7c032b9dda1df7d1c" "/opt/rustwide/cargo-home/bin/cargo" "+beta-2023-12-22" "build" "--frozen" "--message-format=json", kill_on_drop: false }`
[INFO] [stdout] c953b2ff3763a7b6e442f71174de7b425fc7dc8fc7ce02ede2a37f1edf1e2e26
[INFO] running `Command { std: "docker" "start" "-a" "c953b2ff3763a7b6e442f71174de7b425fc7dc8fc7ce02ede2a37f1edf1e2e26", kill_on_drop: false }`
[INFO] [stderr]    Compiling autocfg v1.1.0
[INFO] [stderr]    Compiling proc-macro2 v1.0.47
[INFO] [stderr]    Compiling unicode-ident v1.0.5
[INFO] [stderr]    Compiling quote v1.0.21
[INFO] [stderr]    Compiling syn v1.0.104
[INFO] [stderr]    Compiling memchr v2.5.0
[INFO] [stderr]    Compiling crossbeam-utils v0.8.14
[INFO] [stderr]    Compiling cfg-if v1.0.0
[INFO] [stderr]    Compiling libc v0.2.138
[INFO] [stderr]    Compiling scopeguard v1.1.0
[INFO] [stderr]    Compiling strsim v0.10.0
[INFO] [stderr]    Compiling ident_case v1.0.1
[INFO] [stderr]    Compiling fnv v1.0.7
[INFO] [stderr]    Compiling rayon-core v1.10.1
[INFO] [stderr]    Compiling serde v1.0.149
[INFO] [stderr]    Compiling regex-syntax v0.6.28
[INFO] [stderr]    Compiling either v1.8.0
[INFO] [stderr]    Compiling thiserror v1.0.37
[INFO] [stderr]    Compiling anyhow v1.0.66
[INFO] [stderr]    Compiling lazy_static v1.4.0
[INFO] [stderr]    Compiling hashbrown v0.12.3
[INFO] [stderr]    Compiling once_cell v1.16.0
[INFO] [stderr]    Compiling serde_json v1.0.89
[INFO] [stderr]    Compiling itertools v0.10.5
[INFO] [stderr]    Compiling byteorder v1.4.3
[INFO] [stderr]    Compiling rustc-hash v1.1.0
[INFO] [stderr]    Compiling minimal-lexical v0.2.1
[INFO] [stderr]    Compiling ryu v1.0.11
[INFO] [stderr]    Compiling num-traits v0.2.15
[INFO] [stderr]    Compiling num-integer v0.1.45
[INFO] [stderr]    Compiling memoffset v0.7.1
[INFO] [stderr]    Compiling crossbeam-epoch v0.9.13
[INFO] [stderr]    Compiling num-bigint v0.4.3
[INFO] [stderr]    Compiling num-rational v0.4.1
[INFO] [stderr]    Compiling indexmap v1.9.2
[INFO] [stderr]    Compiling num-iter v0.1.43
[INFO] [stderr]    Compiling crossbeam-channel v0.5.6
[INFO] [stderr]    Compiling aho-corasick v0.7.20
[INFO] [stderr]    Compiling num_cpus v1.14.0
[INFO] [stderr]    Compiling paste v1.0.9
[INFO] [stderr]    Compiling crossbeam-deque v0.8.2
[INFO] [stderr]    Compiling fixedbitset v0.4.2
[INFO] [stderr]    Compiling itoa v1.0.4
[INFO] [stderr]    Compiling nom v7.1.1
[INFO] [stderr]    Compiling fxhash v0.2.1
[INFO] [stderr]    Compiling aoc v0.1.0 (/opt/rustwide/workdir/aoc)
[INFO] [stderr]    Compiling integer-sqrt v0.1.5
[INFO] [stderr]    Compiling num-complex v0.4.2
[INFO] [stderr]    Compiling rayon v1.6.0
[INFO] [stderr]    Compiling regex v1.7.0
[INFO] [stderr]    Compiling num v0.4.0
[INFO] [stderr]    Compiling darling_core v0.14.2
[INFO] [stderr]    Compiling structmeta-derive v0.1.5
[INFO] [stderr]    Compiling thiserror-impl v1.0.37
[INFO] [stderr]    Compiling memoize-inner v0.2.1
[INFO] [stderr]    Compiling memoize v0.3.1
[INFO] [stderr]    Compiling darling_macro v0.14.2
[INFO] [stderr]    Compiling structmeta v0.1.5
[INFO] [stderr]    Compiling pathfinding v4.0.0
[INFO] [stderr]    Compiling parse-display-derive v0.8.0
[INFO] [stderr]    Compiling darling v0.14.2
[INFO] [stderr]    Compiling aoc_derive v0.1.0 (/opt/rustwide/workdir/aoc_derive)
[INFO] [stderr]    Compiling parse-display v0.8.0
[INFO] [stderr]    Compiling y2022 v0.1.0 (/opt/rustwide/workdir)
[INFO] [stderr]     Finished dev [unoptimized + debuginfo] target(s) in 11.27s
[INFO] running `Command { std: "docker" "inspect" "c953b2ff3763a7b6e442f71174de7b425fc7dc8fc7ce02ede2a37f1edf1e2e26", kill_on_drop: false }`
[INFO] running `Command { std: "docker" "rm" "-f" "c953b2ff3763a7b6e442f71174de7b425fc7dc8fc7ce02ede2a37f1edf1e2e26", kill_on_drop: false }`
[INFO] [stdout] c953b2ff3763a7b6e442f71174de7b425fc7dc8fc7ce02ede2a37f1edf1e2e26
[INFO] running `Command { std: "docker" "create" "-v" "/var/lib/crater-agent-workspace/builds/worker-1-tc2/target:/opt/rustwide/target:rw,Z" "-v" "/var/lib/crater-agent-workspace/builds/worker-1-tc2/source:/opt/rustwide/workdir:ro,Z" "-v" "/var/lib/crater-agent-workspace/cargo-home:/opt/rustwide/cargo-home:ro,Z" "-v" "/var/lib/crater-agent-workspace/rustup-home:/opt/rustwide/rustup-home:ro,Z" "-e" "SOURCE_DIR=/opt/rustwide/workdir" "-e" "CARGO_TARGET_DIR=/opt/rustwide/target" "-e" "CARGO_INCREMENTAL=0" "-e" "RUST_BACKTRACE=full" "-e" "RUSTFLAGS=--cap-lints=warn" "-e" "RUSTDOCFLAGS=--cap-lints=warn" "-e" "CARGO_HOME=/opt/rustwide/cargo-home" "-e" "RUSTUP_HOME=/opt/rustwide/rustup-home" "-w" "/opt/rustwide/workdir" "-m" "1610612736" "--user" "0:0" "--network" "none" "ghcr.io/rust-lang/crates-build-env/linux@sha256:2788e3201cd34a07e3172128adcd8b3090168a8e3bcc40d7c032b9dda1df7d1c" "/opt/rustwide/cargo-home/bin/cargo" "+beta-2023-12-22" "test" "--frozen" "--no-run" "--message-format=json", kill_on_drop: false }`
[INFO] [stdout] 8b6f7fe04ac577eccf8269c940f34ac965443bade663133f85f7b6d961456463
[INFO] running `Command { std: "docker" "start" "-a" "8b6f7fe04ac577eccf8269c940f34ac965443bade663133f85f7b6d961456463", kill_on_drop: false }`
[INFO] [stderr]    Compiling y2022 v0.1.0 (/opt/rustwide/workdir)
[INFO] [stderr]     Finished test [unoptimized + debuginfo] target(s) in 3.69s
[INFO] running `Command { std: "docker" "inspect" "8b6f7fe04ac577eccf8269c940f34ac965443bade663133f85f7b6d961456463", kill_on_drop: false }`
[INFO] running `Command { std: "docker" "rm" "-f" "8b6f7fe04ac577eccf8269c940f34ac965443bade663133f85f7b6d961456463", kill_on_drop: false }`
[INFO] [stdout] 8b6f7fe04ac577eccf8269c940f34ac965443bade663133f85f7b6d961456463
[INFO] running `Command { std: "docker" "create" "-v" "/var/lib/crater-agent-workspace/builds/worker-1-tc2/target:/opt/rustwide/target:rw,Z" "-v" "/var/lib/crater-agent-workspace/builds/worker-1-tc2/source:/opt/rustwide/workdir:ro,Z" "-v" "/var/lib/crater-agent-workspace/cargo-home:/opt/rustwide/cargo-home:ro,Z" "-v" "/var/lib/crater-agent-workspace/rustup-home:/opt/rustwide/rustup-home:ro,Z" "-e" "SOURCE_DIR=/opt/rustwide/workdir" "-e" "CARGO_TARGET_DIR=/opt/rustwide/target" "-e" "CARGO_INCREMENTAL=0" "-e" "RUST_BACKTRACE=full" "-e" "RUSTFLAGS=--cap-lints=warn" "-e" "RUSTDOCFLAGS=--cap-lints=warn" "-e" "CARGO_HOME=/opt/rustwide/cargo-home" "-e" "RUSTUP_HOME=/opt/rustwide/rustup-home" "-w" "/opt/rustwide/workdir" "-m" "1610612736" "--user" "0:0" "--network" "none" "ghcr.io/rust-lang/crates-build-env/linux@sha256:2788e3201cd34a07e3172128adcd8b3090168a8e3bcc40d7c032b9dda1df7d1c" "/opt/rustwide/cargo-home/bin/cargo" "+beta-2023-12-22" "test" "--frozen", kill_on_drop: false }`
[INFO] [stdout] 543e59b3623fc625fdb5114d0398bc16c2c20927366d57cbf79b9ce64f0d8984
[INFO] running `Command { std: "docker" "start" "-a" "543e59b3623fc625fdb5114d0398bc16c2c20927366d57cbf79b9ce64f0d8984", kill_on_drop: false }`
[INFO] [stderr]     Finished test [unoptimized + debuginfo] target(s) in 0.06s
[INFO] [stderr]      Running unittests src/main.rs (/opt/rustwide/target/debug/deps/y2022-9a09cfed98daff7d)
[INFO] [stdout] 
[INFO] [stdout] running 50 tests
[INFO] [stdout] test day01::test::test_day01_part1 ... ok
[INFO] [stdout] test day01::test::test_day01_part2 ... ok
[INFO] [stdout] test day02::test::test_day02_part1 ... ok
[INFO] [stdout] test day02::test::test_day02_part2 ... ok
[INFO] [stdout] test day04::test::test_day04_part1 ... ok
[INFO] [stdout] test day04::test::test_day04_part2 ... ok
[INFO] [stdout] test day03::test::test_day03_part2 ... ok
[INFO] [stdout] test day05::test::test_day05_part1 ... ok
[INFO] [stdout] test day05::test::test_day05_part2 ... ok
[INFO] [stdout] test day06::test::test_day06_part1 ... ok
[INFO] [stdout] test day06::test::test_day06_part2 ... ok
[INFO] [stdout] test day07::test::test_day07_part1 ... ok
[INFO] [stdout] test day07::test::test_day07_part2 ... ok
[INFO] [stdout] test day10::test::test_day10_part1 ... ok
[INFO] [stdout] test day09::test::test_day09_part2 ... ok
[INFO] [stdout] test day08::test::test_day08_part1 ... ok
[INFO] [stdout] test day10::test::test_day10_part2 ... ok
[INFO] [stdout] test day08::test::test_day08_part2 ... ok
[INFO] [stdout] test day09::test::test_day09_part1 ... ok
[INFO] [stdout] test day15::test::test_day15_range ... ok
[INFO] [stdout] test day12::test::test_day12_part1 ... ok
[INFO] [stdout] test day13::test::test_day13_part2 ... ok
[INFO] [stdout] test day12::test::test_day12_part2 ... ok
[INFO] [stdout] test day14::test::test_day14_part1 ... ok
[INFO] [stdout] test day13::test::test_day13_part1 ... ok
[INFO] [stdout] test day11::test::test_day11_part1 ... ok
[INFO] [stdout] test day14::test::test_day14_part2 ... ok
[INFO] [stdout] test day03::test::test_day03_part1 ... ok
[INFO] [stdout] test day18::test::test_day18_part1 ... ok
[INFO] [stdout] test day20::test::test_day20_part1 ... ok
[INFO] [stdout] test day20::test::test_day20_part2 ... ok
[INFO] [stdout] test day22::test::test_day22_part1 ... ok
[INFO] [stdout] test day18::test::test_day18_part2 ... ok
[INFO] [stdout] test day23::test::test_day23_part1 ... ok
[INFO] [stdout] test day23::test::test_day23_part2 ... ok
[INFO] [stdout] test day25::test::test_day25_part1 ... ok
[INFO] [stdout] test day24::test::test_day24_part1 ... ok
[INFO] [stdout] test day15::test::test_day15_part2 ... ok
[INFO] [stdout] test day15::test::test_day15_part1 ... ok
[INFO] [stdout] test day24::test::test_day24_part2 ... ok
[INFO] [stdout] test day21::test::test_day21_part1 ... ok
[INFO] [stdout] test day21::test::test_day21_part2 ... ok
[INFO] [stdout] test day17::test::test_day17_part2 ... FAILED
[INFO] [stdout] test day11::test::test_day11_part2 ... ok
[INFO] [stdout] test day22::test::test_day22_part2 ... ok
[INFO] [stdout] test day17::test::test_day17_part1 ... FAILED
[INFO] [stdout] test day16::test::test_day16_part1 ... ok
[INFO] [stdout] test day16::test::test_day16_part2 ... ok
[INFO] [stderr] error: test failed, to rerun pass `--bin y2022`
[INFO] [stderr] 
[INFO] [stderr] Caused by:
[INFO] [stderr]   process didn't exit successfully: `/opt/rustwide/target/debug/deps/y2022-9a09cfed98daff7d` (signal: 9, SIGKILL: kill)
[INFO] running `Command { std: "docker" "inspect" "543e59b3623fc625fdb5114d0398bc16c2c20927366d57cbf79b9ce64f0d8984", kill_on_drop: false }`
[INFO] running `Command { std: "docker" "rm" "-f" "543e59b3623fc625fdb5114d0398bc16c2c20927366d57cbf79b9ce64f0d8984", kill_on_drop: false }`
[INFO] [stdout] 543e59b3623fc625fdb5114d0398bc16c2c20927366d57cbf79b9ce64f0d8984
