[INFO] cloning repository https://github.com/vovac12/lighthouse-ssz
[INFO] running `Command { std: "git" "-c" "credential.helper=" "-c" "credential.helper=/workspace/cargo-home/bin/git-credential-null" "clone" "--bare" "https://github.com/vovac12/lighthouse-ssz" "/workspace/cache/git-repos/https%3A%2F%2Fgithub.com%2Fvovac12%2Flighthouse-ssz", kill_on_drop: false }`
[INFO] [stderr] Cloning into bare repository '/workspace/cache/git-repos/https%3A%2F%2Fgithub.com%2Fvovac12%2Flighthouse-ssz'...
[INFO] running `Command { std: "git" "rev-parse" "HEAD", kill_on_drop: false }`
[INFO] [stdout] ee51b854d42080794ef6fafd0a41bcee61f13900
[INFO] testing vovac12/lighthouse-ssz against 1.75.0 for beta-1.76-1
[INFO] running `Command { std: "git" "clone" "/workspace/cache/git-repos/https%3A%2F%2Fgithub.com%2Fvovac12%2Flighthouse-ssz" "/workspace/builds/worker-6-tc1/source", kill_on_drop: false }`
[INFO] [stderr] Cloning into '/workspace/builds/worker-6-tc1/source'...
[INFO] [stderr] done.
[INFO] validating manifest of git repo https://github.com/vovac12/lighthouse-ssz on toolchain 1.75.0
[INFO] running `Command { std: CARGO_HOME="/workspace/cargo-home" RUSTUP_HOME="/workspace/rustup-home" "/workspace/cargo-home/bin/cargo" "+1.75.0" "metadata" "--manifest-path" "Cargo.toml" "--no-deps", kill_on_drop: false }`
[INFO] started tweaking git repo https://github.com/vovac12/lighthouse-ssz
[INFO] finished tweaking git repo https://github.com/vovac12/lighthouse-ssz
[INFO] tweaked toml for git repo https://github.com/vovac12/lighthouse-ssz written to /workspace/builds/worker-6-tc1/source/Cargo.toml
[INFO] crate git repo https://github.com/vovac12/lighthouse-ssz already has a lockfile, it will not be regenerated
[INFO] running `Command { std: CARGO_HOME="/workspace/cargo-home" RUSTUP_HOME="/workspace/rustup-home" "/workspace/cargo-home/bin/cargo" "+1.75.0" "fetch" "--manifest-path" "Cargo.toml", kill_on_drop: false }`
[INFO] [stderr]     Updating git submodule `https://github.com/snowfork/incubator-milagro-crypto-rust`
[INFO] [stderr]  Downloading crates ...
[INFO] [stderr]   Downloaded derive_arbitrary v1.2.1
[INFO] [stderr]   Downloaded arbitrary v1.2.0
[INFO] running `Command { std: "docker" "create" "-v" "/var/lib/crater-agent-workspace/builds/worker-6-tc1/target:/opt/rustwide/target:rw,Z" "-v" "/var/lib/crater-agent-workspace/builds/worker-6-tc1/source:/opt/rustwide/workdir:ro,Z" "-v" "/var/lib/crater-agent-workspace/cargo-home:/opt/rustwide/cargo-home:ro,Z" "-v" "/var/lib/crater-agent-workspace/rustup-home:/opt/rustwide/rustup-home:ro,Z" "-e" "SOURCE_DIR=/opt/rustwide/workdir" "-e" "CARGO_TARGET_DIR=/opt/rustwide/target" "-e" "CARGO_HOME=/opt/rustwide/cargo-home" "-e" "RUSTUP_HOME=/opt/rustwide/rustup-home" "-w" "/opt/rustwide/workdir" "-m" "1610612736" "--user" "0:0" "--network" "none" "ghcr.io/rust-lang/crates-build-env/linux@sha256:2788e3201cd34a07e3172128adcd8b3090168a8e3bcc40d7c032b9dda1df7d1c" "/opt/rustwide/cargo-home/bin/cargo" "+1.75.0" "metadata" "--no-deps" "--format-version=1", kill_on_drop: false }`
[INFO] [stdout] 7217ce19a18230bf533d8a43ecdeec46ce67c858709d64239e1e315e2fdd20c9
[INFO] running `Command { std: "docker" "start" "-a" "7217ce19a18230bf533d8a43ecdeec46ce67c858709d64239e1e315e2fdd20c9", kill_on_drop: false }`
[INFO] running `Command { std: "docker" "inspect" "7217ce19a18230bf533d8a43ecdeec46ce67c858709d64239e1e315e2fdd20c9", kill_on_drop: false }`
[INFO] running `Command { std: "docker" "rm" "-f" "7217ce19a18230bf533d8a43ecdeec46ce67c858709d64239e1e315e2fdd20c9", kill_on_drop: false }`
[INFO] [stdout] 7217ce19a18230bf533d8a43ecdeec46ce67c858709d64239e1e315e2fdd20c9
[INFO] running `Command { std: "docker" "create" "-v" "/var/lib/crater-agent-workspace/builds/worker-6-tc1/target:/opt/rustwide/target:rw,Z" "-v" "/var/lib/crater-agent-workspace/builds/worker-6-tc1/source:/opt/rustwide/workdir:ro,Z" "-v" "/var/lib/crater-agent-workspace/cargo-home:/opt/rustwide/cargo-home:ro,Z" "-v" "/var/lib/crater-agent-workspace/rustup-home:/opt/rustwide/rustup-home:ro,Z" "-e" "SOURCE_DIR=/opt/rustwide/workdir" "-e" "CARGO_TARGET_DIR=/opt/rustwide/target" "-e" "CARGO_INCREMENTAL=0" "-e" "RUST_BACKTRACE=full" "-e" "RUSTFLAGS=--cap-lints=warn" "-e" "RUSTDOCFLAGS=--cap-lints=warn" "-e" "CARGO_HOME=/opt/rustwide/cargo-home" "-e" "RUSTUP_HOME=/opt/rustwide/rustup-home" "-w" "/opt/rustwide/workdir" "-m" "1610612736" "--user" "0:0" "--network" "none" "ghcr.io/rust-lang/crates-build-env/linux@sha256:2788e3201cd34a07e3172128adcd8b3090168a8e3bcc40d7c032b9dda1df7d1c" "/opt/rustwide/cargo-home/bin/cargo" "+1.75.0" "build" "--frozen" "--message-format=json", kill_on_drop: false }`
[INFO] [stdout] 87301add2a8231e3290d916f2d922a38cbcffca23eeb8eeab012504f7efe1bae
[INFO] running `Command { std: "docker" "start" "-a" "87301add2a8231e3290d916f2d922a38cbcffca23eeb8eeab012504f7efe1bae", kill_on_drop: false }`
[INFO] [stderr]    Compiling proc-macro2 v1.0.49
[INFO] [stderr]    Compiling quote v1.0.23
[INFO] [stderr]    Compiling unicode-ident v1.0.6
[INFO] [stderr]    Compiling syn v1.0.107
[INFO] [stderr]    Compiling libc v0.2.139
[INFO] [stderr]    Compiling cfg-if v1.0.0
[INFO] [stderr]    Compiling serde_derive v1.0.152
[INFO] [stderr]    Compiling serde v1.0.152
[INFO] [stderr]    Compiling crunchy v0.2.2
[INFO] [stderr]    Compiling version_check v0.9.4
[INFO] [stderr]    Compiling typenum v1.16.0
[INFO] [stderr]    Compiling ppv-lite86 v0.2.17
[INFO] [stderr]    Compiling static_assertions v1.1.0
[INFO] [stderr]    Compiling byteorder v1.4.3
[INFO] [stderr]    Compiling thiserror v1.0.38
[INFO] [stderr]    Compiling generic-array v0.14.6
[INFO] [stderr]    Compiling rustc-hex v2.1.0
[INFO] [stderr]    Compiling tiny-keccak v2.0.2
[INFO] [stderr]    Compiling hex v0.4.3
[INFO] [stderr]    Compiling once_cell v1.16.0
[INFO] [stderr]    Compiling getrandom v0.2.8
[INFO] [stderr]    Compiling uint v0.9.5
[INFO] [stderr]    Compiling serde_json v1.0.91
[INFO] [stderr]    Compiling unicode-xid v0.2.4
[INFO] [stderr]    Compiling rand_core v0.6.4
[INFO] [stderr]    Compiling ident_case v1.0.1
[INFO] [stderr]    Compiling fnv v1.0.7
[INFO] [stderr]    Compiling spin v0.5.2
[INFO] [stderr]    Compiling strsim v0.10.0
[INFO] [stderr]    Compiling cpufeatures v0.2.5
[INFO] [stderr]    Compiling rand_chacha v0.3.1
[INFO] [stderr]    Compiling lazy_static v1.4.0
[INFO] [stderr]    Compiling either v1.8.0
[INFO] [stderr]    Compiling cc v1.0.79
[INFO] [stderr]    Compiling ryu v1.0.12
[INFO] [stderr]    Compiling rand v0.8.5
[INFO] [stderr]    Compiling byte-slice-cast v1.2.2
[INFO] [stderr]    Compiling arrayvec v0.7.2
[INFO] [stderr]    Compiling itoa v1.0.5
[INFO] [stderr]    Compiling smallvec v1.10.0
[INFO] [stderr]    Compiling itertools v0.10.5
[INFO] [stderr]    Compiling num_cpus v1.15.0
[INFO] [stderr]    Compiling threadpool v1.8.1
[INFO] [stderr]    Compiling fixed-hash v0.8.0
[INFO] [stderr]    Compiling block-buffer v0.10.3
[INFO] [stderr]    Compiling crypto-common v0.1.6
[INFO] [stderr]    Compiling blst v0.3.10
[INFO] [stderr]    Compiling digest v0.10.6
[INFO] [stderr]    Compiling sha2 v0.10.6
[INFO] [stderr]    Compiling eth2_hashing v0.3.0 (/opt/rustwide/workdir/eth2_hashing)
[INFO] [stderr]    Compiling toml v0.5.10
[INFO] [stderr]    Compiling darling_core v0.13.4
[INFO] [stderr]    Compiling synstructure v0.12.6
[INFO] [stderr]    Compiling thiserror-impl v1.0.38
[INFO] [stderr]    Compiling impl-trait-for-tuples v0.2.2
[INFO] [stderr]    Compiling derive_more v0.99.17
[INFO] [stderr]    Compiling zeroize_derive v1.3.3
[INFO] [stderr]    Compiling derivative v2.2.0
[INFO] [stderr]    Compiling zeroize v1.5.7
[INFO] [stderr]    Compiling darling_macro v0.13.4
[INFO] [stderr]    Compiling proc-macro-crate v1.2.1
[INFO] [stderr]    Compiling darling v0.13.4
[INFO] [stderr]    Compiling tree_hash_derive v0.4.0 (/opt/rustwide/workdir/tree_hash_derive)
[INFO] [stderr]    Compiling eth2_ssz_derive v0.3.1 (/opt/rustwide/workdir/ssz_derive)
[INFO] [stderr]    Compiling parity-scale-codec-derive v3.1.3
[INFO] [stderr]    Compiling scale-info-derive v2.3.1
[INFO] [stderr]    Compiling impl-serde v0.4.0
[INFO] [stderr]    Compiling parity-scale-codec v3.2.1
[INFO] [stderr]    Compiling primitive-types v0.12.1
[INFO] [stderr]    Compiling ethbloom v0.13.0
[INFO] [stderr]    Compiling scale-info v2.3.1
[INFO] [stderr]    Compiling ethereum-types v0.14.1
[INFO] [stderr]    Compiling eth2_serde_utils v0.1.1 (/opt/rustwide/workdir/serde_utils)
[INFO] [stderr]    Compiling eth2_ssz v0.4.1 (/opt/rustwide/workdir/ssz)
[INFO] [stderr]    Compiling tree_hash v0.4.1 (/opt/rustwide/workdir/tree_hash)
[INFO] [stderr]    Compiling eth2_ssz_types v0.2.2 (/opt/rustwide/workdir/ssz_types)
[INFO] [stderr]    Compiling bls v0.2.0 (/opt/rustwide/workdir/bls)
[INFO] [stderr]     Finished dev [unoptimized + debuginfo] target(s) in 15.91s
[INFO] running `Command { std: "docker" "inspect" "87301add2a8231e3290d916f2d922a38cbcffca23eeb8eeab012504f7efe1bae", kill_on_drop: false }`
[INFO] running `Command { std: "docker" "rm" "-f" "87301add2a8231e3290d916f2d922a38cbcffca23eeb8eeab012504f7efe1bae", kill_on_drop: false }`
[INFO] [stdout] 87301add2a8231e3290d916f2d922a38cbcffca23eeb8eeab012504f7efe1bae
[INFO] running `Command { std: "docker" "create" "-v" "/var/lib/crater-agent-workspace/builds/worker-6-tc1/target:/opt/rustwide/target:rw,Z" "-v" "/var/lib/crater-agent-workspace/builds/worker-6-tc1/source:/opt/rustwide/workdir:ro,Z" "-v" "/var/lib/crater-agent-workspace/cargo-home:/opt/rustwide/cargo-home:ro,Z" "-v" "/var/lib/crater-agent-workspace/rustup-home:/opt/rustwide/rustup-home:ro,Z" "-e" "SOURCE_DIR=/opt/rustwide/workdir" "-e" "CARGO_TARGET_DIR=/opt/rustwide/target" "-e" "CARGO_INCREMENTAL=0" "-e" "RUST_BACKTRACE=full" "-e" "RUSTFLAGS=--cap-lints=warn" "-e" "RUSTDOCFLAGS=--cap-lints=warn" "-e" "CARGO_HOME=/opt/rustwide/cargo-home" "-e" "RUSTUP_HOME=/opt/rustwide/rustup-home" "-w" "/opt/rustwide/workdir" "-m" "1610612736" "--user" "0:0" "--network" "none" "ghcr.io/rust-lang/crates-build-env/linux@sha256:2788e3201cd34a07e3172128adcd8b3090168a8e3bcc40d7c032b9dda1df7d1c" "/opt/rustwide/cargo-home/bin/cargo" "+1.75.0" "test" "--frozen" "--no-run" "--message-format=json", kill_on_drop: false }`
[INFO] [stdout] aa6fc83bf687c185e2d6e279cbbdaf30cccda197e4ceef0d7f3da66f3c711f3f
[INFO] running `Command { std: "docker" "start" "-a" "aa6fc83bf687c185e2d6e279cbbdaf30cccda197e4ceef0d7f3da66f3c711f3f", kill_on_drop: false }`
[INFO] [stderr]    Compiling proc-macro2 v1.0.49
[INFO] [stderr]    Compiling unicode-ident v1.0.6
[INFO] [stderr]    Compiling quote v1.0.23
[INFO] [stderr]    Compiling rustc-hex v2.1.0
[INFO] [stderr]    Compiling ident_case v1.0.1
[INFO] [stderr]    Compiling fnv v1.0.7
[INFO] [stderr]    Compiling strsim v0.10.0
[INFO] [stderr]    Compiling serde_json v1.0.91
[INFO] [stderr]    Compiling libc v0.2.139
[INFO] [stderr]    Compiling crunchy v0.2.2
[INFO] [stderr]    Compiling fixed-hash v0.8.0
[INFO] [stderr]    Compiling syn v1.0.107
[INFO] [stderr]    Compiling eth2_hashing v0.3.0 (/opt/rustwide/workdir/eth2_hashing)
[INFO] [stderr]    Compiling uint v0.9.5
[INFO] [stderr]    Compiling getrandom v0.2.8
[INFO] [stderr]    Compiling rand_core v0.6.4
[INFO] [stderr]    Compiling rand_chacha v0.3.1
[INFO] [stderr]    Compiling rand v0.8.5
[INFO] [stderr]    Compiling primitive-types v0.12.1
[INFO] [stderr]    Compiling ethereum-types v0.14.1
[INFO] [stderr]    Compiling eth2_ssz v0.4.1 (/opt/rustwide/workdir/ssz)
[INFO] [stderr]    Compiling darling_core v0.13.4
[INFO] [stderr]    Compiling synstructure v0.12.6
[INFO] [stderr]    Compiling serde_derive v1.0.152
[INFO] [stderr]    Compiling thiserror-impl v1.0.38
[INFO] [stderr]    Compiling impl-trait-for-tuples v0.2.2
[INFO] [stderr]    Compiling derive_more v0.99.17
[INFO] [stderr]    Compiling zeroize_derive v1.3.3
[INFO] [stderr]    Compiling derivative v2.2.0
[INFO] [stderr]    Compiling zeroize v1.5.7
[INFO] [stderr]    Compiling blst v0.3.10
[INFO] [stderr]    Compiling darling_macro v0.13.4
[INFO] [stderr]    Compiling thiserror v1.0.38
[INFO] [stderr]    Compiling proc-macro-crate v1.2.1
[INFO] [stderr]    Compiling parity-scale-codec-derive v3.1.3
[INFO] [stderr]    Compiling darling v0.13.4
[INFO] [stderr]    Compiling scale-info-derive v2.3.1
[INFO] [stderr]    Compiling eth2_ssz_derive v0.3.1 (/opt/rustwide/workdir/ssz_derive)
[INFO] [stderr]    Compiling tree_hash_derive v0.4.0 (/opt/rustwide/workdir/tree_hash_derive)
[INFO] [stderr]    Compiling serde v1.0.152
[INFO] [stderr]    Compiling impl-serde v0.4.0
[INFO] [stderr]    Compiling parity-scale-codec v3.2.1
[INFO] [stderr]    Compiling ethbloom v0.13.0
[INFO] [stderr]    Compiling scale-info v2.3.1
[INFO] [stderr]    Compiling tree_hash v0.4.1 (/opt/rustwide/workdir/tree_hash)
[INFO] [stderr]    Compiling eth2_serde_utils v0.1.1 (/opt/rustwide/workdir/serde_utils)
[INFO] [stderr]    Compiling bls v0.2.0 (/opt/rustwide/workdir/bls)
[INFO] [stderr]    Compiling eth2_ssz_types v0.2.2 (/opt/rustwide/workdir/ssz_types)
[INFO] [stderr]     Finished test [unoptimized + debuginfo] target(s) in 33.30s
[INFO] running `Command { std: "docker" "inspect" "aa6fc83bf687c185e2d6e279cbbdaf30cccda197e4ceef0d7f3da66f3c711f3f", kill_on_drop: false }`
[INFO] running `Command { std: "docker" "rm" "-f" "aa6fc83bf687c185e2d6e279cbbdaf30cccda197e4ceef0d7f3da66f3c711f3f", kill_on_drop: false }`
[INFO] [stdout] aa6fc83bf687c185e2d6e279cbbdaf30cccda197e4ceef0d7f3da66f3c711f3f
[INFO] running `Command { std: "docker" "create" "-v" "/var/lib/crater-agent-workspace/builds/worker-6-tc1/target:/opt/rustwide/target:rw,Z" "-v" "/var/lib/crater-agent-workspace/builds/worker-6-tc1/source:/opt/rustwide/workdir:ro,Z" "-v" "/var/lib/crater-agent-workspace/cargo-home:/opt/rustwide/cargo-home:ro,Z" "-v" "/var/lib/crater-agent-workspace/rustup-home:/opt/rustwide/rustup-home:ro,Z" "-e" "SOURCE_DIR=/opt/rustwide/workdir" "-e" "CARGO_TARGET_DIR=/opt/rustwide/target" "-e" "CARGO_INCREMENTAL=0" "-e" "RUST_BACKTRACE=full" "-e" "RUSTFLAGS=--cap-lints=warn" "-e" "RUSTDOCFLAGS=--cap-lints=warn" "-e" "CARGO_HOME=/opt/rustwide/cargo-home" "-e" "RUSTUP_HOME=/opt/rustwide/rustup-home" "-w" "/opt/rustwide/workdir" "-m" "1610612736" "--user" "0:0" "--network" "none" "ghcr.io/rust-lang/crates-build-env/linux@sha256:2788e3201cd34a07e3172128adcd8b3090168a8e3bcc40d7c032b9dda1df7d1c" "/opt/rustwide/cargo-home/bin/cargo" "+1.75.0" "test" "--frozen", kill_on_drop: false }`
[INFO] [stdout] 1ac9b8e2d1fb0aabe62057eba338a1384457a88375dd78bc5fa16c0a83a28a4e
[INFO] running `Command { std: "docker" "start" "-a" "1ac9b8e2d1fb0aabe62057eba338a1384457a88375dd78bc5fa16c0a83a28a4e", kill_on_drop: false }`
[INFO] [stderr]     Finished test [unoptimized + debuginfo] target(s) in 0.09s
[INFO] [stderr]      Running unittests src/lib.rs (/opt/rustwide/target/debug/deps/bls-008a842bdf734292)
[INFO] [stdout] 
[INFO] [stdout] running 0 tests
[INFO] [stdout] 
[INFO] [stdout] test result: ok. 0 passed; 0 failed; 0 ignored; 0 measured; 0 filtered out; finished in 0.00s
[INFO] [stdout] 
[INFO] [stderr]      Running tests/tests.rs (/opt/rustwide/target/debug/deps/tests-87708293d34a73d6)
[INFO] [stdout] 
[INFO] [stdout] running 35 tests
[INFO] [stdout] test blst::fast_aggregate_verify_0_pubkeys ... ok
[INFO] [stdout] test blst::fast_aggregate_verify_empty_signature ... ok
[INFO] [stdout] test blst::fast_aggregate_verify_1_pubkey ... ok
[INFO] [stdout] test blst::fast_aggregate_verify_infinity_signature_with_1_regular_public_key ... ok
[INFO] [stdout] test blst::add_two_infinity_signatures ... ok
[INFO] [stdout] test blst::fast_aggregate_verify_with_one_aggregated_infinity_sig ... ok
[INFO] [stdout] test blst::fast_aggregate_verify_with_aggregated_empty_sig ... ok
[INFO] [stdout] test blst::infinity_agg_sig ... ok
[INFO] [stdout] test blst::invalid_zero_secret_key ... ok
[INFO] [stdout] test blst::partial_eq_empty_agg_sig ... ok
[INFO] [stdout] test blst::fast_aggregate_verify_wrong_signature ... ok
[INFO] [stdout] test blst::fast_aggregate_verify_with_four_aggregated_infinity_sig ... ok
[INFO] [stdout] test blst::partial_eq_empty_agg_sig_and_real_agg_sig ... ok
[INFO] [stdout] test blst::fast_aggregate_verify_with_aggregated_empty_agg_sig ... ok
[INFO] [stdout] test blst::partial_eq_empty_sig_and_non_empty_sig ... ok
[INFO] [stdout] test blst::partial_eq_infinity_agg_sig ... ok
[INFO] [stdout] test blst::infinity_signature_is_invalid_with_standard_pubkey ... ok
[INFO] [stdout] test blst::partial_eq_infinity_agg_sig_and_real_agg_sig ... ok
[INFO] [stdout] test blst::partial_eq_empty_sig ... ok
[INFO] [stdout] test blst::partial_eq_infinity_agg_sig_and_empty_agg_sig ... ok
[INFO] [stdout] test blst::signature_set_1_valid_set_with_1_signer ... ok
[INFO] [stdout] test blst::signature_set_1_invalid_set ... ok
[INFO] [stdout] test blst::signature_set_1_valid_set_with_2_signers ... ok
[INFO] [stdout] test blst::ssz_round_trip_agg_sig_empty ... ok
[INFO] [stdout] test blst::ssz_round_trip_agg_sig_infinity ... ok
[INFO] [stdout] test blst::signature_set_2_valid_set_with_2_signers_each ... ok
[INFO] [stdout] test blst::signature_set_2_valid_set_with_one_signer_each ... ok
[INFO] [stdout] test blst::signature_set_2_valid_set_with_1_invalid_set ... ok
[INFO] [stdout] test blst::ssz_round_trip_sig_empty ... ok
[INFO] [stdout] test blst::signature_set_3_sets_with_one_invalid_pubkey_infinity_set ... ok
[INFO] [stdout] test blst::ssz_round_trip_multiple_types ... ok
[INFO] [stdout] test blst::standard_signature_is_valid_with_standard_pubkey ... ok
[INFO] [stdout] test blst::fast_aggregate_verify_128_pubkeys ... ok
[INFO] [stdout] test blst::fast_aggregate_verify_infinity_signature_with_128_regular_public_keys ... ok
[INFO] [stdout] test blst::signature_set_1_valid_set_with_128_signers ... ok
[INFO] [stdout] 
[INFO] [stdout] test result: ok. 35 passed; 0 failed; 0 ignored; 0 measured; 0 filtered out; finished in 0.25s
[INFO] [stdout] 
[INFO] [stderr]      Running unittests src/lib.rs (/opt/rustwide/target/debug/deps/eth2_hashing-bd8cb50f88f5f6f3)
[INFO] [stdout] 
[INFO] [stdout] running 2 tests
[INFO] [stdout] test tests::test_hashing ... ok
[INFO] [stdout] test tests::zero_hash::zero_hash_zero ... ok
[INFO] [stdout] 
[INFO] [stdout] test result: ok. 2 passed; 0 failed; 0 ignored; 0 measured; 0 filtered out; finished in 0.01s
[INFO] [stdout] 
[INFO] [stderr]      Running unittests src/lib.rs (/opt/rustwide/target/debug/deps/eth2_serde_utils-cad8951d526fce17)
[INFO] [stdout] 
[INFO] [stdout] running 18 tests
[INFO] [stdout] test quoted_int::quoted_u32::test::require_quotes ... ok
[INFO] [stdout] test hex::test::encoding ... ok
[INFO] [stdout] test quoted_int::quoted_u64::test::require_quotes ... ok
[INFO] [stdout] test quoted_u64_vec::test::empty_list_success ... ok
[INFO] [stdout] test quoted_int::test::u256_without_quotes ... ok
[INFO] [stdout] test quoted_u64_vec::test::mixed_list_success ... ok
[INFO] [stdout] test quoted_int::test::negative_i64_without_quotes ... ok
[INFO] [stdout] test quoted_u64_vec::test::whole_list_quoted_err ... ok
[INFO] [stdout] test u256_hex_be::test::encoding ... ok
[INFO] [stdout] test u64_hex_be::test::decoding ... ok
[INFO] [stdout] test u64_hex_be::test::encoding ... ok
[INFO] [stdout] test quoted_int::test::negative_i64_with_quotes ... ok
[INFO] [stdout] test quoted_u64_vec::test::unquoted_list_success ... ok
[INFO] [stdout] test u256_hex_be::test::decoding ... ok
[INFO] [stdout] test quoted_int::quoted_u8::test::require_quotes ... ok
[INFO] [stdout] test quoted_int::quoted_i64::test::require_quotes ... ok
[INFO] [stdout] test quoted_int::test::u256_with_quotes ... ok
[INFO] [stdout] test quoted_u64_vec::test::quoted_list_success ... ok
[INFO] [stdout] 
[INFO] [stdout] test result: ok. 18 passed; 0 failed; 0 ignored; 0 measured; 0 filtered out; finished in 0.03s
[INFO] [stdout] 
[INFO] [stderr]      Running unittests src/lib.rs (/opt/rustwide/target/debug/deps/ssz-691e9d0532ed408a)
[INFO] [stdout] 
[INFO] [stdout] running 32 tests
[INFO] [stdout] test decode::impls::tests::invalid_h256 ... ok
[INFO] [stdout] test decode::impls::tests::first_length_points_backwards ... ok
[INFO] [stdout] test decode::impls::tests::invalid_bool ... ok
[INFO] [stdout] test decode::impls::tests::awkward_fixed_length_portion ... ok
[INFO] [stdout] test decode::impls::tests::invalid_u8_array_4 ... ok
[INFO] [stdout] test decode::impls::tests::length_out_of_bounds ... ok
[INFO] [stdout] test decode::impls::tests::empty_list ... ok
[INFO] [stdout] test encode::impls::tests::ssz_encode_h256 ... ok
[INFO] [stdout] test encode::impls::tests::ssz_encode_bool ... ok
[INFO] [stdout] test encode::impls::tests::ssz_encode_option_u8 ... ok
[INFO] [stdout] test decode::impls::tests::tuple ... ok
[INFO] [stdout] test decode::impls::tests::u16 ... ok
[INFO] [stdout] test decode::impls::tests::lengths_are_decreasing ... ok
[INFO] [stdout] test decode::impls::tests::vec_of_u16 ... ok
[INFO] [stdout] test encode::impls::tests::ssz_encode_u32 ... ok
[INFO] [stdout] test encode::impls::tests::tuple ... ok
[INFO] [stdout] test encode::impls::tests::ssz_encode_u64 ... ok
[INFO] [stdout] test encode::impls::tests::ssz_encode_u8 ... ok
[INFO] [stdout] test encode::impls::tests::ssz_encode_usize ... ok
[INFO] [stdout] test decode::impls::tests::vec_of_vec_of_u16 ... ok
[INFO] [stdout] test encode::impls::tests::ssz_encode_u8_array_4 ... ok
[INFO] [stdout] test encode::impls::tests::ssz_encode_u16 ... ok
[INFO] [stdout] test encode::impls::tests::vec_of_vec_of_u8 ... ok
[INFO] [stdout] test legacy::test::ssz_encode_option_vec_u16 ... ok
[INFO] [stdout] test legacy::test::ssz_encode_option_u16 ... ok
[INFO] [stdout] test legacy::test::tuple_vec_vec ... ok
[INFO] [stdout] test legacy::test::two_variable_len_options_encoding ... ok
[INFO] [stdout] test legacy::test::two_variable_len_options_round_trip ... ok
[INFO] [stdout] test encode::tests::test_encode_length ... ok
[INFO] [stdout] test encode::impls::tests::vec_of_u8 ... ok
[INFO] [stdout] test legacy::test::tuple_u8_u16 ... ok
[INFO] [stdout] test encode::tests::test_encode_length_above_max_debug_panics - should panic ... ok
[INFO] [stdout] 
[INFO] [stdout] test result: ok. 32 passed; 0 failed; 0 ignored; 0 measured; 0 filtered out; finished in 0.07s
[INFO] [stdout] 
[INFO] [stderr]      Running tests/tests.rs (/opt/rustwide/target/debug/deps/tests-eb10fe0f48e09260)
[INFO] [stdout] 
[INFO] [stdout] running 22 tests
[INFO] [stdout] test round_trip::h256 ... ok
[INFO] [stdout] test round_trip::btree_map_fixed ... ok
[INFO] [stdout] test round_trip::bool ... ok
[INFO] [stdout] test round_trip::first_offset_skips_byte ... ok
[INFO] [stdout] test round_trip::offsets_decreasing ... ok
[INFO] [stdout] test round_trip::offset_into_fixed_bytes ... ok
[INFO] [stdout] test round_trip::fixed_len_excess_bytes ... ok
[INFO] [stdout] test round_trip::btree_map_variable_value ... ok
[INFO] [stdout] test round_trip::option_vec_h256 ... ok
[INFO] [stdout] test round_trip::three_variable_len ... ok
[INFO] [stdout] test round_trip::option_u16 ... ok
[INFO] [stdout] test round_trip::fixed_len_struct_encoding ... ok
[INFO] [stdout] test round_trip::tuple_vec_vec ... ok
[INFO] [stdout] test round_trip::vec_of_fixed_len_struct ... ok
[INFO] [stdout] test round_trip::vec_of_vec_u16 ... ok
[INFO] [stdout] test round_trip::vec_of_h256 ... ok
[INFO] [stdout] test round_trip::variable_len_struct_encoding ... ok
[INFO] [stdout] test round_trip::vec_u16 ... ok
[INFO] [stdout] test round_trip::tuple_u8_u16 ... ok
[INFO] [stdout] test round_trip::variable_len_excess_bytes ... ok
[INFO] [stdout] test round_trip::u8_array_4 ... ok
[INFO] [stdout] test round_trip::vec_of_variable_len_struct ... ok
[INFO] [stdout] 
[INFO] [stdout] test result: ok. 22 passed; 0 failed; 0 ignored; 0 measured; 0 filtered out; finished in 0.04s
[INFO] [stdout] 
[INFO] [stderr]      Running unittests src/lib.rs (/opt/rustwide/target/debug/deps/ssz_derive-db4a61d0d4b6af7d)
[INFO] [stdout] 
[INFO] [stdout] running 0 tests
[INFO] [stdout] 
[INFO] [stdout] test result: ok. 0 passed; 0 failed; 0 ignored; 0 measured; 0 filtered out; finished in 0.00s
[INFO] [stdout] 
[INFO] [stderr]      Running tests/tests.rs (/opt/rustwide/target/debug/deps/tests-abae128786b7199f)
[INFO] [stdout] 
[INFO] [stdout] running 8 tests
[INFO] [stdout] test transparent_struct ... ok
[INFO] [stdout] test transparent_struct_newtype_skipped_field ... ok
[INFO] [stdout] test transparent_struct_newtype ... ok
[INFO] [stdout] test two_variable_trans ... ok
[INFO] [stdout] test two_variable_union ... ok
[INFO] [stdout] test two_vec_union ... ok
[INFO] [stdout] test transparent_struct_skipped_field ... ok
[INFO] [stdout] test two_fixed_union ... ok
[INFO] [stdout] 
[INFO] [stdout] test result: ok. 8 passed; 0 failed; 0 ignored; 0 measured; 0 filtered out; finished in 0.03s
[INFO] [stdout] 
[INFO] [stdout] 
[INFO] [stderr]      Running unittests src/lib.rs (/opt/rustwide/target/debug/deps/ssz_types-8dfb705f21fa3153)
[INFO] [stdout] running 60 tests
[INFO] [stdout] test bitfield::bitlist::intersection ... ok
[INFO] [stdout] test bitfield::bitlist::difference_diff_length ... ok
[INFO] [stdout] test bitfield::bitlist::highest_set_bit ... ok
[INFO] [stdout] test bitfield::bitlist::intersection_diff_length ... ok
[INFO] [stdout] test bitfield::bitlist::iter ... ok
[INFO] [stdout] test bitfield::bitlist::difference ... ok
[INFO] [stdout] test bitfield::bitlist::num_set_bits ... ok
[INFO] [stdout] test bitfield::bitlist::shift_up ... ok
[INFO] [stdout] test bitfield::bitlist::ssz_decode ... ok
[INFO] [stdout] test bitfield::bitlist::bytes_round_trip ... ok
[INFO] [stdout] test bitfield::bitlist::set_unset ... ok
[INFO] [stdout] test bitfield::bitlist::into_raw_bytes ... ok
[INFO] [stdout] test bitfield::bitlist::size_of ... ok
[INFO] [stdout] test bitfield::bitlist::ssz_encode ... ok
[INFO] [stdout] test bitfield::bitlist::from_raw_bytes ... ok
[INFO] [stdout] test bitfield::bitlist::union ... ok
[INFO] [stdout] test bitfield::bitlist::ssz_round_trip ... ok
[INFO] [stdout] test bitfield::bitvector::excess_bits_nimbus ... ok
[INFO] [stdout] test bitfield::bitvector::intersection ... ok
[INFO] [stdout] test bitfield::bitlist::ssz_decode_extra_bytes ... ok
[INFO] [stdout] test bitfield::bitvector::size_of ... ok
[INFO] [stdout] test bitfield::bitvector::intersection_diff_length ... ok
[INFO] [stdout] test bitfield::bitlist::union_diff_length ... ok
[INFO] [stdout] test bitfield::bitvector::ssz_decode ... ok
[INFO] [stdout] test bitfield::bitvector::ssz_round_trip ... ok
[INFO] [stdout] test bitfield::bitvector::union ... ok
[INFO] [stdout] test bitfield::bitvector::union_diff_length ... ok
[INFO] [stdout] test bitfield::bitvector::ssz_encode ... ok
[INFO] [stdout] test bitfield::bitlist::ssz_bytes_len ... ok
[INFO] [stdout] test bitfield::bitvector::ssz_bytes_len ... ok
[INFO] [stdout] test fixed_vector::test::length ... ok
[INFO] [stdout] test fixed_vector::test::indexing ... ok
[INFO] [stdout] test fixed_vector::test::new ... ok
[INFO] [stdout] test fixed_vector::test::ssz_encode ... ok
[INFO] [stdout] test fixed_vector::test::ssz_round_trip_u16_len_8 ... ok
[INFO] [stdout] test fixed_vector::test::deref ... ok
[INFO] [stdout] test fixed_vector::test::tree_hash_composite ... ok
[INFO] [stdout] test serde_utils::quoted_u64_fixed_vec::test::long_list_err ... ok
[INFO] [stdout] test serde_utils::quoted_u64_fixed_vec::test::mixed_list_success ... ok
[INFO] [stdout] test serde_utils::quoted_u64_fixed_vec::test::empty_list_err ... ok
[INFO] [stdout] test serde_utils::quoted_u64_fixed_vec::test::short_list_err ... ok
[INFO] [stdout] test serde_utils::quoted_u64_fixed_vec::test::unquoted_list_success ... ok
[INFO] [stdout] test serde_utils::quoted_u64_fixed_vec::test::quoted_list_success ... ok
[INFO] [stdout] test serde_utils::quoted_u64_var_list::test::empty_list_success ... ok
[INFO] [stdout] test serde_utils::quoted_u64_var_list::test::long_list_err ... ok
[INFO] [stdout] test serde_utils::quoted_u64_var_list::test::mixed_list_success ... ok
[INFO] [stdout] test serde_utils::quoted_u64_var_list::test::quoted_list_success ... ok
[INFO] [stdout] test serde_utils::quoted_u64_var_list::test::short_list_success ... ok
[INFO] [stdout] test serde_utils::quoted_u64_var_list::test::whole_list_quoted_err ... ok
[INFO] [stdout] test variable_list::test::deref ... ok
[INFO] [stdout] test serde_utils::quoted_u64_var_list::test::unquoted_list_success ... ok
[INFO] [stdout] test variable_list::test::encode ... ok
[INFO] [stdout] test variable_list::test::indexing ... ok
[INFO] [stdout] test variable_list::test::new ... ok
[INFO] [stdout] test variable_list::test::u16_len_8 ... ok
[INFO] [stdout] test serde_utils::quoted_u64_fixed_vec::test::whole_list_quoted_err ... ok
[INFO] [stdout] test fixed_vector::test::tree_hash_u8 ... ok
[INFO] [stdout] test variable_list::test::length ... ok
[INFO] [stdout] test variable_list::test::tree_hash_u8 ... ok
[INFO] [stdout] test variable_list::test::tree_hash_composite ... ok
[INFO] [stdout] 
[INFO] [stderr]      Running unittests src/lib.rs (/opt/rustwide/target/debug/deps/tree_hash-60e9325871d4f67e)
[INFO] [stdout] test result: ok. 60 passed; 0 failed; 0 ignored; 0 measured; 0 filtered out; finished in 0.06s
[INFO] [stdout] 
[INFO] [stdout] 
[INFO] [stdout] running 31 tests
[INFO] [stdout] test impls::test::int_to_bytes ... ok
[INFO] [stdout] test merkle_hasher::test::depth ... ok
[INFO] [stdout] test merkle_hasher::test::remaining_buffer ... ok
[INFO] [stdout] test impls::test::bool ... ok
[INFO] [stdout] test merkle_hasher::test::with_leaves ... ok
[INFO] [stdout] test merkle_hasher::test::with_0_leaves ... ok
[INFO] [stdout] test merkleize_padded::test::random_value::zero_value_1_nodes ... ok
[INFO] [stdout] test merkleize_padded::test::random_value::zero_value_2_nodes ... ok
[INFO] [stdout] test merkleize_padded::test::random_value::zero_value_3_nodes ... ok
[INFO] [stdout] test merkleize_padded::test::random_value::zero_value_4_nodes ... ok
[INFO] [stdout] test merkleize_padded::test::random_value::zero_value_8_nodes ... ok
[INFO] [stdout] test merkleize_padded::test::random_value::zero_value_0_nodes ... ok
[INFO] [stdout] test merkleize_padded::test::random_value::max_tree_depth_min_nodes ... ok
[INFO] [stdout] test merkleize_padded::test::random_value::zero_value_9_nodes ... ok
[INFO] [stdout] test merkleize_padded::test::zero_value::zero_value_0_nodes ... ok
[INFO] [stdout] test merkleize_padded::test::random_value::zero_value_range_of_nodes ... ok
[INFO] [stdout] test merkleize_padded::test::zero_value::max_tree_depth_min_nodes ... ok
[INFO] [stdout] test merkleize_padded::test::zero_value::zero_value_1_nodes ... ok
[INFO] [stdout] test merkleize_padded::test::zero_value::zero_value_4_nodes ... ok
[INFO] [stdout] test merkleize_padded::test::zero_value::zero_value_8_nodes ... ok
[INFO] [stdout] test merkleize_padded::test::zero_value::zero_value_3_nodes ... ok
[INFO] [stdout] test merkleize_padded::test::zero_value::zero_value_2_nodes ... ok
[INFO] [stdout] test merkleize_padded::test::zero_value::zero_value_9_nodes ... ok
[INFO] [stdout] test test::mix_length ... ok
[INFO] [stdout] test merkleize_padded::test::zero_value::zero_value_8_nodes_varying_min_length ... ok
[INFO] [stdout] test merkle_hasher::test::context_size ... FAILED
[INFO] [stdout] test merkleize_padded::test::random_value::zero_value_8_nodes_varying_min_length ... ok
[INFO] [stdout] test merkle_hasher::test::too_many_leaves - should panic ... ok
[INFO] [stdout] test merkleize_padded::test::zero_value::zero_value_range_of_nodes ... ok
[INFO] [stdout] test merkle_hasher::test::full_trees ... ok
[INFO] [stdout] test merkle_hasher::test::incomplete_trees ... ok
[INFO] [stderr] error: test failed, to rerun pass `-p tree_hash --lib`
[INFO] [stdout] 
[INFO] [stdout] failures:
[INFO] [stdout] 
[INFO] [stdout] ---- merkle_hasher::test::context_size stdout ----
[INFO] [stdout] thread 'merkle_hasher::test::context_size' panicked at tree_hash/src/merkle_hasher.rs:369:9:
[INFO] [stdout] assertion `left == right` failed: Halfnode size should be as expected
[INFO] [stdout]   left: 120
[INFO] [stdout]  right: 224
[INFO] [stdout] stack backtrace:
[INFO] [stdout]    0:     0x562498acd27c - std::backtrace_rs::backtrace::libunwind::trace::ha637c64ce894333a
[INFO] [stdout]                                at /rustc/82e1608dfa6e0b5569232559e3d385fea5a93112/library/std/src/../../backtrace/src/backtrace/libunwind.rs:104:5
[INFO] [stdout]    1:     0x562498acd27c - std::backtrace_rs::backtrace::trace_unsynchronized::h47f62dea28e0c88d
[INFO] [stdout]                                at /rustc/82e1608dfa6e0b5569232559e3d385fea5a93112/library/std/src/../../backtrace/src/backtrace/mod.rs:66:5
[INFO] [stdout]    2:     0x562498acd27c - std::sys_common::backtrace::_print_fmt::h9eef0abe20ede486
[INFO] [stdout]                                at /rustc/82e1608dfa6e0b5569232559e3d385fea5a93112/library/std/src/sys_common/backtrace.rs:67:5
[INFO] [stdout]    3:     0x562498acd27c - <std::sys_common::backtrace::_print::DisplayBacktrace as core::fmt::Display>::fmt::hed7f999df88cc644
[INFO] [stdout]                                at /rustc/82e1608dfa6e0b5569232559e3d385fea5a93112/library/std/src/sys_common/backtrace.rs:44:22
[INFO] [stdout]    4:     0x562498af6e90 - core::fmt::rt::Argument::fmt::h1539a9308b8d058d
[INFO] [stdout]                                at /rustc/82e1608dfa6e0b5569232559e3d385fea5a93112/library/core/src/fmt/rt.rs:142:9
[INFO] [stdout]    5:     0x562498af6e90 - core::fmt::write::h3a39390d8560d9c9
[INFO] [stdout]                                at /rustc/82e1608dfa6e0b5569232559e3d385fea5a93112/library/core/src/fmt/mod.rs:1120:17
[INFO] [stdout]    6:     0x562498acac2f - std::io::Write::write_fmt::h040b369f3a0f9cbc
[INFO] [stdout]                                at /rustc/82e1608dfa6e0b5569232559e3d385fea5a93112/library/std/src/io/mod.rs:1762:15
[INFO] [stdout]    7:     0x562498acd064 - std::sys_common::backtrace::_print::h894006fb5c6f3d45
[INFO] [stdout]                                at /rustc/82e1608dfa6e0b5569232559e3d385fea5a93112/library/std/src/sys_common/backtrace.rs:47:5
[INFO] [stdout]    8:     0x562498acd064 - std::sys_common::backtrace::print::h23a2d212c6fff936
[INFO] [stdout]                                at /rustc/82e1608dfa6e0b5569232559e3d385fea5a93112/library/std/src/sys_common/backtrace.rs:34:9
[INFO] [stdout]    9:     0x562498aced27 - std::panicking::default_hook::{{closure}}::h8a1d2ee00185001a
[INFO] [stdout]   10:     0x562498acea13 - std::panicking::default_hook::h6038f2eba384e475
[INFO] [stdout]                                at /rustc/82e1608dfa6e0b5569232559e3d385fea5a93112/library/std/src/panicking.rs:289:9
[INFO] [stdout]   11:     0x562498a508a7 - <alloc::boxed::Box<F,A> as core::ops::function::Fn<Args>>::call::h0ad024c9bdc6d768
[INFO] [stdout]                                at /rustc/82e1608dfa6e0b5569232559e3d385fea5a93112/library/alloc/src/boxed.rs:2021:9
[INFO] [stdout]   12:     0x562498a508a7 - test::test_main::{{closure}}::h7500b54257359db6
[INFO] [stdout]                                at /rustc/82e1608dfa6e0b5569232559e3d385fea5a93112/library/test/src/lib.rs:138:21
[INFO] [stdout]   13:     0x562498acf338 - <alloc::boxed::Box<F,A> as core::ops::function::Fn<Args>>::call::h1f8f335eaa9cfaee
[INFO] [stdout]                                at /rustc/82e1608dfa6e0b5569232559e3d385fea5a93112/library/alloc/src/boxed.rs:2021:9
[INFO] [stdout]   14:     0x562498acf338 - std::panicking::rust_panic_with_hook::h2b5517d590cab22e
[INFO] [stdout]                                at /rustc/82e1608dfa6e0b5569232559e3d385fea5a93112/library/std/src/panicking.rs:783:13
[INFO] [stdout]   15:     0x562498acf08e - std::panicking::begin_panic_handler::{{closure}}::h233112c06e0ef43e
[INFO] [stdout]                                at /rustc/82e1608dfa6e0b5569232559e3d385fea5a93112/library/std/src/panicking.rs:657:13
[INFO] [stdout]   16:     0x562498acd746 - std::sys_common::backtrace::__rust_end_short_backtrace::h6e893f24d7ebbff8
[INFO] [stdout]                                at /rustc/82e1608dfa6e0b5569232559e3d385fea5a93112/library/std/src/sys_common/backtrace.rs:170:18
[INFO] [stdout]   17:     0x562498acedf2 - rust_begin_unwind
[INFO] [stdout]                                at /rustc/82e1608dfa6e0b5569232559e3d385fea5a93112/library/std/src/panicking.rs:645:5
[INFO] [stdout]   18:     0x562498a0a155 - core::panicking::panic_fmt::hbf0e066aabfa482c
[INFO] [stdout]                                at /rustc/82e1608dfa6e0b5569232559e3d385fea5a93112/library/core/src/panicking.rs:72:14
[INFO] [stdout]   19:     0x562498a0a651 - core::panicking::assert_failed_inner::h0bba8b7c26ee4492
[INFO] [stdout]   20:     0x562498aa28ee - core::panicking::assert_failed::h6c94737c00a377a9
[INFO] [stdout]                                at /rustc/82e1608dfa6e0b5569232559e3d385fea5a93112/library/core/src/panicking.rs:279:5
[INFO] [stdout]   21:     0x562498a1be6b - tree_hash::merkle_hasher::test::context_size::hd576e3cf16c619a3
[INFO] [stdout]                                at /opt/rustwide/workdir/tree_hash/src/merkle_hasher.rs:369:9
[INFO] [stdout]   22:     0x562498a1bda7 - tree_hash::merkle_hasher::test::context_size::{{closure}}::h74485792924b07f0
[INFO] [stdout]                                at /opt/rustwide/workdir/tree_hash/src/merkle_hasher.rs:368:22
[INFO] [stdout]   23:     0x562498a0b916 - core::ops::function::FnOnce::call_once::he92183790945a5c7
[INFO] [stdout]                                at /rustc/82e1608dfa6e0b5569232559e3d385fea5a93112/library/core/src/ops/function.rs:250:5
[INFO] [stdout]   24:     0x562498a55eff - core::ops::function::FnOnce::call_once::h2b5d431d5046312d
[INFO] [stdout]                                at /rustc/82e1608dfa6e0b5569232559e3d385fea5a93112/library/core/src/ops/function.rs:250:5
[INFO] [stdout]   25:     0x562498a55eff - test::__rust_begin_short_backtrace::h7714669af176e207
[INFO] [stdout]                                at /rustc/82e1608dfa6e0b5569232559e3d385fea5a93112/library/test/src/lib.rs:628:18
[INFO] [stdout]   26:     0x562498a54f15 - test::run_test_in_process::{{closure}}::h85218797dcbcec12
[INFO] [stdout]                                at /rustc/82e1608dfa6e0b5569232559e3d385fea5a93112/library/test/src/lib.rs:651:60
[INFO] [stdout]   27:     0x562498a54f15 - <core::panic::unwind_safe::AssertUnwindSafe<F> as core::ops::function::FnOnce<()>>::call_once::h76c106ea31c14d7b
[INFO] [stdout]                                at /rustc/82e1608dfa6e0b5569232559e3d385fea5a93112/library/core/src/panic/unwind_safe.rs:272:9
[INFO] [stdout]   28:     0x562498a54f15 - std::panicking::try::do_call::h3bd5d0f6620ee946
[INFO] [stdout]                                at /rustc/82e1608dfa6e0b5569232559e3d385fea5a93112/library/std/src/panicking.rs:552:40
[INFO] [stdout]   29:     0x562498a54f15 - std::panicking::try::h232e535e4744fe31
[INFO] [stdout]                                at /rustc/82e1608dfa6e0b5569232559e3d385fea5a93112/library/std/src/panicking.rs:516:19
[INFO] [stdout]   30:     0x562498a54f15 - std::panic::catch_unwind::h3ce3bd6ca8dbac68
[INFO] [stdout]                                at /rustc/82e1608dfa6e0b5569232559e3d385fea5a93112/library/std/src/panic.rs:142:14
[INFO] [stdout]   31:     0x562498a54f15 - test::run_test_in_process::hc97b257c9621286a
[INFO] [stdout]                                at /rustc/82e1608dfa6e0b5569232559e3d385fea5a93112/library/test/src/lib.rs:651:27
[INFO] [stdout]   32:     0x562498a54f15 - test::run_test::{{closure}}::h2aa798823a438d38
[INFO] [stdout]                                at /rustc/82e1608dfa6e0b5569232559e3d385fea5a93112/library/test/src/lib.rs:574:43
[INFO] [stdout]   33:     0x562498a1d1d6 - test::run_test::{{closure}}::h87d231c78fb59832
[INFO] [stdout]                                at /rustc/82e1608dfa6e0b5569232559e3d385fea5a93112/library/test/src/lib.rs:602:41
[INFO] [stdout]   34:     0x562498a1d1d6 - std::sys_common::backtrace::__rust_begin_short_backtrace::he6df152596625789
[INFO] [stdout]                                at /rustc/82e1608dfa6e0b5569232559e3d385fea5a93112/library/std/src/sys_common/backtrace.rs:154:18
[INFO] [stdout]   35:     0x562498a22287 - std::thread::Builder::spawn_unchecked_::{{closure}}::{{closure}}::ha94be15d1e0acf36
[INFO] [stdout]                                at /rustc/82e1608dfa6e0b5569232559e3d385fea5a93112/library/std/src/thread/mod.rs:529:17
[INFO] [stdout]   36:     0x562498a22287 - <core::panic::unwind_safe::AssertUnwindSafe<F> as core::ops::function::FnOnce<()>>::call_once::h9dc6bd6372f16606
[INFO] [stdout]                                at /rustc/82e1608dfa6e0b5569232559e3d385fea5a93112/library/core/src/panic/unwind_safe.rs:272:9
[INFO] [stdout]   37:     0x562498a22287 - std::panicking::try::do_call::h9057517f80303cd4
[INFO] [stdout]                                at /rustc/82e1608dfa6e0b5569232559e3d385fea5a93112/library/std/src/panicking.rs:552:40
[INFO] [stdout]   38:     0x562498a22287 - std::panicking::try::he3a30b11ee45340c
[INFO] [stdout]                                at /rustc/82e1608dfa6e0b5569232559e3d385fea5a93112/library/std/src/panicking.rs:516:19
[INFO] [stdout]   39:     0x562498a22287 - std::panic::catch_unwind::h410458cfd3528b8b
[INFO] [stdout]                                at /rustc/82e1608dfa6e0b5569232559e3d385fea5a93112/library/std/src/panic.rs:142:14
[INFO] [stdout]   40:     0x562498a22287 - std::thread::Builder::spawn_unchecked_::{{closure}}::h72ac3bdb567b737b
[INFO] [stdout]                                at /rustc/82e1608dfa6e0b5569232559e3d385fea5a93112/library/std/src/thread/mod.rs:528:30
[INFO] [stdout]   41:     0x562498a22287 - core::ops::function::FnOnce::call_once{{vtable.shim}}::h38f34da3654a8344
[INFO] [stdout]                                at /rustc/82e1608dfa6e0b5569232559e3d385fea5a93112/library/core/src/ops/function.rs:250:5
[INFO] [stdout]   42:     0x562498ad3dc5 - <alloc::boxed::Box<F,A> as core::ops::function::FnOnce<Args>>::call_once::hc7eafaff61e32df9
[INFO] [stdout]                                at /rustc/82e1608dfa6e0b5569232559e3d385fea5a93112/library/alloc/src/boxed.rs:2007:9
[INFO] [stdout]   43:     0x562498ad3dc5 - <alloc::boxed::Box<F,A> as core::ops::function::FnOnce<Args>>::call_once::h6ba4a5de48dd2304
[INFO] [stdout]                                at /rustc/82e1608dfa6e0b5569232559e3d385fea5a93112/library/alloc/src/boxed.rs:2007:9
[INFO] [stdout]   44:     0x562498ad3dc5 - std::sys::unix::thread::Thread::new::thread_start::he469335aef763e45
[INFO] [stdout]                                at /rustc/82e1608dfa6e0b5569232559e3d385fea5a93112/library/std/src/sys/unix/thread.rs:108:17
[INFO] [stdout]   45:     0x7f0a20851ac3 - <unknown>
[INFO] [stdout]   46:     0x7f0a208e2bf4 - __clone
[INFO] [stdout]   47:                0x0 - <unknown>
[INFO] [stdout] 
[INFO] [stdout] 
[INFO] [stdout] failures:
[INFO] [stdout]     merkle_hasher::test::context_size
[INFO] [stdout] 
[INFO] [stdout] test result: FAILED. 30 passed; 1 failed; 0 ignored; 0 measured; 0 filtered out; finished in 0.81s
[INFO] [stdout] 
[INFO] running `Command { std: "docker" "inspect" "1ac9b8e2d1fb0aabe62057eba338a1384457a88375dd78bc5fa16c0a83a28a4e", kill_on_drop: false }`
[INFO] running `Command { std: "docker" "rm" "-f" "1ac9b8e2d1fb0aabe62057eba338a1384457a88375dd78bc5fa16c0a83a28a4e", kill_on_drop: false }`
[INFO] [stdout] 1ac9b8e2d1fb0aabe62057eba338a1384457a88375dd78bc5fa16c0a83a28a4e
[INFO] testing vovac12/lighthouse-ssz against beta-2023-12-22 for beta-1.76-1
[INFO] running `Command { std: "git" "clone" "/workspace/cache/git-repos/https%3A%2F%2Fgithub.com%2Fvovac12%2Flighthouse-ssz" "/workspace/builds/worker-6-tc2/source", kill_on_drop: false }`
[INFO] [stderr] Cloning into '/workspace/builds/worker-6-tc2/source'...
[INFO] [stderr] done.
[INFO] validating manifest of git repo https://github.com/vovac12/lighthouse-ssz on toolchain beta-2023-12-22
[INFO] running `Command { std: CARGO_HOME="/workspace/cargo-home" RUSTUP_HOME="/workspace/rustup-home" "/workspace/cargo-home/bin/cargo" "+beta-2023-12-22" "metadata" "--manifest-path" "Cargo.toml" "--no-deps", kill_on_drop: false }`
[INFO] started tweaking git repo https://github.com/vovac12/lighthouse-ssz
[INFO] finished tweaking git repo https://github.com/vovac12/lighthouse-ssz
[INFO] tweaked toml for git repo https://github.com/vovac12/lighthouse-ssz written to /workspace/builds/worker-6-tc2/source/Cargo.toml
[INFO] crate git repo https://github.com/vovac12/lighthouse-ssz already has a lockfile, it will not be regenerated
[INFO] running `Command { std: CARGO_HOME="/workspace/cargo-home" RUSTUP_HOME="/workspace/rustup-home" "/workspace/cargo-home/bin/cargo" "+beta-2023-12-22" "fetch" "--manifest-path" "Cargo.toml", kill_on_drop: false }`
[INFO] running `Command { std: "docker" "create" "-v" "/var/lib/crater-agent-workspace/builds/worker-6-tc2/target:/opt/rustwide/target:rw,Z" "-v" "/var/lib/crater-agent-workspace/builds/worker-6-tc2/source:/opt/rustwide/workdir:ro,Z" "-v" "/var/lib/crater-agent-workspace/cargo-home:/opt/rustwide/cargo-home:ro,Z" "-v" "/var/lib/crater-agent-workspace/rustup-home:/opt/rustwide/rustup-home:ro,Z" "-e" "SOURCE_DIR=/opt/rustwide/workdir" "-e" "CARGO_TARGET_DIR=/opt/rustwide/target" "-e" "CARGO_HOME=/opt/rustwide/cargo-home" "-e" "RUSTUP_HOME=/opt/rustwide/rustup-home" "-w" "/opt/rustwide/workdir" "-m" "1610612736" "--user" "0:0" "--network" "none" "ghcr.io/rust-lang/crates-build-env/linux@sha256:2788e3201cd34a07e3172128adcd8b3090168a8e3bcc40d7c032b9dda1df7d1c" "/opt/rustwide/cargo-home/bin/cargo" "+beta-2023-12-22" "metadata" "--no-deps" "--format-version=1", kill_on_drop: false }`
[INFO] [stdout] 2e7bdd11f0462866798da1feeaef5079484adda20ba39a625a0e6ee9a971428b
[INFO] running `Command { std: "docker" "start" "-a" "2e7bdd11f0462866798da1feeaef5079484adda20ba39a625a0e6ee9a971428b", kill_on_drop: false }`
[INFO] running `Command { std: "docker" "inspect" "2e7bdd11f0462866798da1feeaef5079484adda20ba39a625a0e6ee9a971428b", kill_on_drop: false }`
[INFO] running `Command { std: "docker" "rm" "-f" "2e7bdd11f0462866798da1feeaef5079484adda20ba39a625a0e6ee9a971428b", kill_on_drop: false }`
[INFO] [stdout] 2e7bdd11f0462866798da1feeaef5079484adda20ba39a625a0e6ee9a971428b
[INFO] running `Command { std: "docker" "create" "-v" "/var/lib/crater-agent-workspace/builds/worker-6-tc2/target:/opt/rustwide/target:rw,Z" "-v" "/var/lib/crater-agent-workspace/builds/worker-6-tc2/source:/opt/rustwide/workdir:ro,Z" "-v" "/var/lib/crater-agent-workspace/cargo-home:/opt/rustwide/cargo-home:ro,Z" "-v" "/var/lib/crater-agent-workspace/rustup-home:/opt/rustwide/rustup-home:ro,Z" "-e" "SOURCE_DIR=/opt/rustwide/workdir" "-e" "CARGO_TARGET_DIR=/opt/rustwide/target" "-e" "CARGO_INCREMENTAL=0" "-e" "RUST_BACKTRACE=full" "-e" "RUSTFLAGS=--cap-lints=warn" "-e" "RUSTDOCFLAGS=--cap-lints=warn" "-e" "CARGO_HOME=/opt/rustwide/cargo-home" "-e" "RUSTUP_HOME=/opt/rustwide/rustup-home" "-w" "/opt/rustwide/workdir" "-m" "1610612736" "--user" "0:0" "--network" "none" "ghcr.io/rust-lang/crates-build-env/linux@sha256:2788e3201cd34a07e3172128adcd8b3090168a8e3bcc40d7c032b9dda1df7d1c" "/opt/rustwide/cargo-home/bin/cargo" "+beta-2023-12-22" "build" "--frozen" "--message-format=json", kill_on_drop: false }`
[INFO] [stdout] 157c19c93b9a5d2f67d02f9c161958a4aa445001a4d76cf13cd10e12a1a332e7
[INFO] running `Command { std: "docker" "start" "-a" "157c19c93b9a5d2f67d02f9c161958a4aa445001a4d76cf13cd10e12a1a332e7", kill_on_drop: false }`
[INFO] [stderr]    Compiling proc-macro2 v1.0.49
[INFO] [stderr]    Compiling quote v1.0.23
[INFO] [stderr]    Compiling unicode-ident v1.0.6
[INFO] [stderr]    Compiling syn v1.0.107
[INFO] [stderr]    Compiling libc v0.2.139
[INFO] [stderr]    Compiling cfg-if v1.0.0
[INFO] [stderr]    Compiling serde_derive v1.0.152
[INFO] [stderr]    Compiling serde v1.0.152
[INFO] [stderr]    Compiling crunchy v0.2.2
[INFO] [stderr]    Compiling version_check v0.9.4
[INFO] [stderr]    Compiling typenum v1.16.0
[INFO] [stderr]    Compiling ppv-lite86 v0.2.17
[INFO] [stderr]    Compiling static_assertions v1.1.0
[INFO] [stderr]    Compiling generic-array v0.14.6
[INFO] [stderr]    Compiling byteorder v1.4.3
[INFO] [stderr]    Compiling rustc-hex v2.1.0
[INFO] [stderr]    Compiling thiserror v1.0.38
[INFO] [stderr]    Compiling tiny-keccak v2.0.2
[INFO] [stderr]    Compiling hex v0.4.3
[INFO] [stderr]    Compiling once_cell v1.16.0
[INFO] [stderr]    Compiling ident_case v1.0.1
[INFO] [stderr]    Compiling uint v0.9.5
[INFO] [stderr]    Compiling getrandom v0.2.8
[INFO] [stderr]    Compiling serde_json v1.0.91
[INFO] [stderr]    Compiling unicode-xid v0.2.4
[INFO] [stderr]    Compiling strsim v0.10.0
[INFO] [stderr]    Compiling fnv v1.0.7
[INFO] [stderr]    Compiling rand_core v0.6.4
[INFO] [stderr]    Compiling spin v0.5.2
[INFO] [stderr]    Compiling cpufeatures v0.2.5
[INFO] [stderr]    Compiling lazy_static v1.4.0
[INFO] [stderr]    Compiling itoa v1.0.5
[INFO] [stderr]    Compiling rand_chacha v0.3.1
[INFO] [stderr]    Compiling either v1.8.0
[INFO] [stderr]    Compiling arrayvec v0.7.2
[INFO] [stderr]    Compiling ryu v1.0.12
[INFO] [stderr]    Compiling byte-slice-cast v1.2.2
[INFO] [stderr]    Compiling rand v0.8.5
[INFO] [stderr]    Compiling smallvec v1.10.0
[INFO] [stderr]    Compiling cc v1.0.79
[INFO] [stderr]    Compiling itertools v0.10.5
[INFO] [stderr]    Compiling num_cpus v1.15.0
[INFO] [stderr]    Compiling threadpool v1.8.1
[INFO] [stderr]    Compiling crypto-common v0.1.6
[INFO] [stderr]    Compiling block-buffer v0.10.3
[INFO] [stderr]    Compiling fixed-hash v0.8.0
[INFO] [stderr]    Compiling digest v0.10.6
[INFO] [stderr]    Compiling blst v0.3.10
[INFO] [stderr]    Compiling sha2 v0.10.6
[INFO] [stderr]    Compiling eth2_hashing v0.3.0 (/opt/rustwide/workdir/eth2_hashing)
[INFO] [stderr]    Compiling toml v0.5.10
[INFO] [stderr]    Compiling synstructure v0.12.6
[INFO] [stderr]    Compiling darling_core v0.13.4
[INFO] [stderr]    Compiling thiserror-impl v1.0.38
[INFO] [stderr]    Compiling impl-trait-for-tuples v0.2.2
[INFO] [stderr]    Compiling zeroize_derive v1.3.3
[INFO] [stderr]    Compiling derive_more v0.99.17
[INFO] [stderr]    Compiling derivative v2.2.0
[INFO] [stderr]    Compiling zeroize v1.5.7
[INFO] [stderr]    Compiling darling_macro v0.13.4
[INFO] [stderr]    Compiling proc-macro-crate v1.2.1
[INFO] [stderr]    Compiling darling v0.13.4
[INFO] [stderr]    Compiling tree_hash_derive v0.4.0 (/opt/rustwide/workdir/tree_hash_derive)
[INFO] [stderr]    Compiling eth2_ssz_derive v0.3.1 (/opt/rustwide/workdir/ssz_derive)
[INFO] [stderr]    Compiling parity-scale-codec-derive v3.1.3
[INFO] [stderr]    Compiling scale-info-derive v2.3.1
[INFO] [stderr]    Compiling impl-serde v0.4.0
[INFO] [stderr]    Compiling parity-scale-codec v3.2.1
[INFO] [stderr]    Compiling ethbloom v0.13.0
[INFO] [stderr]    Compiling primitive-types v0.12.1
[INFO] [stderr]    Compiling scale-info v2.3.1
[INFO] [stderr]    Compiling ethereum-types v0.14.1
[INFO] [stderr]    Compiling eth2_serde_utils v0.1.1 (/opt/rustwide/workdir/serde_utils)
[INFO] [stderr]    Compiling tree_hash v0.4.1 (/opt/rustwide/workdir/tree_hash)
[INFO] [stderr]    Compiling eth2_ssz v0.4.1 (/opt/rustwide/workdir/ssz)
[INFO] [stderr]    Compiling bls v0.2.0 (/opt/rustwide/workdir/bls)
[INFO] [stderr]    Compiling eth2_ssz_types v0.2.2 (/opt/rustwide/workdir/ssz_types)
[INFO] [stderr]     Finished dev [unoptimized + debuginfo] target(s) in 22.99s
[INFO] running `Command { std: "docker" "inspect" "157c19c93b9a5d2f67d02f9c161958a4aa445001a4d76cf13cd10e12a1a332e7", kill_on_drop: false }`
[INFO] running `Command { std: "docker" "rm" "-f" "157c19c93b9a5d2f67d02f9c161958a4aa445001a4d76cf13cd10e12a1a332e7", kill_on_drop: false }`
[INFO] [stdout] 157c19c93b9a5d2f67d02f9c161958a4aa445001a4d76cf13cd10e12a1a332e7
[INFO] running `Command { std: "docker" "create" "-v" "/var/lib/crater-agent-workspace/builds/worker-6-tc2/target:/opt/rustwide/target:rw,Z" "-v" "/var/lib/crater-agent-workspace/builds/worker-6-tc2/source:/opt/rustwide/workdir:ro,Z" "-v" "/var/lib/crater-agent-workspace/cargo-home:/opt/rustwide/cargo-home:ro,Z" "-v" "/var/lib/crater-agent-workspace/rustup-home:/opt/rustwide/rustup-home:ro,Z" "-e" "SOURCE_DIR=/opt/rustwide/workdir" "-e" "CARGO_TARGET_DIR=/opt/rustwide/target" "-e" "CARGO_INCREMENTAL=0" "-e" "RUST_BACKTRACE=full" "-e" "RUSTFLAGS=--cap-lints=warn" "-e" "RUSTDOCFLAGS=--cap-lints=warn" "-e" "CARGO_HOME=/opt/rustwide/cargo-home" "-e" "RUSTUP_HOME=/opt/rustwide/rustup-home" "-w" "/opt/rustwide/workdir" "-m" "1610612736" "--user" "0:0" "--network" "none" "ghcr.io/rust-lang/crates-build-env/linux@sha256:2788e3201cd34a07e3172128adcd8b3090168a8e3bcc40d7c032b9dda1df7d1c" "/opt/rustwide/cargo-home/bin/cargo" "+beta-2023-12-22" "test" "--frozen" "--no-run" "--message-format=json", kill_on_drop: false }`
[INFO] [stdout] 71bba01ad5541e22aa52066838375558e8bae7f1018af898ef2e674f54ff277b
[INFO] running `Command { std: "docker" "start" "-a" "71bba01ad5541e22aa52066838375558e8bae7f1018af898ef2e674f54ff277b", kill_on_drop: false }`
[INFO] [stderr]    Compiling proc-macro2 v1.0.49
[INFO] [stderr]    Compiling unicode-ident v1.0.6
[INFO] [stderr]    Compiling quote v1.0.23
[INFO] [stderr]    Compiling rustc-hex v2.1.0
[INFO] [stderr]    Compiling strsim v0.10.0
[INFO] [stderr]    Compiling fnv v1.0.7
[INFO] [stderr]    Compiling ident_case v1.0.1
[INFO] [stderr]    Compiling libc v0.2.139
[INFO] [stderr]    Compiling serde_json v1.0.91
[INFO] [stderr]    Compiling fixed-hash v0.8.0
[INFO] [stderr]    Compiling crunchy v0.2.2
[INFO] [stderr]    Compiling syn v1.0.107
[INFO] [stderr]    Compiling eth2_hashing v0.3.0 (/opt/rustwide/workdir/eth2_hashing)
[INFO] [stderr]    Compiling uint v0.9.5
[INFO] [stderr]    Compiling getrandom v0.2.8
[INFO] [stderr]    Compiling rand_core v0.6.4
[INFO] [stderr]    Compiling rand_chacha v0.3.1
[INFO] [stderr]    Compiling rand v0.8.5
[INFO] [stderr]    Compiling primitive-types v0.12.1
[INFO] [stderr]    Compiling ethereum-types v0.14.1
[INFO] [stderr]    Compiling eth2_ssz v0.4.1 (/opt/rustwide/workdir/ssz)
[INFO] [stderr]    Compiling darling_core v0.13.4
[INFO] [stderr]    Compiling synstructure v0.12.6
[INFO] [stderr]    Compiling serde_derive v1.0.152
[INFO] [stderr]    Compiling thiserror-impl v1.0.38
[INFO] [stderr]    Compiling impl-trait-for-tuples v0.2.2
[INFO] [stderr]    Compiling derive_more v0.99.17
[INFO] [stderr]    Compiling zeroize_derive v1.3.3
[INFO] [stderr]    Compiling derivative v2.2.0
[INFO] [stderr]    Compiling zeroize v1.5.7
[INFO] [stderr]    Compiling blst v0.3.10
[INFO] [stderr]    Compiling thiserror v1.0.38
[INFO] [stderr]    Compiling proc-macro-crate v1.2.1
[INFO] [stderr]    Compiling parity-scale-codec-derive v3.1.3
[INFO] [stderr]    Compiling scale-info-derive v2.3.1
[INFO] [stderr]    Compiling darling_macro v0.13.4
[INFO] [stderr]    Compiling darling v0.13.4
[INFO] [stderr]    Compiling eth2_ssz_derive v0.3.1 (/opt/rustwide/workdir/ssz_derive)
[INFO] [stderr]    Compiling tree_hash_derive v0.4.0 (/opt/rustwide/workdir/tree_hash_derive)
[INFO] [stderr]    Compiling serde v1.0.152
[INFO] [stderr]    Compiling impl-serde v0.4.0
[INFO] [stderr]    Compiling parity-scale-codec v3.2.1
[INFO] [stderr]    Compiling ethbloom v0.13.0
[INFO] [stderr]    Compiling scale-info v2.3.1
[INFO] [stderr]    Compiling tree_hash v0.4.1 (/opt/rustwide/workdir/tree_hash)
[INFO] [stderr]    Compiling eth2_serde_utils v0.1.1 (/opt/rustwide/workdir/serde_utils)
[INFO] [stderr]    Compiling bls v0.2.0 (/opt/rustwide/workdir/bls)
[INFO] [stderr]    Compiling eth2_ssz_types v0.2.2 (/opt/rustwide/workdir/ssz_types)
[INFO] [stderr]     Finished test [unoptimized + debuginfo] target(s) in 20.84s
[INFO] running `Command { std: "docker" "inspect" "71bba01ad5541e22aa52066838375558e8bae7f1018af898ef2e674f54ff277b", kill_on_drop: false }`
[INFO] running `Command { std: "docker" "rm" "-f" "71bba01ad5541e22aa52066838375558e8bae7f1018af898ef2e674f54ff277b", kill_on_drop: false }`
[INFO] [stdout] 71bba01ad5541e22aa52066838375558e8bae7f1018af898ef2e674f54ff277b
[INFO] running `Command { std: "docker" "create" "-v" "/var/lib/crater-agent-workspace/builds/worker-6-tc2/target:/opt/rustwide/target:rw,Z" "-v" "/var/lib/crater-agent-workspace/builds/worker-6-tc2/source:/opt/rustwide/workdir:ro,Z" "-v" "/var/lib/crater-agent-workspace/cargo-home:/opt/rustwide/cargo-home:ro,Z" "-v" "/var/lib/crater-agent-workspace/rustup-home:/opt/rustwide/rustup-home:ro,Z" "-e" "SOURCE_DIR=/opt/rustwide/workdir" "-e" "CARGO_TARGET_DIR=/opt/rustwide/target" "-e" "CARGO_INCREMENTAL=0" "-e" "RUST_BACKTRACE=full" "-e" "RUSTFLAGS=--cap-lints=warn" "-e" "RUSTDOCFLAGS=--cap-lints=warn" "-e" "CARGO_HOME=/opt/rustwide/cargo-home" "-e" "RUSTUP_HOME=/opt/rustwide/rustup-home" "-w" "/opt/rustwide/workdir" "-m" "1610612736" "--user" "0:0" "--network" "none" "ghcr.io/rust-lang/crates-build-env/linux@sha256:2788e3201cd34a07e3172128adcd8b3090168a8e3bcc40d7c032b9dda1df7d1c" "/opt/rustwide/cargo-home/bin/cargo" "+beta-2023-12-22" "test" "--frozen", kill_on_drop: false }`
[INFO] [stdout] 71c2d6babfd121da9efb42aebeb23f86fd3922b4f8747a634c73033c77be9ce0
[INFO] running `Command { std: "docker" "start" "-a" "71c2d6babfd121da9efb42aebeb23f86fd3922b4f8747a634c73033c77be9ce0", kill_on_drop: false }`
[INFO] [stderr]     Finished test [unoptimized + debuginfo] target(s) in 0.06s
[INFO] [stderr]      Running unittests src/lib.rs (/opt/rustwide/target/debug/deps/bls-be3c64960d15cff0)
[INFO] [stdout] 
[INFO] [stdout] running 0 tests
[INFO] [stdout] 
[INFO] [stdout] test result: ok. 0 passed; 0 failed; 0 ignored; 0 measured; 0 filtered out; finished in 0.00s
[INFO] [stdout] 
[INFO] [stderr]      Running tests/tests.rs (/opt/rustwide/target/debug/deps/tests-b4f989903815f91b)
[INFO] [stdout] 
[INFO] [stdout] running 35 tests
[INFO] [stdout] test blst::fast_aggregate_verify_0_pubkeys ... ok
[INFO] [stdout] test blst::fast_aggregate_verify_empty_signature ... ok
[INFO] [stdout] test blst::fast_aggregate_verify_infinity_signature_with_1_regular_public_key ... ok
[INFO] [stdout] test blst::fast_aggregate_verify_1_pubkey ... ok
[INFO] [stdout] test blst::fast_aggregate_verify_with_four_aggregated_infinity_sig ... ok
[INFO] [stdout] test blst::fast_aggregate_verify_with_aggregated_empty_sig ... ok
[INFO] [stdout] test blst::fast_aggregate_verify_with_aggregated_empty_agg_sig ... ok
[INFO] [stdout] test blst::infinity_agg_sig ... ok
[INFO] [stdout] test blst::partial_eq_empty_agg_sig ... ok
[INFO] [stdout] test blst::partial_eq_empty_agg_sig_and_real_agg_sig ... ok
[INFO] [stdout] test blst::invalid_zero_secret_key ... ok
[INFO] [stdout] test blst::add_two_infinity_signatures ... ok
[INFO] [stdout] test blst::partial_eq_empty_sig ... ok
[INFO] [stdout] test blst::partial_eq_infinity_agg_sig ... ok
[INFO] [stdout] test blst::fast_aggregate_verify_with_one_aggregated_infinity_sig ... ok
[INFO] [stdout] test blst::partial_eq_infinity_agg_sig_and_empty_agg_sig ... ok
[INFO] [stdout] test blst::infinity_signature_is_invalid_with_standard_pubkey ... ok
[INFO] [stdout] test blst::partial_eq_empty_sig_and_non_empty_sig ... ok
[INFO] [stdout] test blst::partial_eq_infinity_agg_sig_and_real_agg_sig ... ok
[INFO] [stdout] test blst::signature_set_1_valid_set_with_1_signer ... ok
[INFO] [stdout] test blst::fast_aggregate_verify_wrong_signature ... ok
[INFO] [stdout] test blst::signature_set_2_valid_set_with_1_invalid_set ... ok
[INFO] [stdout] test blst::signature_set_1_invalid_set ... ok
[INFO] [stdout] test blst::ssz_round_trip_agg_sig_empty ... ok
[INFO] [stdout] test blst::ssz_round_trip_agg_sig_infinity ... ok
[INFO] [stdout] test blst::ssz_round_trip_multiple_types ... ok
[INFO] [stdout] test blst::signature_set_1_valid_set_with_2_signers ... ok
[INFO] [stdout] test blst::signature_set_2_valid_set_with_one_signer_each ... ok
[INFO] [stdout] test blst::ssz_round_trip_sig_empty ... ok
[INFO] [stdout] test blst::standard_signature_is_valid_with_standard_pubkey ... ok
[INFO] [stdout] test blst::signature_set_2_valid_set_with_2_signers_each ... ok
[INFO] [stdout] test blst::signature_set_3_sets_with_one_invalid_pubkey_infinity_set ... ok
[INFO] [stdout] test blst::fast_aggregate_verify_infinity_signature_with_128_regular_public_keys ... ok
[INFO] [stdout] test blst::signature_set_1_valid_set_with_128_signers ... ok
[INFO] [stdout] test blst::fast_aggregate_verify_128_pubkeys ... ok
[INFO] [stdout] 
[INFO] [stdout] test result: ok. 35 passed; 0 failed; 0 ignored; 0 measured; 0 filtered out; finished in 0.13s
[INFO] [stdout] 
[INFO] [stderr]      Running unittests src/lib.rs (/opt/rustwide/target/debug/deps/eth2_hashing-388ead477f43db45)
[INFO] [stdout] 
[INFO] [stdout] running 2 tests
[INFO] [stdout] test tests::test_hashing ... ok
[INFO] [stdout] test tests::zero_hash::zero_hash_zero ... ok
[INFO] [stdout] 
[INFO] [stdout] test result: ok. 2 passed; 0 failed; 0 ignored; 0 measured; 0 filtered out; finished in 0.00s
[INFO] [stdout] 
[INFO] [stderr]      Running unittests src/lib.rs (/opt/rustwide/target/debug/deps/eth2_serde_utils-66583d4bb27d5c15)
[INFO] [stdout] 
[INFO] [stdout] running 18 tests
[INFO] [stdout] test hex::test::encoding ... ok
[INFO] [stdout] test quoted_int::quoted_i64::test::require_quotes ... ok
[INFO] [stdout] test quoted_int::quoted_u32::test::require_quotes ... ok
[INFO] [stdout] test quoted_int::quoted_u64::test::require_quotes ... ok
[INFO] [stdout] test quoted_int::quoted_u8::test::require_quotes ... ok
[INFO] [stdout] test quoted_int::test::negative_i64_with_quotes ... ok
[INFO] [stdout] test quoted_int::test::negative_i64_without_quotes ... ok
[INFO] [stdout] test quoted_int::test::u256_with_quotes ... ok
[INFO] [stdout] test quoted_int::test::u256_without_quotes ... ok
[INFO] [stdout] test quoted_u64_vec::test::empty_list_success ... ok
[INFO] [stdout] test quoted_u64_vec::test::mixed_list_success ... ok
[INFO] [stdout] test quoted_u64_vec::test::quoted_list_success ... ok
[INFO] [stdout] test quoted_u64_vec::test::unquoted_list_success ... ok
[INFO] [stdout] test quoted_u64_vec::test::whole_list_quoted_err ... ok
[INFO] [stdout] test u64_hex_be::test::decoding ... ok
[INFO] [stdout] test u256_hex_be::test::decoding ... ok
[INFO] [stdout] test u256_hex_be::test::encoding ... ok
[INFO] [stdout] test u64_hex_be::test::encoding ... ok
[INFO] [stdout] 
[INFO] [stdout] test result: ok. 18 passed; 0 failed; 0 ignored; 0 measured; 0 filtered out; finished in 0.00s
[INFO] [stdout] 
[INFO] [stderr]      Running unittests src/lib.rs (/opt/rustwide/target/debug/deps/ssz-5351c916fb004113)
[INFO] [stdout] 
[INFO] [stdout] running 32 tests
[INFO] [stdout] test decode::impls::tests::first_length_points_backwards ... ok
[INFO] [stdout] test decode::impls::tests::awkward_fixed_length_portion ... ok
[INFO] [stdout] test decode::impls::tests::empty_list ... ok
[INFO] [stdout] test decode::impls::tests::invalid_bool ... ok
[INFO] [stdout] test decode::impls::tests::invalid_h256 ... ok
[INFO] [stdout] test decode::impls::tests::invalid_u8_array_4 ... ok
[INFO] [stdout] test decode::impls::tests::length_out_of_bounds ... ok
[INFO] [stdout] test decode::impls::tests::lengths_are_decreasing ... ok
[INFO] [stdout] test decode::impls::tests::tuple ... ok
[INFO] [stdout] test decode::impls::tests::u16 ... ok
[INFO] [stdout] test decode::impls::tests::vec_of_u16 ... ok
[INFO] [stdout] test decode::impls::tests::vec_of_vec_of_u16 ... ok
[INFO] [stdout] test encode::impls::tests::ssz_encode_h256 ... ok
[INFO] [stdout] test encode::impls::tests::ssz_encode_option_u8 ... ok
[INFO] [stdout] test encode::impls::tests::ssz_encode_bool ... ok
[INFO] [stdout] test encode::impls::tests::ssz_encode_u16 ... ok
[INFO] [stdout] test encode::impls::tests::ssz_encode_u32 ... ok
[INFO] [stdout] test encode::impls::tests::ssz_encode_u64 ... ok
[INFO] [stdout] test encode::impls::tests::ssz_encode_u8_array_4 ... ok
[INFO] [stdout] test encode::impls::tests::ssz_encode_u8 ... ok
[INFO] [stdout] test encode::impls::tests::vec_of_vec_of_u8 ... ok
[INFO] [stdout] test encode::impls::tests::vec_of_u8 ... ok
[INFO] [stdout] test encode::tests::test_encode_length ... ok
[INFO] [stdout] test encode::impls::tests::tuple ... ok
[INFO] [stdout] test legacy::test::ssz_encode_option_u16 ... ok
[INFO] [stdout] test legacy::test::ssz_encode_option_vec_u16 ... ok
[INFO] [stdout] test legacy::test::tuple_u8_u16 ... ok
[INFO] [stdout] test encode::impls::tests::ssz_encode_usize ... ok
[INFO] [stdout] test legacy::test::two_variable_len_options_round_trip ... ok
[INFO] [stdout] test legacy::test::tuple_vec_vec ... ok
[INFO] [stdout] test legacy::test::two_variable_len_options_encoding ... ok
[INFO] [stdout] test encode::tests::test_encode_length_above_max_debug_panics - should panic ... ok
[INFO] [stdout] 
[INFO] [stdout] test result: ok. 32 passed; 0 failed; 0 ignored; 0 measured; 0 filtered out; finished in 0.01s
[INFO] [stdout] 
[INFO] [stderr]      Running tests/tests.rs (/opt/rustwide/target/debug/deps/tests-c725d3ce866bcf6e)
[INFO] [stdout] 
[INFO] [stdout] running 22 tests
[INFO] [stdout] test round_trip::bool ... ok
[INFO] [stdout] test round_trip::btree_map_fixed ... ok
[INFO] [stdout] test round_trip::first_offset_skips_byte ... ok
[INFO] [stdout] test round_trip::btree_map_variable_value ... ok
[INFO] [stdout] test round_trip::fixed_len_excess_bytes ... ok
[INFO] [stdout] test round_trip::fixed_len_struct_encoding ... ok
[INFO] [stdout] test round_trip::h256 ... ok
[INFO] [stdout] test round_trip::offset_into_fixed_bytes ... ok
[INFO] [stdout] test round_trip::option_u16 ... ok
[INFO] [stdout] test round_trip::offsets_decreasing ... ok
[INFO] [stdout] test round_trip::option_vec_h256 ... ok
[INFO] [stdout] test round_trip::three_variable_len ... ok
[INFO] [stdout] test round_trip::u8_array_4 ... ok
[INFO] [stdout] test round_trip::variable_len_excess_bytes ... ok
[INFO] [stdout] test round_trip::vec_of_fixed_len_struct ... ok
[INFO] [stdout] test round_trip::tuple_u8_u16 ... ok
[INFO] [stdout] test round_trip::tuple_vec_vec ... ok
[INFO] [stdout] test round_trip::variable_len_struct_encoding ... ok
[INFO] [stdout] test round_trip::vec_u16 ... ok
[INFO] [stdout] test round_trip::vec_of_h256 ... ok
[INFO] [stdout] test round_trip::vec_of_vec_u16 ... ok
[INFO] [stdout] test round_trip::vec_of_variable_len_struct ... ok
[INFO] [stdout] 
[INFO] [stdout] test result: ok. 22 passed; 0 failed; 0 ignored; 0 measured; 0 filtered out; finished in 0.00s
[INFO] [stdout] 
[INFO] [stderr]      Running unittests src/lib.rs (/opt/rustwide/target/debug/deps/ssz_derive-e9a1f47a8a06f574)
[INFO] [stdout] 
[INFO] [stdout] running 0 tests
[INFO] [stdout] 
[INFO] [stdout] test result: ok. 0 passed; 0 failed; 0 ignored; 0 measured; 0 filtered out; finished in 0.00s
[INFO] [stdout] 
[INFO] [stderr]      Running tests/tests.rs (/opt/rustwide/target/debug/deps/tests-9704f04e8f9b7170)
[INFO] [stdout] 
[INFO] [stdout] running 8 tests
[INFO] [stdout] test transparent_struct ... ok
[INFO] [stdout] test transparent_struct_newtype_skipped_field ... ok
[INFO] [stdout] test transparent_struct_newtype ... ok
[INFO] [stdout] test transparent_struct_skipped_field ... ok
[INFO] [stdout] test two_fixed_union ... ok
[INFO] [stdout] test two_variable_trans ... ok
[INFO] [stdout] test two_variable_union ... ok
[INFO] [stdout] test two_vec_union ... ok
[INFO] [stdout] 
[INFO] [stdout] test result: ok. 8 passed; 0 failed; 0 ignored; 0 measured; 0 filtered out; finished in 0.00s
[INFO] [stdout] 
[INFO] [stderr]      Running unittests src/lib.rs (/opt/rustwide/target/debug/deps/ssz_types-3bd9182a1a686958)
[INFO] [stdout] 
[INFO] [stdout] running 60 tests
[INFO] [stdout] test bitfield::bitlist::from_raw_bytes ... ok
[INFO] [stdout] test bitfield::bitlist::difference ... ok
[INFO] [stdout] test bitfield::bitlist::difference_diff_length ... ok
[INFO] [stdout] test bitfield::bitlist::intersection ... ok
[INFO] [stdout] test bitfield::bitlist::highest_set_bit ... ok
[INFO] [stdout] test bitfield::bitlist::intersection_diff_length ... ok
[INFO] [stdout] test bitfield::bitlist::into_raw_bytes ... ok
[INFO] [stdout] test bitfield::bitlist::iter ... ok
[INFO] [stdout] test bitfield::bitlist::num_set_bits ... ok
[INFO] [stdout] test bitfield::bitlist::bytes_round_trip ... ok
[INFO] [stdout] test bitfield::bitlist::ssz_encode ... ok
[INFO] [stdout] test bitfield::bitlist::set_unset ... ok
[INFO] [stdout] test bitfield::bitlist::size_of ... ok
[INFO] [stdout] test bitfield::bitlist::union ... ok
[INFO] [stdout] test bitfield::bitlist::ssz_round_trip ... ok
[INFO] [stdout] test bitfield::bitlist::shift_up ... ok
[INFO] [stdout] test bitfield::bitlist::ssz_bytes_len ... ok
[INFO] [stdout] test bitfield::bitlist::ssz_decode_extra_bytes ... ok
[INFO] [stdout] test bitfield::bitlist::ssz_decode ... ok
[INFO] [stdout] test bitfield::bitlist::union_diff_length ... ok
[INFO] [stdout] test bitfield::bitvector::excess_bits_nimbus ... ok
[INFO] [stdout] test bitfield::bitvector::intersection_diff_length ... ok
[INFO] [stdout] test bitfield::bitvector::intersection ... ok
[INFO] [stdout] test bitfield::bitvector::size_of ... ok
[INFO] [stdout] test bitfield::bitvector::ssz_decode ... ok
[INFO] [stdout] test bitfield::bitvector::ssz_encode ... ok
[INFO] [stdout] test bitfield::bitvector::union ... ok
[INFO] [stdout] test fixed_vector::test::deref ... ok
[INFO] [stdout] test bitfield::bitvector::union_diff_length ... ok
[INFO] [stdout] test bitfield::bitvector::ssz_bytes_len ... ok
[INFO] [stdout] test bitfield::bitvector::ssz_round_trip ... ok
[INFO] [stdout] test fixed_vector::test::length ... ok
[INFO] [stdout] test fixed_vector::test::new ... ok
[INFO] [stdout] test fixed_vector::test::ssz_encode ... ok
[INFO] [stdout] test fixed_vector::test::ssz_round_trip_u16_len_8 ... ok
[INFO] [stdout] test fixed_vector::test::tree_hash_u8 ... ok
[INFO] [stdout] test fixed_vector::test::indexing ... ok
[INFO] [stdout] test serde_utils::quoted_u64_fixed_vec::test::empty_list_err ... ok
[INFO] [stdout] test serde_utils::quoted_u64_fixed_vec::test::quoted_list_success ... ok
[INFO] [stdout] test serde_utils::quoted_u64_fixed_vec::test::long_list_err ... ok
[INFO] [stdout] test serde_utils::quoted_u64_fixed_vec::test::mixed_list_success ... ok
[INFO] [stdout] test serde_utils::quoted_u64_fixed_vec::test::short_list_err ... ok
[INFO] [stdout] test serde_utils::quoted_u64_fixed_vec::test::unquoted_list_success ... ok
[INFO] [stdout] test serde_utils::quoted_u64_fixed_vec::test::whole_list_quoted_err ... ok
[INFO] [stdout] test serde_utils::quoted_u64_var_list::test::empty_list_success ... ok
[INFO] [stdout] test serde_utils::quoted_u64_var_list::test::long_list_err ... ok
[INFO] [stdout] test serde_utils::quoted_u64_var_list::test::mixed_list_success ... ok
[INFO] [stdout] test serde_utils::quoted_u64_var_list::test::quoted_list_success ... ok
[INFO] [stdout] test serde_utils::quoted_u64_var_list::test::short_list_success ... ok
[INFO] [stdout] test serde_utils::quoted_u64_var_list::test::unquoted_list_success ... ok
[INFO] [stdout] test serde_utils::quoted_u64_var_list::test::whole_list_quoted_err ... ok
[INFO] [stdout] test variable_list::test::deref ... ok
[INFO] [stdout] test variable_list::test::encode ... ok
[INFO] [stdout] test variable_list::test::indexing ... ok
[INFO] [stdout] test variable_list::test::length ... ok
[INFO] [stdout] test variable_list::test::new ... ok
[INFO] [stdout] test fixed_vector::test::tree_hash_composite ... ok
[INFO] [stdout] test variable_list::test::u16_len_8 ... ok
[INFO] [stdout] test variable_list::test::tree_hash_u8 ... ok
[INFO] [stdout] test variable_list::test::tree_hash_composite ... ok
[INFO] [stdout] 
[INFO] [stdout] test result: ok. 60 passed; 0 failed; 0 ignored; 0 measured; 0 filtered out; finished in 0.02s
[INFO] [stdout] 
[INFO] [stderr]      Running unittests src/lib.rs (/opt/rustwide/target/debug/deps/tree_hash-21bdc31c9805e2f6)
[INFO] [stdout] 
[INFO] [stdout] running 31 tests
[INFO] [stdout] test impls::test::bool ... ok
[INFO] [stdout] test merkle_hasher::test::depth ... ok
[INFO] [stdout] test impls::test::int_to_bytes ... ok
[INFO] [stdout] test merkle_hasher::test::with_0_leaves ... ok
[INFO] [stdout] test merkle_hasher::test::remaining_buffer ... ok
[INFO] [stdout] test merkleize_padded::test::random_value::zero_value_0_nodes ... ok
[INFO] [stdout] test merkleize_padded::test::random_value::max_tree_depth_min_nodes ... ok
[INFO] [stdout] test merkleize_padded::test::random_value::zero_value_1_nodes ... ok
[INFO] [stdout] test merkleize_padded::test::random_value::zero_value_2_nodes ... ok
[INFO] [stdout] test merkleize_padded::test::random_value::zero_value_3_nodes ... ok
[INFO] [stdout] test merkleize_padded::test::random_value::zero_value_4_nodes ... ok
[INFO] [stdout] test merkleize_padded::test::random_value::zero_value_8_nodes ... ok
[INFO] [stdout] test merkle_hasher::test::with_leaves ... ok
[INFO] [stdout] test merkleize_padded::test::random_value::zero_value_9_nodes ... ok
[INFO] [stdout] test merkleize_padded::test::zero_value::zero_value_0_nodes ... ok
[INFO] [stdout] test merkleize_padded::test::zero_value::max_tree_depth_min_nodes ... ok
[INFO] [stdout] test merkleize_padded::test::zero_value::zero_value_2_nodes ... ok
[INFO] [stdout] test merkleize_padded::test::zero_value::zero_value_1_nodes ... ok
[INFO] [stdout] test merkleize_padded::test::zero_value::zero_value_4_nodes ... ok
[INFO] [stdout] test merkleize_padded::test::random_value::zero_value_range_of_nodes ... ok
[INFO] [stdout] test merkleize_padded::test::zero_value::zero_value_8_nodes ... ok
[INFO] [stdout] test merkleize_padded::test::zero_value::zero_value_9_nodes ... ok
[INFO] [stdout] test merkleize_padded::test::zero_value::zero_value_3_nodes ... ok
[INFO] [stdout] test merkle_hasher::test::context_size ... FAILED
[INFO] [stdout] test merkle_hasher::test::too_many_leaves - should panic ... ok
[INFO] [stdout] test test::mix_length ... ok
[INFO] [stdout] test merkleize_padded::test::random_value::zero_value_8_nodes_varying_min_length ... ok
[INFO] [stdout] test merkleize_padded::test::zero_value::zero_value_8_nodes_varying_min_length ... ok
[INFO] [stdout] test merkleize_padded::test::zero_value::zero_value_range_of_nodes ... ok
[INFO] [stdout] test merkle_hasher::test::full_trees ... ok
[INFO] [stdout] test merkle_hasher::test::incomplete_trees ... ok
[INFO] [stdout] 
[INFO] [stdout] failures:
[INFO] [stdout] 
[INFO] [stdout] ---- merkle_hasher::test::context_size stdout ----
[INFO] [stdout] thread 'merkle_hasher::test::context_size' panicked at tree_hash/src/merkle_hasher.rs:369:9:
[INFO] [stdout] assertion `left == right` failed: Halfnode size should be as expected
[INFO] [stdout]   left: 120
[INFO] [stdout]  right: 224
[INFO] [stdout] stack backtrace:
[INFO] [stdout]    0:     0x560f63c127d6 - std::backtrace_rs::backtrace::libunwind::trace::h261606ad26a499c1
[INFO] [stdout]                                at /rustc/0e09125c6c3c2fd70d7de961bcf0e51575235fad/library/std/src/../../backtrace/src/backtrace/libunwind.rs:104:5
[INFO] [stdout]    1:     0x560f63c127d6 - std::backtrace_rs::backtrace::trace_unsynchronized::hd183f0625477fb28
[INFO] [stdout]                                at /rustc/0e09125c6c3c2fd70d7de961bcf0e51575235fad/library/std/src/../../backtrace/src/backtrace/mod.rs:66:5
[INFO] [stdout]    2:     0x560f63c127d6 - std::sys_common::backtrace::_print_fmt::hd7f8fef21b4eda67
[INFO] [stdout]                                at /rustc/0e09125c6c3c2fd70d7de961bcf0e51575235fad/library/std/src/sys_common/backtrace.rs:68:5
[INFO] [stdout]    3:     0x560f63c127d6 - <std::sys_common::backtrace::_print::DisplayBacktrace as core::fmt::Display>::fmt::h623d9b51f2f453f1
[INFO] [stdout]                                at /rustc/0e09125c6c3c2fd70d7de961bcf0e51575235fad/library/std/src/sys_common/backtrace.rs:44:22
[INFO] [stdout]    4:     0x560f63c3b6f0 - core::fmt::rt::Argument::fmt::h9f417ac76a86f368
[INFO] [stdout]                                at /rustc/0e09125c6c3c2fd70d7de961bcf0e51575235fad/library/core/src/fmt/rt.rs:142:9
[INFO] [stdout]    5:     0x560f63c3b6f0 - core::fmt::write::hc9b6faf4ac2aeff7
[INFO] [stdout]                                at /rustc/0e09125c6c3c2fd70d7de961bcf0e51575235fad/library/core/src/fmt/mod.rs:1120:17
[INFO] [stdout]    6:     0x560f63c1023f - std::io::Write::write_fmt::he04625a3a989fec3
[INFO] [stdout]                                at /rustc/0e09125c6c3c2fd70d7de961bcf0e51575235fad/library/std/src/io/mod.rs:1810:15
[INFO] [stdout]    7:     0x560f63c125b4 - std::sys_common::backtrace::_print::hd5d66399c7df88a2
[INFO] [stdout]                                at /rustc/0e09125c6c3c2fd70d7de961bcf0e51575235fad/library/std/src/sys_common/backtrace.rs:47:5
[INFO] [stdout]    8:     0x560f63c125b4 - std::sys_common::backtrace::print::he81ed2da642d37e5
[INFO] [stdout]                                at /rustc/0e09125c6c3c2fd70d7de961bcf0e51575235fad/library/std/src/sys_common/backtrace.rs:34:9
[INFO] [stdout]    9:     0x560f63c14327 - std::panicking::default_hook::{{closure}}::h85773f4fa117163d
[INFO] [stdout]   10:     0x560f63c1400d - std::panicking::default_hook::h6a1694a91d09b278
[INFO] [stdout]                                at /rustc/0e09125c6c3c2fd70d7de961bcf0e51575235fad/library/std/src/panicking.rs:289:9
[INFO] [stdout]   11:     0x560f63b95767 - <alloc::boxed::Box<F,A> as core::ops::function::Fn<Args>>::call::h616ac37fa3cd6c8f
[INFO] [stdout]                                at /rustc/0e09125c6c3c2fd70d7de961bcf0e51575235fad/library/alloc/src/boxed.rs:2029:9
[INFO] [stdout]   12:     0x560f63b95767 - test::test_main::{{closure}}::h00d84697cefdcbb6
[INFO] [stdout]                                at /rustc/0e09125c6c3c2fd70d7de961bcf0e51575235fad/library/test/src/lib.rs:138:21
[INFO] [stdout]   13:     0x560f63c14946 - <alloc::boxed::Box<F,A> as core::ops::function::Fn<Args>>::call::hcb3fe3b9bb537ba8
[INFO] [stdout]                                at /rustc/0e09125c6c3c2fd70d7de961bcf0e51575235fad/library/alloc/src/boxed.rs:2029:9
[INFO] [stdout]   14:     0x560f63c14946 - std::panicking::rust_panic_with_hook::h0a7ad96e90f7145b
[INFO] [stdout]                                at /rustc/0e09125c6c3c2fd70d7de961bcf0e51575235fad/library/std/src/panicking.rs:783:13
[INFO] [stdout]   15:     0x560f63c14692 - std::panicking::begin_panic_handler::{{closure}}::h7919090525c6485e
[INFO] [stdout]                                at /rustc/0e09125c6c3c2fd70d7de961bcf0e51575235fad/library/std/src/panicking.rs:657:13
[INFO] [stdout]   16:     0x560f63c12cd6 - std::sys_common::backtrace::__rust_end_short_backtrace::hf3289479464f7dfe
[INFO] [stdout]                                at /rustc/0e09125c6c3c2fd70d7de961bcf0e51575235fad/library/std/src/sys_common/backtrace.rs:171:18
[INFO] [stdout]   17:     0x560f63c143f0 - rust_begin_unwind
[INFO] [stdout]                                at /rustc/0e09125c6c3c2fd70d7de961bcf0e51575235fad/library/std/src/panicking.rs:645:5
[INFO] [stdout]   18:     0x560f63b4e135 - core::panicking::panic_fmt::hcc9f77c5c132af55
[INFO] [stdout]                                at /rustc/0e09125c6c3c2fd70d7de961bcf0e51575235fad/library/core/src/panicking.rs:72:14
[INFO] [stdout]   19:     0x560f63b4e64f - core::panicking::assert_failed_inner::h9f13e27dd63c3a08
[INFO] [stdout]                                at /rustc/0e09125c6c3c2fd70d7de961bcf0e51575235fad/library/core/src/panicking.rs:337:23
[INFO] [stdout]   20:     0x560f63be799e - core::panicking::assert_failed::hc85996f6f813cc40
[INFO] [stdout]                                at /rustc/0e09125c6c3c2fd70d7de961bcf0e51575235fad/library/core/src/panicking.rs:297:5
[INFO] [stdout]   21:     0x560f63b5fdab - tree_hash::merkle_hasher::test::context_size::h488ead7896e0663b
[INFO] [stdout]                                at /opt/rustwide/workdir/tree_hash/src/merkle_hasher.rs:369:9
[INFO] [stdout]   22:     0x560f63b5fce7 - tree_hash::merkle_hasher::test::context_size::{{closure}}::h433d1221559b4845
[INFO] [stdout]                                at /opt/rustwide/workdir/tree_hash/src/merkle_hasher.rs:368:22
[INFO] [stdout]   23:     0x560f63b4f856 - core::ops::function::FnOnce::call_once::h95b1e7b0647897f0
[INFO] [stdout]                                at /rustc/0e09125c6c3c2fd70d7de961bcf0e51575235fad/library/core/src/ops/function.rs:250:5
[INFO] [stdout]   24:     0x560f63b9b03f - core::ops::function::FnOnce::call_once::hd64d26f405258157
[INFO] [stdout]                                at /rustc/0e09125c6c3c2fd70d7de961bcf0e51575235fad/library/core/src/ops/function.rs:250:5
[INFO] [stdout]   25:     0x560f63b9b03f - test::__rust_begin_short_backtrace::he21b0b7a6d731bf9
[INFO] [stdout]                                at /rustc/0e09125c6c3c2fd70d7de961bcf0e51575235fad/library/test/src/lib.rs:627:18
[INFO] [stdout]   26:     0x560f63b99dc1 - test::run_test_in_process::{{closure}}::hf5c73986d7bdfde2
[INFO] [stdout]                                at /rustc/0e09125c6c3c2fd70d7de961bcf0e51575235fad/library/test/src/lib.rs:650:60
[INFO] [stdout]   27:     0x560f63b99dc1 - <core::panic::unwind_safe::AssertUnwindSafe<F> as core::ops::function::FnOnce<()>>::call_once::h330011ad032aadc0
[INFO] [stdout]                                at /rustc/0e09125c6c3c2fd70d7de961bcf0e51575235fad/library/core/src/panic/unwind_safe.rs:272:9
[INFO] [stdout]   28:     0x560f63b99dc1 - std::panicking::try::do_call::he61b0a958b795a41
[INFO] [stdout]                                at /rustc/0e09125c6c3c2fd70d7de961bcf0e51575235fad/library/std/src/panicking.rs:552:40
[INFO] [stdout]   29:     0x560f63b99dc1 - std::panicking::try::h7309da130f906eb7
[INFO] [stdout]                                at /rustc/0e09125c6c3c2fd70d7de961bcf0e51575235fad/library/std/src/panicking.rs:516:19
[INFO] [stdout]   30:     0x560f63b99dc1 - std::panic::catch_unwind::hc5c3a06fdaf0a92a
[INFO] [stdout]                                at /rustc/0e09125c6c3c2fd70d7de961bcf0e51575235fad/library/std/src/panic.rs:142:14
[INFO] [stdout]   31:     0x560f63b99dc1 - test::run_test_in_process::h7e7b7c71c3324e0f
[INFO] [stdout]                                at /rustc/0e09125c6c3c2fd70d7de961bcf0e51575235fad/library/test/src/lib.rs:650:27
[INFO] [stdout]   32:     0x560f63b99dc1 - test::run_test::{{closure}}::h1f509f28f5cf20b1
[INFO] [stdout]                                at /rustc/0e09125c6c3c2fd70d7de961bcf0e51575235fad/library/test/src/lib.rs:573:43
[INFO] [stdout]   33:     0x560f63b610f6 - test::run_test::{{closure}}::h1754218abf443f6d
[INFO] [stdout]                                at /rustc/0e09125c6c3c2fd70d7de961bcf0e51575235fad/library/test/src/lib.rs:601:41
[INFO] [stdout]   34:     0x560f63b610f6 - std::sys_common::backtrace::__rust_begin_short_backtrace::h2ee174b9d5954948
[INFO] [stdout]                                at /rustc/0e09125c6c3c2fd70d7de961bcf0e51575235fad/library/std/src/sys_common/backtrace.rs:155:18
[INFO] [stdout]   35:     0x560f63b66157 - std::thread::Builder::spawn_unchecked_::{{closure}}::{{closure}}::hf60bee9c1a17ef09
[INFO] [stdout]                                at /rustc/0e09125c6c3c2fd70d7de961bcf0e51575235fad/library/std/src/thread/mod.rs:529:17
[INFO] [stdout]   36:     0x560f63b66157 - <core::panic::unwind_safe::AssertUnwindSafe<F> as core::ops::function::FnOnce<()>>::call_once::h33d0dddec5216160
[INFO] [stdout]                                at /rustc/0e09125c6c3c2fd70d7de961bcf0e51575235fad/library/core/src/panic/unwind_safe.rs:272:9
[INFO] [stdout]   37:     0x560f63b66157 - std::panicking::try::do_call::h144b3048b546f835
[INFO] [stdout]                                at /rustc/0e09125c6c3c2fd70d7de961bcf0e51575235fad/library/std/src/panicking.rs:552:40
[INFO] [stdout]   38:     0x560f63b66157 - std::panicking::try::h978244d04646189f
[INFO] [stdout]                                at /rustc/0e09125c6c3c2fd70d7de961bcf0e51575235fad/library/std/src/panicking.rs:516:19
[INFO] [stdout]   39:     0x560f63b66157 - std::panic::catch_unwind::hdf436369d188fe86
[INFO] [stdout]                                at /rustc/0e09125c6c3c2fd70d7de961bcf0e51575235fad/library/std/src/panic.rs:142:14
[INFO] [stdout]   40:     0x560f63b66157 - std::thread::Builder::spawn_unchecked_::{{closure}}::h87329cbdd33c79ec
[INFO] [stdout]                                at /rustc/0e09125c6c3c2fd70d7de961bcf0e51575235fad/library/std/src/thread/mod.rs:528:30
[INFO] [stdout]   41:     0x560f63b66157 - core::ops::function::FnOnce::call_once{{vtable.shim}}::h401abbe67897d450
[INFO] [stdout]                                at /rustc/0e09125c6c3c2fd70d7de961bcf0e51575235fad/library/core/src/ops/function.rs:250:5
[INFO] [stdout]   42:     0x560f63c193f5 - <alloc::boxed::Box<F,A> as core::ops::function::FnOnce<Args>>::call_once::h5d7c8f150ab9c84c
[INFO] [stdout]                                at /rustc/0e09125c6c3c2fd70d7de961bcf0e51575235fad/library/alloc/src/boxed.rs:2015:9
[INFO] [stdout]   43:     0x560f63c193f5 - <alloc::boxed::Box<F,A> as core::ops::function::FnOnce<Args>>::call_once::h570d5b005c242c15
[INFO] [stdout]                                at /rustc/0e09125c6c3c2fd70d7de961bcf0e51575235fad/library/alloc/src/boxed.rs:2015:9
[INFO] [stdout]   44:     0x560f63c193f5 - std::sys::unix::thread::Thread::new::thread_start::h36b0a20c0b2361ad
[INFO] [stdout]                                at /rustc/0e09125c6c3c2fd70d7de961bcf0e51575235fad/library/std/src/sys/unix/thread.rs:108:17
[INFO] [stdout]   45:     0x7f319483bac3 - <unknown>
[INFO] [stdout]   46:     0x7f31948ccbf4 - __clone
[INFO] [stdout]   47:                0x0 - <unknown>
[INFO] [stdout] 
[INFO] [stdout] 
[INFO] [stdout] failures:
[INFO] [stdout]     merkle_hasher::test::context_size
[INFO] [stdout] 
[INFO] [stdout] test result: FAILED. 30 passed; 1 failed; 0 ignored; 0 measured; 0 filtered out; finished in 0.49s
[INFO] [stdout] 
[INFO] [stderr] error: test failed, to rerun pass `-p tree_hash --lib`
[INFO] running `Command { std: "docker" "inspect" "71c2d6babfd121da9efb42aebeb23f86fd3922b4f8747a634c73033c77be9ce0", kill_on_drop: false }`
[INFO] running `Command { std: "docker" "rm" "-f" "71c2d6babfd121da9efb42aebeb23f86fd3922b4f8747a634c73033c77be9ce0", kill_on_drop: false }`
[INFO] [stdout] 71c2d6babfd121da9efb42aebeb23f86fd3922b4f8747a634c73033c77be9ce0
