[INFO] cloning repository https://github.com/vmeylan/task_rust
[INFO] running `Command { std: "git" "-c" "credential.helper=" "-c" "credential.helper=/workspace/cargo-home/bin/git-credential-null" "clone" "--bare" "https://github.com/vmeylan/task_rust" "/workspace/cache/git-repos/https%3A%2F%2Fgithub.com%2Fvmeylan%2Ftask_rust", kill_on_drop: false }`
[INFO] [stderr] Cloning into bare repository '/workspace/cache/git-repos/https%3A%2F%2Fgithub.com%2Fvmeylan%2Ftask_rust'...
[INFO] running `Command { std: "git" "rev-parse" "HEAD", kill_on_drop: false }`
[INFO] [stdout] be4790f42a4548c5ee1d2eaac50081f097606960
[INFO] testing vmeylan/task_rust against 1.75.0 for beta-1.76-1
[INFO] running `Command { std: "git" "clone" "/workspace/cache/git-repos/https%3A%2F%2Fgithub.com%2Fvmeylan%2Ftask_rust" "/workspace/builds/worker-5-tc1/source", kill_on_drop: false }`
[INFO] [stderr] Cloning into '/workspace/builds/worker-5-tc1/source'...
[INFO] [stderr] done.
[INFO] validating manifest of git repo https://github.com/vmeylan/task_rust on toolchain 1.75.0
[INFO] running `Command { std: CARGO_HOME="/workspace/cargo-home" RUSTUP_HOME="/workspace/rustup-home" "/workspace/cargo-home/bin/cargo" "+1.75.0" "metadata" "--manifest-path" "Cargo.toml" "--no-deps", kill_on_drop: false }`
[INFO] started tweaking git repo https://github.com/vmeylan/task_rust
[INFO] finished tweaking git repo https://github.com/vmeylan/task_rust
[INFO] tweaked toml for git repo https://github.com/vmeylan/task_rust written to /workspace/builds/worker-5-tc1/source/Cargo.toml
[INFO] crate git repo https://github.com/vmeylan/task_rust already has a lockfile, it will not be regenerated
[INFO] running `Command { std: CARGO_HOME="/workspace/cargo-home" RUSTUP_HOME="/workspace/rustup-home" "/workspace/cargo-home/bin/cargo" "+1.75.0" "fetch" "--manifest-path" "Cargo.toml", kill_on_drop: false }`
[INFO] [stderr]     Blocking waiting for file lock on package cache
[INFO] [stderr]     Updating crates.io index
[INFO] [stderr]     Blocking waiting for file lock on package cache
[INFO] [stderr]  Downloading crates ...
[INFO] [stderr]   Downloaded fastrlp v0.3.1
[INFO] [stderr]   Downloaded alloy-json-abi v0.4.2
[INFO] [stderr]   Downloaded alloy-sol-type-parser v0.4.2
[INFO] running `Command { std: "docker" "create" "-v" "/var/lib/crater-agent-workspace/builds/worker-5-tc1/target:/opt/rustwide/target:rw,Z" "-v" "/var/lib/crater-agent-workspace/builds/worker-5-tc1/source:/opt/rustwide/workdir:ro,Z" "-v" "/var/lib/crater-agent-workspace/cargo-home:/opt/rustwide/cargo-home:ro,Z" "-v" "/var/lib/crater-agent-workspace/rustup-home:/opt/rustwide/rustup-home:ro,Z" "-e" "SOURCE_DIR=/opt/rustwide/workdir" "-e" "CARGO_TARGET_DIR=/opt/rustwide/target" "-e" "CARGO_HOME=/opt/rustwide/cargo-home" "-e" "RUSTUP_HOME=/opt/rustwide/rustup-home" "-w" "/opt/rustwide/workdir" "-m" "1610612736" "--user" "0:0" "--network" "none" "ghcr.io/rust-lang/crates-build-env/linux@sha256:2788e3201cd34a07e3172128adcd8b3090168a8e3bcc40d7c032b9dda1df7d1c" "/opt/rustwide/cargo-home/bin/cargo" "+1.75.0" "metadata" "--no-deps" "--format-version=1", kill_on_drop: false }`
[INFO] [stdout] ead5ffe119e90a052c204e88372ea433d9ccbae6d8191240c8c6c82afeaa613d
[INFO] running `Command { std: "docker" "start" "-a" "ead5ffe119e90a052c204e88372ea433d9ccbae6d8191240c8c6c82afeaa613d", kill_on_drop: false }`
[INFO] running `Command { std: "docker" "inspect" "ead5ffe119e90a052c204e88372ea433d9ccbae6d8191240c8c6c82afeaa613d", kill_on_drop: false }`
[INFO] running `Command { std: "docker" "rm" "-f" "ead5ffe119e90a052c204e88372ea433d9ccbae6d8191240c8c6c82afeaa613d", kill_on_drop: false }`
[INFO] [stdout] ead5ffe119e90a052c204e88372ea433d9ccbae6d8191240c8c6c82afeaa613d
[INFO] running `Command { std: "docker" "create" "-v" "/var/lib/crater-agent-workspace/builds/worker-5-tc1/target:/opt/rustwide/target:rw,Z" "-v" "/var/lib/crater-agent-workspace/builds/worker-5-tc1/source:/opt/rustwide/workdir:ro,Z" "-v" "/var/lib/crater-agent-workspace/cargo-home:/opt/rustwide/cargo-home:ro,Z" "-v" "/var/lib/crater-agent-workspace/rustup-home:/opt/rustwide/rustup-home:ro,Z" "-e" "SOURCE_DIR=/opt/rustwide/workdir" "-e" "CARGO_TARGET_DIR=/opt/rustwide/target" "-e" "CARGO_INCREMENTAL=0" "-e" "RUST_BACKTRACE=full" "-e" "RUSTFLAGS=--cap-lints=warn" "-e" "RUSTDOCFLAGS=--cap-lints=warn" "-e" "CARGO_HOME=/opt/rustwide/cargo-home" "-e" "RUSTUP_HOME=/opt/rustwide/rustup-home" "-w" "/opt/rustwide/workdir" "-m" "1610612736" "--user" "0:0" "--network" "none" "ghcr.io/rust-lang/crates-build-env/linux@sha256:2788e3201cd34a07e3172128adcd8b3090168a8e3bcc40d7c032b9dda1df7d1c" "/opt/rustwide/cargo-home/bin/cargo" "+1.75.0" "build" "--frozen" "--message-format=json", kill_on_drop: false }`
[INFO] [stdout] 76d963860546cedbd45f1b4248a313cc8ab45dda75526fb1b70df010146c7254
[INFO] running `Command { std: "docker" "start" "-a" "76d963860546cedbd45f1b4248a313cc8ab45dda75526fb1b70df010146c7254", kill_on_drop: false }`
[INFO] [stderr]    Compiling proc-macro2 v1.0.69
[INFO] [stderr]    Compiling unicode-ident v1.0.12
[INFO] [stderr]    Compiling cfg-if v1.0.0
[INFO] [stderr]    Compiling serde v1.0.188
[INFO] [stderr]    Compiling version_check v0.9.4
[INFO] [stderr]    Compiling once_cell v1.18.0
[INFO] [stderr]    Compiling typenum v1.17.0
[INFO] [stderr]    Compiling libc v0.2.149
[INFO] [stderr]    Compiling subtle v2.5.0
[INFO] [stderr]    Compiling const-oid v0.9.5
[INFO] [stderr]    Compiling autocfg v1.1.0
[INFO] [stderr]    Compiling zeroize v1.6.0
[INFO] [stderr]    Compiling syn v1.0.109
[INFO] [stderr]    Compiling generic-array v0.14.7
[INFO] [stderr]    Compiling itoa v1.0.9
[INFO] [stderr]    Compiling winnow v0.5.16
[INFO] [stderr]    Compiling hashbrown v0.14.1
[INFO] [stderr]    Compiling equivalent v1.0.1
[INFO] [stderr]    Compiling ppv-lite86 v0.2.17
[INFO] [stderr]    Compiling cpufeatures v0.2.9
[INFO] [stderr]    Compiling quote v1.0.33
[INFO] [stderr]    Compiling syn v2.0.38
[INFO] [stderr]    Compiling indexmap v2.0.2
[INFO] [stderr]    Compiling getrandom v0.2.10
[INFO] [stderr]    Compiling crunchy v0.2.2
[INFO] [stderr]    Compiling rand_core v0.6.4
[INFO] [stderr]    Compiling cc v1.0.83
[INFO] [stderr]    Compiling rustc-hex v2.1.0
[INFO] [stderr]    Compiling thiserror v1.0.49
[INFO] [stderr]    Compiling static_assertions v1.1.0
[INFO] [stderr]    Compiling convert_case v0.4.0
[INFO] [stderr]    Compiling byte-slice-cast v1.2.2
[INFO] [stderr]    Compiling crypto-common v0.1.6
[INFO] [stderr]    Compiling block-buffer v0.10.4
[INFO] [stderr]    Compiling digest v0.10.7
[INFO] [stderr]    Compiling memchr v2.6.4
[INFO] [stderr]    Compiling arrayvec v0.7.4
[INFO] [stderr]    Compiling tiny-keccak v2.0.2
[INFO] [stderr]    Compiling base16ct v0.2.0
[INFO] [stderr]    Compiling pin-project-lite v0.2.13
[INFO] [stderr]    Compiling ryu v1.0.15
[INFO] [stderr]    Compiling futures-core v0.3.28
[INFO] [stderr]    Compiling log v0.4.20
[INFO] [stderr]    Compiling rand_chacha v0.3.1
[INFO] [stderr]    Compiling keccak v0.1.4
[INFO] [stderr]    Compiling rand v0.8.5
[INFO] [stderr]    Compiling lock_api v0.4.10
[INFO] [stderr]    Compiling byteorder v1.5.0
[INFO] [stderr]    Compiling parking_lot_core v0.9.8
[INFO] [stderr]    Compiling scopeguard v1.2.0
[INFO] [stderr]    Compiling bitflags v2.4.0
[INFO] [stderr]    Compiling smallvec v1.11.1
[INFO] [stderr]    Compiling hmac v0.12.1
[INFO] [stderr]    Compiling der v0.7.8
[INFO] [stderr]    Compiling proc-macro-error-attr v1.0.4
[INFO] [stderr]    Compiling ring v0.16.20
[INFO] [stderr]    Compiling aho-corasick v1.1.2
[INFO] [stderr]    Compiling parking_lot v0.12.1
[INFO] [stderr]    Compiling sha2 v0.10.8
[INFO] [stderr]    Compiling num_cpus v1.16.0
[INFO] [stderr]    Compiling signal-hook-registry v1.4.1
[INFO] [stderr]    Compiling mio v0.8.8
[INFO] [stderr]    Compiling socket2 v0.5.4
[INFO] [stderr]    Compiling proc-macro-error v1.0.4
[INFO] [stderr]    Compiling regex-syntax v0.8.0
[INFO] [stderr]    Compiling spki v0.7.2
[INFO] [stderr]    Compiling ff v0.13.0
[INFO] [stderr]    Compiling num-traits v0.2.17
[INFO] [stderr]    Compiling semver v1.0.20
[INFO] [stderr]    Compiling camino v1.1.6
[INFO] [stderr]    Compiling rustversion v1.0.14
[INFO] [stderr]    Compiling serde_json v1.0.107
[INFO] [stderr]    Compiling group v0.13.0
[INFO] [stderr]    Compiling pkcs8 v0.10.2
[INFO] [stderr]    Compiling sec1 v0.7.3
[INFO] [stderr]    Compiling sha3 v0.10.8
[INFO] [stderr]    Compiling crypto-bigint v0.5.3
[INFO] [stderr]    Compiling regex-automata v0.4.1
[INFO] [stderr]    Compiling untrusted v0.7.1
[INFO] [stderr]    Compiling pkg-config v0.3.27
[INFO] [stderr]    Compiling futures-task v0.3.28
[INFO] [stderr]    Compiling vcpkg v0.2.15
[INFO] [stderr]    Compiling spin v0.5.2
[INFO] [stderr]    Compiling rustix v0.38.18
[INFO] [stderr]    Compiling serde_derive v1.0.188
[INFO] [stderr]    Compiling thiserror-impl v1.0.49
[INFO] [stderr]    Compiling tokio-macros v2.1.0
[INFO] [stderr]    Compiling rlp-derive v0.1.0
[INFO] [stderr]    Compiling impl-trait-for-tuples v0.2.2
[INFO] [stderr]    Compiling derive_more v0.99.17
[INFO] [stderr]    Compiling regex v1.10.0
[INFO] [stderr]    Compiling auto_impl v1.1.0
[INFO] [stderr]    Compiling openssl-sys v0.9.93
[INFO] [stderr]    Compiling elliptic-curve v0.13.6
[INFO] [stderr]    Compiling tracing-attributes v0.1.26
[INFO] [stderr]    Compiling fixed-hash v0.8.0
[INFO] [stderr]    Compiling rfc6979 v0.4.0
[INFO] [stderr]    Compiling signature v2.1.0
[INFO] [stderr]    Compiling slab v0.4.9
[INFO] [stderr]    Compiling tracing-core v0.1.31
[INFO] [stderr]    Compiling heck v0.4.1
[INFO] [stderr]    Compiling fnv v1.0.7
[INFO] [stderr]    Compiling futures-channel v0.3.28
[INFO] [stderr]    Compiling linux-raw-sys v0.4.10
[INFO] [stderr]    Compiling strum_macros v0.25.2
[INFO] [stderr]    Compiling ecdsa v0.16.8
[INFO] [stderr]    Compiling tracing v0.1.37
[INFO] [stderr]    Compiling base64 v0.21.4
[INFO] [stderr]    Compiling httparse v1.8.0
[INFO] [stderr]    Compiling futures-util v0.3.28
[INFO] [stderr]    Compiling futures-sink v0.3.28
[INFO] [stderr]    Compiling fastrand v2.0.1
[INFO] [stderr]    Compiling wasm-bindgen-shared v0.2.87
[INFO] [stderr]    Compiling k256 v0.13.1
[INFO] [stderr]    Compiling futures-macro v0.3.28
[INFO] [stderr]    Compiling indexmap v1.9.3
[INFO] [stderr]    Compiling tempfile v3.8.0
[INFO] [stderr]    Compiling strum v0.25.0
[INFO] [stderr]    Compiling pin-utils v0.1.0
[INFO] [stderr]    Compiling futures-io v0.3.28
[INFO] [stderr]    Compiling tinyvec_macros v0.1.1
[INFO] [stderr]    Compiling unicode-xid v0.2.4
[INFO] [stderr]    Compiling rustls v0.21.7
[INFO] [stderr]    Compiling hex v0.4.3
[INFO] [stderr]    Compiling tinyvec v1.6.0
[INFO] [stderr]    Compiling sct v0.7.0
[INFO] [stderr]    Compiling rustls-webpki v0.101.6
[INFO] [stderr]    Compiling bumpalo v3.14.0
[INFO] [stderr]    Compiling hashbrown v0.12.3
[INFO] [stderr]    Compiling percent-encoding v2.3.0
[INFO] [stderr]    Compiling foreign-types-shared v0.1.1
[INFO] [stderr]    Compiling openssl v0.10.57
[INFO] [stderr]    Compiling foreign-types v0.3.2
[INFO] [stderr]    Compiling form_urlencoded v1.2.0
[INFO] [stderr]    Compiling wasm-bindgen-backend v0.2.87
[INFO] [stderr]    Compiling unicode-normalization v0.1.22
[INFO] [stderr]    Compiling uint v0.9.5
[INFO] [stderr]    Compiling bytes v1.5.0
[INFO] [stderr]    Compiling serde_spanned v0.6.3
[INFO] [stderr]    Compiling toml_datetime v0.6.3
[INFO] [stderr]    Compiling toml_edit v0.19.15
[INFO] [stderr]    Compiling impl-serde v0.4.0
[INFO] [stderr]    Compiling rlp v0.5.2
[INFO] [stderr]    Compiling impl-rlp v0.3.0
[INFO] [stderr]    Compiling tokio v1.33.0
[INFO] [stderr]    Compiling open-fastrlp-derive v0.1.1
[INFO] [stderr]    Compiling cargo-platform v0.1.4
[INFO] [stderr]    Compiling http v0.2.9
[INFO] [stderr]    Compiling const-hex v1.9.1
[INFO] [stderr]    Compiling openssl-macros v0.1.1
[INFO] [stderr]    Compiling proc-macro-crate v1.3.1
[INFO] [stderr]    Compiling try-lock v0.2.4
[INFO] [stderr]    Compiling unicode-bidi v0.3.13
[INFO] [stderr]    Compiling native-tls v0.2.11
[INFO] [stderr]    Compiling iana-time-zone v0.1.57
[INFO] [stderr]    Compiling idna v0.4.0
[INFO] [stderr]    Compiling chrono v0.4.31
[INFO] [stderr]    Compiling want v0.3.1
[INFO] [stderr]    Compiling cargo_metadata v0.17.0
[INFO] [stderr]    Compiling http-body v0.4.5
[INFO] [stderr]    Compiling wasm-bindgen-macro-support v0.2.87
[INFO] [stderr]    Compiling tokio-util v0.7.9
[INFO] [stderr]    Compiling parity-scale-codec-derive v3.6.5
[INFO] [stderr]    Compiling scale-info-derive v2.9.0
[INFO] [stderr]    Compiling num_enum_derive v0.7.0
[INFO] [stderr]    Compiling h2 v0.3.21
[INFO] [stderr]    Compiling inout v0.1.3
[INFO] [stderr]    Compiling socket2 v0.4.9
[INFO] [stderr]    Compiling num_enum v0.7.0
[INFO] [stderr]    Compiling num-integer v0.1.45
[INFO] [stderr]    Compiling tower-service v0.3.2
[INFO] [stderr]    Compiling wasm-bindgen v0.2.87
[INFO] [stderr]    Compiling openssl-probe v0.1.5
[INFO] [stderr]    Compiling httpdate v1.0.3
[INFO] [stderr]    Compiling prettyplease v0.2.15
[INFO] [stderr]    Compiling parity-scale-codec v3.6.5
[INFO] [stderr]    Compiling cipher v0.4.4
[INFO] [stderr]    Compiling wasm-bindgen-macro v0.2.87
[INFO] [stderr]    Compiling tokio-rustls v0.24.1
[INFO] [stderr]    Compiling url v2.4.1
[INFO] [stderr]    Compiling hyper v0.14.27
[INFO] [stderr]    Compiling impl-codec v0.6.0
[INFO] [stderr]    Compiling scale-info v2.9.0
[INFO] [stderr]    Compiling num-bigint v0.4.4
[INFO] [stderr]    Compiling eyre v0.6.8
[INFO] [stderr]    Compiling time-core v0.1.2
[INFO] [stderr]    Compiling time-macros v0.2.15
[INFO] [stderr]    Compiling ethbloom v0.13.0
[INFO] [stderr]    Compiling primitive-types v0.12.2
[INFO] [stderr]    Compiling tokio-native-tls v0.3.1
[INFO] [stderr]    Compiling ethereum-types v0.14.1
[INFO] [stderr]    Compiling lazy_static v1.4.0
[INFO] [stderr]    Compiling webpki-roots v0.25.2
[INFO] [stderr]    Compiling same-file v1.0.6
[INFO] [stderr]    Compiling deranged v0.3.8
[INFO] [stderr]    Compiling radium v0.7.0
[INFO] [stderr]    Compiling open-fastrlp v0.1.4
[INFO] [stderr]    Compiling ethabi v18.0.0
[INFO] [stderr]    Compiling async-trait v0.1.73
[INFO] [stderr]    Compiling indenter v0.3.3
[INFO] [stderr]    Compiling ethers-core v2.0.10
[INFO] [stderr]    Compiling time v0.3.29
[INFO] [stderr]    Compiling walkdir v2.4.0
[INFO] [stderr]    Compiling Inflector v0.11.4
[INFO] [stderr]    Compiling hyper-tls v0.5.0
[INFO] [stderr]    Compiling hyper-rustls v0.24.1
[INFO] [stderr]    Compiling js-sys v0.3.64
[INFO] [stderr]    Compiling toml v0.7.8
[INFO] [stderr]    Compiling serde_urlencoded v0.7.1
[INFO] [stderr]    Compiling rustls-pemfile v1.0.3
[INFO] [stderr]    Compiling pin-project-internal v1.1.3
[INFO] [stderr]    Compiling bs58 v0.5.0
[INFO] [stderr]    Compiling ripemd v0.1.3
[INFO] [stderr]    Compiling sha1 v0.10.6
[INFO] [stderr]    Compiling encoding_rs v0.8.33
[INFO] [stderr]    Compiling data-encoding v2.4.0
[INFO] [stderr]    Compiling tap v1.0.1
[INFO] [stderr]    Compiling mime v0.3.17
[INFO] [stderr]    Compiling dunce v1.0.4
[INFO] [stderr]    Compiling base64 v0.13.1
[INFO] [stderr]    Compiling utf-8 v0.7.6
[INFO] [stderr]    Compiling bech32 v0.9.1
[INFO] [stderr]    Compiling ipnet v2.8.0
[INFO] [stderr]    Compiling coins-core v0.8.7
[INFO] [stderr]    Compiling pem v1.1.1
[INFO] [stderr]    Compiling tungstenite v0.20.1
[INFO] [stderr]    Compiling pin-project v1.1.3
[INFO] [stderr]    Compiling reqwest v0.11.22
[INFO] [stderr]    Compiling wyz v0.5.1
[INFO] [stderr]    Compiling gloo-timers v0.2.6
[INFO] [stderr]    Compiling simple_asn1 v0.6.2
[INFO] [stderr]    Compiling salsa20 v0.10.2
[INFO] [stderr]    Compiling fxhash v0.2.1
[INFO] [stderr]    Compiling pbkdf2 v0.11.0
[INFO] [stderr]    Compiling funty v2.0.0
[INFO] [stderr]    Compiling send_wrapper v0.4.0
[INFO] [stderr]    Compiling futures-timer v3.0.2
[INFO] [stderr]    Compiling scrypt v0.10.0
[INFO] [stderr]    Compiling hashers v1.0.1
[INFO] [stderr]    Compiling tokio-tungstenite v0.20.1
[INFO] [stderr]    Compiling jsonwebtoken v8.3.0
[INFO] [stderr]    Compiling tracing-futures v0.2.5
[INFO] [stderr]    Compiling bitvec v1.0.1
[INFO] [stderr]    Compiling coins-bip32 v0.8.7
[INFO] [stderr]    Compiling aes v0.8.3
[INFO] [stderr]    Compiling ctr v0.9.2
[INFO] [stderr]    Compiling enr v0.9.1
[INFO] [stderr]    Compiling uuid v0.8.2
[INFO] [stderr]    Compiling pbkdf2 v0.12.2
[INFO] [stderr]    Compiling instant v0.1.12
[INFO] [stderr]    Compiling ethers-providers v2.0.10
[INFO] [stderr]    Compiling ethers-contract-abigen v2.0.10
[INFO] [stderr]    Compiling eth-keystore v0.5.0
[INFO] [stderr]    Compiling coins-bip39 v0.8.7
[INFO] [stderr]    Compiling ruint-macro v1.1.0
[INFO] [stderr]    Compiling ethers-etherscan v2.0.10
[INFO] [stderr]    Compiling ethers-signers v2.0.10
[INFO] [stderr]    Compiling futures-locks v0.7.1
[INFO] [stderr]    Compiling ruint v1.10.1
[INFO] [stderr]    Compiling async-stream-impl v0.3.5
[INFO] [stderr]    Compiling hex-literal v0.4.1
[INFO] [stderr]    Compiling async-stream v0.3.5
[INFO] [stderr]    Compiling alloy-primitives v0.4.2
[INFO] [stderr]    Compiling ethers-addressbook v2.0.10
[INFO] [stderr]    Compiling tokio-stream v0.1.14
[INFO] [stderr]    Compiling alloy-sol-type-parser v0.4.2
[INFO] [stderr]    Compiling tokio-test v0.4.3
[INFO] [stderr]    Compiling alloy-json-abi v0.4.2
[INFO] [stderr]    Compiling dotenv v0.15.0
[INFO] [stderr]    Compiling ethers-contract-derive v2.0.10
[INFO] [stderr]    Compiling ethers-contract v2.0.10
[INFO] [stderr]    Compiling ethers-middleware v2.0.10
[INFO] [stderr]    Compiling ethers v2.0.10
[INFO] [stderr]    Compiling tasks v0.1.0 (/opt/rustwide/workdir)
[INFO] [stdout] warning: unused import: `Detokenize`
[INFO] [stdout]  --> src/main.rs:5:26
[INFO] [stdout]   |
[INFO] [stdout] 5 |     abi::{Abi, EventExt, Detokenize},
[INFO] [stdout]   |                          ^^^^^^^^^^
[INFO] [stdout]   |
[INFO] [stdout]   = note: `#[warn(unused_imports)]` on by default
[INFO] [stdout] 
[INFO] [stdout] 
[INFO] [stdout] warning: unused imports: `Deserialize`, `Serialize`
[INFO] [stdout]   --> src/main.rs:10:13
[INFO] [stdout]    |
[INFO] [stdout] 10 | use serde::{Serialize, Deserialize};
[INFO] [stdout]    |             ^^^^^^^^^  ^^^^^^^^^^^
[INFO] [stdout] 
[INFO] [stdout] 
[INFO] [stdout] warning: unused imports: `Datelike`, `NaiveDate`, `Utc`
[INFO] [stdout]   --> src/main.rs:11:14
[INFO] [stdout]    |
[INFO] [stdout] 11 | use chrono::{Utc, NaiveDate, Datelike};
[INFO] [stdout]    |              ^^^  ^^^^^^^^^  ^^^^^^^^
[INFO] [stdout] 
[INFO] [stdout] 
[INFO] [stdout] warning: unused import: `std::io::Write`
[INFO] [stdout]   --> src/main.rs:12:5
[INFO] [stdout]    |
[INFO] [stdout] 12 | use std::io::Write;
[INFO] [stdout]    |     ^^^^^^^^^^^^^^
[INFO] [stdout] 
[INFO] [stdout] 
[INFO] [stdout] warning: unused import: `NaiveDateTime`
[INFO] [stdout]  --> src/data_store.rs:4:19
[INFO] [stdout]   |
[INFO] [stdout] 4 | use chrono::{Utc, NaiveDateTime, Datelike};
[INFO] [stdout]   |                   ^^^^^^^^^^^^^
[INFO] [stdout] 
[INFO] [stdout] 
[INFO] [stdout] warning: unused imports: `Abi`, `Detokenize`, `EventExt`, `Filter`, `H160`, `Provider`, `Ws`, `utils::keccak256`
[INFO] [stdout]  --> src/log_processing.rs:2:19
[INFO] [stdout]   |
[INFO] [stdout] 2 |     core::types::{Filter, Log, H160, U256},
[INFO] [stdout]   |                   ^^^^^^       ^^^^
[INFO] [stdout] 3 |     providers::{Provider, Ws},
[INFO] [stdout]   |                 ^^^^^^^^  ^^
[INFO] [stdout] 4 |     prelude::*,
[INFO] [stdout] 5 |     abi::{Abi, RawLog, EventExt, Detokenize, Token, ethabi, Event},
[INFO] [stdout]   |           ^^^          ^^^^^^^^  ^^^^^^^^^^
[INFO] [stdout] 6 |     utils::keccak256,
[INFO] [stdout]   |     ^^^^^^^^^^^^^^^^
[INFO] [stdout] 
[INFO] [stdout] 
[INFO] [stdout] warning: unused import: `dotenv::dotenv`
[INFO] [stdout]   --> src/log_processing.rs:10:5
[INFO] [stdout]    |
[INFO] [stdout] 10 | use dotenv::dotenv;
[INFO] [stdout]    |     ^^^^^^^^^^^^^^
[INFO] [stdout] 
[INFO] [stdout] 
[INFO] [stdout] warning: unused imports: `Deserialize`, `Serialize`
[INFO] [stdout]   --> src/log_processing.rs:11:13
[INFO] [stdout]    |
[INFO] [stdout] 11 | use serde::{Serialize, Deserialize};
[INFO] [stdout]    |             ^^^^^^^^^  ^^^^^^^^^^^
[INFO] [stdout] 
[INFO] [stdout] 
[INFO] [stdout] warning: unused import: `std::io`
[INFO] [stdout]   --> src/log_processing.rs:13:5
[INFO] [stdout]    |
[INFO] [stdout] 13 | use std::io;
[INFO] [stdout]    |     ^^^^^^^
[INFO] [stdout] 
[INFO] [stdout] 
[INFO] [stdout] warning: unused import: `std::path::Path`
[INFO] [stdout]   --> src/log_processing.rs:14:5
[INFO] [stdout]    |
[INFO] [stdout] 14 | use std::path::Path;
[INFO] [stdout]    |     ^^^^^^^^^^^^^^^
[INFO] [stdout] 
[INFO] [stdout] 
[INFO] [stdout] warning: unused imports: `Datelike`, `NaiveDate`, `Utc`
[INFO] [stdout]   --> src/log_processing.rs:15:14
[INFO] [stdout]    |
[INFO] [stdout] 15 | use chrono::{Utc, NaiveDate, Datelike};
[INFO] [stdout]    |              ^^^  ^^^^^^^^^  ^^^^^^^^
[INFO] [stdout] 
[INFO] [stdout] 
[INFO] [stdout] warning: unused import: `std::io::Write`
[INFO] [stdout]   --> src/log_processing.rs:16:5
[INFO] [stdout]    |
[INFO] [stdout] 16 | use std::io::Write;
[INFO] [stdout]    |     ^^^^^^^^^^^^^^
[INFO] [stdout] 
[INFO] [stdout] 
[INFO] [stdout] warning: unused import: `hex::FromHex`
[INFO] [stdout]   --> src/log_processing.rs:17:5
[INFO] [stdout]    |
[INFO] [stdout] 17 | use hex::FromHex;
[INFO] [stdout]    |     ^^^^^^^^^^^^
[INFO] [stdout] 
[INFO] [stdout] 
[INFO] [stdout] warning: unused import: `crate::data_store::store_decoded_data`
[INFO] [stdout]   --> src/log_processing.rs:21:5
[INFO] [stdout]    |
[INFO] [stdout] 21 | use crate::data_store::store_decoded_data;
[INFO] [stdout]    |     ^^^^^^^^^^^^^^^^^^^^^^^^^^^^^^^^^^^^^
[INFO] [stdout] 
[INFO] [stdout] 
[INFO] [stdout] warning: unused import: `crate::utils::pretty_print_log`
[INFO] [stdout]   --> src/main.rs:22:5
[INFO] [stdout]    |
[INFO] [stdout] 22 | use crate::utils::pretty_print_log;
[INFO] [stdout]    |     ^^^^^^^^^^^^^^^^^^^^^^^^^^^^^^
[INFO] [stdout] 
[INFO] [stdout] 
[INFO] [stdout] warning: unreachable expression
[INFO] [stdout]   --> src/main.rs:94:5
[INFO] [stdout]    |
[INFO] [stdout] 68 | /     loop {
[INFO] [stdout] 69 | |         if let Some(log) = logs_stream.next().await {
[INFO] [stdout] 70 | |             // println!("Mock Log:\n{:?}", pretty_print_log(&log));  // used for unit test creation
[INFO] [stdout] 71 | |             if !map_created {
[INFO] [stdout] ...  |
[INFO] [stdout] 92 | |         }
[INFO] [stdout] 93 | |     }
[INFO] [stdout]    | |_____- any code following this expression is unreachable
[INFO] [stdout] 94 |       Ok(())
[INFO] [stdout]    |       ^^^^^^ unreachable expression
[INFO] [stdout]    |
[INFO] [stdout]    = note: `#[warn(unreachable_code)]` on by default
[INFO] [stdout] 
[INFO] [stdout] 
[INFO] [stdout] warning: unused variable: `successfully_decoded`
[INFO] [stdout]    --> src/log_processing.rs:117:13
[INFO] [stdout]     |
[INFO] [stdout] 117 |     let mut successfully_decoded = false;
[INFO] [stdout]     |             ^^^^^^^^^^^^^^^^^^^^ help: if this is intentional, prefix it with an underscore: `_successfully_decoded`
[INFO] [stdout]     |
[INFO] [stdout]     = note: `#[warn(unused_variables)]` on by default
[INFO] [stdout] 
[INFO] [stdout] 
[INFO] [stdout] warning: variable does not need to be mutable
[INFO] [stdout]    --> src/log_processing.rs:117:9
[INFO] [stdout]     |
[INFO] [stdout] 117 |     let mut successfully_decoded = false;
[INFO] [stdout]     |         ----^^^^^^^^^^^^^^^^^^^^
[INFO] [stdout]     |         |
[INFO] [stdout]     |         help: remove this `mut`
[INFO] [stdout]     |
[INFO] [stdout]     = note: `#[warn(unused_mut)]` on by default
[INFO] [stdout] 
[INFO] [stdout] 
[INFO] [stdout] warning: function `get_contract_abi` is never used
[INFO] [stdout]  --> src/etherscan.rs:8:8
[INFO] [stdout]   |
[INFO] [stdout] 8 | pub fn get_contract_abi(contract_address: &str) -> Result<Value, Box<dyn std::error::Error>> {
[INFO] [stdout]   |        ^^^^^^^^^^^^^^^^
[INFO] [stdout]   |
[INFO] [stdout]   = note: `#[warn(dead_code)]` on by default
[INFO] [stdout] 
[INFO] [stdout] 
[INFO] [stdout] warning: function `keccak256` is never used
[INFO] [stdout]  --> src/test_sig_match.rs:5:4
[INFO] [stdout]   |
[INFO] [stdout] 5 | fn keccak256(data: &[u8]) -> [u8; 32] {
[INFO] [stdout]   |    ^^^^^^^^^
[INFO] [stdout] 
[INFO] [stdout] 
[INFO] [stdout] warning: function `test_hash` is never used
[INFO] [stdout]   --> src/test_sig_match.rs:13:8
[INFO] [stdout]    |
[INFO] [stdout] 13 | pub fn test_hash() {
[INFO] [stdout]    |        ^^^^^^^^^
[INFO] [stdout] 
[INFO] [stdout] 
[INFO] [stdout] warning: function `pretty_print_log` is never used
[INFO] [stdout]   --> src/utils.rs:26:8
[INFO] [stdout]    |
[INFO] [stdout] 26 | pub fn pretty_print_log(log: &Log)  {
[INFO] [stdout]    |        ^^^^^^^^^^^^^^^^
[INFO] [stdout] 
[INFO] [stdout] 
[INFO] [stdout] warning: structure field `sqrtPriceX96` should have a snake case name
[INFO] [stdout]   --> src/data_store.rs:16:9
[INFO] [stdout]    |
[INFO] [stdout] 16 |     pub sqrtPriceX96: u128,
[INFO] [stdout]    |         ^^^^^^^^^^^^ help: convert the identifier to snake case: `sqrt_price_x96`
[INFO] [stdout]    |
[INFO] [stdout]    = note: `#[warn(non_snake_case)]` on by default
[INFO] [stdout] 
[INFO] [stdout] 
[INFO] [stdout] warning: variable `sqrtPriceX96` should have a snake case name
[INFO] [stdout]   --> src/log_processing.rs:41:13
[INFO] [stdout]    |
[INFO] [stdout] 41 |     let mut sqrtPriceX96: u128 = 0;
[INFO] [stdout]    |             ^^^^^^^^^^^^ help: convert the identifier to snake case: `sqrt_price_x96`
[INFO] [stdout] 
[INFO] [stdout] 
[INFO] [stdout] warning: 24 warnings emitted
[INFO] [stdout] 
[INFO] [stdout] 
[INFO] [stderr]     Finished dev [unoptimized + debuginfo] target(s) in 2m 44s
[INFO] running `Command { std: "docker" "inspect" "76d963860546cedbd45f1b4248a313cc8ab45dda75526fb1b70df010146c7254", kill_on_drop: false }`
[INFO] running `Command { std: "docker" "rm" "-f" "76d963860546cedbd45f1b4248a313cc8ab45dda75526fb1b70df010146c7254", kill_on_drop: false }`
[INFO] [stdout] 76d963860546cedbd45f1b4248a313cc8ab45dda75526fb1b70df010146c7254
[INFO] running `Command { std: "docker" "create" "-v" "/var/lib/crater-agent-workspace/builds/worker-5-tc1/target:/opt/rustwide/target:rw,Z" "-v" "/var/lib/crater-agent-workspace/builds/worker-5-tc1/source:/opt/rustwide/workdir:ro,Z" "-v" "/var/lib/crater-agent-workspace/cargo-home:/opt/rustwide/cargo-home:ro,Z" "-v" "/var/lib/crater-agent-workspace/rustup-home:/opt/rustwide/rustup-home:ro,Z" "-e" "SOURCE_DIR=/opt/rustwide/workdir" "-e" "CARGO_TARGET_DIR=/opt/rustwide/target" "-e" "CARGO_INCREMENTAL=0" "-e" "RUST_BACKTRACE=full" "-e" "RUSTFLAGS=--cap-lints=warn" "-e" "RUSTDOCFLAGS=--cap-lints=warn" "-e" "CARGO_HOME=/opt/rustwide/cargo-home" "-e" "RUSTUP_HOME=/opt/rustwide/rustup-home" "-w" "/opt/rustwide/workdir" "-m" "1610612736" "--user" "0:0" "--network" "none" "ghcr.io/rust-lang/crates-build-env/linux@sha256:2788e3201cd34a07e3172128adcd8b3090168a8e3bcc40d7c032b9dda1df7d1c" "/opt/rustwide/cargo-home/bin/cargo" "+1.75.0" "test" "--frozen" "--no-run" "--message-format=json", kill_on_drop: false }`
[INFO] [stdout] a750b70fc773e696e375f59a80ec8f677ecdfb9ef8aa8478d79c50c94dc94b31
[INFO] running `Command { std: "docker" "start" "-a" "a750b70fc773e696e375f59a80ec8f677ecdfb9ef8aa8478d79c50c94dc94b31", kill_on_drop: false }`
[INFO] [stderr]    Compiling tasks v0.1.0 (/opt/rustwide/workdir)
[INFO] [stdout] warning: unused import: `Detokenize`
[INFO] [stdout]  --> src/main.rs:5:26
[INFO] [stdout]   |
[INFO] [stdout] 5 |     abi::{Abi, EventExt, Detokenize},
[INFO] [stdout]   |                          ^^^^^^^^^^
[INFO] [stdout]   |
[INFO] [stdout]   = note: `#[warn(unused_imports)]` on by default
[INFO] [stdout] 
[INFO] [stdout] 
[INFO] [stdout] warning: unused imports: `Deserialize`, `Serialize`
[INFO] [stdout]   --> src/main.rs:10:13
[INFO] [stdout]    |
[INFO] [stdout] 10 | use serde::{Serialize, Deserialize};
[INFO] [stdout]    |             ^^^^^^^^^  ^^^^^^^^^^^
[INFO] [stdout] 
[INFO] [stdout] 
[INFO] [stdout] warning: unused imports: `Datelike`, `NaiveDate`, `Utc`
[INFO] [stdout]   --> src/main.rs:11:14
[INFO] [stdout]    |
[INFO] [stdout] 11 | use chrono::{Utc, NaiveDate, Datelike};
[INFO] [stdout]    |              ^^^  ^^^^^^^^^  ^^^^^^^^
[INFO] [stdout] 
[INFO] [stdout] 
[INFO] [stdout] warning: unused import: `std::io::Write`
[INFO] [stdout]   --> src/main.rs:12:5
[INFO] [stdout]    |
[INFO] [stdout] 12 | use std::io::Write;
[INFO] [stdout]    |     ^^^^^^^^^^^^^^
[INFO] [stdout] 
[INFO] [stdout] 
[INFO] [stdout] warning: unused import: `NaiveDateTime`
[INFO] [stdout]  --> src/data_store.rs:4:19
[INFO] [stdout]   |
[INFO] [stdout] 4 | use chrono::{Utc, NaiveDateTime, Datelike};
[INFO] [stdout]   |                   ^^^^^^^^^^^^^
[INFO] [stdout] 
[INFO] [stdout] 
[INFO] [stdout] warning: unused imports: `Abi`, `Detokenize`, `Filter`, `Provider`, `Ws`
[INFO] [stdout]  --> src/log_processing.rs:2:19
[INFO] [stdout]   |
[INFO] [stdout] 2 |     core::types::{Filter, Log, H160, U256},
[INFO] [stdout]   |                   ^^^^^^
[INFO] [stdout] 3 |     providers::{Provider, Ws},
[INFO] [stdout]   |                 ^^^^^^^^  ^^
[INFO] [stdout] 4 |     prelude::*,
[INFO] [stdout] 5 |     abi::{Abi, RawLog, EventExt, Detokenize, Token, ethabi, Event},
[INFO] [stdout]   |           ^^^                    ^^^^^^^^^^
[INFO] [stdout] 
[INFO] [stdout] 
[INFO] [stdout] warning: unused import: `dotenv::dotenv`
[INFO] [stdout]   --> src/log_processing.rs:10:5
[INFO] [stdout]    |
[INFO] [stdout] 10 | use dotenv::dotenv;
[INFO] [stdout]    |     ^^^^^^^^^^^^^^
[INFO] [stdout] 
[INFO] [stdout] 
[INFO] [stdout] warning: unused imports: `Deserialize`, `Serialize`
[INFO] [stdout]   --> src/log_processing.rs:11:13
[INFO] [stdout]    |
[INFO] [stdout] 11 | use serde::{Serialize, Deserialize};
[INFO] [stdout]    |             ^^^^^^^^^  ^^^^^^^^^^^
[INFO] [stdout] 
[INFO] [stdout] 
[INFO] [stdout] warning: unused import: `std::io`
[INFO] [stdout]   --> src/log_processing.rs:13:5
[INFO] [stdout]    |
[INFO] [stdout] 13 | use std::io;
[INFO] [stdout]    |     ^^^^^^^
[INFO] [stdout] 
[INFO] [stdout] 
[INFO] [stdout] warning: unused import: `std::path::Path`
[INFO] [stdout]   --> src/log_processing.rs:14:5
[INFO] [stdout]    |
[INFO] [stdout] 14 | use std::path::Path;
[INFO] [stdout]    |     ^^^^^^^^^^^^^^^
[INFO] [stdout] 
[INFO] [stdout] 
[INFO] [stdout] warning: unused imports: `Datelike`, `NaiveDate`, `Utc`
[INFO] [stdout]   --> src/log_processing.rs:15:14
[INFO] [stdout]    |
[INFO] [stdout] 15 | use chrono::{Utc, NaiveDate, Datelike};
[INFO] [stdout]    |              ^^^  ^^^^^^^^^  ^^^^^^^^
[INFO] [stdout] 
[INFO] [stdout] 
[INFO] [stdout] warning: unused import: `std::io::Write`
[INFO] [stdout]   --> src/log_processing.rs:16:5
[INFO] [stdout]    |
[INFO] [stdout] 16 | use std::io::Write;
[INFO] [stdout]    |     ^^^^^^^^^^^^^^
[INFO] [stdout] 
[INFO] [stdout] 
[INFO] [stdout] warning: unused import: `crate::data_store::store_decoded_data`
[INFO] [stdout]   --> src/log_processing.rs:21:5
[INFO] [stdout]    |
[INFO] [stdout] 21 | use crate::data_store::store_decoded_data;
[INFO] [stdout]    |     ^^^^^^^^^^^^^^^^^^^^^^^^^^^^^^^^^^^^^
[INFO] [stdout] 
[INFO] [stdout] 
[INFO] [stdout] warning: unused import: `crate::utils::pretty_print_log`
[INFO] [stdout]   --> src/main.rs:22:5
[INFO] [stdout]    |
[INFO] [stdout] 22 | use crate::utils::pretty_print_log;
[INFO] [stdout]    |     ^^^^^^^^^^^^^^^^^^^^^^^^^^^^^^
[INFO] [stdout] 
[INFO] [stdout] 
[INFO] [stdout] warning: unreachable expression
[INFO] [stdout]   --> src/main.rs:94:5
[INFO] [stdout]    |
[INFO] [stdout] 68 | /     loop {
[INFO] [stdout] 69 | |         if let Some(log) = logs_stream.next().await {
[INFO] [stdout] 70 | |             // println!("Mock Log:\n{:?}", pretty_print_log(&log));  // used for unit test creation
[INFO] [stdout] 71 | |             if !map_created {
[INFO] [stdout] ...  |
[INFO] [stdout] 92 | |         }
[INFO] [stdout] 93 | |     }
[INFO] [stdout]    | |_____- any code following this expression is unreachable
[INFO] [stdout] 94 |       Ok(())
[INFO] [stdout]    |       ^^^^^^ unreachable expression
[INFO] [stdout]    |
[INFO] [stdout]    = note: `#[warn(unreachable_code)]` on by default
[INFO] [stdout] 
[INFO] [stdout] 
[INFO] [stdout] warning: unused variable: `successfully_decoded`
[INFO] [stdout]    --> src/log_processing.rs:117:13
[INFO] [stdout]     |
[INFO] [stdout] 117 |     let mut successfully_decoded = false;
[INFO] [stdout]     |             ^^^^^^^^^^^^^^^^^^^^ help: if this is intentional, prefix it with an underscore: `_successfully_decoded`
[INFO] [stdout]     |
[INFO] [stdout]     = note: `#[warn(unused_variables)]` on by default
[INFO] [stdout] 
[INFO] [stdout] 
[INFO] [stdout] warning: variable does not need to be mutable
[INFO] [stdout]    --> src/log_processing.rs:117:9
[INFO] [stdout]     |
[INFO] [stdout] 117 |     let mut successfully_decoded = false;
[INFO] [stdout]     |         ----^^^^^^^^^^^^^^^^^^^^
[INFO] [stdout]     |         |
[INFO] [stdout]     |         help: remove this `mut`
[INFO] [stdout]     |
[INFO] [stdout]     = note: `#[warn(unused_mut)]` on by default
[INFO] [stdout] 
[INFO] [stdout] 
[INFO] [stdout] warning: function `get_contract_abi` is never used
[INFO] [stdout]  --> src/etherscan.rs:8:8
[INFO] [stdout]   |
[INFO] [stdout] 8 | pub fn get_contract_abi(contract_address: &str) -> Result<Value, Box<dyn std::error::Error>> {
[INFO] [stdout]   |        ^^^^^^^^^^^^^^^^
[INFO] [stdout]   |
[INFO] [stdout]   = note: `#[warn(dead_code)]` on by default
[INFO] [stdout] 
[INFO] [stdout] 
[INFO] [stdout] warning: function `keccak256` is never used
[INFO] [stdout]  --> src/test_sig_match.rs:5:4
[INFO] [stdout]   |
[INFO] [stdout] 5 | fn keccak256(data: &[u8]) -> [u8; 32] {
[INFO] [stdout]   |    ^^^^^^^^^
[INFO] [stdout] 
[INFO] [stdout] 
[INFO] [stdout] warning: function `test_hash` is never used
[INFO] [stdout]   --> src/test_sig_match.rs:13:8
[INFO] [stdout]    |
[INFO] [stdout] 13 | pub fn test_hash() {
[INFO] [stdout]    |        ^^^^^^^^^
[INFO] [stdout] 
[INFO] [stdout] 
[INFO] [stdout] warning: function `pretty_print_log` is never used
[INFO] [stdout]   --> src/utils.rs:26:8
[INFO] [stdout]    |
[INFO] [stdout] 26 | pub fn pretty_print_log(log: &Log)  {
[INFO] [stdout]    |        ^^^^^^^^^^^^^^^^
[INFO] [stdout] 
[INFO] [stdout] 
[INFO] [stdout] warning: structure field `sqrtPriceX96` should have a snake case name
[INFO] [stdout]   --> src/data_store.rs:16:9
[INFO] [stdout]    |
[INFO] [stdout] 16 |     pub sqrtPriceX96: u128,
[INFO] [stdout]    |         ^^^^^^^^^^^^ help: convert the identifier to snake case: `sqrt_price_x96`
[INFO] [stdout]    |
[INFO] [stdout]    = note: `#[warn(non_snake_case)]` on by default
[INFO] [stdout] 
[INFO] [stdout] 
[INFO] [stdout] warning: variable `sqrtPriceX96` should have a snake case name
[INFO] [stdout]   --> src/log_processing.rs:41:13
[INFO] [stdout]    |
[INFO] [stdout] 41 |     let mut sqrtPriceX96: u128 = 0;
[INFO] [stdout]    |             ^^^^^^^^^^^^ help: convert the identifier to snake case: `sqrt_price_x96`
[INFO] [stdout] 
[INFO] [stdout] 
[INFO] [stdout] warning: 23 warnings emitted
[INFO] [stdout] 
[INFO] [stdout] 
[INFO] [stderr]     Finished test [unoptimized + debuginfo] target(s) in 11.13s
[INFO] running `Command { std: "docker" "inspect" "a750b70fc773e696e375f59a80ec8f677ecdfb9ef8aa8478d79c50c94dc94b31", kill_on_drop: false }`
[INFO] running `Command { std: "docker" "rm" "-f" "a750b70fc773e696e375f59a80ec8f677ecdfb9ef8aa8478d79c50c94dc94b31", kill_on_drop: false }`
[INFO] [stdout] a750b70fc773e696e375f59a80ec8f677ecdfb9ef8aa8478d79c50c94dc94b31
[INFO] running `Command { std: "docker" "create" "-v" "/var/lib/crater-agent-workspace/builds/worker-5-tc1/target:/opt/rustwide/target:rw,Z" "-v" "/var/lib/crater-agent-workspace/builds/worker-5-tc1/source:/opt/rustwide/workdir:ro,Z" "-v" "/var/lib/crater-agent-workspace/cargo-home:/opt/rustwide/cargo-home:ro,Z" "-v" "/var/lib/crater-agent-workspace/rustup-home:/opt/rustwide/rustup-home:ro,Z" "-e" "SOURCE_DIR=/opt/rustwide/workdir" "-e" "CARGO_TARGET_DIR=/opt/rustwide/target" "-e" "CARGO_INCREMENTAL=0" "-e" "RUST_BACKTRACE=full" "-e" "RUSTFLAGS=--cap-lints=warn" "-e" "RUSTDOCFLAGS=--cap-lints=warn" "-e" "CARGO_HOME=/opt/rustwide/cargo-home" "-e" "RUSTUP_HOME=/opt/rustwide/rustup-home" "-w" "/opt/rustwide/workdir" "-m" "1610612736" "--user" "0:0" "--network" "none" "ghcr.io/rust-lang/crates-build-env/linux@sha256:2788e3201cd34a07e3172128adcd8b3090168a8e3bcc40d7c032b9dda1df7d1c" "/opt/rustwide/cargo-home/bin/cargo" "+1.75.0" "test" "--frozen", kill_on_drop: false }`
[INFO] [stdout] e58dda103e4b609cb3677516343eabf62d14d14d652da2dfd76f9b55439594b9
[INFO] running `Command { std: "docker" "start" "-a" "e58dda103e4b609cb3677516343eabf62d14d14d652da2dfd76f9b55439594b9", kill_on_drop: false }`
[INFO] [stderr] warning: unused import: `Detokenize`
[INFO] [stderr]  --> src/main.rs:5:26
[INFO] [stderr]   |
[INFO] [stderr] 5 |     abi::{Abi, EventExt, Detokenize},
[INFO] [stderr]   |                          ^^^^^^^^^^
[INFO] [stderr]   |
[INFO] [stderr]   = note: `#[warn(unused_imports)]` on by default
[INFO] [stderr] 
[INFO] [stderr] warning: unused imports: `Deserialize`, `Serialize`
[INFO] [stderr]   --> src/main.rs:10:13
[INFO] [stderr]    |
[INFO] [stderr] 10 | use serde::{Serialize, Deserialize};
[INFO] [stderr]    |             ^^^^^^^^^  ^^^^^^^^^^^
[INFO] [stderr] 
[INFO] [stderr] warning: unused imports: `Datelike`, `NaiveDate`, `Utc`
[INFO] [stderr]   --> src/main.rs:11:14
[INFO] [stderr]    |
[INFO] [stderr] 11 | use chrono::{Utc, NaiveDate, Datelike};
[INFO] [stderr]    |              ^^^  ^^^^^^^^^  ^^^^^^^^
[INFO] [stderr] 
[INFO] [stderr] warning: unused import: `std::io::Write`
[INFO] [stderr]   --> src/main.rs:12:5
[INFO] [stderr]    |
[INFO] [stderr] 12 | use std::io::Write;
[INFO] [stderr]    |     ^^^^^^^^^^^^^^
[INFO] [stderr] 
[INFO] [stderr] warning: unused import: `NaiveDateTime`
[INFO] [stderr]  --> src/data_store.rs:4:19
[INFO] [stderr]   |
[INFO] [stderr] 4 | use chrono::{Utc, NaiveDateTime, Datelike};
[INFO] [stderr]   |                   ^^^^^^^^^^^^^
[INFO] [stderr] 
[INFO] [stderr] warning: unused imports: `Abi`, `Detokenize`, `Filter`, `Provider`, `Ws`
[INFO] [stderr]  --> src/log_processing.rs:2:19
[INFO] [stderr]   |
[INFO] [stderr] 2 |     core::types::{Filter, Log, H160, U256},
[INFO] [stderr]   |                   ^^^^^^
[INFO] [stderr] 3 |     providers::{Provider, Ws},
[INFO] [stderr]   |                 ^^^^^^^^  ^^
[INFO] [stderr] 4 |     prelude::*,
[INFO] [stderr] 5 |     abi::{Abi, RawLog, EventExt, Detokenize, Token, ethabi, Event},
[INFO] [stderr]   |           ^^^                    ^^^^^^^^^^
[INFO] [stderr] 
[INFO] [stderr] warning: unused import: `dotenv::dotenv`
[INFO] [stderr]   --> src/log_processing.rs:10:5
[INFO] [stderr]    |
[INFO] [stderr] 10 | use dotenv::dotenv;
[INFO] [stderr]    |     ^^^^^^^^^^^^^^
[INFO] [stderr] 
[INFO] [stderr] warning: unused imports: `Deserialize`, `Serialize`
[INFO] [stderr]   --> src/log_processing.rs:11:13
[INFO] [stderr]    |
[INFO] [stderr] 11 | use serde::{Serialize, Deserialize};
[INFO] [stderr]    |             ^^^^^^^^^  ^^^^^^^^^^^
[INFO] [stderr] 
[INFO] [stderr] warning: unused import: `std::io`
[INFO] [stderr]   --> src/log_processing.rs:13:5
[INFO] [stderr]    |
[INFO] [stderr] 13 | use std::io;
[INFO] [stderr]    |     ^^^^^^^
[INFO] [stderr] 
[INFO] [stderr] warning: unused import: `std::path::Path`
[INFO] [stderr]   --> src/log_processing.rs:14:5
[INFO] [stderr]    |
[INFO] [stderr] 14 | use std::path::Path;
[INFO] [stderr]    |     ^^^^^^^^^^^^^^^
[INFO] [stderr] 
[INFO] [stderr] warning: unused imports: `Datelike`, `NaiveDate`, `Utc`
[INFO] [stderr]   --> src/log_processing.rs:15:14
[INFO] [stderr]    |
[INFO] [stderr] 15 | use chrono::{Utc, NaiveDate, Datelike};
[INFO] [stderr]    |              ^^^  ^^^^^^^^^  ^^^^^^^^
[INFO] [stderr] 
[INFO] [stderr] warning: unused import: `std::io::Write`
[INFO] [stderr]   --> src/log_processing.rs:16:5
[INFO] [stderr]    |
[INFO] [stderr] 16 | use std::io::Write;
[INFO] [stderr]    |     ^^^^^^^^^^^^^^
[INFO] [stderr] 
[INFO] [stderr] warning: unused import: `crate::data_store::store_decoded_data`
[INFO] [stderr]   --> src/log_processing.rs:21:5
[INFO] [stderr]    |
[INFO] [stderr] 21 | use crate::data_store::store_decoded_data;
[INFO] [stderr]    |     ^^^^^^^^^^^^^^^^^^^^^^^^^^^^^^^^^^^^^
[INFO] [stderr] 
[INFO] [stderr] warning: unused import: `crate::utils::pretty_print_log`
[INFO] [stderr]   --> src/main.rs:22:5
[INFO] [stderr]    |
[INFO] [stderr] 22 | use crate::utils::pretty_print_log;
[INFO] [stderr]    |     ^^^^^^^^^^^^^^^^^^^^^^^^^^^^^^
[INFO] [stderr] 
[INFO] [stderr] warning: unreachable expression
[INFO] [stderr]   --> src/main.rs:94:5
[INFO] [stderr]    |
[INFO] [stderr] 68 | /     loop {
[INFO] [stderr] 69 | |         if let Some(log) = logs_stream.next().await {
[INFO] [stderr] 70 | |             // println!("Mock Log:\n{:?}", pretty_print_log(&log));  // used for unit test creation
[INFO] [stderr] 71 | |             if !map_created {
[INFO] [stderr] ...  |
[INFO] [stderr] 92 | |         }
[INFO] [stderr] 93 | |     }
[INFO] [stderr]    | |_____- any code following this expression is unreachable
[INFO] [stderr] 94 |       Ok(())
[INFO] [stderr]    |       ^^^^^^ unreachable expression
[INFO] [stderr]    |
[INFO] [stderr]    = note: `#[warn(unreachable_code)]` on by default
[INFO] [stderr] 
[INFO] [stderr] warning: unused variable: `successfully_decoded`
[INFO] [stderr]    --> src/log_processing.rs:117:13
[INFO] [stderr]     |
[INFO] [stderr] 117 |     let mut successfully_decoded = false;
[INFO] [stderr]     |             ^^^^^^^^^^^^^^^^^^^^ help: if this is intentional, prefix it with an underscore: `_successfully_decoded`
[INFO] [stderr]     |
[INFO] [stderr]     = note: `#[warn(unused_variables)]` on by default
[INFO] [stderr] 
[INFO] [stderr] warning: variable does not need to be mutable
[INFO] [stderr]    --> src/log_processing.rs:117:9
[INFO] [stderr]     |
[INFO] [stderr] 117 |     let mut successfully_decoded = false;
[INFO] [stderr]     |         ----^^^^^^^^^^^^^^^^^^^^
[INFO] [stderr]     |         |
[INFO] [stderr]     |         help: remove this `mut`
[INFO] [stderr]     |
[INFO] [stderr]     = note: `#[warn(unused_mut)]` on by default
[INFO] [stderr] 
[INFO] [stderr] warning: function `get_contract_abi` is never used
[INFO] [stderr]  --> src/etherscan.rs:8:8
[INFO] [stderr]   |
[INFO] [stderr] 8 | pub fn get_contract_abi(contract_address: &str) -> Result<Value, Box<dyn std::error::Error>> {
[INFO] [stderr]   |        ^^^^^^^^^^^^^^^^
[INFO] [stderr]   |
[INFO] [stderr]   = note: `#[warn(dead_code)]` on by default
[INFO] [stderr] 
[INFO] [stderr] warning: function `keccak256` is never used
[INFO] [stderr]  --> src/test_sig_match.rs:5:4
[INFO] [stderr]   |
[INFO] [stderr] 5 | fn keccak256(data: &[u8]) -> [u8; 32] {
[INFO] [stderr]   |    ^^^^^^^^^
[INFO] [stderr] 
[INFO] [stderr] warning: function `test_hash` is never used
[INFO] [stderr]   --> src/test_sig_match.rs:13:8
[INFO] [stderr]    |
[INFO] [stderr] 13 | pub fn test_hash() {
[INFO] [stderr]    |        ^^^^^^^^^
[INFO] [stderr] 
[INFO] [stderr] warning: function `pretty_print_log` is never used
[INFO] [stderr]   --> src/utils.rs:26:8
[INFO] [stderr]    |
[INFO] [stderr] 26 | pub fn pretty_print_log(log: &Log)  {
[INFO] [stderr]    |        ^^^^^^^^^^^^^^^^
[INFO] [stderr] 
[INFO] [stderr] warning: structure field `sqrtPriceX96` should have a snake case name
[INFO] [stderr]   --> src/data_store.rs:16:9
[INFO] [stderr]    |
[INFO] [stderr] 16 |     pub sqrtPriceX96: u128,
[INFO] [stderr]    |         ^^^^^^^^^^^^ help: convert the identifier to snake case: `sqrt_price_x96`
[INFO] [stderr]    |
[INFO] [stderr]    = note: `#[warn(non_snake_case)]` on by default
[INFO] [stderr] 
[INFO] [stderr] warning: variable `sqrtPriceX96` should have a snake case name
[INFO] [stderr]   --> src/log_processing.rs:41:13
[INFO] [stderr]    |
[INFO] [stderr] 41 |     let mut sqrtPriceX96: u128 = 0;
[INFO] [stderr]    |             ^^^^^^^^^^^^ help: convert the identifier to snake case: `sqrt_price_x96`
[INFO] [stderr] 
[INFO] [stderr] warning: `tasks` (bin "tasks" test) generated 23 warnings (run `cargo fix --bin "tasks" --tests` to apply 16 suggestions)
[INFO] [stderr]     Finished test [unoptimized + debuginfo] target(s) in 0.69s
[INFO] [stderr]      Running unittests src/main.rs (/opt/rustwide/target/debug/deps/tasks-918a2a8c21d777c2)
[INFO] [stdout] 
[INFO] [stdout] running 2 tests
[INFO] [stdout] test log_processing::tests::test_process_log ... ok
[INFO] [stdout] test tests::test_websocket_connection ... FAILED
[INFO] [stdout] 
[INFO] [stdout] failures:
[INFO] [stdout] 
[INFO] [stdout] ---- tests::test_websocket_connection stdout ----
[INFO] [stdout] thread 'tests::test_websocket_connection' panicked at src/main.rs:139:63:
[INFO] [stdout] INFURA_API_KEY not set: NotPresent
[INFO] [stdout] stack backtrace:
[INFO] [stdout]    0:     0x55602df6604c - std::backtrace_rs::backtrace::libunwind::trace::ha637c64ce894333a
[INFO] [stdout]                                at /rustc/82e1608dfa6e0b5569232559e3d385fea5a93112/library/std/src/../../backtrace/src/backtrace/libunwind.rs:104:5
[INFO] [stdout]    1:     0x55602df6604c - std::backtrace_rs::backtrace::trace_unsynchronized::h47f62dea28e0c88d
[INFO] [stdout]                                at /rustc/82e1608dfa6e0b5569232559e3d385fea5a93112/library/std/src/../../backtrace/src/backtrace/mod.rs:66:5
[INFO] [stdout]    2:     0x55602df6604c - std::sys_common::backtrace::_print_fmt::h9eef0abe20ede486
[INFO] [stdout]                                at /rustc/82e1608dfa6e0b5569232559e3d385fea5a93112/library/std/src/sys_common/backtrace.rs:67:5
[INFO] [stdout]    3:     0x55602df6604c - <std::sys_common::backtrace::_print::DisplayBacktrace as core::fmt::Display>::fmt::hed7f999df88cc644
[INFO] [stdout]                                at /rustc/82e1608dfa6e0b5569232559e3d385fea5a93112/library/std/src/sys_common/backtrace.rs:44:22
[INFO] [stdout]    4:     0x55602df92dd0 - core::fmt::rt::Argument::fmt::h1539a9308b8d058d
[INFO] [stdout]                                at /rustc/82e1608dfa6e0b5569232559e3d385fea5a93112/library/core/src/fmt/rt.rs:142:9
[INFO] [stdout]    5:     0x55602df92dd0 - core::fmt::write::h3a39390d8560d9c9
[INFO] [stdout]                                at /rustc/82e1608dfa6e0b5569232559e3d385fea5a93112/library/core/src/fmt/mod.rs:1120:17
[INFO] [stdout]    6:     0x55602df6305f - std::io::Write::write_fmt::h040b369f3a0f9cbc
[INFO] [stdout]                                at /rustc/82e1608dfa6e0b5569232559e3d385fea5a93112/library/std/src/io/mod.rs:1762:15
[INFO] [stdout]    7:     0x55602df65e34 - std::sys_common::backtrace::_print::h894006fb5c6f3d45
[INFO] [stdout]                                at /rustc/82e1608dfa6e0b5569232559e3d385fea5a93112/library/std/src/sys_common/backtrace.rs:47:5
[INFO] [stdout]    8:     0x55602df65e34 - std::sys_common::backtrace::print::h23a2d212c6fff936
[INFO] [stdout]                                at /rustc/82e1608dfa6e0b5569232559e3d385fea5a93112/library/std/src/sys_common/backtrace.rs:34:9
[INFO] [stdout]    9:     0x55602df67af7 - std::panicking::default_hook::{{closure}}::h8a1d2ee00185001a
[INFO] [stdout]   10:     0x55602df677e3 - std::panicking::default_hook::h6038f2eba384e475
[INFO] [stdout]                                at /rustc/82e1608dfa6e0b5569232559e3d385fea5a93112/library/std/src/panicking.rs:289:9
[INFO] [stdout]   11:     0x55602da5cfc7 - <alloc::boxed::Box<F,A> as core::ops::function::Fn<Args>>::call::h0ad024c9bdc6d768
[INFO] [stdout]                                at /rustc/82e1608dfa6e0b5569232559e3d385fea5a93112/library/alloc/src/boxed.rs:2021:9
[INFO] [stdout]   12:     0x55602da5cfc7 - test::test_main::{{closure}}::h7500b54257359db6
[INFO] [stdout]                                at /rustc/82e1608dfa6e0b5569232559e3d385fea5a93112/library/test/src/lib.rs:138:21
[INFO] [stdout]   13:     0x55602df68108 - <alloc::boxed::Box<F,A> as core::ops::function::Fn<Args>>::call::h1f8f335eaa9cfaee
[INFO] [stdout]                                at /rustc/82e1608dfa6e0b5569232559e3d385fea5a93112/library/alloc/src/boxed.rs:2021:9
[INFO] [stdout]   14:     0x55602df68108 - std::panicking::rust_panic_with_hook::h2b5517d590cab22e
[INFO] [stdout]                                at /rustc/82e1608dfa6e0b5569232559e3d385fea5a93112/library/std/src/panicking.rs:783:13
[INFO] [stdout]   15:     0x55602df67e5e - std::panicking::begin_panic_handler::{{closure}}::h233112c06e0ef43e
[INFO] [stdout]                                at /rustc/82e1608dfa6e0b5569232559e3d385fea5a93112/library/std/src/panicking.rs:657:13
[INFO] [stdout]   16:     0x55602df66516 - std::sys_common::backtrace::__rust_end_short_backtrace::h6e893f24d7ebbff8
[INFO] [stdout]                                at /rustc/82e1608dfa6e0b5569232559e3d385fea5a93112/library/std/src/sys_common/backtrace.rs:170:18
[INFO] [stdout]   17:     0x55602df67bc2 - rust_begin_unwind
[INFO] [stdout]                                at /rustc/82e1608dfa6e0b5569232559e3d385fea5a93112/library/std/src/panicking.rs:645:5
[INFO] [stdout]   18:     0x55602d9e46d5 - core::panicking::panic_fmt::hbf0e066aabfa482c
[INFO] [stdout]                                at /rustc/82e1608dfa6e0b5569232559e3d385fea5a93112/library/core/src/panicking.rs:72:14
[INFO] [stdout]   19:     0x55602d9e4d03 - core::result::unwrap_failed::hddb4fea594200c52
[INFO] [stdout]                                at /rustc/82e1608dfa6e0b5569232559e3d385fea5a93112/library/core/src/result.rs:1653:5
[INFO] [stdout]   20:     0x55602d9fe1d6 - core::result::Result<T,E>::expect::h95e3ec7f0e4a8927
[INFO] [stdout]                                at /rustc/82e1608dfa6e0b5569232559e3d385fea5a93112/library/core/src/result.rs:1034:23
[INFO] [stdout]   21:     0x55602da044fb - tasks::tests::test_websocket_connection::{{closure}}::h1aaea5955afdbe25
[INFO] [stdout]                                at /opt/rustwide/workdir/src/main.rs:139:31
[INFO] [stdout]   22:     0x55602da0174d - <core::pin::Pin<P> as core::future::future::Future>::poll::ha0c3fbd501a8ce3c
[INFO] [stdout]                                at /rustc/82e1608dfa6e0b5569232559e3d385fea5a93112/library/core/src/future/future.rs:125:9
[INFO] [stdout]   23:     0x55602da0152a - <core::pin::Pin<P> as core::future::future::Future>::poll::h1d84b523d30fc80d
[INFO] [stdout]                                at /rustc/82e1608dfa6e0b5569232559e3d385fea5a93112/library/core/src/future/future.rs:125:9
[INFO] [stdout]   24:     0x55602da0b4e3 - tokio::runtime::scheduler::current_thread::CoreGuard::block_on::{{closure}}::{{closure}}::{{closure}}::h0933129540b5c3eb
[INFO] [stdout]                                at /opt/rustwide/cargo-home/registry/src/index.crates.io-6f17d22bba15001f/tokio-1.33.0/src/runtime/scheduler/current_thread/mod.rs:665:57
[INFO] [stdout]   25:     0x55602da0b1ef - tokio::runtime::coop::with_budget::hbc7eae275302b5da
[INFO] [stdout]                                at /opt/rustwide/cargo-home/registry/src/index.crates.io-6f17d22bba15001f/tokio-1.33.0/src/runtime/coop.rs:107:5
[INFO] [stdout]   26:     0x55602da0b1ef - tokio::runtime::coop::budget::h391ec465d24c5c06
[INFO] [stdout]                                at /opt/rustwide/cargo-home/registry/src/index.crates.io-6f17d22bba15001f/tokio-1.33.0/src/runtime/coop.rs:73:5
[INFO] [stdout]   27:     0x55602da0b1ef - tokio::runtime::scheduler::current_thread::CoreGuard::block_on::{{closure}}::{{closure}}::h347ded46db85ba9d
[INFO] [stdout]                                at /opt/rustwide/cargo-home/registry/src/index.crates.io-6f17d22bba15001f/tokio-1.33.0/src/runtime/scheduler/current_thread/mod.rs:665:25
[INFO] [stdout]   28:     0x55602da08b4d - tokio::runtime::scheduler::current_thread::Context::enter::ha23bea98c101e169
[INFO] [stdout]                                at /opt/rustwide/cargo-home/registry/src/index.crates.io-6f17d22bba15001f/tokio-1.33.0/src/runtime/scheduler/current_thread/mod.rs:410:19
[INFO] [stdout]   29:     0x55602da09f3e - tokio::runtime::scheduler::current_thread::CoreGuard::block_on::{{closure}}::h5fbcb76688ef1e1a
[INFO] [stdout]                                at /opt/rustwide/cargo-home/registry/src/index.crates.io-6f17d22bba15001f/tokio-1.33.0/src/runtime/scheduler/current_thread/mod.rs:664:36
[INFO] [stdout]   30:     0x55602da09b42 - tokio::runtime::scheduler::current_thread::CoreGuard::enter::{{closure}}::h76286fe57d53f84e
[INFO] [stdout]                                at /opt/rustwide/cargo-home/registry/src/index.crates.io-6f17d22bba15001f/tokio-1.33.0/src/runtime/scheduler/current_thread/mod.rs:743:68
[INFO] [stdout]   31:     0x55602d9fab1a - tokio::runtime::context::scoped::Scoped<T>::set::h853c5986c1e4f8e2
[INFO] [stdout]                                at /opt/rustwide/cargo-home/registry/src/index.crates.io-6f17d22bba15001f/tokio-1.33.0/src/runtime/context/scoped.rs:40:9
[INFO] [stdout]   32:     0x55602da2025a - tokio::runtime::context::set_scheduler::{{closure}}::h57afb3488815574e
[INFO] [stdout]                                at /opt/rustwide/cargo-home/registry/src/index.crates.io-6f17d22bba15001f/tokio-1.33.0/src/runtime/context.rs:176:26
[INFO] [stdout]   33:     0x55602da1f468 - std::thread::local::LocalKey<T>::try_with::haba4d5f058dbebc0
[INFO] [stdout]                                at /rustc/82e1608dfa6e0b5569232559e3d385fea5a93112/library/std/src/thread/local.rs:270:16
[INFO] [stdout]   34:     0x55602da1e31c - std::thread::local::LocalKey<T>::with::h8dd56e0c4705a0a7
[INFO] [stdout]                                at /rustc/82e1608dfa6e0b5569232559e3d385fea5a93112/library/std/src/thread/local.rs:246:9
[INFO] [stdout]   35:     0x55602da201a1 - tokio::runtime::context::set_scheduler::hd404e4f6cf4756ae
[INFO] [stdout]                                at /opt/rustwide/cargo-home/registry/src/index.crates.io-6f17d22bba15001f/tokio-1.33.0/src/runtime/context.rs:176:9
[INFO] [stdout]   36:     0x55602da0943e - tokio::runtime::scheduler::current_thread::CoreGuard::enter::haf4cdcc5a0d0a06d
[INFO] [stdout]                                at /opt/rustwide/cargo-home/registry/src/index.crates.io-6f17d22bba15001f/tokio-1.33.0/src/runtime/scheduler/current_thread/mod.rs:743:27
[INFO] [stdout]   37:     0x55602da09bb8 - tokio::runtime::scheduler::current_thread::CoreGuard::block_on::h50344e978a118925
[INFO] [stdout]                                at /opt/rustwide/cargo-home/registry/src/index.crates.io-6f17d22bba15001f/tokio-1.33.0/src/runtime/scheduler/current_thread/mod.rs:652:19
[INFO] [stdout]   38:     0x55602da07643 - tokio::runtime::scheduler::current_thread::CurrentThread::block_on::{{closure}}::h14bb067699a44c3e
[INFO] [stdout]                                at /opt/rustwide/cargo-home/registry/src/index.crates.io-6f17d22bba15001f/tokio-1.33.0/src/runtime/scheduler/current_thread/mod.rs:175:28
[INFO] [stdout]   39:     0x55602da00106 - tokio::runtime::context::runtime::enter_runtime::h1a9a35a0f0d9d315
[INFO] [stdout]                                at /opt/rustwide/cargo-home/registry/src/index.crates.io-6f17d22bba15001f/tokio-1.33.0/src/runtime/context/runtime.rs:65:16
[INFO] [stdout]   40:     0x55602da07419 - tokio::runtime::scheduler::current_thread::CurrentThread::block_on::h07f50e05a901fc06
[INFO] [stdout]                                at /opt/rustwide/cargo-home/registry/src/index.crates.io-6f17d22bba15001f/tokio-1.33.0/src/runtime/scheduler/current_thread/mod.rs:167:9
[INFO] [stdout]   41:     0x55602da0123f - tokio::runtime::runtime::Runtime::block_on::hec44ffc7501de44c
[INFO] [stdout]                                at /opt/rustwide/cargo-home/registry/src/index.crates.io-6f17d22bba15001f/tokio-1.33.0/src/runtime/runtime.rs:348:47
[INFO] [stdout]   42:     0x55602da0426b - tasks::tests::test_websocket_connection::h1e3c9b7d8a819e50
[INFO] [stdout]                                at /opt/rustwide/workdir/src/main.rs:170:9
[INFO] [stdout]   43:     0x55602da040c7 - tasks::tests::test_websocket_connection::{{closure}}::h5ba5fc245f1a14b5
[INFO] [stdout]                                at /opt/rustwide/workdir/src/main.rs:137:45
[INFO] [stdout]   44:     0x55602d9ef176 - core::ops::function::FnOnce::call_once::h3947a7254d360c4c
[INFO] [stdout]                                at /rustc/82e1608dfa6e0b5569232559e3d385fea5a93112/library/core/src/ops/function.rs:250:5
[INFO] [stdout]   45:     0x55602da6261f - core::ops::function::FnOnce::call_once::h2b5d431d5046312d
[INFO] [stdout]                                at /rustc/82e1608dfa6e0b5569232559e3d385fea5a93112/library/core/src/ops/function.rs:250:5
[INFO] [stdout]   46:     0x55602da6261f - test::__rust_begin_short_backtrace::h7714669af176e207
[INFO] [stdout]                                at /rustc/82e1608dfa6e0b5569232559e3d385fea5a93112/library/test/src/lib.rs:628:18
[INFO] [stdout]   47:     0x55602da61635 - test::run_test_in_process::{{closure}}::h85218797dcbcec12
[INFO] [stdout]                                at /rustc/82e1608dfa6e0b5569232559e3d385fea5a93112/library/test/src/lib.rs:651:60
[INFO] [stdout]   48:     0x55602da61635 - <core::panic::unwind_safe::AssertUnwindSafe<F> as core::ops::function::FnOnce<()>>::call_once::h76c106ea31c14d7b
[INFO] [stdout]                                at /rustc/82e1608dfa6e0b5569232559e3d385fea5a93112/library/core/src/panic/unwind_safe.rs:272:9
[INFO] [stdout]   49:     0x55602da61635 - std::panicking::try::do_call::h3bd5d0f6620ee946
[INFO] [stdout]                                at /rustc/82e1608dfa6e0b5569232559e3d385fea5a93112/library/std/src/panicking.rs:552:40
[INFO] [stdout]   50:     0x55602da61635 - std::panicking::try::h232e535e4744fe31
[INFO] [stdout]                                at /rustc/82e1608dfa6e0b5569232559e3d385fea5a93112/library/std/src/panicking.rs:516:19
[INFO] [stdout]   51:     0x55602da61635 - std::panic::catch_unwind::h3ce3bd6ca8dbac68
[INFO] [stdout]                                at /rustc/82e1608dfa6e0b5569232559e3d385fea5a93112/library/std/src/panic.rs:142:14
[INFO] [stdout]   52:     0x55602da61635 - test::run_test_in_process::hc97b257c9621286a
[INFO] [stdout]                                at /rustc/82e1608dfa6e0b5569232559e3d385fea5a93112/library/test/src/lib.rs:651:27
[INFO] [stdout]   53:     0x55602da61635 - test::run_test::{{closure}}::h2aa798823a438d38
[INFO] [stdout]                                at /rustc/82e1608dfa6e0b5569232559e3d385fea5a93112/library/test/src/lib.rs:574:43
[INFO] [stdout]   54:     0x55602da298f6 - test::run_test::{{closure}}::h87d231c78fb59832
[INFO] [stdout]                                at /rustc/82e1608dfa6e0b5569232559e3d385fea5a93112/library/test/src/lib.rs:602:41
[INFO] [stdout]   55:     0x55602da298f6 - std::sys_common::backtrace::__rust_begin_short_backtrace::he6df152596625789
[INFO] [stdout]                                at /rustc/82e1608dfa6e0b5569232559e3d385fea5a93112/library/std/src/sys_common/backtrace.rs:154:18
[INFO] [stdout]   56:     0x55602da2e9a7 - std::thread::Builder::spawn_unchecked_::{{closure}}::{{closure}}::ha94be15d1e0acf36
[INFO] [stdout]                                at /rustc/82e1608dfa6e0b5569232559e3d385fea5a93112/library/std/src/thread/mod.rs:529:17
[INFO] [stdout]   57:     0x55602da2e9a7 - <core::panic::unwind_safe::AssertUnwindSafe<F> as core::ops::function::FnOnce<()>>::call_once::h9dc6bd6372f16606
[INFO] [stdout]                                at /rustc/82e1608dfa6e0b5569232559e3d385fea5a93112/library/core/src/panic/unwind_safe.rs:272:9
[INFO] [stdout]   58:     0x55602da2e9a7 - std::panicking::try::do_call::h9057517f80303cd4
[INFO] [stdout]                                at /rustc/82e1608dfa6e0b5569232559e3d385fea5a93112/library/std/src/panicking.rs:552:40
[INFO] [stdout]   59:     0x55602da2e9a7 - std::panicking::try::he3a30b11ee45340c
[INFO] [stdout]                                at /rustc/82e1608dfa6e0b5569232559e3d385fea5a93112/library/std/src/panicking.rs:516:19
[INFO] [stdout]   60:     0x55602da2e9a7 - std::panic::catch_unwind::h410458cfd3528b8b
[INFO] [stdout]                                at /rustc/82e1608dfa6e0b5569232559e3d385fea5a93112/library/std/src/panic.rs:142:14
[INFO] [stdout]   61:     0x55602da2e9a7 - std::thread::Builder::spawn_unchecked_::{{closure}}::h72ac3bdb567b737b
[INFO] [stdout]                                at /rustc/82e1608dfa6e0b5569232559e3d385fea5a93112/library/std/src/thread/mod.rs:528:30
[INFO] [stdout]   62:     0x55602da2e9a7 - core::ops::function::FnOnce::call_once{{vtable.shim}}::h38f34da3654a8344
[INFO] [stdout]                                at /rustc/82e1608dfa6e0b5569232559e3d385fea5a93112/library/core/src/ops/function.rs:250:5
[INFO] [stdout]   63:     0x55602df6ce25 - <alloc::boxed::Box<F,A> as core::ops::function::FnOnce<Args>>::call_once::hc7eafaff61e32df9
[INFO] [stdout]                                at /rustc/82e1608dfa6e0b5569232559e3d385fea5a93112/library/alloc/src/boxed.rs:2007:9
[INFO] [stdout]   64:     0x55602df6ce25 - <alloc::boxed::Box<F,A> as core::ops::function::FnOnce<Args>>::call_once::h6ba4a5de48dd2304
[INFO] [stdout]                                at /rustc/82e1608dfa6e0b5569232559e3d385fea5a93112/library/alloc/src/boxed.rs:2007:9
[INFO] [stdout]   65:     0x55602df6ce25 - std::sys::unix::thread::Thread::new::thread_start::he469335aef763e45
[INFO] [stdout]                                at /rustc/82e1608dfa6e0b5569232559e3d385fea5a93112/library/std/src/sys/unix/thread.rs:108:17
[INFO] [stdout]   66:     0x7ff8e6086ac3 - <unknown>
[INFO] [stdout]   67:     0x7ff8e6117bf4 - __clone
[INFO] [stdout]   68:                0x0 - <unknown>
[INFO] [stdout] 
[INFO] [stdout] 
[INFO] [stdout] failures:
[INFO] [stdout]     tests::test_websocket_connection
[INFO] [stdout] 
[INFO] [stdout] test result: FAILED. 1 passed; 1 failed; 0 ignored; 0 measured; 0 filtered out; finished in 0.20s
[INFO] [stdout] 
[INFO] [stderr] error: test failed, to rerun pass `--bin tasks`
[INFO] running `Command { std: "docker" "inspect" "e58dda103e4b609cb3677516343eabf62d14d14d652da2dfd76f9b55439594b9", kill_on_drop: false }`
[INFO] running `Command { std: "docker" "rm" "-f" "e58dda103e4b609cb3677516343eabf62d14d14d652da2dfd76f9b55439594b9", kill_on_drop: false }`
[INFO] [stdout] e58dda103e4b609cb3677516343eabf62d14d14d652da2dfd76f9b55439594b9
[INFO] testing vmeylan/task_rust against beta-2023-12-22 for beta-1.76-1
[INFO] running `Command { std: "git" "clone" "/workspace/cache/git-repos/https%3A%2F%2Fgithub.com%2Fvmeylan%2Ftask_rust" "/workspace/builds/worker-5-tc2/source", kill_on_drop: false }`
[INFO] [stderr] Cloning into '/workspace/builds/worker-5-tc2/source'...
[INFO] [stderr] done.
[INFO] validating manifest of git repo https://github.com/vmeylan/task_rust on toolchain beta-2023-12-22
[INFO] running `Command { std: CARGO_HOME="/workspace/cargo-home" RUSTUP_HOME="/workspace/rustup-home" "/workspace/cargo-home/bin/cargo" "+beta-2023-12-22" "metadata" "--manifest-path" "Cargo.toml" "--no-deps", kill_on_drop: false }`
[INFO] started tweaking git repo https://github.com/vmeylan/task_rust
[INFO] finished tweaking git repo https://github.com/vmeylan/task_rust
[INFO] tweaked toml for git repo https://github.com/vmeylan/task_rust written to /workspace/builds/worker-5-tc2/source/Cargo.toml
[INFO] crate git repo https://github.com/vmeylan/task_rust already has a lockfile, it will not be regenerated
[INFO] running `Command { std: CARGO_HOME="/workspace/cargo-home" RUSTUP_HOME="/workspace/rustup-home" "/workspace/cargo-home/bin/cargo" "+beta-2023-12-22" "fetch" "--manifest-path" "Cargo.toml", kill_on_drop: false }`
[INFO] running `Command { std: "docker" "create" "-v" "/var/lib/crater-agent-workspace/builds/worker-5-tc2/target:/opt/rustwide/target:rw,Z" "-v" "/var/lib/crater-agent-workspace/builds/worker-5-tc2/source:/opt/rustwide/workdir:ro,Z" "-v" "/var/lib/crater-agent-workspace/cargo-home:/opt/rustwide/cargo-home:ro,Z" "-v" "/var/lib/crater-agent-workspace/rustup-home:/opt/rustwide/rustup-home:ro,Z" "-e" "SOURCE_DIR=/opt/rustwide/workdir" "-e" "CARGO_TARGET_DIR=/opt/rustwide/target" "-e" "CARGO_HOME=/opt/rustwide/cargo-home" "-e" "RUSTUP_HOME=/opt/rustwide/rustup-home" "-w" "/opt/rustwide/workdir" "-m" "1610612736" "--user" "0:0" "--network" "none" "ghcr.io/rust-lang/crates-build-env/linux@sha256:2788e3201cd34a07e3172128adcd8b3090168a8e3bcc40d7c032b9dda1df7d1c" "/opt/rustwide/cargo-home/bin/cargo" "+beta-2023-12-22" "metadata" "--no-deps" "--format-version=1", kill_on_drop: false }`
[INFO] [stdout] f600e3865403b9c96e81c660c6a5a5209a7aee10d526480ee7a0868f2b3b2ac0
[INFO] running `Command { std: "docker" "start" "-a" "f600e3865403b9c96e81c660c6a5a5209a7aee10d526480ee7a0868f2b3b2ac0", kill_on_drop: false }`
[INFO] running `Command { std: "docker" "inspect" "f600e3865403b9c96e81c660c6a5a5209a7aee10d526480ee7a0868f2b3b2ac0", kill_on_drop: false }`
[INFO] running `Command { std: "docker" "rm" "-f" "f600e3865403b9c96e81c660c6a5a5209a7aee10d526480ee7a0868f2b3b2ac0", kill_on_drop: false }`
[INFO] [stdout] f600e3865403b9c96e81c660c6a5a5209a7aee10d526480ee7a0868f2b3b2ac0
[INFO] running `Command { std: "docker" "create" "-v" "/var/lib/crater-agent-workspace/builds/worker-5-tc2/target:/opt/rustwide/target:rw,Z" "-v" "/var/lib/crater-agent-workspace/builds/worker-5-tc2/source:/opt/rustwide/workdir:ro,Z" "-v" "/var/lib/crater-agent-workspace/cargo-home:/opt/rustwide/cargo-home:ro,Z" "-v" "/var/lib/crater-agent-workspace/rustup-home:/opt/rustwide/rustup-home:ro,Z" "-e" "SOURCE_DIR=/opt/rustwide/workdir" "-e" "CARGO_TARGET_DIR=/opt/rustwide/target" "-e" "CARGO_INCREMENTAL=0" "-e" "RUST_BACKTRACE=full" "-e" "RUSTFLAGS=--cap-lints=warn" "-e" "RUSTDOCFLAGS=--cap-lints=warn" "-e" "CARGO_HOME=/opt/rustwide/cargo-home" "-e" "RUSTUP_HOME=/opt/rustwide/rustup-home" "-w" "/opt/rustwide/workdir" "-m" "1610612736" "--user" "0:0" "--network" "none" "ghcr.io/rust-lang/crates-build-env/linux@sha256:2788e3201cd34a07e3172128adcd8b3090168a8e3bcc40d7c032b9dda1df7d1c" "/opt/rustwide/cargo-home/bin/cargo" "+beta-2023-12-22" "build" "--frozen" "--message-format=json", kill_on_drop: false }`
[INFO] [stdout] eda94eca24d0a9133ba4c15df18466f8e9cac3e561b93c6d9ec1a924954803d1
[INFO] running `Command { std: "docker" "start" "-a" "eda94eca24d0a9133ba4c15df18466f8e9cac3e561b93c6d9ec1a924954803d1", kill_on_drop: false }`
[INFO] [stderr]    Compiling proc-macro2 v1.0.69
[INFO] [stderr]    Compiling unicode-ident v1.0.12
[INFO] [stderr]    Compiling cfg-if v1.0.0
[INFO] [stderr]    Compiling serde v1.0.188
[INFO] [stderr]    Compiling version_check v0.9.4
[INFO] [stderr]    Compiling typenum v1.17.0
[INFO] [stderr]    Compiling once_cell v1.18.0
[INFO] [stderr]    Compiling libc v0.2.149
[INFO] [stderr]    Compiling subtle v2.5.0
[INFO] [stderr]    Compiling const-oid v0.9.5
[INFO] [stderr]    Compiling autocfg v1.1.0
[INFO] [stderr]    Compiling generic-array v0.14.7
[INFO] [stderr]    Compiling zeroize v1.6.0
[INFO] [stderr]    Compiling syn v1.0.109
[INFO] [stderr]    Compiling itoa v1.0.9
[INFO] [stderr]    Compiling winnow v0.5.16
[INFO] [stderr]    Compiling ppv-lite86 v0.2.17
[INFO] [stderr]    Compiling equivalent v1.0.1
[INFO] [stderr]    Compiling hashbrown v0.14.1
[INFO] [stderr]    Compiling cpufeatures v0.2.9
[INFO] [stderr]    Compiling crunchy v0.2.2
[INFO] [stderr]    Compiling quote v1.0.33
[INFO] [stderr]    Compiling getrandom v0.2.10
[INFO] [stderr]    Compiling syn v2.0.38
[INFO] [stderr]    Compiling indexmap v2.0.2
[INFO] [stderr]    Compiling rand_core v0.6.4
[INFO] [stderr]    Compiling cc v1.0.83
[INFO] [stderr]    Compiling rustc-hex v2.1.0
[INFO] [stderr]    Compiling static_assertions v1.1.0
[INFO] [stderr]    Compiling convert_case v0.4.0
[INFO] [stderr]    Compiling thiserror v1.0.49
[INFO] [stderr]    Compiling memchr v2.6.4
[INFO] [stderr]    Compiling byte-slice-cast v1.2.2
[INFO] [stderr]    Compiling arrayvec v0.7.4
[INFO] [stderr]    Compiling tiny-keccak v2.0.2
[INFO] [stderr]    Compiling crypto-common v0.1.6
[INFO] [stderr]    Compiling block-buffer v0.10.4
[INFO] [stderr]    Compiling pin-project-lite v0.2.13
[INFO] [stderr]    Compiling digest v0.10.7
[INFO] [stderr]    Compiling base16ct v0.2.0
[INFO] [stderr]    Compiling log v0.4.20
[INFO] [stderr]    Compiling ryu v1.0.15
[INFO] [stderr]    Compiling futures-core v0.3.28
[INFO] [stderr]    Compiling rand_chacha v0.3.1
[INFO] [stderr]    Compiling keccak v0.1.4
[INFO] [stderr]    Compiling lock_api v0.4.10
[INFO] [stderr]    Compiling rand v0.8.5
[INFO] [stderr]    Compiling parking_lot_core v0.9.8
[INFO] [stderr]    Compiling byteorder v1.5.0
[INFO] [stderr]    Compiling scopeguard v1.2.0
[INFO] [stderr]    Compiling bitflags v2.4.0
[INFO] [stderr]    Compiling smallvec v1.11.1
[INFO] [stderr]    Compiling hmac v0.12.1
[INFO] [stderr]    Compiling der v0.7.8
[INFO] [stderr]    Compiling proc-macro-error-attr v1.0.4
[INFO] [stderr]    Compiling ring v0.16.20
[INFO] [stderr]    Compiling sha2 v0.10.8
[INFO] [stderr]    Compiling parking_lot v0.12.1
[INFO] [stderr]    Compiling aho-corasick v1.1.2
[INFO] [stderr]    Compiling mio v0.8.8
[INFO] [stderr]    Compiling socket2 v0.5.4
[INFO] [stderr]    Compiling num_cpus v1.16.0
[INFO] [stderr]    Compiling signal-hook-registry v1.4.1
[INFO] [stderr]    Compiling proc-macro-error v1.0.4
[INFO] [stderr]    Compiling regex-syntax v0.8.0
[INFO] [stderr]    Compiling spki v0.7.2
[INFO] [stderr]    Compiling ff v0.13.0
[INFO] [stderr]    Compiling num-traits v0.2.17
[INFO] [stderr]    Compiling camino v1.1.6
[INFO] [stderr]    Compiling rustversion v1.0.14
[INFO] [stderr]    Compiling semver v1.0.20
[INFO] [stderr]    Compiling serde_json v1.0.107
[INFO] [stderr]    Compiling group v0.13.0
[INFO] [stderr]    Compiling pkcs8 v0.10.2
[INFO] [stderr]    Compiling sec1 v0.7.3
[INFO] [stderr]    Compiling sha3 v0.10.8
[INFO] [stderr]    Compiling crypto-bigint v0.5.3
[INFO] [stderr]    Compiling rustix v0.38.18
[INFO] [stderr]    Compiling untrusted v0.7.1
[INFO] [stderr]    Compiling futures-task v0.3.28
[INFO] [stderr]    Compiling vcpkg v0.2.15
[INFO] [stderr]    Compiling pkg-config v0.3.27
[INFO] [stderr]    Compiling regex-automata v0.4.1
[INFO] [stderr]    Compiling spin v0.5.2
[INFO] [stderr]    Compiling openssl-sys v0.9.93
[INFO] [stderr]    Compiling elliptic-curve v0.13.6
[INFO] [stderr]    Compiling serde_derive v1.0.188
[INFO] [stderr]    Compiling thiserror-impl v1.0.49
[INFO] [stderr]    Compiling tokio-macros v2.1.0
[INFO] [stderr]    Compiling tracing-attributes v0.1.26
[INFO] [stderr]    Compiling fixed-hash v0.8.0
[INFO] [stderr]    Compiling rfc6979 v0.4.0
[INFO] [stderr]    Compiling impl-trait-for-tuples v0.2.2
[INFO] [stderr]    Compiling rlp-derive v0.1.0
[INFO] [stderr]    Compiling derive_more v0.99.17
[INFO] [stderr]    Compiling regex v1.10.0
[INFO] [stderr]    Compiling auto_impl v1.1.0
[INFO] [stderr]    Compiling signature v2.1.0
[INFO] [stderr]    Compiling slab v0.4.9
[INFO] [stderr]    Compiling tracing-core v0.1.31
[INFO] [stderr]    Compiling fnv v1.0.7
[INFO] [stderr]    Compiling futures-channel v0.3.28
[INFO] [stderr]    Compiling linux-raw-sys v0.4.10
[INFO] [stderr]    Compiling heck v0.4.1
[INFO] [stderr]    Compiling strum_macros v0.25.2
[INFO] [stderr]    Compiling tracing v0.1.37
[INFO] [stderr]    Compiling ecdsa v0.16.8
[INFO] [stderr]    Compiling base64 v0.21.4
[INFO] [stderr]    Compiling futures-util v0.3.28
[INFO] [stderr]    Compiling fastrand v2.0.1
[INFO] [stderr]    Compiling futures-sink v0.3.28
[INFO] [stderr]    Compiling httparse v1.8.0
[INFO] [stderr]    Compiling wasm-bindgen-shared v0.2.87
[INFO] [stderr]    Compiling k256 v0.13.1
[INFO] [stderr]    Compiling strum v0.25.0
[INFO] [stderr]    Compiling tempfile v3.8.0
[INFO] [stderr]    Compiling futures-macro v0.3.28
[INFO] [stderr]    Compiling indexmap v1.9.3
[INFO] [stderr]    Compiling rustls v0.21.7
[INFO] [stderr]    Compiling futures-io v0.3.28
[INFO] [stderr]    Compiling unicode-xid v0.2.4
[INFO] [stderr]    Compiling tinyvec_macros v0.1.1
[INFO] [stderr]    Compiling hex v0.4.3
[INFO] [stderr]    Compiling pin-utils v0.1.0
[INFO] [stderr]    Compiling tinyvec v1.6.0
[INFO] [stderr]    Compiling rustls-webpki v0.101.6
[INFO] [stderr]    Compiling sct v0.7.0
[INFO] [stderr]    Compiling hashbrown v0.12.3
[INFO] [stderr]    Compiling percent-encoding v2.3.0
[INFO] [stderr]    Compiling openssl v0.10.57
[INFO] [stderr]    Compiling foreign-types-shared v0.1.1
[INFO] [stderr]    Compiling bumpalo v3.14.0
[INFO] [stderr]    Compiling foreign-types v0.3.2
[INFO] [stderr]    Compiling form_urlencoded v1.2.0
[INFO] [stderr]    Compiling wasm-bindgen-backend v0.2.87
[INFO] [stderr]    Compiling unicode-normalization v0.1.22
[INFO] [stderr]    Compiling uint v0.9.5
[INFO] [stderr]    Compiling openssl-macros v0.1.1
[INFO] [stderr]    Compiling iana-time-zone v0.1.57
[INFO] [stderr]    Compiling try-lock v0.2.4
[INFO] [stderr]    Compiling native-tls v0.2.11
[INFO] [stderr]    Compiling unicode-bidi v0.3.13
[INFO] [stderr]    Compiling bytes v1.5.0
[INFO] [stderr]    Compiling toml_datetime v0.6.3
[INFO] [stderr]    Compiling serde_spanned v0.6.3
[INFO] [stderr]    Compiling toml_edit v0.19.15
[INFO] [stderr]    Compiling rlp v0.5.2
[INFO] [stderr]    Compiling impl-serde v0.4.0
[INFO] [stderr]    Compiling impl-rlp v0.3.0
[INFO] [stderr]    Compiling tokio v1.33.0
[INFO] [stderr]    Compiling open-fastrlp-derive v0.1.1
[INFO] [stderr]    Compiling cargo-platform v0.1.4
[INFO] [stderr]    Compiling http v0.2.9
[INFO] [stderr]    Compiling const-hex v1.9.1
[INFO] [stderr]    Compiling proc-macro-crate v1.3.1
[INFO] [stderr]    Compiling cargo_metadata v0.17.0
[INFO] [stderr]    Compiling idna v0.4.0
[INFO] [stderr]    Compiling http-body v0.4.5
[INFO] [stderr]    Compiling want v0.3.1
[INFO] [stderr]    Compiling wasm-bindgen-macro-support v0.2.87
[INFO] [stderr]    Compiling chrono v0.4.31
[INFO] [stderr]    Compiling inout v0.1.3
[INFO] [stderr]    Compiling socket2 v0.4.9
[INFO] [stderr]    Compiling num-integer v0.1.45
[INFO] [stderr]    Compiling tokio-util v0.7.9
[INFO] [stderr]    Compiling openssl-probe v0.1.5
[INFO] [stderr]    Compiling httpdate v1.0.3
[INFO] [stderr]    Compiling prettyplease v0.2.15
[INFO] [stderr]    Compiling parity-scale-codec-derive v3.6.5
[INFO] [stderr]    Compiling scale-info-derive v2.9.0
[INFO] [stderr]    Compiling num_enum_derive v0.7.0
[INFO] [stderr]    Compiling h2 v0.3.21
[INFO] [stderr]    Compiling tower-service v0.3.2
[INFO] [stderr]    Compiling wasm-bindgen v0.2.87
[INFO] [stderr]    Compiling tokio-rustls v0.24.1
[INFO] [stderr]    Compiling cipher v0.4.4
[INFO] [stderr]    Compiling wasm-bindgen-macro v0.2.87
[INFO] [stderr]    Compiling url v2.4.1
[INFO] [stderr]    Compiling num_enum v0.7.0
[INFO] [stderr]    Compiling num-bigint v0.4.4
[INFO] [stderr]    Compiling time-core v0.1.2
[INFO] [stderr]    Compiling eyre v0.6.8
[INFO] [stderr]    Compiling time-macros v0.2.15
[INFO] [stderr]    Compiling parity-scale-codec v3.6.5
[INFO] [stderr]    Compiling hyper v0.14.27
[INFO] [stderr]    Compiling tokio-native-tls v0.3.1
[INFO] [stderr]    Compiling scale-info v2.9.0
[INFO] [stderr]    Compiling impl-codec v0.6.0
[INFO] [stderr]    Compiling lazy_static v1.4.0
[INFO] [stderr]    Compiling same-file v1.0.6
[INFO] [stderr]    Compiling async-trait v0.1.73
[INFO] [stderr]    Compiling deranged v0.3.8
[INFO] [stderr]    Compiling webpki-roots v0.25.2
[INFO] [stderr]    Compiling indenter v0.3.3
[INFO] [stderr]    Compiling radium v0.7.0
[INFO] [stderr]    Compiling walkdir v2.4.0
[INFO] [stderr]    Compiling Inflector v0.11.4
[INFO] [stderr]    Compiling ethbloom v0.13.0
[INFO] [stderr]    Compiling primitive-types v0.12.2
[INFO] [stderr]    Compiling time v0.3.29
[INFO] [stderr]    Compiling js-sys v0.3.64
[INFO] [stderr]    Compiling hyper-rustls v0.24.1
[INFO] [stderr]    Compiling hyper-tls v0.5.0
[INFO] [stderr]    Compiling toml v0.7.8
[INFO] [stderr]    Compiling ethereum-types v0.14.1
[INFO] [stderr]    Compiling ethabi v18.0.0
[INFO] [stderr]    Compiling open-fastrlp v0.1.4
[INFO] [stderr]    Compiling serde_urlencoded v0.7.1
[INFO] [stderr]    Compiling rustls-pemfile v1.0.3
[INFO] [stderr]    Compiling pin-project-internal v1.1.3
[INFO] [stderr]    Compiling bs58 v0.5.0
[INFO] [stderr]    Compiling ripemd v0.1.3
[INFO] [stderr]    Compiling sha1 v0.10.6
[INFO] [stderr]    Compiling encoding_rs v0.8.33
[INFO] [stderr]    Compiling ethers-core v2.0.10
[INFO] [stderr]    Compiling utf-8 v0.7.6
[INFO] [stderr]    Compiling bech32 v0.9.1
[INFO] [stderr]    Compiling mime v0.3.17
[INFO] [stderr]    Compiling data-encoding v2.4.0
[INFO] [stderr]    Compiling base64 v0.13.1
[INFO] [stderr]    Compiling ipnet v2.8.0
[INFO] [stderr]    Compiling dunce v1.0.4
[INFO] [stderr]    Compiling tap v1.0.1
[INFO] [stderr]    Compiling reqwest v0.11.22
[INFO] [stderr]    Compiling coins-core v0.8.7
[INFO] [stderr]    Compiling pem v1.1.1
[INFO] [stderr]    Compiling wyz v0.5.1
[INFO] [stderr]    Compiling pin-project v1.1.3
[INFO] [stderr]    Compiling tungstenite v0.20.1
[INFO] [stderr]    Compiling gloo-timers v0.2.6
[INFO] [stderr]    Compiling simple_asn1 v0.6.2
[INFO] [stderr]    Compiling salsa20 v0.10.2
[INFO] [stderr]    Compiling fxhash v0.2.1
[INFO] [stderr]    Compiling pbkdf2 v0.11.0
[INFO] [stderr]    Compiling send_wrapper v0.4.0
[INFO] [stderr]    Compiling funty v2.0.0
[INFO] [stderr]    Compiling futures-timer v3.0.2
[INFO] [stderr]    Compiling scrypt v0.10.0
[INFO] [stderr]    Compiling bitvec v1.0.1
[INFO] [stderr]    Compiling hashers v1.0.1
[INFO] [stderr]    Compiling tokio-tungstenite v0.20.1
[INFO] [stderr]    Compiling jsonwebtoken v8.3.0
[INFO] [stderr]    Compiling coins-bip32 v0.8.7
[INFO] [stderr]    Compiling tracing-futures v0.2.5
[INFO] [stderr]    Compiling aes v0.8.3
[INFO] [stderr]    Compiling ctr v0.9.2
[INFO] [stderr]    Compiling enr v0.9.1
[INFO] [stderr]    Compiling uuid v0.8.2
[INFO] [stderr]    Compiling pbkdf2 v0.12.2
[INFO] [stderr]    Compiling instant v0.1.12
[INFO] [stderr]    Compiling eth-keystore v0.5.0
[INFO] [stderr]    Compiling ruint-macro v1.1.0
[INFO] [stderr]    Compiling futures-locks v0.7.1
[INFO] [stderr]    Compiling async-stream-impl v0.3.5
[INFO] [stderr]    Compiling hex-literal v0.4.1
[INFO] [stderr]    Compiling tokio-stream v0.1.14
[INFO] [stderr]    Compiling ethers-providers v2.0.10
[INFO] [stderr]    Compiling coins-bip39 v0.8.7
[INFO] [stderr]    Compiling ethers-contract-abigen v2.0.10
[INFO] [stderr]    Compiling ruint v1.10.1
[INFO] [stderr]    Compiling ethers-signers v2.0.10
[INFO] [stderr]    Compiling ethers-etherscan v2.0.10
[INFO] [stderr]    Compiling async-stream v0.3.5
[INFO] [stderr]    Compiling alloy-primitives v0.4.2
[INFO] [stderr]    Compiling ethers-addressbook v2.0.10
[INFO] [stderr]    Compiling alloy-sol-type-parser v0.4.2
[INFO] [stderr]    Compiling alloy-json-abi v0.4.2
[INFO] [stderr]    Compiling tokio-test v0.4.3
[INFO] [stderr]    Compiling dotenv v0.15.0
[INFO] [stderr]    Compiling ethers-contract-derive v2.0.10
[INFO] [stderr]    Compiling ethers-contract v2.0.10
[INFO] [stderr]    Compiling ethers-middleware v2.0.10
[INFO] [stderr]    Compiling ethers v2.0.10
[INFO] [stderr]    Compiling tasks v0.1.0 (/opt/rustwide/workdir)
[INFO] [stdout] warning: unused import: `Detokenize`
[INFO] [stdout]  --> src/main.rs:5:26
[INFO] [stdout]   |
[INFO] [stdout] 5 |     abi::{Abi, EventExt, Detokenize},
[INFO] [stdout]   |                          ^^^^^^^^^^
[INFO] [stdout]   |
[INFO] [stdout]   = note: `#[warn(unused_imports)]` on by default
[INFO] [stdout] 
[INFO] [stdout] 
[INFO] [stdout] warning: unused imports: `Deserialize`, `Serialize`
[INFO] [stdout]   --> src/main.rs:10:13
[INFO] [stdout]    |
[INFO] [stdout] 10 | use serde::{Serialize, Deserialize};
[INFO] [stdout]    |             ^^^^^^^^^  ^^^^^^^^^^^
[INFO] [stdout] 
[INFO] [stdout] 
[INFO] [stdout] warning: unused imports: `Datelike`, `NaiveDate`, `Utc`
[INFO] [stdout]   --> src/main.rs:11:14
[INFO] [stdout]    |
[INFO] [stdout] 11 | use chrono::{Utc, NaiveDate, Datelike};
[INFO] [stdout]    |              ^^^  ^^^^^^^^^  ^^^^^^^^
[INFO] [stdout] 
[INFO] [stdout] 
[INFO] [stdout] warning: unused import: `std::io::Write`
[INFO] [stdout]   --> src/main.rs:12:5
[INFO] [stdout]    |
[INFO] [stdout] 12 | use std::io::Write;
[INFO] [stdout]    |     ^^^^^^^^^^^^^^
[INFO] [stdout] 
[INFO] [stdout] 
[INFO] [stdout] warning: unused import: `NaiveDateTime`
[INFO] [stdout]  --> src/data_store.rs:4:19
[INFO] [stdout]   |
[INFO] [stdout] 4 | use chrono::{Utc, NaiveDateTime, Datelike};
[INFO] [stdout]   |                   ^^^^^^^^^^^^^
[INFO] [stdout] 
[INFO] [stdout] 
[INFO] [stdout] warning: unused imports: `Abi`, `Detokenize`, `EventExt`, `Filter`, `H160`, `Provider`, `Ws`, `utils::keccak256`
[INFO] [stdout]  --> src/log_processing.rs:2:19
[INFO] [stdout]   |
[INFO] [stdout] 2 |     core::types::{Filter, Log, H160, U256},
[INFO] [stdout]   |                   ^^^^^^       ^^^^
[INFO] [stdout] 3 |     providers::{Provider, Ws},
[INFO] [stdout]   |                 ^^^^^^^^  ^^
[INFO] [stdout] 4 |     prelude::*,
[INFO] [stdout] 5 |     abi::{Abi, RawLog, EventExt, Detokenize, Token, ethabi, Event},
[INFO] [stdout]   |           ^^^          ^^^^^^^^  ^^^^^^^^^^
[INFO] [stdout] 6 |     utils::keccak256,
[INFO] [stdout]   |     ^^^^^^^^^^^^^^^^
[INFO] [stdout] 
[INFO] [stdout] 
[INFO] [stdout] warning: unused import: `dotenv::dotenv`
[INFO] [stdout]   --> src/log_processing.rs:10:5
[INFO] [stdout]    |
[INFO] [stdout] 10 | use dotenv::dotenv;
[INFO] [stdout]    |     ^^^^^^^^^^^^^^
[INFO] [stdout] 
[INFO] [stdout] 
[INFO] [stdout] warning: unused imports: `Deserialize`, `Serialize`
[INFO] [stdout]   --> src/log_processing.rs:11:13
[INFO] [stdout]    |
[INFO] [stdout] 11 | use serde::{Serialize, Deserialize};
[INFO] [stdout]    |             ^^^^^^^^^  ^^^^^^^^^^^
[INFO] [stdout] 
[INFO] [stdout] 
[INFO] [stdout] warning: unused import: `std::io`
[INFO] [stdout]   --> src/log_processing.rs:13:5
[INFO] [stdout]    |
[INFO] [stdout] 13 | use std::io;
[INFO] [stdout]    |     ^^^^^^^
[INFO] [stdout] 
[INFO] [stdout] 
[INFO] [stdout] warning: unused import: `std::path::Path`
[INFO] [stdout]   --> src/log_processing.rs:14:5
[INFO] [stdout]    |
[INFO] [stdout] 14 | use std::path::Path;
[INFO] [stdout]    |     ^^^^^^^^^^^^^^^
[INFO] [stdout] 
[INFO] [stdout] 
[INFO] [stdout] warning: unused imports: `Datelike`, `NaiveDate`, `Utc`
[INFO] [stdout]   --> src/log_processing.rs:15:14
[INFO] [stdout]    |
[INFO] [stdout] 15 | use chrono::{Utc, NaiveDate, Datelike};
[INFO] [stdout]    |              ^^^  ^^^^^^^^^  ^^^^^^^^
[INFO] [stdout] 
[INFO] [stdout] 
[INFO] [stdout] warning: unused import: `std::io::Write`
[INFO] [stdout]   --> src/log_processing.rs:16:5
[INFO] [stdout]    |
[INFO] [stdout] 16 | use std::io::Write;
[INFO] [stdout]    |     ^^^^^^^^^^^^^^
[INFO] [stdout] 
[INFO] [stdout] 
[INFO] [stdout] warning: unused import: `hex::FromHex`
[INFO] [stdout]   --> src/log_processing.rs:17:5
[INFO] [stdout]    |
[INFO] [stdout] 17 | use hex::FromHex;
[INFO] [stdout]    |     ^^^^^^^^^^^^
[INFO] [stdout] 
[INFO] [stdout] 
[INFO] [stdout] warning: unused import: `crate::data_store::store_decoded_data`
[INFO] [stdout]   --> src/log_processing.rs:21:5
[INFO] [stdout]    |
[INFO] [stdout] 21 | use crate::data_store::store_decoded_data;
[INFO] [stdout]    |     ^^^^^^^^^^^^^^^^^^^^^^^^^^^^^^^^^^^^^
[INFO] [stdout] 
[INFO] [stdout] 
[INFO] [stdout] warning: unused import: `crate::utils::pretty_print_log`
[INFO] [stdout]   --> src/main.rs:22:5
[INFO] [stdout]    |
[INFO] [stdout] 22 | use crate::utils::pretty_print_log;
[INFO] [stdout]    |     ^^^^^^^^^^^^^^^^^^^^^^^^^^^^^^
[INFO] [stdout] 
[INFO] [stdout] 
[INFO] [stdout] warning: unreachable expression
[INFO] [stdout]   --> src/main.rs:94:5
[INFO] [stdout]    |
[INFO] [stdout] 68 | /     loop {
[INFO] [stdout] 69 | |         if let Some(log) = logs_stream.next().await {
[INFO] [stdout] 70 | |             // println!("Mock Log:\n{:?}", pretty_print_log(&log));  // used for unit test creation
[INFO] [stdout] 71 | |             if !map_created {
[INFO] [stdout] ...  |
[INFO] [stdout] 92 | |         }
[INFO] [stdout] 93 | |     }
[INFO] [stdout]    | |_____- any code following this expression is unreachable
[INFO] [stdout] 94 |       Ok(())
[INFO] [stdout]    |       ^^^^^^ unreachable expression
[INFO] [stdout]    |
[INFO] [stdout]    = note: `#[warn(unreachable_code)]` on by default
[INFO] [stdout] 
[INFO] [stdout] 
[INFO] [stdout] warning: unused variable: `successfully_decoded`
[INFO] [stdout]    --> src/log_processing.rs:117:13
[INFO] [stdout]     |
[INFO] [stdout] 117 |     let mut successfully_decoded = false;
[INFO] [stdout]     |             ^^^^^^^^^^^^^^^^^^^^ help: if this is intentional, prefix it with an underscore: `_successfully_decoded`
[INFO] [stdout]     |
[INFO] [stdout]     = note: `#[warn(unused_variables)]` on by default
[INFO] [stdout] 
[INFO] [stdout] 
[INFO] [stdout] warning: variable does not need to be mutable
[INFO] [stdout]    --> src/log_processing.rs:117:9
[INFO] [stdout]     |
[INFO] [stdout] 117 |     let mut successfully_decoded = false;
[INFO] [stdout]     |         ----^^^^^^^^^^^^^^^^^^^^
[INFO] [stdout]     |         |
[INFO] [stdout]     |         help: remove this `mut`
[INFO] [stdout]     |
[INFO] [stdout]     = note: `#[warn(unused_mut)]` on by default
[INFO] [stdout] 
[INFO] [stdout] 
[INFO] [stdout] warning: function `get_contract_abi` is never used
[INFO] [stdout]  --> src/etherscan.rs:8:8
[INFO] [stdout]   |
[INFO] [stdout] 8 | pub fn get_contract_abi(contract_address: &str) -> Result<Value, Box<dyn std::error::Error>> {
[INFO] [stdout]   |        ^^^^^^^^^^^^^^^^
[INFO] [stdout]   |
[INFO] [stdout]   = note: `#[warn(dead_code)]` on by default
[INFO] [stdout] 
[INFO] [stdout] 
[INFO] [stdout] warning: function `keccak256` is never used
[INFO] [stdout]  --> src/test_sig_match.rs:5:4
[INFO] [stdout]   |
[INFO] [stdout] 5 | fn keccak256(data: &[u8]) -> [u8; 32] {
[INFO] [stdout]   |    ^^^^^^^^^
[INFO] [stdout] 
[INFO] [stdout] 
[INFO] [stdout] warning: function `test_hash` is never used
[INFO] [stdout]   --> src/test_sig_match.rs:13:8
[INFO] [stdout]    |
[INFO] [stdout] 13 | pub fn test_hash() {
[INFO] [stdout]    |        ^^^^^^^^^
[INFO] [stdout] 
[INFO] [stdout] 
[INFO] [stdout] warning: function `pretty_print_log` is never used
[INFO] [stdout]   --> src/utils.rs:26:8
[INFO] [stdout]    |
[INFO] [stdout] 26 | pub fn pretty_print_log(log: &Log)  {
[INFO] [stdout]    |        ^^^^^^^^^^^^^^^^
[INFO] [stdout] 
[INFO] [stdout] 
[INFO] [stdout] warning: structure field `sqrtPriceX96` should have a snake case name
[INFO] [stdout]   --> src/data_store.rs:16:9
[INFO] [stdout]    |
[INFO] [stdout] 16 |     pub sqrtPriceX96: u128,
[INFO] [stdout]    |         ^^^^^^^^^^^^ help: convert the identifier to snake case: `sqrt_price_x96`
[INFO] [stdout]    |
[INFO] [stdout]    = note: `#[warn(non_snake_case)]` on by default
[INFO] [stdout] 
[INFO] [stdout] 
[INFO] [stdout] warning: variable `sqrtPriceX96` should have a snake case name
[INFO] [stdout]   --> src/log_processing.rs:41:13
[INFO] [stdout]    |
[INFO] [stdout] 41 |     let mut sqrtPriceX96: u128 = 0;
[INFO] [stdout]    |             ^^^^^^^^^^^^ help: convert the identifier to snake case: `sqrt_price_x96`
[INFO] [stdout] 
[INFO] [stdout] 
[INFO] [stdout] warning: 24 warnings emitted
[INFO] [stdout] 
[INFO] [stdout] 
[INFO] [stderr]     Finished dev [unoptimized + debuginfo] target(s) in 5m 37s
[INFO] running `Command { std: "docker" "inspect" "eda94eca24d0a9133ba4c15df18466f8e9cac3e561b93c6d9ec1a924954803d1", kill_on_drop: false }`
[INFO] running `Command { std: "docker" "rm" "-f" "eda94eca24d0a9133ba4c15df18466f8e9cac3e561b93c6d9ec1a924954803d1", kill_on_drop: false }`
[INFO] [stdout] eda94eca24d0a9133ba4c15df18466f8e9cac3e561b93c6d9ec1a924954803d1
[INFO] running `Command { std: "docker" "create" "-v" "/var/lib/crater-agent-workspace/builds/worker-5-tc2/target:/opt/rustwide/target:rw,Z" "-v" "/var/lib/crater-agent-workspace/builds/worker-5-tc2/source:/opt/rustwide/workdir:ro,Z" "-v" "/var/lib/crater-agent-workspace/cargo-home:/opt/rustwide/cargo-home:ro,Z" "-v" "/var/lib/crater-agent-workspace/rustup-home:/opt/rustwide/rustup-home:ro,Z" "-e" "SOURCE_DIR=/opt/rustwide/workdir" "-e" "CARGO_TARGET_DIR=/opt/rustwide/target" "-e" "CARGO_INCREMENTAL=0" "-e" "RUST_BACKTRACE=full" "-e" "RUSTFLAGS=--cap-lints=warn" "-e" "RUSTDOCFLAGS=--cap-lints=warn" "-e" "CARGO_HOME=/opt/rustwide/cargo-home" "-e" "RUSTUP_HOME=/opt/rustwide/rustup-home" "-w" "/opt/rustwide/workdir" "-m" "1610612736" "--user" "0:0" "--network" "none" "ghcr.io/rust-lang/crates-build-env/linux@sha256:2788e3201cd34a07e3172128adcd8b3090168a8e3bcc40d7c032b9dda1df7d1c" "/opt/rustwide/cargo-home/bin/cargo" "+beta-2023-12-22" "test" "--frozen" "--no-run" "--message-format=json", kill_on_drop: false }`
[INFO] [stdout] d2912c903dac9e502f3c8c877245bf4ea147fada0e4e2ac7a87844a4488784c7
[INFO] running `Command { std: "docker" "start" "-a" "d2912c903dac9e502f3c8c877245bf4ea147fada0e4e2ac7a87844a4488784c7", kill_on_drop: false }`
[INFO] [stderr]    Compiling tasks v0.1.0 (/opt/rustwide/workdir)
[INFO] [stdout] warning: unused import: `Detokenize`
[INFO] [stdout]  --> src/main.rs:5:26
[INFO] [stdout]   |
[INFO] [stdout] 5 |     abi::{Abi, EventExt, Detokenize},
[INFO] [stdout]   |                          ^^^^^^^^^^
[INFO] [stdout]   |
[INFO] [stdout]   = note: `#[warn(unused_imports)]` on by default
[INFO] [stdout] 
[INFO] [stdout] 
[INFO] [stdout] warning: unused imports: `Deserialize`, `Serialize`
[INFO] [stdout]   --> src/main.rs:10:13
[INFO] [stdout]    |
[INFO] [stdout] 10 | use serde::{Serialize, Deserialize};
[INFO] [stdout]    |             ^^^^^^^^^  ^^^^^^^^^^^
[INFO] [stdout] 
[INFO] [stdout] 
[INFO] [stdout] warning: unused imports: `Datelike`, `NaiveDate`, `Utc`
[INFO] [stdout]   --> src/main.rs:11:14
[INFO] [stdout]    |
[INFO] [stdout] 11 | use chrono::{Utc, NaiveDate, Datelike};
[INFO] [stdout]    |              ^^^  ^^^^^^^^^  ^^^^^^^^
[INFO] [stdout] 
[INFO] [stdout] 
[INFO] [stdout] warning: unused import: `std::io::Write`
[INFO] [stdout]   --> src/main.rs:12:5
[INFO] [stdout]    |
[INFO] [stdout] 12 | use std::io::Write;
[INFO] [stdout]    |     ^^^^^^^^^^^^^^
[INFO] [stdout] 
[INFO] [stdout] 
[INFO] [stdout] warning: unused import: `NaiveDateTime`
[INFO] [stdout]  --> src/data_store.rs:4:19
[INFO] [stdout]   |
[INFO] [stdout] 4 | use chrono::{Utc, NaiveDateTime, Datelike};
[INFO] [stdout]   |                   ^^^^^^^^^^^^^
[INFO] [stdout] 
[INFO] [stdout] 
[INFO] [stdout] warning: unused imports: `Abi`, `Detokenize`, `Filter`, `Provider`, `Ws`
[INFO] [stdout]  --> src/log_processing.rs:2:19
[INFO] [stdout]   |
[INFO] [stdout] 2 |     core::types::{Filter, Log, H160, U256},
[INFO] [stdout]   |                   ^^^^^^
[INFO] [stdout] 3 |     providers::{Provider, Ws},
[INFO] [stdout]   |                 ^^^^^^^^  ^^
[INFO] [stdout] 4 |     prelude::*,
[INFO] [stdout] 5 |     abi::{Abi, RawLog, EventExt, Detokenize, Token, ethabi, Event},
[INFO] [stdout]   |           ^^^                    ^^^^^^^^^^
[INFO] [stdout] 
[INFO] [stdout] 
[INFO] [stdout] warning: unused import: `dotenv::dotenv`
[INFO] [stdout]   --> src/log_processing.rs:10:5
[INFO] [stdout]    |
[INFO] [stdout] 10 | use dotenv::dotenv;
[INFO] [stdout]    |     ^^^^^^^^^^^^^^
[INFO] [stdout] 
[INFO] [stdout] 
[INFO] [stdout] warning: unused imports: `Deserialize`, `Serialize`
[INFO] [stdout]   --> src/log_processing.rs:11:13
[INFO] [stdout]    |
[INFO] [stdout] 11 | use serde::{Serialize, Deserialize};
[INFO] [stdout]    |             ^^^^^^^^^  ^^^^^^^^^^^
[INFO] [stdout] 
[INFO] [stdout] 
[INFO] [stdout] warning: unused import: `std::io`
[INFO] [stdout]   --> src/log_processing.rs:13:5
[INFO] [stdout]    |
[INFO] [stdout] 13 | use std::io;
[INFO] [stdout]    |     ^^^^^^^
[INFO] [stdout] 
[INFO] [stdout] 
[INFO] [stdout] warning: unused import: `std::path::Path`
[INFO] [stdout]   --> src/log_processing.rs:14:5
[INFO] [stdout]    |
[INFO] [stdout] 14 | use std::path::Path;
[INFO] [stdout]    |     ^^^^^^^^^^^^^^^
[INFO] [stdout] 
[INFO] [stdout] 
[INFO] [stdout] warning: unused imports: `Datelike`, `NaiveDate`, `Utc`
[INFO] [stdout]   --> src/log_processing.rs:15:14
[INFO] [stdout]    |
[INFO] [stdout] 15 | use chrono::{Utc, NaiveDate, Datelike};
[INFO] [stdout]    |              ^^^  ^^^^^^^^^  ^^^^^^^^
[INFO] [stdout] 
[INFO] [stdout] 
[INFO] [stdout] warning: unused import: `std::io::Write`
[INFO] [stdout]   --> src/log_processing.rs:16:5
[INFO] [stdout]    |
[INFO] [stdout] 16 | use std::io::Write;
[INFO] [stdout]    |     ^^^^^^^^^^^^^^
[INFO] [stdout] 
[INFO] [stdout] 
[INFO] [stdout] warning: unused import: `crate::data_store::store_decoded_data`
[INFO] [stdout]   --> src/log_processing.rs:21:5
[INFO] [stdout]    |
[INFO] [stdout] 21 | use crate::data_store::store_decoded_data;
[INFO] [stdout]    |     ^^^^^^^^^^^^^^^^^^^^^^^^^^^^^^^^^^^^^
[INFO] [stdout] 
[INFO] [stdout] 
[INFO] [stdout] warning: unused import: `crate::utils::pretty_print_log`
[INFO] [stdout]   --> src/main.rs:22:5
[INFO] [stdout]    |
[INFO] [stdout] 22 | use crate::utils::pretty_print_log;
[INFO] [stdout]    |     ^^^^^^^^^^^^^^^^^^^^^^^^^^^^^^
[INFO] [stdout] 
[INFO] [stdout] 
[INFO] [stdout] warning: unreachable expression
[INFO] [stdout]   --> src/main.rs:94:5
[INFO] [stdout]    |
[INFO] [stdout] 68 | /     loop {
[INFO] [stdout] 69 | |         if let Some(log) = logs_stream.next().await {
[INFO] [stdout] 70 | |             // println!("Mock Log:\n{:?}", pretty_print_log(&log));  // used for unit test creation
[INFO] [stdout] 71 | |             if !map_created {
[INFO] [stdout] ...  |
[INFO] [stdout] 92 | |         }
[INFO] [stdout] 93 | |     }
[INFO] [stdout]    | |_____- any code following this expression is unreachable
[INFO] [stdout] 94 |       Ok(())
[INFO] [stdout]    |       ^^^^^^ unreachable expression
[INFO] [stdout]    |
[INFO] [stdout]    = note: `#[warn(unreachable_code)]` on by default
[INFO] [stdout] 
[INFO] [stdout] 
[INFO] [stdout] warning: unused variable: `successfully_decoded`
[INFO] [stdout]    --> src/log_processing.rs:117:13
[INFO] [stdout]     |
[INFO] [stdout] 117 |     let mut successfully_decoded = false;
[INFO] [stdout]     |             ^^^^^^^^^^^^^^^^^^^^ help: if this is intentional, prefix it with an underscore: `_successfully_decoded`
[INFO] [stdout]     |
[INFO] [stdout]     = note: `#[warn(unused_variables)]` on by default
[INFO] [stdout] 
[INFO] [stdout] 
[INFO] [stdout] warning: variable does not need to be mutable
[INFO] [stdout]    --> src/log_processing.rs:117:9
[INFO] [stdout]     |
[INFO] [stdout] 117 |     let mut successfully_decoded = false;
[INFO] [stdout]     |         ----^^^^^^^^^^^^^^^^^^^^
[INFO] [stdout]     |         |
[INFO] [stdout]     |         help: remove this `mut`
[INFO] [stdout]     |
[INFO] [stdout]     = note: `#[warn(unused_mut)]` on by default
[INFO] [stdout] 
[INFO] [stdout] 
[INFO] [stdout] warning: function `get_contract_abi` is never used
[INFO] [stdout]  --> src/etherscan.rs:8:8
[INFO] [stdout]   |
[INFO] [stdout] 8 | pub fn get_contract_abi(contract_address: &str) -> Result<Value, Box<dyn std::error::Error>> {
[INFO] [stdout]   |        ^^^^^^^^^^^^^^^^
[INFO] [stdout]   |
[INFO] [stdout]   = note: `#[warn(dead_code)]` on by default
[INFO] [stdout] 
[INFO] [stdout] 
[INFO] [stdout] warning: function `keccak256` is never used
[INFO] [stdout]  --> src/test_sig_match.rs:5:4
[INFO] [stdout]   |
[INFO] [stdout] 5 | fn keccak256(data: &[u8]) -> [u8; 32] {
[INFO] [stdout]   |    ^^^^^^^^^
[INFO] [stdout] 
[INFO] [stdout] 
[INFO] [stdout] warning: function `test_hash` is never used
[INFO] [stdout]   --> src/test_sig_match.rs:13:8
[INFO] [stdout]    |
[INFO] [stdout] 13 | pub fn test_hash() {
[INFO] [stdout]    |        ^^^^^^^^^
[INFO] [stdout] 
[INFO] [stdout] 
[INFO] [stdout] warning: function `pretty_print_log` is never used
[INFO] [stdout]   --> src/utils.rs:26:8
[INFO] [stdout]    |
[INFO] [stdout] 26 | pub fn pretty_print_log(log: &Log)  {
[INFO] [stdout]    |        ^^^^^^^^^^^^^^^^
[INFO] [stdout] 
[INFO] [stdout] 
[INFO] [stdout] warning: structure field `sqrtPriceX96` should have a snake case name
[INFO] [stdout]   --> src/data_store.rs:16:9
[INFO] [stdout]    |
[INFO] [stdout] 16 |     pub sqrtPriceX96: u128,
[INFO] [stdout]    |         ^^^^^^^^^^^^ help: convert the identifier to snake case: `sqrt_price_x96`
[INFO] [stdout]    |
[INFO] [stdout]    = note: `#[warn(non_snake_case)]` on by default
[INFO] [stdout] 
[INFO] [stdout] 
[INFO] [stdout] warning: variable `sqrtPriceX96` should have a snake case name
[INFO] [stdout]   --> src/log_processing.rs:41:13
[INFO] [stdout]    |
[INFO] [stdout] 41 |     let mut sqrtPriceX96: u128 = 0;
[INFO] [stdout]    |             ^^^^^^^^^^^^ help: convert the identifier to snake case: `sqrt_price_x96`
[INFO] [stdout] 
[INFO] [stdout] 
[INFO] [stdout] warning: 23 warnings emitted
[INFO] [stdout] 
[INFO] [stdout] 
[INFO] [stderr]     Finished test [unoptimized + debuginfo] target(s) in 16.03s
[INFO] running `Command { std: "docker" "inspect" "d2912c903dac9e502f3c8c877245bf4ea147fada0e4e2ac7a87844a4488784c7", kill_on_drop: false }`
[INFO] running `Command { std: "docker" "rm" "-f" "d2912c903dac9e502f3c8c877245bf4ea147fada0e4e2ac7a87844a4488784c7", kill_on_drop: false }`
[INFO] [stdout] d2912c903dac9e502f3c8c877245bf4ea147fada0e4e2ac7a87844a4488784c7
[INFO] running `Command { std: "docker" "create" "-v" "/var/lib/crater-agent-workspace/builds/worker-5-tc2/target:/opt/rustwide/target:rw,Z" "-v" "/var/lib/crater-agent-workspace/builds/worker-5-tc2/source:/opt/rustwide/workdir:ro,Z" "-v" "/var/lib/crater-agent-workspace/cargo-home:/opt/rustwide/cargo-home:ro,Z" "-v" "/var/lib/crater-agent-workspace/rustup-home:/opt/rustwide/rustup-home:ro,Z" "-e" "SOURCE_DIR=/opt/rustwide/workdir" "-e" "CARGO_TARGET_DIR=/opt/rustwide/target" "-e" "CARGO_INCREMENTAL=0" "-e" "RUST_BACKTRACE=full" "-e" "RUSTFLAGS=--cap-lints=warn" "-e" "RUSTDOCFLAGS=--cap-lints=warn" "-e" "CARGO_HOME=/opt/rustwide/cargo-home" "-e" "RUSTUP_HOME=/opt/rustwide/rustup-home" "-w" "/opt/rustwide/workdir" "-m" "1610612736" "--user" "0:0" "--network" "none" "ghcr.io/rust-lang/crates-build-env/linux@sha256:2788e3201cd34a07e3172128adcd8b3090168a8e3bcc40d7c032b9dda1df7d1c" "/opt/rustwide/cargo-home/bin/cargo" "+beta-2023-12-22" "test" "--frozen", kill_on_drop: false }`
[INFO] [stdout] 9111dd72fb7cadc8cec8b6f04d94b9d9f5f512e6a2e5dbc2abfcbc485770cdf9
[INFO] running `Command { std: "docker" "start" "-a" "9111dd72fb7cadc8cec8b6f04d94b9d9f5f512e6a2e5dbc2abfcbc485770cdf9", kill_on_drop: false }`
[INFO] [stderr] warning: unused import: `Detokenize`
[INFO] [stderr]  --> src/main.rs:5:26
[INFO] [stderr]   |
[INFO] [stderr] 5 |     abi::{Abi, EventExt, Detokenize},
[INFO] [stderr]   |                          ^^^^^^^^^^
[INFO] [stderr]   |
[INFO] [stderr]   = note: `#[warn(unused_imports)]` on by default
[INFO] [stderr] 
[INFO] [stderr] warning: unused imports: `Deserialize`, `Serialize`
[INFO] [stderr]   --> src/main.rs:10:13
[INFO] [stderr]    |
[INFO] [stderr] 10 | use serde::{Serialize, Deserialize};
[INFO] [stderr]    |             ^^^^^^^^^  ^^^^^^^^^^^
[INFO] [stderr] 
[INFO] [stderr] warning: unused imports: `Datelike`, `NaiveDate`, `Utc`
[INFO] [stderr]   --> src/main.rs:11:14
[INFO] [stderr]    |
[INFO] [stderr] 11 | use chrono::{Utc, NaiveDate, Datelike};
[INFO] [stderr]    |              ^^^  ^^^^^^^^^  ^^^^^^^^
[INFO] [stderr] 
[INFO] [stderr] warning: unused import: `std::io::Write`
[INFO] [stderr]   --> src/main.rs:12:5
[INFO] [stderr]    |
[INFO] [stderr] 12 | use std::io::Write;
[INFO] [stderr]    |     ^^^^^^^^^^^^^^
[INFO] [stderr] 
[INFO] [stderr] warning: unused import: `NaiveDateTime`
[INFO] [stderr]  --> src/data_store.rs:4:19
[INFO] [stderr]   |
[INFO] [stderr] 4 | use chrono::{Utc, NaiveDateTime, Datelike};
[INFO] [stderr]   |                   ^^^^^^^^^^^^^
[INFO] [stderr] 
[INFO] [stderr] warning: unused imports: `Abi`, `Detokenize`, `Filter`, `Provider`, `Ws`
[INFO] [stderr]  --> src/log_processing.rs:2:19
[INFO] [stderr]   |
[INFO] [stderr] 2 |     core::types::{Filter, Log, H160, U256},
[INFO] [stderr]   |                   ^^^^^^
[INFO] [stderr] 3 |     providers::{Provider, Ws},
[INFO] [stderr]   |                 ^^^^^^^^  ^^
[INFO] [stderr] 4 |     prelude::*,
[INFO] [stderr] 5 |     abi::{Abi, RawLog, EventExt, Detokenize, Token, ethabi, Event},
[INFO] [stderr]   |           ^^^                    ^^^^^^^^^^
[INFO] [stderr] 
[INFO] [stderr] warning: unused import: `dotenv::dotenv`
[INFO] [stderr]   --> src/log_processing.rs:10:5
[INFO] [stderr]    |
[INFO] [stderr] 10 | use dotenv::dotenv;
[INFO] [stderr]    |     ^^^^^^^^^^^^^^
[INFO] [stderr] 
[INFO] [stderr] warning: unused imports: `Deserialize`, `Serialize`
[INFO] [stderr]   --> src/log_processing.rs:11:13
[INFO] [stderr]    |
[INFO] [stderr] 11 | use serde::{Serialize, Deserialize};
[INFO] [stderr]    |             ^^^^^^^^^  ^^^^^^^^^^^
[INFO] [stderr] 
[INFO] [stderr] warning: unused import: `std::io`
[INFO] [stderr]   --> src/log_processing.rs:13:5
[INFO] [stderr]    |
[INFO] [stderr] 13 | use std::io;
[INFO] [stderr]    |     ^^^^^^^
[INFO] [stderr] 
[INFO] [stderr] warning: unused import: `std::path::Path`
[INFO] [stderr]   --> src/log_processing.rs:14:5
[INFO] [stderr]    |
[INFO] [stderr] 14 | use std::path::Path;
[INFO] [stderr]    |     ^^^^^^^^^^^^^^^
[INFO] [stderr] 
[INFO] [stderr] warning: unused imports: `Datelike`, `NaiveDate`, `Utc`
[INFO] [stderr]   --> src/log_processing.rs:15:14
[INFO] [stderr]    |
[INFO] [stderr] 15 | use chrono::{Utc, NaiveDate, Datelike};
[INFO] [stderr]    |              ^^^  ^^^^^^^^^  ^^^^^^^^
[INFO] [stderr] 
[INFO] [stderr] warning: unused import: `std::io::Write`
[INFO] [stderr]   --> src/log_processing.rs:16:5
[INFO] [stderr]    |
[INFO] [stderr] 16 | use std::io::Write;
[INFO] [stderr]    |     ^^^^^^^^^^^^^^
[INFO] [stderr] 
[INFO] [stderr] warning: unused import: `crate::data_store::store_decoded_data`
[INFO] [stderr]   --> src/log_processing.rs:21:5
[INFO] [stderr]    |
[INFO] [stderr] 21 | use crate::data_store::store_decoded_data;
[INFO] [stderr]    |     ^^^^^^^^^^^^^^^^^^^^^^^^^^^^^^^^^^^^^
[INFO] [stderr] 
[INFO] [stderr] warning: unused import: `crate::utils::pretty_print_log`
[INFO] [stderr]   --> src/main.rs:22:5
[INFO] [stderr]    |
[INFO] [stderr] 22 | use crate::utils::pretty_print_log;
[INFO] [stderr]    |     ^^^^^^^^^^^^^^^^^^^^^^^^^^^^^^
[INFO] [stderr] 
[INFO] [stderr] warning: unreachable expression
[INFO] [stderr]   --> src/main.rs:94:5
[INFO] [stderr]    |
[INFO] [stderr] 68 | /     loop {
[INFO] [stderr] 69 | |         if let Some(log) = logs_stream.next().await {
[INFO] [stderr] 70 | |             // println!("Mock Log:\n{:?}", pretty_print_log(&log));  // used for unit test creation
[INFO] [stderr] 71 | |             if !map_created {
[INFO] [stderr] ...  |
[INFO] [stderr] 92 | |         }
[INFO] [stderr] 93 | |     }
[INFO] [stderr]    | |_____- any code following this expression is unreachable
[INFO] [stderr] 94 |       Ok(())
[INFO] [stderr]    |       ^^^^^^ unreachable expression
[INFO] [stderr]    |
[INFO] [stderr]    = note: `#[warn(unreachable_code)]` on by default
[INFO] [stderr] 
[INFO] [stderr] warning: unused variable: `successfully_decoded`
[INFO] [stderr]    --> src/log_processing.rs:117:13
[INFO] [stderr]     |
[INFO] [stderr] 117 |     let mut successfully_decoded = false;
[INFO] [stderr]     |             ^^^^^^^^^^^^^^^^^^^^ help: if this is intentional, prefix it with an underscore: `_successfully_decoded`
[INFO] [stderr]     |
[INFO] [stderr]     = note: `#[warn(unused_variables)]` on by default
[INFO] [stderr] 
[INFO] [stderr] warning: variable does not need to be mutable
[INFO] [stderr]    --> src/log_processing.rs:117:9
[INFO] [stderr]     |
[INFO] [stderr] 117 |     let mut successfully_decoded = false;
[INFO] [stderr]     |         ----^^^^^^^^^^^^^^^^^^^^
[INFO] [stderr]     |         |
[INFO] [stderr]     |         help: remove this `mut`
[INFO] [stderr]     |
[INFO] [stderr]     = note: `#[warn(unused_mut)]` on by default
[INFO] [stderr] 
[INFO] [stderr] warning: function `get_contract_abi` is never used
[INFO] [stderr]  --> src/etherscan.rs:8:8
[INFO] [stderr]   |
[INFO] [stderr] 8 | pub fn get_contract_abi(contract_address: &str) -> Result<Value, Box<dyn std::error::Error>> {
[INFO] [stderr]   |        ^^^^^^^^^^^^^^^^
[INFO] [stderr]   |
[INFO] [stderr]   = note: `#[warn(dead_code)]` on by default
[INFO] [stderr] 
[INFO] [stderr] warning: function `keccak256` is never used
[INFO] [stderr]  --> src/test_sig_match.rs:5:4
[INFO] [stderr]   |
[INFO] [stderr] 5 | fn keccak256(data: &[u8]) -> [u8; 32] {
[INFO] [stderr]   |    ^^^^^^^^^
[INFO] [stderr] 
[INFO] [stderr] warning: function `test_hash` is never used
[INFO] [stderr]   --> src/test_sig_match.rs:13:8
[INFO] [stderr]    |
[INFO] [stderr] 13 | pub fn test_hash() {
[INFO] [stderr]    |        ^^^^^^^^^
[INFO] [stderr] 
[INFO] [stderr] warning: function `pretty_print_log` is never used
[INFO] [stderr]   --> src/utils.rs:26:8
[INFO] [stderr]    |
[INFO] [stderr] 26 | pub fn pretty_print_log(log: &Log)  {
[INFO] [stderr]    |        ^^^^^^^^^^^^^^^^
[INFO] [stderr] 
[INFO] [stderr] warning: structure field `sqrtPriceX96` should have a snake case name
[INFO] [stderr]   --> src/data_store.rs:16:9
[INFO] [stderr]    |
[INFO] [stderr] 16 |     pub sqrtPriceX96: u128,
[INFO] [stderr]    |         ^^^^^^^^^^^^ help: convert the identifier to snake case: `sqrt_price_x96`
[INFO] [stderr]    |
[INFO] [stderr]    = note: `#[warn(non_snake_case)]` on by default
[INFO] [stderr] 
[INFO] [stderr] warning: variable `sqrtPriceX96` should have a snake case name
[INFO] [stderr]   --> src/log_processing.rs:41:13
[INFO] [stderr]    |
[INFO] [stderr] 41 |     let mut sqrtPriceX96: u128 = 0;
[INFO] [stderr]    |             ^^^^^^^^^^^^ help: convert the identifier to snake case: `sqrt_price_x96`
[INFO] [stderr] 
[INFO] [stderr] warning: `tasks` (bin "tasks" test) generated 23 warnings (run `cargo fix --bin "tasks" --tests` to apply 16 suggestions)
[INFO] [stderr]     Finished test [unoptimized + debuginfo] target(s) in 0.33s
[INFO] [stderr]      Running unittests src/main.rs (/opt/rustwide/target/debug/deps/tasks-b1e0fdc76427805f)
[INFO] [stdout] 
[INFO] [stdout] running 2 tests
[INFO] [stdout] test log_processing::tests::test_process_log ... ok
[INFO] [stdout] test tests::test_websocket_connection ... FAILED
[INFO] [stdout] 
[INFO] [stdout] failures:
[INFO] [stdout] 
[INFO] [stdout] ---- tests::test_websocket_connection stdout ----
[INFO] [stdout] thread 'tests::test_websocket_connection' panicked at src/main.rs:139:63:
[INFO] [stdout] INFURA_API_KEY not set: NotPresent
[INFO] [stdout] stack backtrace:
[INFO] [stdout]    0:     0x55b5354bfb96 - std::backtrace_rs::backtrace::libunwind::trace::h261606ad26a499c1
[INFO] [stdout]                                at /rustc/0e09125c6c3c2fd70d7de961bcf0e51575235fad/library/std/src/../../backtrace/src/backtrace/libunwind.rs:104:5
[INFO] [stdout]    1:     0x55b5354bfb96 - std::backtrace_rs::backtrace::trace_unsynchronized::hd183f0625477fb28
[INFO] [stdout]                                at /rustc/0e09125c6c3c2fd70d7de961bcf0e51575235fad/library/std/src/../../backtrace/src/backtrace/mod.rs:66:5
[INFO] [stdout]    2:     0x55b5354bfb96 - std::sys_common::backtrace::_print_fmt::hd7f8fef21b4eda67
[INFO] [stdout]                                at /rustc/0e09125c6c3c2fd70d7de961bcf0e51575235fad/library/std/src/sys_common/backtrace.rs:68:5
[INFO] [stdout]    3:     0x55b5354bfb96 - <std::sys_common::backtrace::_print::DisplayBacktrace as core::fmt::Display>::fmt::h623d9b51f2f453f1
[INFO] [stdout]                                at /rustc/0e09125c6c3c2fd70d7de961bcf0e51575235fad/library/std/src/sys_common/backtrace.rs:44:22
[INFO] [stdout]    4:     0x55b5354ebbe0 - core::fmt::rt::Argument::fmt::h9f417ac76a86f368
[INFO] [stdout]                                at /rustc/0e09125c6c3c2fd70d7de961bcf0e51575235fad/library/core/src/fmt/rt.rs:142:9
[INFO] [stdout]    5:     0x55b5354ebbe0 - core::fmt::write::hc9b6faf4ac2aeff7
[INFO] [stdout]                                at /rustc/0e09125c6c3c2fd70d7de961bcf0e51575235fad/library/core/src/fmt/mod.rs:1120:17
[INFO] [stdout]    6:     0x55b5354bcb6f - std::io::Write::write_fmt::he04625a3a989fec3
[INFO] [stdout]                                at /rustc/0e09125c6c3c2fd70d7de961bcf0e51575235fad/library/std/src/io/mod.rs:1810:15
[INFO] [stdout]    7:     0x55b5354bf974 - std::sys_common::backtrace::_print::hd5d66399c7df88a2
[INFO] [stdout]                                at /rustc/0e09125c6c3c2fd70d7de961bcf0e51575235fad/library/std/src/sys_common/backtrace.rs:47:5
[INFO] [stdout]    8:     0x55b5354bf974 - std::sys_common::backtrace::print::he81ed2da642d37e5
[INFO] [stdout]                                at /rustc/0e09125c6c3c2fd70d7de961bcf0e51575235fad/library/std/src/sys_common/backtrace.rs:34:9
[INFO] [stdout]    9:     0x55b5354c16e7 - std::panicking::default_hook::{{closure}}::h85773f4fa117163d
[INFO] [stdout]   10:     0x55b5354c13cd - std::panicking::default_hook::h6a1694a91d09b278
[INFO] [stdout]                                at /rustc/0e09125c6c3c2fd70d7de961bcf0e51575235fad/library/std/src/panicking.rs:289:9
[INFO] [stdout]   11:     0x55b534fb3257 - <alloc::boxed::Box<F,A> as core::ops::function::Fn<Args>>::call::h616ac37fa3cd6c8f
[INFO] [stdout]                                at /rustc/0e09125c6c3c2fd70d7de961bcf0e51575235fad/library/alloc/src/boxed.rs:2029:9
[INFO] [stdout]   12:     0x55b534fb3257 - test::test_main::{{closure}}::h00d84697cefdcbb6
[INFO] [stdout]                                at /rustc/0e09125c6c3c2fd70d7de961bcf0e51575235fad/library/test/src/lib.rs:138:21
[INFO] [stdout]   13:     0x55b5354c1d06 - <alloc::boxed::Box<F,A> as core::ops::function::Fn<Args>>::call::hcb3fe3b9bb537ba8
[INFO] [stdout]                                at /rustc/0e09125c6c3c2fd70d7de961bcf0e51575235fad/library/alloc/src/boxed.rs:2029:9
[INFO] [stdout]   14:     0x55b5354c1d06 - std::panicking::rust_panic_with_hook::h0a7ad96e90f7145b
[INFO] [stdout]                                at /rustc/0e09125c6c3c2fd70d7de961bcf0e51575235fad/library/std/src/panicking.rs:783:13
[INFO] [stdout]   15:     0x55b5354c1a52 - std::panicking::begin_panic_handler::{{closure}}::h7919090525c6485e
[INFO] [stdout]                                at /rustc/0e09125c6c3c2fd70d7de961bcf0e51575235fad/library/std/src/panicking.rs:657:13
[INFO] [stdout]   16:     0x55b5354c0096 - std::sys_common::backtrace::__rust_end_short_backtrace::hf3289479464f7dfe
[INFO] [stdout]                                at /rustc/0e09125c6c3c2fd70d7de961bcf0e51575235fad/library/std/src/sys_common/backtrace.rs:171:18
[INFO] [stdout]   17:     0x55b5354c17b0 - rust_begin_unwind
[INFO] [stdout]                                at /rustc/0e09125c6c3c2fd70d7de961bcf0e51575235fad/library/std/src/panicking.rs:645:5
[INFO] [stdout]   18:     0x55b534f396b5 - core::panicking::panic_fmt::hcc9f77c5c132af55
[INFO] [stdout]                                at /rustc/0e09125c6c3c2fd70d7de961bcf0e51575235fad/library/core/src/panicking.rs:72:14
[INFO] [stdout]   19:     0x55b534f39cf3 - core::result::unwrap_failed::hbe14f498be1452f9
[INFO] [stdout]                                at /rustc/0e09125c6c3c2fd70d7de961bcf0e51575235fad/library/core/src/result.rs:1649:5
[INFO] [stdout]   20:     0x55b534f4fda6 - core::result::Result<T,E>::expect::hf5aa35fbdcb69316
[INFO] [stdout]                                at /rustc/0e09125c6c3c2fd70d7de961bcf0e51575235fad/library/core/src/result.rs:1030:23
[INFO] [stdout]   21:     0x55b534f69409 - tasks::tests::test_websocket_connection::{{closure}}::ha48e8f0bd77480a3
[INFO] [stdout]                                at /opt/rustwide/workdir/src/main.rs:139:31
[INFO] [stdout]   22:     0x55b534f54ecd - <core::pin::Pin<P> as core::future::future::Future>::poll::ha8dc339802beed02
[INFO] [stdout]                                at /rustc/0e09125c6c3c2fd70d7de961bcf0e51575235fad/library/core/src/future/future.rs:124:9
[INFO] [stdout]   23:     0x55b534f5500a - <core::pin::Pin<P> as core::future::future::Future>::poll::hdd6ded36007a5630
[INFO] [stdout]                                at /rustc/0e09125c6c3c2fd70d7de961bcf0e51575235fad/library/core/src/future/future.rs:124:9
[INFO] [stdout]   24:     0x55b534f54bc3 - tokio::runtime::scheduler::current_thread::CoreGuard::block_on::{{closure}}::{{closure}}::{{closure}}::h838ae4f3268bf68f
[INFO] [stdout]                                at /opt/rustwide/cargo-home/registry/src/index.crates.io-6f17d22bba15001f/tokio-1.33.0/src/runtime/scheduler/current_thread/mod.rs:665:57
[INFO] [stdout]   25:     0x55b534f5487f - tokio::runtime::coop::with_budget::h69e36a020f9c1632
[INFO] [stdout]                                at /opt/rustwide/cargo-home/registry/src/index.crates.io-6f17d22bba15001f/tokio-1.33.0/src/runtime/coop.rs:107:5
[INFO] [stdout]   26:     0x55b534f5487f - tokio::runtime::coop::budget::hf6a4b01015a27bdb
[INFO] [stdout]                                at /opt/rustwide/cargo-home/registry/src/index.crates.io-6f17d22bba15001f/tokio-1.33.0/src/runtime/coop.rs:73:5
[INFO] [stdout]   27:     0x55b534f5487f - tokio::runtime::scheduler::current_thread::CoreGuard::block_on::{{closure}}::{{closure}}::h10687a6d9d282dc1
[INFO] [stdout]                                at /opt/rustwide/cargo-home/registry/src/index.crates.io-6f17d22bba15001f/tokio-1.33.0/src/runtime/scheduler/current_thread/mod.rs:665:25
[INFO] [stdout]   28:     0x55b534f51bed - tokio::runtime::scheduler::current_thread::Context::enter::hb30293fa4a385690
[INFO] [stdout]                                at /opt/rustwide/cargo-home/registry/src/index.crates.io-6f17d22bba15001f/tokio-1.33.0/src/runtime/scheduler/current_thread/mod.rs:410:19
[INFO] [stdout]   29:     0x55b534f535de - tokio::runtime::scheduler::current_thread::CoreGuard::block_on::{{closure}}::hb8e4dea8806490e9
[INFO] [stdout]                                at /opt/rustwide/cargo-home/registry/src/index.crates.io-6f17d22bba15001f/tokio-1.33.0/src/runtime/scheduler/current_thread/mod.rs:664:36
[INFO] [stdout]   30:     0x55b534f531e2 - tokio::runtime::scheduler::current_thread::CoreGuard::enter::{{closure}}::h84077c5ab08e09e1
[INFO] [stdout]                                at /opt/rustwide/cargo-home/registry/src/index.crates.io-6f17d22bba15001f/tokio-1.33.0/src/runtime/scheduler/current_thread/mod.rs:743:68
[INFO] [stdout]   31:     0x55b534f76c0a - tokio::runtime::context::scoped::Scoped<T>::set::h550c32a1de437caa
[INFO] [stdout]                                at /opt/rustwide/cargo-home/registry/src/index.crates.io-6f17d22bba15001f/tokio-1.33.0/src/runtime/context/scoped.rs:40:9
[INFO] [stdout]   32:     0x55b534f662fa - tokio::runtime::context::set_scheduler::{{closure}}::h35a5de1145b71f2f
[INFO] [stdout]                                at /opt/rustwide/cargo-home/registry/src/index.crates.io-6f17d22bba15001f/tokio-1.33.0/src/runtime/context.rs:176:26
[INFO] [stdout]   33:     0x55b534f753f8 - std::thread::local::LocalKey<T>::try_with::hac7a7f2b0c8fc4b3
[INFO] [stdout]                                at /rustc/0e09125c6c3c2fd70d7de961bcf0e51575235fad/library/std/src/thread/local.rs:270:16
[INFO] [stdout]   34:     0x55b534f7455c - std::thread::local::LocalKey<T>::with::hb8867b7ce6ab1467
[INFO] [stdout]                                at /rustc/0e09125c6c3c2fd70d7de961bcf0e51575235fad/library/std/src/thread/local.rs:246:9
[INFO] [stdout]   35:     0x55b534f66251 - tokio::runtime::context::set_scheduler::h624b884dd440b5fe
[INFO] [stdout]                                at /opt/rustwide/cargo-home/registry/src/index.crates.io-6f17d22bba15001f/tokio-1.33.0/src/runtime/context.rs:176:9
[INFO] [stdout]   36:     0x55b534f52ade - tokio::runtime::scheduler::current_thread::CoreGuard::enter::h2ef549996e85263a
[INFO] [stdout]                                at /opt/rustwide/cargo-home/registry/src/index.crates.io-6f17d22bba15001f/tokio-1.33.0/src/runtime/scheduler/current_thread/mod.rs:743:27
[INFO] [stdout]   37:     0x55b534f53258 - tokio::runtime::scheduler::current_thread::CoreGuard::block_on::h8d19de236e9627c2
[INFO] [stdout]                                at /opt/rustwide/cargo-home/registry/src/index.crates.io-6f17d22bba15001f/tokio-1.33.0/src/runtime/scheduler/current_thread/mod.rs:652:19
[INFO] [stdout]   38:     0x55b534f510d3 - tokio::runtime::scheduler::current_thread::CurrentThread::block_on::{{closure}}::hb2ff7047459395f7
[INFO] [stdout]                                at /opt/rustwide/cargo-home/registry/src/index.crates.io-6f17d22bba15001f/tokio-1.33.0/src/runtime/scheduler/current_thread/mod.rs:175:28
[INFO] [stdout]   39:     0x55b534f7d096 - tokio::runtime::context::runtime::enter_runtime::h94194c59171c4840
[INFO] [stdout]                                at /opt/rustwide/cargo-home/registry/src/index.crates.io-6f17d22bba15001f/tokio-1.33.0/src/runtime/context/runtime.rs:65:16
[INFO] [stdout]   40:     0x55b534f50a97 - tokio::runtime::scheduler::current_thread::CurrentThread::block_on::h1537d9d7c19a2402
[INFO] [stdout]                                at /opt/rustwide/cargo-home/registry/src/index.crates.io-6f17d22bba15001f/tokio-1.33.0/src/runtime/scheduler/current_thread/mod.rs:167:9
[INFO] [stdout]   41:     0x55b534f7db5f - tokio::runtime::runtime::Runtime::block_on::hb3407958d08b544b
[INFO] [stdout]                                at /opt/rustwide/cargo-home/registry/src/index.crates.io-6f17d22bba15001f/tokio-1.33.0/src/runtime/runtime.rs:348:47
[INFO] [stdout]   42:     0x55b534f6918b - tasks::tests::test_websocket_connection::h1dd790e67ef1ebe7
[INFO] [stdout]                                at /opt/rustwide/workdir/src/main.rs:170:9
[INFO] [stdout]   43:     0x55b534f68fe7 - tasks::tests::test_websocket_connection::{{closure}}::h24926c395afb32c6
[INFO] [stdout]                                at /opt/rustwide/workdir/src/main.rs:137:45
[INFO] [stdout]   44:     0x55b534f49346 - core::ops::function::FnOnce::call_once::h2cf1455eeb0e616e
[INFO] [stdout]                                at /rustc/0e09125c6c3c2fd70d7de961bcf0e51575235fad/library/core/src/ops/function.rs:250:5
[INFO] [stdout]   45:     0x55b534fb8b2f - core::ops::function::FnOnce::call_once::hd64d26f405258157
[INFO] [stdout]                                at /rustc/0e09125c6c3c2fd70d7de961bcf0e51575235fad/library/core/src/ops/function.rs:250:5
[INFO] [stdout]   46:     0x55b534fb8b2f - test::__rust_begin_short_backtrace::he21b0b7a6d731bf9
[INFO] [stdout]                                at /rustc/0e09125c6c3c2fd70d7de961bcf0e51575235fad/library/test/src/lib.rs:627:18
[INFO] [stdout]   47:     0x55b534fb78b1 - test::run_test_in_process::{{closure}}::hf5c73986d7bdfde2
[INFO] [stdout]                                at /rustc/0e09125c6c3c2fd70d7de961bcf0e51575235fad/library/test/src/lib.rs:650:60
[INFO] [stdout]   48:     0x55b534fb78b1 - <core::panic::unwind_safe::AssertUnwindSafe<F> as core::ops::function::FnOnce<()>>::call_once::h330011ad032aadc0
[INFO] [stdout]                                at /rustc/0e09125c6c3c2fd70d7de961bcf0e51575235fad/library/core/src/panic/unwind_safe.rs:272:9
[INFO] [stdout]   49:     0x55b534fb78b1 - std::panicking::try::do_call::he61b0a958b795a41
[INFO] [stdout]                                at /rustc/0e09125c6c3c2fd70d7de961bcf0e51575235fad/library/std/src/panicking.rs:552:40
[INFO] [stdout]   50:     0x55b534fb78b1 - std::panicking::try::h7309da130f906eb7
[INFO] [stdout]                                at /rustc/0e09125c6c3c2fd70d7de961bcf0e51575235fad/library/std/src/panicking.rs:516:19
[INFO] [stdout]   51:     0x55b534fb78b1 - std::panic::catch_unwind::hc5c3a06fdaf0a92a
[INFO] [stdout]                                at /rustc/0e09125c6c3c2fd70d7de961bcf0e51575235fad/library/std/src/panic.rs:142:14
[INFO] [stdout]   52:     0x55b534fb78b1 - test::run_test_in_process::h7e7b7c71c3324e0f
[INFO] [stdout]                                at /rustc/0e09125c6c3c2fd70d7de961bcf0e51575235fad/library/test/src/lib.rs:650:27
[INFO] [stdout]   53:     0x55b534fb78b1 - test::run_test::{{closure}}::h1f509f28f5cf20b1
[INFO] [stdout]                                at /rustc/0e09125c6c3c2fd70d7de961bcf0e51575235fad/library/test/src/lib.rs:573:43
[INFO] [stdout]   54:     0x55b534f7ebe6 - test::run_test::{{closure}}::h1754218abf443f6d
[INFO] [stdout]                                at /rustc/0e09125c6c3c2fd70d7de961bcf0e51575235fad/library/test/src/lib.rs:601:41
[INFO] [stdout]   55:     0x55b534f7ebe6 - std::sys_common::backtrace::__rust_begin_short_backtrace::h2ee174b9d5954948
[INFO] [stdout]                                at /rustc/0e09125c6c3c2fd70d7de961bcf0e51575235fad/library/std/src/sys_common/backtrace.rs:155:18
[INFO] [stdout]   56:     0x55b534f83c47 - std::thread::Builder::spawn_unchecked_::{{closure}}::{{closure}}::hf60bee9c1a17ef09
[INFO] [stdout]                                at /rustc/0e09125c6c3c2fd70d7de961bcf0e51575235fad/library/std/src/thread/mod.rs:529:17
[INFO] [stdout]   57:     0x55b534f83c47 - <core::panic::unwind_safe::AssertUnwindSafe<F> as core::ops::function::FnOnce<()>>::call_once::h33d0dddec5216160
[INFO] [stdout]                                at /rustc/0e09125c6c3c2fd70d7de961bcf0e51575235fad/library/core/src/panic/unwind_safe.rs:272:9
[INFO] [stdout]   58:     0x55b534f83c47 - std::panicking::try::do_call::h144b3048b546f835
[INFO] [stdout]                                at /rustc/0e09125c6c3c2fd70d7de961bcf0e51575235fad/library/std/src/panicking.rs:552:40
[INFO] [stdout]   59:     0x55b534f83c47 - std::panicking::try::h978244d04646189f
[INFO] [stdout]                                at /rustc/0e09125c6c3c2fd70d7de961bcf0e51575235fad/library/std/src/panicking.rs:516:19
[INFO] [stdout]   60:     0x55b534f83c47 - std::panic::catch_unwind::hdf436369d188fe86
[INFO] [stdout]                                at /rustc/0e09125c6c3c2fd70d7de961bcf0e51575235fad/library/std/src/panic.rs:142:14
[INFO] [stdout]   61:     0x55b534f83c47 - std::thread::Builder::spawn_unchecked_::{{closure}}::h87329cbdd33c79ec
[INFO] [stdout]                                at /rustc/0e09125c6c3c2fd70d7de961bcf0e51575235fad/library/std/src/thread/mod.rs:528:30
[INFO] [stdout]   62:     0x55b534f83c47 - core::ops::function::FnOnce::call_once{{vtable.shim}}::h401abbe67897d450
[INFO] [stdout]                                at /rustc/0e09125c6c3c2fd70d7de961bcf0e51575235fad/library/core/src/ops/function.rs:250:5
[INFO] [stdout]   63:     0x55b5354c6a45 - <alloc::boxed::Box<F,A> as core::ops::function::FnOnce<Args>>::call_once::h5d7c8f150ab9c84c
[INFO] [stdout]                                at /rustc/0e09125c6c3c2fd70d7de961bcf0e51575235fad/library/alloc/src/boxed.rs:2015:9
[INFO] [stdout]   64:     0x55b5354c6a45 - <alloc::boxed::Box<F,A> as core::ops::function::FnOnce<Args>>::call_once::h570d5b005c242c15
[INFO] [stdout]                                at /rustc/0e09125c6c3c2fd70d7de961bcf0e51575235fad/library/alloc/src/boxed.rs:2015:9
[INFO] [stdout]   65:     0x55b5354c6a45 - std::sys::unix::thread::Thread::new::thread_start::h36b0a20c0b2361ad
[INFO] [stdout]                                at /rustc/0e09125c6c3c2fd70d7de961bcf0e51575235fad/library/std/src/sys/unix/thread.rs:108:17
[INFO] [stdout]   66:     0x7f8c48e70ac3 - <unknown>
[INFO] [stdout]   67:     0x7f8c48f01bf4 - __clone
[INFO] [stdout]   68:                0x0 - <unknown>
[INFO] [stdout] 
[INFO] [stdout] 
[INFO] [stdout] failures:
[INFO] [stdout]     tests::test_websocket_connection
[INFO] [stdout] 
[INFO] [stdout] test result: FAILED. 1 passed; 1 failed; 0 ignored; 0 measured; 0 filtered out; finished in 0.13s
[INFO] [stdout] 
[INFO] [stderr] error: test failed, to rerun pass `--bin tasks`
[INFO] running `Command { std: "docker" "inspect" "9111dd72fb7cadc8cec8b6f04d94b9d9f5f512e6a2e5dbc2abfcbc485770cdf9", kill_on_drop: false }`
[INFO] running `Command { std: "docker" "rm" "-f" "9111dd72fb7cadc8cec8b6f04d94b9d9f5f512e6a2e5dbc2abfcbc485770cdf9", kill_on_drop: false }`
[INFO] [stdout] 9111dd72fb7cadc8cec8b6f04d94b9d9f5f512e6a2e5dbc2abfcbc485770cdf9
