[INFO] cloning repository https://github.com/vishusandy/mazes
[INFO] running `Command { std: "git" "-c" "credential.helper=" "-c" "credential.helper=/workspace/cargo-home/bin/git-credential-null" "clone" "--bare" "https://github.com/vishusandy/mazes" "/workspace/cache/git-repos/https%3A%2F%2Fgithub.com%2Fvishusandy%2Fmazes", kill_on_drop: false }`
[INFO] [stderr] Cloning into bare repository '/workspace/cache/git-repos/https%3A%2F%2Fgithub.com%2Fvishusandy%2Fmazes'...
[INFO] running `Command { std: "git" "rev-parse" "HEAD", kill_on_drop: false }`
[INFO] [stdout] a17605161306e9fefe24240c7f1c5a1aee8b57c2
[INFO] testing vishusandy/mazes against 1.75.0 for beta-1.76-1
[INFO] running `Command { std: "git" "clone" "/workspace/cache/git-repos/https%3A%2F%2Fgithub.com%2Fvishusandy%2Fmazes" "/workspace/builds/worker-6-tc1/source", kill_on_drop: false }`
[INFO] [stderr] Cloning into '/workspace/builds/worker-6-tc1/source'...
[INFO] [stderr] done.
[INFO] validating manifest of git repo https://github.com/vishusandy/mazes on toolchain 1.75.0
[INFO] running `Command { std: CARGO_HOME="/workspace/cargo-home" RUSTUP_HOME="/workspace/rustup-home" "/workspace/cargo-home/bin/cargo" "+1.75.0" "metadata" "--manifest-path" "Cargo.toml" "--no-deps", kill_on_drop: false }`
[INFO] started tweaking git repo https://github.com/vishusandy/mazes
[INFO] finished tweaking git repo https://github.com/vishusandy/mazes
[INFO] tweaked toml for git repo https://github.com/vishusandy/mazes written to /workspace/builds/worker-6-tc1/source/Cargo.toml
[INFO] running `Command { std: CARGO_HOME="/workspace/cargo-home" RUSTUP_HOME="/workspace/rustup-home" "/workspace/cargo-home/bin/cargo" "+1.75.0" "generate-lockfile" "--manifest-path" "Cargo.toml", kill_on_drop: false }`
[INFO] [stderr]     Updating crates.io index
[INFO] running `Command { std: CARGO_HOME="/workspace/cargo-home" RUSTUP_HOME="/workspace/rustup-home" "/workspace/cargo-home/bin/cargo" "+1.75.0" "fetch" "--manifest-path" "Cargo.toml", kill_on_drop: false }`
[INFO] [stderr]  Downloading crates ...
[INFO] [stderr]   Downloaded parse-display v0.5.5
[INFO] [stderr]   Downloaded sealed v0.3.0
[INFO] [stderr]   Downloaded parse-display-derive v0.5.5
[INFO] [stderr]   Downloaded webp-animation v0.5.0
[INFO] running `Command { std: "docker" "create" "-v" "/var/lib/crater-agent-workspace/builds/worker-6-tc1/target:/opt/rustwide/target:rw,Z" "-v" "/var/lib/crater-agent-workspace/builds/worker-6-tc1/source:/opt/rustwide/workdir:ro,Z" "-v" "/var/lib/crater-agent-workspace/cargo-home:/opt/rustwide/cargo-home:ro,Z" "-v" "/var/lib/crater-agent-workspace/rustup-home:/opt/rustwide/rustup-home:ro,Z" "-e" "SOURCE_DIR=/opt/rustwide/workdir" "-e" "CARGO_TARGET_DIR=/opt/rustwide/target" "-e" "CARGO_HOME=/opt/rustwide/cargo-home" "-e" "RUSTUP_HOME=/opt/rustwide/rustup-home" "-w" "/opt/rustwide/workdir" "-m" "1610612736" "--user" "0:0" "--network" "none" "ghcr.io/rust-lang/crates-build-env/linux@sha256:2788e3201cd34a07e3172128adcd8b3090168a8e3bcc40d7c032b9dda1df7d1c" "/opt/rustwide/cargo-home/bin/cargo" "+1.75.0" "metadata" "--no-deps" "--format-version=1", kill_on_drop: false }`
[INFO] [stdout] 438b4930e3829c74959836e65ef3dd0596a839dd942d0aaec101ad5d4c41f1bd
[INFO] running `Command { std: "docker" "start" "-a" "438b4930e3829c74959836e65ef3dd0596a839dd942d0aaec101ad5d4c41f1bd", kill_on_drop: false }`
[INFO] running `Command { std: "docker" "inspect" "438b4930e3829c74959836e65ef3dd0596a839dd942d0aaec101ad5d4c41f1bd", kill_on_drop: false }`
[INFO] running `Command { std: "docker" "rm" "-f" "438b4930e3829c74959836e65ef3dd0596a839dd942d0aaec101ad5d4c41f1bd", kill_on_drop: false }`
[INFO] [stdout] 438b4930e3829c74959836e65ef3dd0596a839dd942d0aaec101ad5d4c41f1bd
[INFO] running `Command { std: "docker" "create" "-v" "/var/lib/crater-agent-workspace/builds/worker-6-tc1/target:/opt/rustwide/target:rw,Z" "-v" "/var/lib/crater-agent-workspace/builds/worker-6-tc1/source:/opt/rustwide/workdir:ro,Z" "-v" "/var/lib/crater-agent-workspace/cargo-home:/opt/rustwide/cargo-home:ro,Z" "-v" "/var/lib/crater-agent-workspace/rustup-home:/opt/rustwide/rustup-home:ro,Z" "-e" "SOURCE_DIR=/opt/rustwide/workdir" "-e" "CARGO_TARGET_DIR=/opt/rustwide/target" "-e" "CARGO_INCREMENTAL=0" "-e" "RUST_BACKTRACE=full" "-e" "RUSTFLAGS=--cap-lints=warn" "-e" "RUSTDOCFLAGS=--cap-lints=warn" "-e" "CARGO_HOME=/opt/rustwide/cargo-home" "-e" "RUSTUP_HOME=/opt/rustwide/rustup-home" "-w" "/opt/rustwide/workdir" "-m" "1610612736" "--user" "0:0" "--network" "none" "ghcr.io/rust-lang/crates-build-env/linux@sha256:2788e3201cd34a07e3172128adcd8b3090168a8e3bcc40d7c032b9dda1df7d1c" "/opt/rustwide/cargo-home/bin/cargo" "+1.75.0" "build" "--frozen" "--message-format=json", kill_on_drop: false }`
[INFO] [stdout] 8a673ce756205cb8ab7c86fe768bc6038801c4e5a67a2fc00170249cea884f19
[INFO] running `Command { std: "docker" "start" "-a" "8a673ce756205cb8ab7c86fe768bc6038801c4e5a67a2fc00170249cea884f19", kill_on_drop: false }`
[INFO] [stderr]    Compiling autocfg v1.1.0
[INFO] [stderr]    Compiling cfg-if v1.0.0
[INFO] [stderr]    Compiling libc v0.2.151
[INFO] [stderr]    Compiling proc-macro2 v1.0.76
[INFO] [stderr]    Compiling unicode-ident v1.0.12
[INFO] [stderr]    Compiling crossbeam-utils v0.8.18
[INFO] [stderr]    Compiling getrandom v0.1.16
[INFO] [stderr]    Compiling syn v1.0.109
[INFO] [stderr]    Compiling rayon-core v1.12.0
[INFO] [stderr]    Compiling ppv-lite86 v0.2.17
[INFO] [stderr]    Compiling either v1.9.0
[INFO] [stderr]    Compiling memchr v2.7.1
[INFO] [stderr]    Compiling adler32 v1.2.0
[INFO] [stderr]    Compiling crc32fast v1.3.2
[INFO] [stderr]    Compiling pkg-config v0.3.28
[INFO] [stderr]    Compiling regex-syntax v0.8.2
[INFO] [stderr]    Compiling adler v1.0.2
[INFO] [stderr]    Compiling weezl v0.1.7
[INFO] [stderr]    Compiling matrixmultiply v0.1.15
[INFO] [stderr]    Compiling byteorder v1.5.0
[INFO] [stderr]    Compiling miniz_oxide v0.3.7
[INFO] [stderr]    Compiling rawpointer v0.1.0
[INFO] [stderr]    Compiling bitflags v1.3.2
[INFO] [stderr]    Compiling ttf-parser v0.15.2
[INFO] [stderr]    Compiling color_quant v1.1.0
[INFO] [stderr]    Compiling num-traits v0.2.17
[INFO] [stderr]    Compiling num-integer v0.1.45
[INFO] [stderr]    Compiling num-iter v0.1.43
[INFO] [stderr]    Compiling num-bigint v0.3.3
[INFO] [stderr]    Compiling miniz_oxide v0.4.4
[INFO] [stderr]    Compiling num-rational v0.3.2
[INFO] [stderr]    Compiling deflate v0.8.6
[INFO] [stderr]    Compiling aho-corasick v1.1.2
[INFO] [stderr]    Compiling gif v0.11.4
[INFO] [stderr]    Compiling unicode-segmentation v1.10.1
[INFO] [stderr]    Compiling quote v1.0.35
[INFO] [stderr]    Compiling crossbeam-epoch v0.9.17
[INFO] [stderr]    Compiling bytemuck v1.14.0
[INFO] [stderr]    Compiling crossbeam-deque v0.8.4
[INFO] [stderr]    Compiling getrandom v0.2.11
[INFO] [stderr]    Compiling cc v1.0.83
[INFO] [stderr]    Compiling syn v2.0.48
[INFO] [stderr]    Compiling png v0.16.8
[INFO] [stderr]    Compiling once_cell v1.19.0
[INFO] [stderr]    Compiling regex-syntax v0.6.29
[INFO] [stderr]    Compiling rand_core v0.5.1
[INFO] [stderr]    Compiling rand_core v0.6.4
[INFO] [stderr]    Compiling custom_derive v0.1.7
[INFO] [stderr]    Compiling rand_chacha v0.2.2
[INFO] [stderr]    Compiling scoped_threadpool v0.1.9
[INFO] [stderr]    Compiling ab_glyph_rasterizer v0.1.8
[INFO] [stderr]    Compiling thiserror v1.0.56
[INFO] [stderr]    Compiling anyhow v1.0.79
[INFO] [stderr]    Compiling rand_chacha v0.3.1
[INFO] [stderr]    Compiling rayon v1.8.0
[INFO] [stderr]    Compiling num-complex v0.3.1
[INFO] [stderr]    Compiling rand v0.7.3
[INFO] [stderr]    Compiling regex-automata v0.4.3
[INFO] [stderr]    Compiling num v0.1.42
[INFO] [stderr]    Compiling owned_ttf_parser v0.15.2
[INFO] [stderr]    Compiling rulinalg v0.4.2
[INFO] [stderr]    Compiling rusttype v0.9.3
[INFO] [stderr]    Compiling conv v0.3.3
[INFO] [stderr]    Compiling heck v0.3.3
[INFO] [stderr]    Compiling libwebp-sys2 v0.1.9
[INFO] [stderr]    Compiling itertools v0.9.0
[INFO] [stderr]    Compiling linked-hash-map v0.5.6
[INFO] [stderr]    Compiling log v0.4.20
[INFO] [stderr]    Compiling rand_distr v0.2.2
[INFO] [stderr]    Compiling linked_hash_set v0.1.4
[INFO] [stderr]    Compiling rand v0.8.5
[INFO] [stderr]    Compiling rand_xoshiro v0.6.0
[INFO] [stderr]    Compiling index_list v0.2.11
[INFO] [stderr]    Compiling webp-animation v0.5.0
[INFO] [stderr]    Compiling num v0.3.1
[INFO] [stderr]    Compiling thiserror-impl v1.0.56
[INFO] [stderr]    Compiling jpeg-decoder v0.1.22
[INFO] [stderr]    Compiling regex v1.10.2
[INFO] [stderr]    Compiling tiff v0.6.1
[INFO] [stderr]    Compiling structmeta-derive v0.1.6
[INFO] [stderr]    Compiling sealed v0.3.0
[INFO] [stderr]    Compiling image v0.23.14
[INFO] [stderr]    Compiling structmeta v0.1.6
[INFO] [stderr]    Compiling parse-display-derive v0.5.5
[INFO] [stderr]    Compiling imageproc v0.22.0
[INFO] [stderr]    Compiling parse-display v0.5.5
[INFO] [stderr]    Compiling mazes v0.1.0 (/opt/rustwide/workdir)
[INFO] [stdout] warning: unused import: `RendererOps`
[INFO] [stdout]  --> src/render/renderers/anim.rs:3:43
[INFO] [stdout]   |
[INFO] [stdout] 3 | use crate::render::{Renderable, Renderer, RendererOps};
[INFO] [stdout]   |                                           ^^^^^^^^^^^
[INFO] [stdout]   |
[INFO] [stdout]   = note: `#[warn(unused_imports)]` on by default
[INFO] [stdout] 
[INFO] [stdout] 
[INFO] [stdout] warning: fields `id`, `x`, `y`, `sx`, and `sy` are never read
[INFO] [stdout]   --> src/render/mod.rs:70:5
[INFO] [stdout]    |
[INFO] [stdout] 69 | pub struct Block {
[INFO] [stdout]    |            ----- fields in this struct
[INFO] [stdout] 70 |     id: Index,
[INFO] [stdout]    |     ^^
[INFO] [stdout] 71 |     x: i32,
[INFO] [stdout]    |     ^
[INFO] [stdout] 72 |     y: i32,
[INFO] [stdout]    |     ^
[INFO] [stdout] 73 |     sx: u32,
[INFO] [stdout]    |     ^^
[INFO] [stdout] 74 |     sy: u32,
[INFO] [stdout]    |     ^^
[INFO] [stdout]    |
[INFO] [stdout]    = note: `Block` has derived impls for the traits `Debug` and `Clone`, but these are intentionally ignored during dead code analysis
[INFO] [stdout]    = note: `#[warn(dead_code)]` on by default
[INFO] [stdout] 
[INFO] [stdout] 
[INFO] [stdout] warning: field `frame` is never read
[INFO] [stdout]   --> src/render/renderers/anim.rs:33:5
[INFO] [stdout]    |
[INFO] [stdout] 28 | pub struct Animation<'a, 'f, R: Renderer<'f>> {
[INFO] [stdout]    |            --------- field in this struct
[INFO] [stdout] ...
[INFO] [stdout] 33 |     frame: RefCell<usize>,
[INFO] [stdout]    |     ^^^^^
[INFO] [stdout] 
[INFO] [stdout] 
[INFO] [stdout] warning: bounds on generic parameters are not enforced in type aliases
[INFO] [stdout]  --> src/render/renderers/custom.rs:6:24
[INFO] [stdout]   |
[INFO] [stdout] 6 | pub type CustomFunc<R: Renderable> =
[INFO] [stdout]   |                        ^^^^^^^^^^
[INFO] [stdout]   |
[INFO] [stdout]   = note: `#[warn(type_alias_bounds)]` on by default
[INFO] [stdout] help: the bound will not be checked when the type alias is used, and should be removed
[INFO] [stdout]   |
[INFO] [stdout] 6 - pub type CustomFunc<R: Renderable> =
[INFO] [stdout] 6 + pub type CustomFunc<R> =
[INFO] [stdout]   |
[INFO] [stdout] 
[INFO] [stdout] 
[INFO] [stdout] warning: 4 warnings emitted
[INFO] [stdout] 
[INFO] [stdout] 
[INFO] [stderr]     Finished dev [unoptimized + debuginfo] target(s) in 8.30s
[INFO] running `Command { std: "docker" "inspect" "8a673ce756205cb8ab7c86fe768bc6038801c4e5a67a2fc00170249cea884f19", kill_on_drop: false }`
[INFO] running `Command { std: "docker" "rm" "-f" "8a673ce756205cb8ab7c86fe768bc6038801c4e5a67a2fc00170249cea884f19", kill_on_drop: false }`
[INFO] [stdout] 8a673ce756205cb8ab7c86fe768bc6038801c4e5a67a2fc00170249cea884f19
[INFO] running `Command { std: "docker" "create" "-v" "/var/lib/crater-agent-workspace/builds/worker-6-tc1/target:/opt/rustwide/target:rw,Z" "-v" "/var/lib/crater-agent-workspace/builds/worker-6-tc1/source:/opt/rustwide/workdir:ro,Z" "-v" "/var/lib/crater-agent-workspace/cargo-home:/opt/rustwide/cargo-home:ro,Z" "-v" "/var/lib/crater-agent-workspace/rustup-home:/opt/rustwide/rustup-home:ro,Z" "-e" "SOURCE_DIR=/opt/rustwide/workdir" "-e" "CARGO_TARGET_DIR=/opt/rustwide/target" "-e" "CARGO_INCREMENTAL=0" "-e" "RUST_BACKTRACE=full" "-e" "RUSTFLAGS=--cap-lints=warn" "-e" "RUSTDOCFLAGS=--cap-lints=warn" "-e" "CARGO_HOME=/opt/rustwide/cargo-home" "-e" "RUSTUP_HOME=/opt/rustwide/rustup-home" "-w" "/opt/rustwide/workdir" "-m" "1610612736" "--user" "0:0" "--network" "none" "ghcr.io/rust-lang/crates-build-env/linux@sha256:2788e3201cd34a07e3172128adcd8b3090168a8e3bcc40d7c032b9dda1df7d1c" "/opt/rustwide/cargo-home/bin/cargo" "+1.75.0" "test" "--frozen" "--no-run" "--message-format=json", kill_on_drop: false }`
[INFO] [stdout] 256efa09c3c035187e49fec8965262a7e069b9677d40a59d5bd23ee3c68d5133
[INFO] running `Command { std: "docker" "start" "-a" "256efa09c3c035187e49fec8965262a7e069b9677d40a59d5bd23ee3c68d5133", kill_on_drop: false }`
[INFO] [stdout] warning: unused import: `RendererOps`
[INFO] [stdout]  --> src/render/renderers/anim.rs:3:43
[INFO] [stdout]   |
[INFO] [stdout] 3 | use crate::render::{Renderable, Renderer, RendererOps};
[INFO] [stdout]   |                                           ^^^^^^^^^^^
[INFO] [stdout]   |
[INFO] [stdout]   = note: `#[warn(unused_imports)]` on by default
[INFO] [stdout] 
[INFO] [stdout] 
[INFO] [stdout] warning: fields `id`, `x`, `y`, `sx`, and `sy` are never read
[INFO] [stdout]   --> src/render/mod.rs:70:5
[INFO] [stdout]    |
[INFO] [stdout] 69 | pub struct Block {
[INFO] [stdout]    |            ----- fields in this struct
[INFO] [stdout] 70 |     id: Index,
[INFO] [stdout]    |     ^^
[INFO] [stdout] 71 |     x: i32,
[INFO] [stdout]    |     ^
[INFO] [stdout] 72 |     y: i32,
[INFO] [stdout]    |     ^
[INFO] [stdout] 73 |     sx: u32,
[INFO] [stdout]    |     ^^
[INFO] [stdout] 74 |     sy: u32,
[INFO] [stdout]    |     ^^
[INFO] [stdout]    |
[INFO] [stdout]    = note: `Block` has derived impls for the traits `Debug` and `Clone`, but these are intentionally ignored during dead code analysis
[INFO] [stdout]    = note: `#[warn(dead_code)]` on by default
[INFO] [stdout] 
[INFO] [stdout] 
[INFO] [stdout] warning: field `frame` is never read
[INFO] [stdout]   --> src/render/renderers/anim.rs:33:5
[INFO] [stdout]    |
[INFO] [stdout] 28 | pub struct Animation<'a, 'f, R: Renderer<'f>> {
[INFO] [stdout]    |            --------- field in this struct
[INFO] [stdout] ...
[INFO] [stdout] 33 |     frame: RefCell<usize>,
[INFO] [stdout]    |     ^^^^^
[INFO] [stdout] 
[INFO] [stdout] 
[INFO] [stderr]    Compiling mazes v0.1.0 (/opt/rustwide/workdir)
[INFO] [stdout] warning: bounds on generic parameters are not enforced in type aliases
[INFO] [stdout]  --> src/render/renderers/custom.rs:6:24
[INFO] [stdout]   |
[INFO] [stdout] 6 | pub type CustomFunc<R: Renderable> =
[INFO] [stdout]   |                        ^^^^^^^^^^
[INFO] [stdout]   |
[INFO] [stdout]   = note: `#[warn(type_alias_bounds)]` on by default
[INFO] [stdout] help: the bound will not be checked when the type alias is used, and should be removed
[INFO] [stdout]   |
[INFO] [stdout] 6 - pub type CustomFunc<R: Renderable> =
[INFO] [stdout] 6 + pub type CustomFunc<R> =
[INFO] [stdout]   |
[INFO] [stdout] 
[INFO] [stdout] 
[INFO] [stdout] warning: 4 warnings emitted
[INFO] [stdout] 
[INFO] [stdout] 
[INFO] [stdout] warning: unused import: `RendererOps`
[INFO] [stdout]  --> src/render/renderers/anim.rs:3:43
[INFO] [stdout]   |
[INFO] [stdout] 3 | use crate::render::{Renderable, Renderer, RendererOps};
[INFO] [stdout]   |                                           ^^^^^^^^^^^
[INFO] [stdout]   |
[INFO] [stdout]   = note: `#[warn(unused_imports)]` on by default
[INFO] [stdout] 
[INFO] [stdout] 
[INFO] [stdout] warning: fields `id`, `x`, `y`, `sx`, and `sy` are never read
[INFO] [stdout]   --> src/render/mod.rs:70:5
[INFO] [stdout]    |
[INFO] [stdout] 69 | pub struct Block {
[INFO] [stdout]    |            ----- fields in this struct
[INFO] [stdout] 70 |     id: Index,
[INFO] [stdout]    |     ^^
[INFO] [stdout] 71 |     x: i32,
[INFO] [stdout]    |     ^
[INFO] [stdout] 72 |     y: i32,
[INFO] [stdout]    |     ^
[INFO] [stdout] 73 |     sx: u32,
[INFO] [stdout]    |     ^^
[INFO] [stdout] 74 |     sy: u32,
[INFO] [stdout]    |     ^^
[INFO] [stdout]    |
[INFO] [stdout]    = note: `Block` has derived impls for the traits `Debug` and `Clone`, but these are intentionally ignored during dead code analysis
[INFO] [stdout]    = note: `#[warn(dead_code)]` on by default
[INFO] [stdout] 
[INFO] [stdout] 
[INFO] [stdout] warning: field `frame` is never read
[INFO] [stdout]   --> src/render/renderers/anim.rs:33:5
[INFO] [stdout]    |
[INFO] [stdout] 28 | pub struct Animation<'a, 'f, R: Renderer<'f>> {
[INFO] [stdout]    |            --------- field in this struct
[INFO] [stdout] ...
[INFO] [stdout] 33 |     frame: RefCell<usize>,
[INFO] [stdout]    |     ^^^^^
[INFO] [stdout] 
[INFO] [stdout] 
[INFO] [stdout] warning: bounds on generic parameters are not enforced in type aliases
[INFO] [stdout]  --> src/render/renderers/custom.rs:6:24
[INFO] [stdout]   |
[INFO] [stdout] 6 | pub type CustomFunc<R: Renderable> =
[INFO] [stdout]   |                        ^^^^^^^^^^
[INFO] [stdout]   |
[INFO] [stdout]   = note: `#[warn(type_alias_bounds)]` on by default
[INFO] [stdout] help: the bound will not be checked when the type alias is used, and should be removed
[INFO] [stdout]   |
[INFO] [stdout] 6 - pub type CustomFunc<R: Renderable> =
[INFO] [stdout] 6 + pub type CustomFunc<R> =
[INFO] [stdout]   |
[INFO] [stdout] 
[INFO] [stdout] 
[INFO] [stdout] warning: 4 warnings emitted
[INFO] [stdout] 
[INFO] [stdout] 
[INFO] [stderr]     Finished test [unoptimized + debuginfo] target(s) in 1.89s
[INFO] running `Command { std: "docker" "inspect" "256efa09c3c035187e49fec8965262a7e069b9677d40a59d5bd23ee3c68d5133", kill_on_drop: false }`
[INFO] running `Command { std: "docker" "rm" "-f" "256efa09c3c035187e49fec8965262a7e069b9677d40a59d5bd23ee3c68d5133", kill_on_drop: false }`
[INFO] [stdout] 256efa09c3c035187e49fec8965262a7e069b9677d40a59d5bd23ee3c68d5133
[INFO] running `Command { std: "docker" "create" "-v" "/var/lib/crater-agent-workspace/builds/worker-6-tc1/target:/opt/rustwide/target:rw,Z" "-v" "/var/lib/crater-agent-workspace/builds/worker-6-tc1/source:/opt/rustwide/workdir:ro,Z" "-v" "/var/lib/crater-agent-workspace/cargo-home:/opt/rustwide/cargo-home:ro,Z" "-v" "/var/lib/crater-agent-workspace/rustup-home:/opt/rustwide/rustup-home:ro,Z" "-e" "SOURCE_DIR=/opt/rustwide/workdir" "-e" "CARGO_TARGET_DIR=/opt/rustwide/target" "-e" "CARGO_INCREMENTAL=0" "-e" "RUST_BACKTRACE=full" "-e" "RUSTFLAGS=--cap-lints=warn" "-e" "RUSTDOCFLAGS=--cap-lints=warn" "-e" "CARGO_HOME=/opt/rustwide/cargo-home" "-e" "RUSTUP_HOME=/opt/rustwide/rustup-home" "-w" "/opt/rustwide/workdir" "-m" "1610612736" "--user" "0:0" "--network" "none" "ghcr.io/rust-lang/crates-build-env/linux@sha256:2788e3201cd34a07e3172128adcd8b3090168a8e3bcc40d7c032b9dda1df7d1c" "/opt/rustwide/cargo-home/bin/cargo" "+1.75.0" "test" "--frozen", kill_on_drop: false }`
[INFO] [stdout] 6e8c99992a6257458bd714c4f114d8df3ce19614abbab88fda4574bdf6c09b1a
[INFO] running `Command { std: "docker" "start" "-a" "6e8c99992a6257458bd714c4f114d8df3ce19614abbab88fda4574bdf6c09b1a", kill_on_drop: false }`
[INFO] [stderr] warning: unused import: `RendererOps`
[INFO] [stderr]  --> src/render/renderers/anim.rs:3:43
[INFO] [stderr]   |
[INFO] [stderr] 3 | use crate::render::{Renderable, Renderer, RendererOps};
[INFO] [stderr]   |                                           ^^^^^^^^^^^
[INFO] [stderr]   |
[INFO] [stderr]   = note: `#[warn(unused_imports)]` on by default
[INFO] [stderr] 
[INFO] [stderr] warning: fields `id`, `x`, `y`, `sx`, and `sy` are never read
[INFO] [stderr]   --> src/render/mod.rs:70:5
[INFO] [stderr]    |
[INFO] [stderr] 69 | pub struct Block {
[INFO] [stderr]    |            ----- fields in this struct
[INFO] [stderr] 70 |     id: Index,
[INFO] [stderr]    |     ^^
[INFO] [stderr] 71 |     x: i32,
[INFO] [stderr]    |     ^
[INFO] [stderr] 72 |     y: i32,
[INFO] [stderr]    |     ^
[INFO] [stderr] 73 |     sx: u32,
[INFO] [stderr]    |     ^^
[INFO] [stderr] 74 |     sy: u32,
[INFO] [stderr]    |     ^^
[INFO] [stderr]    |
[INFO] [stderr]    = note: `Block` has derived impls for the traits `Debug` and `Clone`, but these are intentionally ignored during dead code analysis
[INFO] [stderr]    = note: `#[warn(dead_code)]` on by default
[INFO] [stderr] 
[INFO] [stderr] warning: field `frame` is never read
[INFO] [stderr]   --> src/render/renderers/anim.rs:33:5
[INFO] [stderr]    |
[INFO] [stderr] 28 | pub struct Animation<'a, 'f, R: Renderer<'f>> {
[INFO] [stderr]    |            --------- field in this struct
[INFO] [stderr] ...
[INFO] [stderr] 33 |     frame: RefCell<usize>,
[INFO] [stderr]    |     ^^^^^
[INFO] [stderr] 
[INFO] [stderr] warning: bounds on generic parameters are not enforced in type aliases
[INFO] [stderr]  --> src/render/renderers/custom.rs:6:24
[INFO] [stderr]   |
[INFO] [stderr] 6 | pub type CustomFunc<R: Renderable> =
[INFO] [stderr]   |                        ^^^^^^^^^^
[INFO] [stderr]   |
[INFO] [stderr]   = note: `#[warn(type_alias_bounds)]` on by default
[INFO] [stderr] help: the bound will not be checked when the type alias is used, and should be removed
[INFO] [stderr]   |
[INFO] [stderr] 6 - pub type CustomFunc<R: Renderable> =
[INFO] [stderr] 6 + pub type CustomFunc<R> =
[INFO] [stderr]   |
[INFO] [stderr] 
[INFO] [stderr] warning: `mazes` (lib) generated 4 warnings (run `cargo fix --lib -p mazes` to apply 1 suggestion)
[INFO] [stderr] warning: `mazes` (lib test) generated 4 warnings (4 duplicates)
[INFO] [stderr]     Finished test [unoptimized + debuginfo] target(s) in 0.05s
[INFO] [stderr]      Running unittests src/lib.rs (/opt/rustwide/target/debug/deps/mazes-5d3930046998e243)
[INFO] [stdout] 
[INFO] [stdout] running 30 tests
[INFO] [stdout] test iter::tests::iters_iter ... ok
[INFO] [stdout] test iter::tests::iters_nested_rev ... ok
[INFO] [stdout] test iter::tests::iters_ne ... ok
[INFO] [stdout] test iter::tests::iters_random ... ok
[INFO] [stdout] test iter::tests::iters_random_id ... ok
[INFO] [stdout] test iter::tests::iters_nw ... ok
[INFO] [stdout] test iter::tests::iters_random_id_from_list ... ok
[INFO] [stdout] test iter::tests::iters_random_neighbor ... ok
[INFO] [stdout] test iter::tests::iters_rev ... ok
[INFO] [stdout] test iter::tests::iters_se ... ok
[INFO] [stdout] test iter::tests::iters_se_rev ... ok
[INFO] [stdout] test iter::tests::iters_sw ... ok
[INFO] [stdout] test util::tests::major_order_coord_ne ... ok
[INFO] [stdout] test util::tests::major_order_coord_nw ... ok
[INFO] [stdout] test util::tests::major_order_coord_se ... ok
[INFO] [stdout] test util::tests::major_order_coord_sw ... ok
[INFO] [stdout] test render::renderers::dist_map::tests::render_new_maze ... FAILED
[INFO] [stdout] test maze::sq::tests::render_square_options ... FAILED
[INFO] [stdout] test render::renderers::dist_map::tests::render_dist_options ... FAILED
[INFO] [stdout] test render::renderers::path_map::tests::render_shortest_path ... FAILED
[INFO] [stdout] test maze::rect::tests::binary_tree ... FAILED
[INFO] [stdout] test render::renderers::dist_map::tests::render_dist_defaults ... FAILED
[INFO] [stdout] test maze::sq::tests::render_square_defaults ... FAILED
[INFO] [stdout] test maze::test::aldous_broder ... FAILED
[INFO] [stdout] test render::renderers::path_map::tests::longest_path ... FAILED
[INFO] [stdout] test render::renderers::path_map::tests::longest_path_options ... FAILED
[INFO] [stdout] test maze::test::wilsons ... FAILED
[INFO] [stdout] test maze::rect::tests::sidewinder ... FAILED
[INFO] [stdout] test render::renderers::anim::tests::wilsons_animation ... FAILED
[INFO] [stdout] test render::renderers::anim::tests::wilsons_animation_options ... FAILED
[INFO] [stdout] 
[INFO] [stdout] failures:
[INFO] [stdout] 
[INFO] [stdout] ---- render::renderers::dist_map::tests::render_new_maze stdout ----
[INFO] [stdout] Error: IoError(Os { code: 30, kind: ReadOnlyFilesystem, message: "Read-only file system" })
[INFO] [stdout] 
[INFO] [stdout] ---- maze::sq::tests::render_square_options stdout ----
[INFO] [stdout] Error: IoError(Os { code: 30, kind: ReadOnlyFilesystem, message: "Read-only file system" })
[INFO] [stdout] 
[INFO] [stdout] ---- render::renderers::dist_map::tests::render_dist_options stdout ----
[INFO] [stdout] Error: IoError(Os { code: 30, kind: ReadOnlyFilesystem, message: "Read-only file system" })
[INFO] [stdout] 
[INFO] [stdout] ---- render::renderers::path_map::tests::render_shortest_path stdout ----
[INFO] [stdout] Error: IoError(Os { code: 30, kind: ReadOnlyFilesystem, message: "Read-only file system" })
[INFO] [stdout] 
[INFO] [stdout] ---- maze::rect::tests::binary_tree stdout ----
[INFO] [stdout] Error: IoError(Os { code: 30, kind: ReadOnlyFilesystem, message: "Read-only file system" })
[INFO] [stdout] 
[INFO] [stdout] ---- render::renderers::dist_map::tests::render_dist_defaults stdout ----
[INFO] [stdout] Error: IoError(Os { code: 30, kind: ReadOnlyFilesystem, message: "Read-only file system" })
[INFO] [stdout] 
[INFO] [stdout] ---- maze::sq::tests::render_square_defaults stdout ----
[INFO] [stdout] Error: IoError(Os { code: 30, kind: ReadOnlyFilesystem, message: "Read-only file system" })
[INFO] [stdout] 
[INFO] [stdout] ---- maze::test::aldous_broder stdout ----
[INFO] [stdout] Error: IoError(Os { code: 30, kind: ReadOnlyFilesystem, message: "Read-only file system" })
[INFO] [stdout] 
[INFO] [stdout] ---- render::renderers::path_map::tests::longest_path stdout ----
[INFO] [stdout] Error: IoError(Os { code: 30, kind: ReadOnlyFilesystem, message: "Read-only file system" })
[INFO] [stdout] 
[INFO] [stdout] ---- render::renderers::path_map::tests::longest_path_options stdout ----
[INFO] [stdout] Error: IoError(Os { code: 30, kind: ReadOnlyFilesystem, message: "Read-only file system" })
[INFO] [stdout] 
[INFO] [stdout] ---- maze::test::wilsons stdout ----
[INFO] [stdout] Error: IoError(Os { code: 30, kind: ReadOnlyFilesystem, message: "Read-only file system" })
[INFO] [stdout] 
[INFO] [stdout] ---- maze::rect::tests::sidewinder stdout ----
[INFO] [stdout] Error: IoError(Os { code: 30, kind: ReadOnlyFilesystem, message: "Read-only file system" })
[INFO] [stdout] 
[INFO] [stdout] ---- render::renderers::anim::tests::wilsons_animation stdout ----
[INFO] [stdout] thread 'render::renderers::anim::tests::wilsons_animation' panicked at src/render/renderers/anim.rs:81:40:
[INFO] [stdout] Error creating file: Os { code: 30, kind: ReadOnlyFilesystem, message: "Read-only file system" }
[INFO] [stdout] stack backtrace:
[INFO] [stdout]    0:     0x55b8b4ca85bc - std::backtrace_rs::backtrace::libunwind::trace::ha637c64ce894333a
[INFO] [stdout]                                at /rustc/82e1608dfa6e0b5569232559e3d385fea5a93112/library/std/src/../../backtrace/src/backtrace/libunwind.rs:104:5
[INFO] [stdout]    1:     0x55b8b4ca85bc - std::backtrace_rs::backtrace::trace_unsynchronized::h47f62dea28e0c88d
[INFO] [stdout]                                at /rustc/82e1608dfa6e0b5569232559e3d385fea5a93112/library/std/src/../../backtrace/src/backtrace/mod.rs:66:5
[INFO] [stdout]    2:     0x55b8b4ca85bc - std::sys_common::backtrace::_print_fmt::h9eef0abe20ede486
[INFO] [stdout]                                at /rustc/82e1608dfa6e0b5569232559e3d385fea5a93112/library/std/src/sys_common/backtrace.rs:67:5
[INFO] [stdout]    3:     0x55b8b4ca85bc - <std::sys_common::backtrace::_print::DisplayBacktrace as core::fmt::Display>::fmt::hed7f999df88cc644
[INFO] [stdout]                                at /rustc/82e1608dfa6e0b5569232559e3d385fea5a93112/library/std/src/sys_common/backtrace.rs:44:22
[INFO] [stdout]    4:     0x55b8b4cd2e10 - core::fmt::rt::Argument::fmt::h1539a9308b8d058d
[INFO] [stdout]                                at /rustc/82e1608dfa6e0b5569232559e3d385fea5a93112/library/core/src/fmt/rt.rs:142:9
[INFO] [stdout]    5:     0x55b8b4cd2e10 - core::fmt::write::h3a39390d8560d9c9
[INFO] [stdout]                                at /rustc/82e1608dfa6e0b5569232559e3d385fea5a93112/library/core/src/fmt/mod.rs:1120:17
[INFO] [stdout]    6:     0x55b8b4ca5f6f - std::io::Write::write_fmt::h040b369f3a0f9cbc
[INFO] [stdout]                                at /rustc/82e1608dfa6e0b5569232559e3d385fea5a93112/library/std/src/io/mod.rs:1762:15
[INFO] [stdout]    7:     0x55b8b4ca83a4 - std::sys_common::backtrace::_print::h894006fb5c6f3d45
[INFO] [stdout]                                at /rustc/82e1608dfa6e0b5569232559e3d385fea5a93112/library/std/src/sys_common/backtrace.rs:47:5
[INFO] [stdout]    8:     0x55b8b4ca83a4 - std::sys_common::backtrace::print::h23a2d212c6fff936
[INFO] [stdout]                                at /rustc/82e1608dfa6e0b5569232559e3d385fea5a93112/library/std/src/sys_common/backtrace.rs:34:9
[INFO] [stdout]    9:     0x55b8b4caa067 - std::panicking::default_hook::{{closure}}::h8a1d2ee00185001a
[INFO] [stdout]   10:     0x55b8b4ca9d53 - std::panicking::default_hook::h6038f2eba384e475
[INFO] [stdout]                                at /rustc/82e1608dfa6e0b5569232559e3d385fea5a93112/library/std/src/panicking.rs:289:9
[INFO] [stdout]   11:     0x55b8b4b492b7 - <alloc::boxed::Box<F,A> as core::ops::function::Fn<Args>>::call::h0ad024c9bdc6d768
[INFO] [stdout]                                at /rustc/82e1608dfa6e0b5569232559e3d385fea5a93112/library/alloc/src/boxed.rs:2021:9
[INFO] [stdout]   12:     0x55b8b4b492b7 - test::test_main::{{closure}}::h7500b54257359db6
[INFO] [stdout]                                at /rustc/82e1608dfa6e0b5569232559e3d385fea5a93112/library/test/src/lib.rs:138:21
[INFO] [stdout]   13:     0x55b8b4caa678 - <alloc::boxed::Box<F,A> as core::ops::function::Fn<Args>>::call::h1f8f335eaa9cfaee
[INFO] [stdout]                                at /rustc/82e1608dfa6e0b5569232559e3d385fea5a93112/library/alloc/src/boxed.rs:2021:9
[INFO] [stdout]   14:     0x55b8b4caa678 - std::panicking::rust_panic_with_hook::h2b5517d590cab22e
[INFO] [stdout]                                at /rustc/82e1608dfa6e0b5569232559e3d385fea5a93112/library/std/src/panicking.rs:783:13
[INFO] [stdout]   15:     0x55b8b4caa3ce - std::panicking::begin_panic_handler::{{closure}}::h233112c06e0ef43e
[INFO] [stdout]                                at /rustc/82e1608dfa6e0b5569232559e3d385fea5a93112/library/std/src/panicking.rs:657:13
[INFO] [stdout]   16:     0x55b8b4ca8a86 - std::sys_common::backtrace::__rust_end_short_backtrace::h6e893f24d7ebbff8
[INFO] [stdout]                                at /rustc/82e1608dfa6e0b5569232559e3d385fea5a93112/library/std/src/sys_common/backtrace.rs:170:18
[INFO] [stdout]   17:     0x55b8b4caa132 - rust_begin_unwind
[INFO] [stdout]                                at /rustc/82e1608dfa6e0b5569232559e3d385fea5a93112/library/std/src/panicking.rs:645:5
[INFO] [stdout]   18:     0x55b8b4ada1a5 - core::panicking::panic_fmt::hbf0e066aabfa482c
[INFO] [stdout]                                at /rustc/82e1608dfa6e0b5569232559e3d385fea5a93112/library/core/src/panicking.rs:72:14
[INFO] [stdout]   19:     0x55b8b4ada733 - core::result::unwrap_failed::hddb4fea594200c52
[INFO] [stdout]                                at /rustc/82e1608dfa6e0b5569232559e3d385fea5a93112/library/core/src/result.rs:1653:5
[INFO] [stdout]   20:     0x55b8b4b1166d - core::result::Result<T,E>::expect::h7317762028929cbb
[INFO] [stdout]                                at /rustc/82e1608dfa6e0b5569232559e3d385fea5a93112/library/core/src/result.rs:1034:23
[INFO] [stdout]   21:     0x55b8b4aff7b6 - mazes::render::renderers::anim::Animation<R>::save::haf5d0e577166fa5d
[INFO] [stdout]                                at /opt/rustwide/workdir/src/render/renderers/anim.rs:81:21
[INFO] [stdout]   22:     0x55b8b4b00098 - mazes::render::renderers::anim::Animation<R>::animated_wilsons::he3183a7a322903fc
[INFO] [stdout]                                at /opt/rustwide/workdir/src/render/renderers/anim.rs:136:9
[INFO] [stdout]   23:     0x55b8b4af505f - mazes::render::renderers::anim::tests::wilsons_animation::h614017e562e80f96
[INFO] [stdout]                                at /opt/rustwide/workdir/src/render/renderers/anim.rs:192:9
[INFO] [stdout]   24:     0x55b8b4af4f6d - mazes::render::renderers::anim::tests::wilsons_animation::{{closure}}::hc8f070ccb0c66839
[INFO] [stdout]                                at /opt/rustwide/workdir/src/render/renderers/anim.rs:188:31
[INFO] [stdout]   25:     0x55b8b4aeabc6 - core::ops::function::FnOnce::call_once::h8f7f013fc78eea6c
[INFO] [stdout]                                at /rustc/82e1608dfa6e0b5569232559e3d385fea5a93112/library/core/src/ops/function.rs:250:5
[INFO] [stdout]   26:     0x55b8b4b4e90f - core::ops::function::FnOnce::call_once::h2b5d431d5046312d
[INFO] [stdout]                                at /rustc/82e1608dfa6e0b5569232559e3d385fea5a93112/library/core/src/ops/function.rs:250:5
[INFO] [stdout]   27:     0x55b8b4b4e90f - test::__rust_begin_short_backtrace::h7714669af176e207
[INFO] [stdout]                                at /rustc/82e1608dfa6e0b5569232559e3d385fea5a93112/library/test/src/lib.rs:628:18
[INFO] [stdout]   28:     0x55b8b4b4d925 - test::run_test_in_process::{{closure}}::h85218797dcbcec12
[INFO] [stdout]                                at /rustc/82e1608dfa6e0b5569232559e3d385fea5a93112/library/test/src/lib.rs:651:60
[INFO] [stdout]   29:     0x55b8b4b4d925 - <core::panic::unwind_safe::AssertUnwindSafe<F> as core::ops::function::FnOnce<()>>::call_once::h76c106ea31c14d7b
[INFO] [stdout]                                at /rustc/82e1608dfa6e0b5569232559e3d385fea5a93112/library/core/src/panic/unwind_safe.rs:272:9
[INFO] [stdout]   30:     0x55b8b4b4d925 - std::panicking::try::do_call::h3bd5d0f6620ee946
[INFO] [stdout]                                at /rustc/82e1608dfa6e0b5569232559e3d385fea5a93112/library/std/src/panicking.rs:552:40
[INFO] [stdout]   31:     0x55b8b4b4d925 - std::panicking::try::h232e535e4744fe31
[INFO] [stdout]                                at /rustc/82e1608dfa6e0b5569232559e3d385fea5a93112/library/std/src/panicking.rs:516:19
[INFO] [stdout]   32:     0x55b8b4b4d925 - std::panic::catch_unwind::h3ce3bd6ca8dbac68
[INFO] [stdout]                                at /rustc/82e1608dfa6e0b5569232559e3d385fea5a93112/library/std/src/panic.rs:142:14
[INFO] [stdout]   33:     0x55b8b4b4d925 - test::run_test_in_process::hc97b257c9621286a
[INFO] [stdout]                                at /rustc/82e1608dfa6e0b5569232559e3d385fea5a93112/library/test/src/lib.rs:651:27
[INFO] [stdout]   34:     0x55b8b4b4d925 - test::run_test::{{closure}}::h2aa798823a438d38
[INFO] [stdout]                                at /rustc/82e1608dfa6e0b5569232559e3d385fea5a93112/library/test/src/lib.rs:574:43
[INFO] [stdout]   35:     0x55b8b4b15be6 - test::run_test::{{closure}}::h87d231c78fb59832
[INFO] [stdout]                                at /rustc/82e1608dfa6e0b5569232559e3d385fea5a93112/library/test/src/lib.rs:602:41
[INFO] [stdout]   36:     0x55b8b4b15be6 - std::sys_common::backtrace::__rust_begin_short_backtrace::he6df152596625789
[INFO] [stdout]                                at /rustc/82e1608dfa6e0b5569232559e3d385fea5a93112/library/std/src/sys_common/backtrace.rs:154:18
[INFO] [stdout]   37:     0x55b8b4b1ac97 - std::thread::Builder::spawn_unchecked_::{{closure}}::{{closure}}::ha94be15d1e0acf36
[INFO] [stdout]                                at /rustc/82e1608dfa6e0b5569232559e3d385fea5a93112/library/std/src/thread/mod.rs:529:17
[INFO] [stdout]   38:     0x55b8b4b1ac97 - <core::panic::unwind_safe::AssertUnwindSafe<F> as core::ops::function::FnOnce<()>>::call_once::h9dc6bd6372f16606
[INFO] [stdout]                                at /rustc/82e1608dfa6e0b5569232559e3d385fea5a93112/library/core/src/panic/unwind_safe.rs:272:9
[INFO] [stdout]   39:     0x55b8b4b1ac97 - std::panicking::try::do_call::h9057517f80303cd4
[INFO] [stdout]                                at /rustc/82e1608dfa6e0b5569232559e3d385fea5a93112/library/std/src/panicking.rs:552:40
[INFO] [stdout]   40:     0x55b8b4b1ac97 - std::panicking::try::he3a30b11ee45340c
[INFO] [stdout]                                at /rustc/82e1608dfa6e0b5569232559e3d385fea5a93112/library/std/src/panicking.rs:516:19
[INFO] [stdout]   41:     0x55b8b4b1ac97 - std::panic::catch_unwind::h410458cfd3528b8b
[INFO] [stdout]                                at /rustc/82e1608dfa6e0b5569232559e3d385fea5a93112/library/std/src/panic.rs:142:14
[INFO] [stdout]   42:     0x55b8b4b1ac97 - std::thread::Builder::spawn_unchecked_::{{closure}}::h72ac3bdb567b737b
[INFO] [stdout]                                at /rustc/82e1608dfa6e0b5569232559e3d385fea5a93112/library/std/src/thread/mod.rs:528:30
[INFO] [stdout]   43:     0x55b8b4b1ac97 - core::ops::function::FnOnce::call_once{{vtable.shim}}::h38f34da3654a8344
[INFO] [stdout]                                at /rustc/82e1608dfa6e0b5569232559e3d385fea5a93112/library/core/src/ops/function.rs:250:5
[INFO] [stdout]   44:     0x55b8b4caf105 - <alloc::boxed::Box<F,A> as core::ops::function::FnOnce<Args>>::call_once::hc7eafaff61e32df9
[INFO] [stdout]                                at /rustc/82e1608dfa6e0b5569232559e3d385fea5a93112/library/alloc/src/boxed.rs:2007:9
[INFO] [stdout]   45:     0x55b8b4caf105 - <alloc::boxed::Box<F,A> as core::ops::function::FnOnce<Args>>::call_once::h6ba4a5de48dd2304
[INFO] [stdout]                                at /rustc/82e1608dfa6e0b5569232559e3d385fea5a93112/library/alloc/src/boxed.rs:2007:9
[INFO] [stdout]   46:     0x55b8b4caf105 - std::sys::unix::thread::Thread::new::thread_start::he469335aef763e45
[INFO] [stdout]                                at /rustc/82e1608dfa6e0b5569232559e3d385fea5a93112/library/std/src/sys/unix/thread.rs:108:17
[INFO] [stdout]   47:     0x7f4f0e156ac3 - <unknown>
[INFO] [stdout]   48:     0x7f4f0e1e7bf4 - __clone
[INFO] [stdout]   49:                0x0 - <unknown>
[INFO] [stdout] 
[INFO] [stdout] ---- render::renderers::anim::tests::wilsons_animation_options stdout ----
[INFO] [stdout] thread 'render::renderers::anim::tests::wilsons_animation_options' panicked at src/render/renderers/anim.rs:81:40:
[INFO] [stdout] Error creating file: Os { code: 30, kind: ReadOnlyFilesystem, message: "Read-only file system" }
[INFO] [stdout] stack backtrace:
[INFO] [stdout]    0:     0x55b8b4ca85bc - std::backtrace_rs::backtrace::libunwind::trace::ha637c64ce894333a
[INFO] [stdout]                                at /rustc/82e1608dfa6e0b5569232559e3d385fea5a93112/library/std/src/../../backtrace/src/backtrace/libunwind.rs:104:5
[INFO] [stdout]    1:     0x55b8b4ca85bc - std::backtrace_rs::backtrace::trace_unsynchronized::h47f62dea28e0c88d
[INFO] [stdout]                                at /rustc/82e1608dfa6e0b5569232559e3d385fea5a93112/library/std/src/../../backtrace/src/backtrace/mod.rs:66:5
[INFO] [stdout]    2:     0x55b8b4ca85bc - std::sys_common::backtrace::_print_fmt::h9eef0abe20ede486
[INFO] [stdout]                                at /rustc/82e1608dfa6e0b5569232559e3d385fea5a93112/library/std/src/sys_common/backtrace.rs:67:5
[INFO] [stdout]    3:     0x55b8b4ca85bc - <std::sys_common::backtrace::_print::DisplayBacktrace as core::fmt::Display>::fmt::hed7f999df88cc644
[INFO] [stdout]                                at /rustc/82e1608dfa6e0b5569232559e3d385fea5a93112/library/std/src/sys_common/backtrace.rs:44:22
[INFO] [stdout]    4:     0x55b8b4cd2e10 - core::fmt::rt::Argument::fmt::h1539a9308b8d058d
[INFO] [stdout]                                at /rustc/82e1608dfa6e0b5569232559e3d385fea5a93112/library/core/src/fmt/rt.rs:142:9
[INFO] [stdout]    5:     0x55b8b4cd2e10 - core::fmt::write::h3a39390d8560d9c9
[INFO] [stdout]                                at /rustc/82e1608dfa6e0b5569232559e3d385fea5a93112/library/core/src/fmt/mod.rs:1120:17
[INFO] [stdout]    6:     0x55b8b4ca5f6f - std::io::Write::write_fmt::h040b369f3a0f9cbc
[INFO] [stdout]                                at /rustc/82e1608dfa6e0b5569232559e3d385fea5a93112/library/std/src/io/mod.rs:1762:15
[INFO] [stdout]    7:     0x55b8b4ca83a4 - std::sys_common::backtrace::_print::h894006fb5c6f3d45
[INFO] [stdout]                                at /rustc/82e1608dfa6e0b5569232559e3d385fea5a93112/library/std/src/sys_common/backtrace.rs:47:5
[INFO] [stdout]    8:     0x55b8b4ca83a4 - std::sys_common::backtrace::print::h23a2d212c6fff936
[INFO] [stdout]                                at /rustc/82e1608dfa6e0b5569232559e3d385fea5a93112/library/std/src/sys_common/backtrace.rs:34:9
[INFO] [stdout]    9:     0x55b8b4caa067 - std::panicking::default_hook::{{closure}}::h8a1d2ee00185001a
[INFO] [stdout]   10:     0x55b8b4ca9d53 - std::panicking::default_hook::h6038f2eba384e475
[INFO] [stdout]                                at /rustc/82e1608dfa6e0b5569232559e3d385fea5a93112/library/std/src/panicking.rs:289:9
[INFO] [stdout]   11:     0x55b8b4b492b7 - <alloc::boxed::Box<F,A> as core::ops::function::Fn<Args>>::call::h0ad024c9bdc6d768
[INFO] [stdout]                                at /rustc/82e1608dfa6e0b5569232559e3d385fea5a93112/library/alloc/src/boxed.rs:2021:9
[INFO] [stdout]   12:     0x55b8b4b492b7 - test::test_main::{{closure}}::h7500b54257359db6
[INFO] [stdout]                                at /rustc/82e1608dfa6e0b5569232559e3d385fea5a93112/library/test/src/lib.rs:138:21
[INFO] [stdout]   13:     0x55b8b4caa678 - <alloc::boxed::Box<F,A> as core::ops::function::Fn<Args>>::call::h1f8f335eaa9cfaee
[INFO] [stdout]                                at /rustc/82e1608dfa6e0b5569232559e3d385fea5a93112/library/alloc/src/boxed.rs:2021:9
[INFO] [stdout]   14:     0x55b8b4caa678 - std::panicking::rust_panic_with_hook::h2b5517d590cab22e
[INFO] [stdout]                                at /rustc/82e1608dfa6e0b5569232559e3d385fea5a93112/library/std/src/panicking.rs:783:13
[INFO] [stdout]   15:     0x55b8b4caa3ce - std::panicking::begin_panic_handler::{{closure}}::h233112c06e0ef43e
[INFO] [stdout]                                at /rustc/82e1608dfa6e0b5569232559e3d385fea5a93112/library/std/src/panicking.rs:657:13
[INFO] [stdout]   16:     0x55b8b4ca8a86 - std::sys_common::backtrace::__rust_end_short_backtrace::h6e893f24d7ebbff8
[INFO] [stdout]                                at /rustc/82e1608dfa6e0b5569232559e3d385fea5a93112/library/std/src/sys_common/backtrace.rs:170:18
[INFO] [stdout]   17:     0x55b8b4caa132 - rust_begin_unwind
[INFO] [stdout]                                at /rustc/82e1608dfa6e0b5569232559e3d385fea5a93112/library/std/src/panicking.rs:645:5
[INFO] [stdout]   18:     0x55b8b4ada1a5 - core::panicking::panic_fmt::hbf0e066aabfa482c
[INFO] [stdout]                                at /rustc/82e1608dfa6e0b5569232559e3d385fea5a93112/library/core/src/panicking.rs:72:14
[INFO] [stdout]   19:     0x55b8b4ada733 - core::result::unwrap_failed::hddb4fea594200c52
[INFO] [stdout]                                at /rustc/82e1608dfa6e0b5569232559e3d385fea5a93112/library/core/src/result.rs:1653:5
[INFO] [stdout]   20:     0x55b8b4b1166d - core::result::Result<T,E>::expect::h7317762028929cbb
[INFO] [stdout]                                at /rustc/82e1608dfa6e0b5569232559e3d385fea5a93112/library/core/src/result.rs:1034:23
[INFO] [stdout]   21:     0x55b8b4aff7b6 - mazes::render::renderers::anim::Animation<R>::save::haf5d0e577166fa5d
[INFO] [stdout]                                at /opt/rustwide/workdir/src/render/renderers/anim.rs:81:21
[INFO] [stdout]   22:     0x55b8b4b00098 - mazes::render::renderers::anim::Animation<R>::animated_wilsons::he3183a7a322903fc
[INFO] [stdout]                                at /opt/rustwide/workdir/src/render/renderers/anim.rs:136:9
[INFO] [stdout]   23:     0x55b8b4af51f0 - mazes::render::renderers::anim::tests::wilsons_animation_options::h515b3bf96ffe7952
[INFO] [stdout]                                at /opt/rustwide/workdir/src/render/renderers/anim.rs:202:9
[INFO] [stdout]   24:     0x55b8b4af50bd - mazes::render::renderers::anim::tests::wilsons_animation_options::{{closure}}::h31477a6661d07e84
[INFO] [stdout]                                at /opt/rustwide/workdir/src/render/renderers/anim.rs:197:39
[INFO] [stdout]   25:     0x55b8b4aea6c6 - core::ops::function::FnOnce::call_once::h29ccf37a7c287ce0
[INFO] [stdout]                                at /rustc/82e1608dfa6e0b5569232559e3d385fea5a93112/library/core/src/ops/function.rs:250:5
[INFO] [stdout]   26:     0x55b8b4b4e90f - core::ops::function::FnOnce::call_once::h2b5d431d5046312d
[INFO] [stdout]                                at /rustc/82e1608dfa6e0b5569232559e3d385fea5a93112/library/core/src/ops/function.rs:250:5
[INFO] [stdout]   27:     0x55b8b4b4e90f - test::__rust_begin_short_backtrace::h7714669af176e207
[INFO] [stdout]                                at /rustc/82e1608dfa6e0b5569232559e3d385fea5a93112/library/test/src/lib.rs:628:18
[INFO] [stdout]   28:     0x55b8b4b4d925 - test::run_test_in_process::{{closure}}::h85218797dcbcec12
[INFO] [stdout]                                at /rustc/82e1608dfa6e0b5569232559e3d385fea5a93112/library/test/src/lib.rs:651:60
[INFO] [stdout]   29:     0x55b8b4b4d925 - <core::panic::unwind_safe::AssertUnwindSafe<F> as core::ops::function::FnOnce<()>>::call_once::h76c106ea31c14d7b
[INFO] [stdout]                                at /rustc/82e1608dfa6e0b5569232559e3d385fea5a93112/library/core/src/panic/unwind_safe.rs:272:9
[INFO] [stdout]   30:     0x55b8b4b4d925 - std::panicking::try::do_call::h3bd5d0f6620ee946
[INFO] [stdout]                                at /rustc/82e1608dfa6e0b5569232559e3d385fea5a93112/library/std/src/panicking.rs:552:40
[INFO] [stdout]   31:     0x55b8b4b4d925 - std::panicking::try::h232e535e4744fe31
[INFO] [stdout]                                at /rustc/82e1608dfa6e0b5569232559e3d385fea5a93112/library/std/src/panicking.rs:516:19
[INFO] [stdout]   32:     0x55b8b4b4d925 - std::panic::catch_unwind::h3ce3bd6ca8dbac68
[INFO] [stdout]                                at /rustc/82e1608dfa6e0b5569232559e3d385fea5a93112/library/std/src/panic.rs:142:14
[INFO] [stdout]   33:     0x55b8b4b4d925 - test::run_test_in_process::hc97b257c9621286a
[INFO] [stdout]                                at /rustc/82e1608dfa6e0b5569232559e3d385fea5a93112/library/test/src/lib.rs:651:27
[INFO] [stdout]   34:     0x55b8b4b4d925 - test::run_test::{{closure}}::h2aa798823a438d38
[INFO] [stdout]                                at /rustc/82e1608dfa6e0b5569232559e3d385fea5a93112/library/test/src/lib.rs:574:43
[INFO] [stdout]   35:     0x55b8b4b15be6 - test::run_test::{{closure}}::h87d231c78fb59832
[INFO] [stdout]                                at /rustc/82e1608dfa6e0b5569232559e3d385fea5a93112/library/test/src/lib.rs:602:41
[INFO] [stdout]   36:     0x55b8b4b15be6 - std::sys_common::backtrace::__rust_begin_short_backtrace::he6df152596625789
[INFO] [stdout]                                at /rustc/82e1608dfa6e0b5569232559e3d385fea5a93112/library/std/src/sys_common/backtrace.rs:154:18
[INFO] [stdout]   37:     0x55b8b4b1ac97 - std::thread::Builder::spawn_unchecked_::{{closure}}::{{closure}}::ha94be15d1e0acf36
[INFO] [stdout]                                at /rustc/82e1608dfa6e0b5569232559e3d385fea5a93112/library/std/src/thread/mod.rs:529:17
[INFO] [stdout]   38:     0x55b8b4b1ac97 - <core::panic::unwind_safe::AssertUnwindSafe<F> as core::ops::function::FnOnce<()>>::call_once::h9dc6bd6372f16606
[INFO] [stdout]                                at /rustc/82e1608dfa6e0b5569232559e3d385fea5a93112/library/core/src/panic/unwind_safe.rs:272:9
[INFO] [stdout]   39:     0x55b8b4b1ac97 - std::panicking::try::do_call::h9057517f80303cd4
[INFO] [stdout]                                at /rustc/82e1608dfa6e0b5569232559e3d385fea5a93112/library/std/src/panicking.rs:552:40
[INFO] [stdout]   40:     0x55b8b4b1ac97 - std::panicking::try::he3a30b11ee45340c
[INFO] [stdout]                                at /rustc/82e1608dfa6e0b5569232559e3d385fea5a93112/library/std/src/panicking.rs:516:19
[INFO] [stdout]   41:     0x55b8b4b1ac97 - std::panic::catch_unwind::h410458cfd3528b8b
[INFO] [stdout]                                at /rustc/82e1608dfa6e0b5569232559e3d385fea5a93112/library/std/src/panic.rs:142:14
[INFO] [stdout]   42:     0x55b8b4b1ac97 - std::thread::Builder::spawn_unchecked_::{{closure}}::h72ac3bdb567b737b
[INFO] [stdout]                                at /rustc/82e1608dfa6e0b5569232559e3d385fea5a93112/library/std/src/thread/mod.rs:528:30
[INFO] [stdout]   43:     0x55b8b4b1ac97 - core::ops::function::FnOnce::call_once{{vtable.shim}}::h38f34da3654a8344
[INFO] [stdout]                                at /rustc/82e1608dfa6e0b5569232559e3d385fea5a93112/library/core/src/ops/function.rs:250:5
[INFO] [stdout]   44:     0x55b8b4caf105 - <alloc::boxed::Box<F,A> as core::ops::function::FnOnce<Args>>::call_once::hc7eafaff61e32df9
[INFO] [stdout]                                at /rustc/82e1608dfa6e0b5569232559e3d385fea5a93112/library/alloc/src/boxed.rs:2007:9
[INFO] [stdout]   45:     0x55b8b4caf105 - <alloc::boxed::Box<F,A> as core::ops::function::FnOnce<Args>>::call_once::h6ba4a5de48dd2304
[INFO] [stdout]                                at /rustc/82e1608dfa6e0b5569232559e3d385fea5a93112/library/alloc/src/boxed.rs:2007:9
[INFO] [stdout]   46:     0x55b8b4caf105 - std::sys::unix::thread::Thread::new::thread_start::he469335aef763e45
[INFO] [stdout]                                at /rustc/82e1608dfa6e0b5569232559e3d385fea5a93112/library/std/src/sys/unix/thread.rs:108:17
[INFO] [stdout]   47:     0x7f4f0e156ac3 - <unknown>
[INFO] [stdout]   48:     0x7f4f0e1e7bf4 - __clone
[INFO] [stdout]   49:                0x0 - <unknown>
[INFO] [stdout] 
[INFO] [stdout] 
[INFO] [stdout] failures:
[INFO] [stdout]     maze::rect::tests::binary_tree
[INFO] [stdout]     maze::rect::tests::sidewinder
[INFO] [stdout]     maze::sq::tests::render_square_defaults
[INFO] [stdout]     maze::sq::tests::render_square_options
[INFO] [stdout]     maze::test::aldous_broder
[INFO] [stdout]     maze::test::wilsons
[INFO] [stdout]     render::renderers::anim::tests::wilsons_animation
[INFO] [stdout]     render::renderers::anim::tests::wilsons_animation_options
[INFO] [stdout]     render::renderers::dist_map::tests::render_dist_defaults
[INFO] [stdout]     render::renderers::dist_map::tests::render_dist_options
[INFO] [stdout]     render::renderers::dist_map::tests::render_new_maze
[INFO] [stdout]     render::renderers::path_map::tests::longest_path
[INFO] [stdout]     render::renderers::path_map::tests::longest_path_options
[INFO] [stdout]     render::renderers::path_map::tests::render_shortest_path
[INFO] [stdout] 
[INFO] [stdout] test result: FAILED. 16 passed; 14 failed; 0 ignored; 0 measured; 0 filtered out; finished in 0.26s
[INFO] [stdout] 
[INFO] [stderr] error: test failed, to rerun pass `--lib`
[INFO] running `Command { std: "docker" "inspect" "6e8c99992a6257458bd714c4f114d8df3ce19614abbab88fda4574bdf6c09b1a", kill_on_drop: false }`
[INFO] running `Command { std: "docker" "rm" "-f" "6e8c99992a6257458bd714c4f114d8df3ce19614abbab88fda4574bdf6c09b1a", kill_on_drop: false }`
[INFO] [stdout] 6e8c99992a6257458bd714c4f114d8df3ce19614abbab88fda4574bdf6c09b1a
[INFO] testing vishusandy/mazes against beta-2023-12-22 for beta-1.76-1
[INFO] running `Command { std: "git" "clone" "/workspace/cache/git-repos/https%3A%2F%2Fgithub.com%2Fvishusandy%2Fmazes" "/workspace/builds/worker-6-tc2/source", kill_on_drop: false }`
[INFO] [stderr] Cloning into '/workspace/builds/worker-6-tc2/source'...
[INFO] [stderr] done.
[INFO] validating manifest of git repo https://github.com/vishusandy/mazes on toolchain beta-2023-12-22
[INFO] running `Command { std: CARGO_HOME="/workspace/cargo-home" RUSTUP_HOME="/workspace/rustup-home" "/workspace/cargo-home/bin/cargo" "+beta-2023-12-22" "metadata" "--manifest-path" "Cargo.toml" "--no-deps", kill_on_drop: false }`
[INFO] started tweaking git repo https://github.com/vishusandy/mazes
[INFO] finished tweaking git repo https://github.com/vishusandy/mazes
[INFO] tweaked toml for git repo https://github.com/vishusandy/mazes written to /workspace/builds/worker-6-tc2/source/Cargo.toml
[INFO] running `Command { std: CARGO_HOME="/workspace/cargo-home" RUSTUP_HOME="/workspace/rustup-home" "/workspace/cargo-home/bin/cargo" "+beta-2023-12-22" "generate-lockfile" "--manifest-path" "Cargo.toml", kill_on_drop: false }`
[INFO] [stderr]     Updating crates.io index
[INFO] running `Command { std: CARGO_HOME="/workspace/cargo-home" RUSTUP_HOME="/workspace/rustup-home" "/workspace/cargo-home/bin/cargo" "+beta-2023-12-22" "fetch" "--manifest-path" "Cargo.toml", kill_on_drop: false }`
[INFO] running `Command { std: "docker" "create" "-v" "/var/lib/crater-agent-workspace/builds/worker-6-tc2/target:/opt/rustwide/target:rw,Z" "-v" "/var/lib/crater-agent-workspace/builds/worker-6-tc2/source:/opt/rustwide/workdir:ro,Z" "-v" "/var/lib/crater-agent-workspace/cargo-home:/opt/rustwide/cargo-home:ro,Z" "-v" "/var/lib/crater-agent-workspace/rustup-home:/opt/rustwide/rustup-home:ro,Z" "-e" "SOURCE_DIR=/opt/rustwide/workdir" "-e" "CARGO_TARGET_DIR=/opt/rustwide/target" "-e" "CARGO_HOME=/opt/rustwide/cargo-home" "-e" "RUSTUP_HOME=/opt/rustwide/rustup-home" "-w" "/opt/rustwide/workdir" "-m" "1610612736" "--user" "0:0" "--network" "none" "ghcr.io/rust-lang/crates-build-env/linux@sha256:2788e3201cd34a07e3172128adcd8b3090168a8e3bcc40d7c032b9dda1df7d1c" "/opt/rustwide/cargo-home/bin/cargo" "+beta-2023-12-22" "metadata" "--no-deps" "--format-version=1", kill_on_drop: false }`
[INFO] [stdout] aa565bfa2b11594e23b6667548997299bc6ca9f447734064a87063f84140a504
[INFO] running `Command { std: "docker" "start" "-a" "aa565bfa2b11594e23b6667548997299bc6ca9f447734064a87063f84140a504", kill_on_drop: false }`
[INFO] running `Command { std: "docker" "inspect" "aa565bfa2b11594e23b6667548997299bc6ca9f447734064a87063f84140a504", kill_on_drop: false }`
[INFO] running `Command { std: "docker" "rm" "-f" "aa565bfa2b11594e23b6667548997299bc6ca9f447734064a87063f84140a504", kill_on_drop: false }`
[INFO] [stdout] aa565bfa2b11594e23b6667548997299bc6ca9f447734064a87063f84140a504
[INFO] running `Command { std: "docker" "create" "-v" "/var/lib/crater-agent-workspace/builds/worker-6-tc2/target:/opt/rustwide/target:rw,Z" "-v" "/var/lib/crater-agent-workspace/builds/worker-6-tc2/source:/opt/rustwide/workdir:ro,Z" "-v" "/var/lib/crater-agent-workspace/cargo-home:/opt/rustwide/cargo-home:ro,Z" "-v" "/var/lib/crater-agent-workspace/rustup-home:/opt/rustwide/rustup-home:ro,Z" "-e" "SOURCE_DIR=/opt/rustwide/workdir" "-e" "CARGO_TARGET_DIR=/opt/rustwide/target" "-e" "CARGO_INCREMENTAL=0" "-e" "RUST_BACKTRACE=full" "-e" "RUSTFLAGS=--cap-lints=warn" "-e" "RUSTDOCFLAGS=--cap-lints=warn" "-e" "CARGO_HOME=/opt/rustwide/cargo-home" "-e" "RUSTUP_HOME=/opt/rustwide/rustup-home" "-w" "/opt/rustwide/workdir" "-m" "1610612736" "--user" "0:0" "--network" "none" "ghcr.io/rust-lang/crates-build-env/linux@sha256:2788e3201cd34a07e3172128adcd8b3090168a8e3bcc40d7c032b9dda1df7d1c" "/opt/rustwide/cargo-home/bin/cargo" "+beta-2023-12-22" "build" "--frozen" "--message-format=json", kill_on_drop: false }`
[INFO] [stdout] a3778c3c4ff91c5c49d217442b81e1c61d13705134f523834fd2ad5773139a1d
[INFO] running `Command { std: "docker" "start" "-a" "a3778c3c4ff91c5c49d217442b81e1c61d13705134f523834fd2ad5773139a1d", kill_on_drop: false }`
[INFO] [stderr]    Compiling autocfg v1.1.0
[INFO] [stderr]    Compiling cfg-if v1.0.0
[INFO] [stderr]    Compiling libc v0.2.151
[INFO] [stderr]    Compiling proc-macro2 v1.0.76
[INFO] [stderr]    Compiling unicode-ident v1.0.12
[INFO] [stderr]    Compiling crossbeam-utils v0.8.18
[INFO] [stderr]    Compiling getrandom v0.1.16
[INFO] [stderr]    Compiling rayon-core v1.12.0
[INFO] [stderr]    Compiling syn v1.0.109
[INFO] [stderr]    Compiling either v1.9.0
[INFO] [stderr]    Compiling ppv-lite86 v0.2.17
[INFO] [stderr]    Compiling crc32fast v1.3.2
[INFO] [stderr]    Compiling memchr v2.7.1
[INFO] [stderr]    Compiling adler32 v1.2.0
[INFO] [stderr]    Compiling pkg-config v0.3.28
[INFO] [stderr]    Compiling regex-syntax v0.8.2
[INFO] [stderr]    Compiling byteorder v1.5.0
[INFO] [stderr]    Compiling adler v1.0.2
[INFO] [stderr]    Compiling matrixmultiply v0.1.15
[INFO] [stderr]    Compiling weezl v0.1.7
[INFO] [stderr]    Compiling miniz_oxide v0.3.7
[INFO] [stderr]    Compiling rawpointer v0.1.0
[INFO] [stderr]    Compiling deflate v0.8.6
[INFO] [stderr]    Compiling bitflags v1.3.2
[INFO] [stderr]    Compiling color_quant v1.1.0
[INFO] [stderr]    Compiling ttf-parser v0.15.2
[INFO] [stderr]    Compiling num-traits v0.2.17
[INFO] [stderr]    Compiling num-integer v0.1.45
[INFO] [stderr]    Compiling num-iter v0.1.43
[INFO] [stderr]    Compiling num-bigint v0.3.3
[INFO] [stderr]    Compiling miniz_oxide v0.4.4
[INFO] [stderr]    Compiling num-rational v0.3.2
[INFO] [stderr]    Compiling aho-corasick v1.1.2
[INFO] [stderr]    Compiling crossbeam-epoch v0.9.17
[INFO] [stderr]    Compiling quote v1.0.35
[INFO] [stderr]    Compiling png v0.16.8
[INFO] [stderr]    Compiling gif v0.11.4
[INFO] [stderr]    Compiling anyhow v1.0.79
[INFO] [stderr]    Compiling crossbeam-deque v0.8.4
[INFO] [stderr]    Compiling getrandom v0.2.11
[INFO] [stderr]    Compiling cc v1.0.83
[INFO] [stderr]    Compiling syn v2.0.48
[INFO] [stderr]    Compiling thiserror v1.0.56
[INFO] [stderr]    Compiling ab_glyph_rasterizer v0.1.8
[INFO] [stderr]    Compiling custom_derive v0.1.7
[INFO] [stderr]    Compiling rand_core v0.5.1
[INFO] [stderr]    Compiling rand_core v0.6.4
[INFO] [stderr]    Compiling regex-syntax v0.6.29
[INFO] [stderr]    Compiling unicode-segmentation v1.10.1
[INFO] [stderr]    Compiling rand_chacha v0.2.2
[INFO] [stderr]    Compiling bytemuck v1.14.0
[INFO] [stderr]    Compiling once_cell v1.19.0
[INFO] [stderr]    Compiling rayon v1.8.0
[INFO] [stderr]    Compiling rand v0.7.3
[INFO] [stderr]    Compiling scoped_threadpool v0.1.9
[INFO] [stderr]    Compiling heck v0.3.3
[INFO] [stderr]    Compiling rand_chacha v0.3.1
[INFO] [stderr]    Compiling conv v0.3.3
[INFO] [stderr]    Compiling regex-automata v0.4.3
[INFO] [stderr]    Compiling num-complex v0.3.1
[INFO] [stderr]    Compiling num v0.1.42
[INFO] [stderr]    Compiling owned_ttf_parser v0.15.2
[INFO] [stderr]    Compiling rulinalg v0.4.2
[INFO] [stderr]    Compiling libwebp-sys2 v0.1.9
[INFO] [stderr]    Compiling rand_distr v0.2.2
[INFO] [stderr]    Compiling rusttype v0.9.3
[INFO] [stderr]    Compiling itertools v0.9.0
[INFO] [stderr]    Compiling log v0.4.20
[INFO] [stderr]    Compiling linked-hash-map v0.5.6
[INFO] [stderr]    Compiling rand v0.8.5
[INFO] [stderr]    Compiling linked_hash_set v0.1.4
[INFO] [stderr]    Compiling rand_xoshiro v0.6.0
[INFO] [stderr]    Compiling webp-animation v0.5.0
[INFO] [stderr]    Compiling index_list v0.2.11
[INFO] [stderr]    Compiling jpeg-decoder v0.1.22
[INFO] [stderr]    Compiling num v0.3.1
[INFO] [stderr]    Compiling thiserror-impl v1.0.56
[INFO] [stderr]    Compiling regex v1.10.2
[INFO] [stderr]    Compiling tiff v0.6.1
[INFO] [stderr]    Compiling structmeta-derive v0.1.6
[INFO] [stderr]    Compiling sealed v0.3.0
[INFO] [stderr]    Compiling image v0.23.14
[INFO] [stderr]    Compiling structmeta v0.1.6
[INFO] [stderr]    Compiling parse-display-derive v0.5.5
[INFO] [stderr]    Compiling imageproc v0.22.0
[INFO] [stderr]    Compiling parse-display v0.5.5
[INFO] [stderr]    Compiling mazes v0.1.0 (/opt/rustwide/workdir)
[INFO] [stdout] warning: unused import: `RendererOps`
[INFO] [stdout]  --> src/render/renderers/anim.rs:3:43
[INFO] [stdout]   |
[INFO] [stdout] 3 | use crate::render::{Renderable, Renderer, RendererOps};
[INFO] [stdout]   |                                           ^^^^^^^^^^^
[INFO] [stdout]   |
[INFO] [stdout]   = note: `#[warn(unused_imports)]` on by default
[INFO] [stdout] 
[INFO] [stdout] 
[INFO] [stdout] warning: fields `id`, `x`, `y`, `sx`, and `sy` are never read
[INFO] [stdout]   --> src/render/mod.rs:70:5
[INFO] [stdout]    |
[INFO] [stdout] 69 | pub struct Block {
[INFO] [stdout]    |            ----- fields in this struct
[INFO] [stdout] 70 |     id: Index,
[INFO] [stdout]    |     ^^
[INFO] [stdout] 71 |     x: i32,
[INFO] [stdout]    |     ^
[INFO] [stdout] 72 |     y: i32,
[INFO] [stdout]    |     ^
[INFO] [stdout] 73 |     sx: u32,
[INFO] [stdout]    |     ^^
[INFO] [stdout] 74 |     sy: u32,
[INFO] [stdout]    |     ^^
[INFO] [stdout]    |
[INFO] [stdout]    = note: `Block` has derived impls for the traits `Debug` and `Clone`, but these are intentionally ignored during dead code analysis
[INFO] [stdout]    = note: `#[warn(dead_code)]` on by default
[INFO] [stdout] 
[INFO] [stdout] 
[INFO] [stdout] warning: field `frame` is never read
[INFO] [stdout]   --> src/render/renderers/anim.rs:33:5
[INFO] [stdout]    |
[INFO] [stdout] 28 | pub struct Animation<'a, 'f, R: Renderer<'f>> {
[INFO] [stdout]    |            --------- field in this struct
[INFO] [stdout] ...
[INFO] [stdout] 33 |     frame: RefCell<usize>,
[INFO] [stdout]    |     ^^^^^
[INFO] [stdout] 
[INFO] [stdout] 
[INFO] [stdout] warning: bounds on generic parameters are not enforced in type aliases
[INFO] [stdout]  --> src/render/renderers/custom.rs:6:24
[INFO] [stdout]   |
[INFO] [stdout] 6 | pub type CustomFunc<R: Renderable> =
[INFO] [stdout]   |                        ^^^^^^^^^^
[INFO] [stdout]   |
[INFO] [stdout]   = note: `#[warn(type_alias_bounds)]` on by default
[INFO] [stdout] help: the bound will not be checked when the type alias is used, and should be removed
[INFO] [stdout]   |
[INFO] [stdout] 6 - pub type CustomFunc<R: Renderable> =
[INFO] [stdout] 6 + pub type CustomFunc<R> =
[INFO] [stdout]   |
[INFO] [stdout] 
[INFO] [stdout] 
[INFO] [stdout] warning: 4 warnings emitted
[INFO] [stdout] 
[INFO] [stdout] 
[INFO] [stderr]     Finished dev [unoptimized + debuginfo] target(s) in 13.33s
[INFO] running `Command { std: "docker" "inspect" "a3778c3c4ff91c5c49d217442b81e1c61d13705134f523834fd2ad5773139a1d", kill_on_drop: false }`
[INFO] running `Command { std: "docker" "rm" "-f" "a3778c3c4ff91c5c49d217442b81e1c61d13705134f523834fd2ad5773139a1d", kill_on_drop: false }`
[INFO] [stdout] a3778c3c4ff91c5c49d217442b81e1c61d13705134f523834fd2ad5773139a1d
[INFO] running `Command { std: "docker" "create" "-v" "/var/lib/crater-agent-workspace/builds/worker-6-tc2/target:/opt/rustwide/target:rw,Z" "-v" "/var/lib/crater-agent-workspace/builds/worker-6-tc2/source:/opt/rustwide/workdir:ro,Z" "-v" "/var/lib/crater-agent-workspace/cargo-home:/opt/rustwide/cargo-home:ro,Z" "-v" "/var/lib/crater-agent-workspace/rustup-home:/opt/rustwide/rustup-home:ro,Z" "-e" "SOURCE_DIR=/opt/rustwide/workdir" "-e" "CARGO_TARGET_DIR=/opt/rustwide/target" "-e" "CARGO_INCREMENTAL=0" "-e" "RUST_BACKTRACE=full" "-e" "RUSTFLAGS=--cap-lints=warn" "-e" "RUSTDOCFLAGS=--cap-lints=warn" "-e" "CARGO_HOME=/opt/rustwide/cargo-home" "-e" "RUSTUP_HOME=/opt/rustwide/rustup-home" "-w" "/opt/rustwide/workdir" "-m" "1610612736" "--user" "0:0" "--network" "none" "ghcr.io/rust-lang/crates-build-env/linux@sha256:2788e3201cd34a07e3172128adcd8b3090168a8e3bcc40d7c032b9dda1df7d1c" "/opt/rustwide/cargo-home/bin/cargo" "+beta-2023-12-22" "test" "--frozen" "--no-run" "--message-format=json", kill_on_drop: false }`
[INFO] [stdout] 0fec0c86e0d2f65f101da27ee8afae00d290c8d9d6bf8b01827a82f47201c787
[INFO] running `Command { std: "docker" "start" "-a" "0fec0c86e0d2f65f101da27ee8afae00d290c8d9d6bf8b01827a82f47201c787", kill_on_drop: false }`
[INFO] [stdout] warning: unused import: `RendererOps`
[INFO] [stdout]  --> src/render/renderers/anim.rs:3:43
[INFO] [stdout]   |
[INFO] [stdout] 3 | use crate::render::{Renderable, Renderer, RendererOps};
[INFO] [stdout]   |                                           ^^^^^^^^^^^
[INFO] [stdout]   |
[INFO] [stdout]   = note: `#[warn(unused_imports)]` on by default
[INFO] [stdout] 
[INFO] [stdout] 
[INFO] [stdout] warning: fields `id`, `x`, `y`, `sx`, and `sy` are never read
[INFO] [stdout]   --> src/render/mod.rs:70:5
[INFO] [stdout]    |
[INFO] [stdout] 69 | pub struct Block {
[INFO] [stdout]    |            ----- fields in this struct
[INFO] [stdout] 70 |     id: Index,
[INFO] [stdout]    |     ^^
[INFO] [stdout] 71 |     x: i32,
[INFO] [stdout]    |     ^
[INFO] [stdout] 72 |     y: i32,
[INFO] [stdout]    |     ^
[INFO] [stdout] 73 |     sx: u32,
[INFO] [stdout]    |     ^^
[INFO] [stdout] 74 |     sy: u32,
[INFO] [stdout]    |     ^^
[INFO] [stdout]    |
[INFO] [stdout]    = note: `Block` has derived impls for the traits `Debug` and `Clone`, but these are intentionally ignored during dead code analysis
[INFO] [stdout]    = note: `#[warn(dead_code)]` on by default
[INFO] [stdout] 
[INFO] [stdout] 
[INFO] [stdout] warning: field `frame` is never read
[INFO] [stdout]   --> src/render/renderers/anim.rs:33:5
[INFO] [stdout]    |
[INFO] [stdout] 28 | pub struct Animation<'a, 'f, R: Renderer<'f>> {
[INFO] [stdout]    |            --------- field in this struct
[INFO] [stdout] ...
[INFO] [stdout] 33 |     frame: RefCell<usize>,
[INFO] [stdout]    |     ^^^^^
[INFO] [stdout] 
[INFO] [stdout] 
[INFO] [stdout] warning: bounds on generic parameters are not enforced in type aliases
[INFO] [stdout]  --> src/render/renderers/custom.rs:6:24
[INFO] [stdout]   |
[INFO] [stdout] 6 | pub type CustomFunc<R: Renderable> =
[INFO] [stdout]   |                        ^^^^^^^^^^
[INFO] [stdout]   |
[INFO] [stdout]   = note: `#[warn(type_alias_bounds)]` on by default
[INFO] [stdout] help: the bound will not be checked when the type alias is used, and should be removed
[INFO] [stdout]   |
[INFO] [stdout] 6 - pub type CustomFunc<R: Renderable> =
[INFO] [stdout] 6 + pub type CustomFunc<R> =
[INFO] [stdout]   |
[INFO] [stdout] 
[INFO] [stdout] 
[INFO] [stderr]    Compiling mazes v0.1.0 (/opt/rustwide/workdir)
[INFO] [stdout] warning: 4 warnings emitted
[INFO] [stdout] 
[INFO] [stdout] 
[INFO] [stdout] warning: unused import: `RendererOps`
[INFO] [stdout]  --> src/render/renderers/anim.rs:3:43
[INFO] [stdout]   |
[INFO] [stdout] 3 | use crate::render::{Renderable, Renderer, RendererOps};
[INFO] [stdout]   |                                           ^^^^^^^^^^^
[INFO] [stdout]   |
[INFO] [stdout]   = note: `#[warn(unused_imports)]` on by default
[INFO] [stdout] 
[INFO] [stdout] 
[INFO] [stdout] warning: fields `id`, `x`, `y`, `sx`, and `sy` are never read
[INFO] [stdout]   --> src/render/mod.rs:70:5
[INFO] [stdout]    |
[INFO] [stdout] 69 | pub struct Block {
[INFO] [stdout]    |            ----- fields in this struct
[INFO] [stdout] 70 |     id: Index,
[INFO] [stdout]    |     ^^
[INFO] [stdout] 71 |     x: i32,
[INFO] [stdout]    |     ^
[INFO] [stdout] 72 |     y: i32,
[INFO] [stdout]    |     ^
[INFO] [stdout] 73 |     sx: u32,
[INFO] [stdout]    |     ^^
[INFO] [stdout] 74 |     sy: u32,
[INFO] [stdout]    |     ^^
[INFO] [stdout]    |
[INFO] [stdout]    = note: `Block` has derived impls for the traits `Debug` and `Clone`, but these are intentionally ignored during dead code analysis
[INFO] [stdout]    = note: `#[warn(dead_code)]` on by default
[INFO] [stdout] 
[INFO] [stdout] 
[INFO] [stdout] warning: field `frame` is never read
[INFO] [stdout]   --> src/render/renderers/anim.rs:33:5
[INFO] [stdout]    |
[INFO] [stdout] 28 | pub struct Animation<'a, 'f, R: Renderer<'f>> {
[INFO] [stdout]    |            --------- field in this struct
[INFO] [stdout] ...
[INFO] [stdout] 33 |     frame: RefCell<usize>,
[INFO] [stdout]    |     ^^^^^
[INFO] [stdout] 
[INFO] [stdout] 
[INFO] [stdout] warning: bounds on generic parameters are not enforced in type aliases
[INFO] [stdout]  --> src/render/renderers/custom.rs:6:24
[INFO] [stdout]   |
[INFO] [stdout] 6 | pub type CustomFunc<R: Renderable> =
[INFO] [stdout]   |                        ^^^^^^^^^^
[INFO] [stdout]   |
[INFO] [stdout]   = note: `#[warn(type_alias_bounds)]` on by default
[INFO] [stdout] help: the bound will not be checked when the type alias is used, and should be removed
[INFO] [stdout]   |
[INFO] [stdout] 6 - pub type CustomFunc<R: Renderable> =
[INFO] [stdout] 6 + pub type CustomFunc<R> =
[INFO] [stdout]   |
[INFO] [stdout] 
[INFO] [stdout] 
[INFO] [stdout] warning: 4 warnings emitted
[INFO] [stdout] 
[INFO] [stdout] 
[INFO] [stderr]     Finished test [unoptimized + debuginfo] target(s) in 2.30s
[INFO] running `Command { std: "docker" "inspect" "0fec0c86e0d2f65f101da27ee8afae00d290c8d9d6bf8b01827a82f47201c787", kill_on_drop: false }`
[INFO] running `Command { std: "docker" "rm" "-f" "0fec0c86e0d2f65f101da27ee8afae00d290c8d9d6bf8b01827a82f47201c787", kill_on_drop: false }`
[INFO] [stdout] 0fec0c86e0d2f65f101da27ee8afae00d290c8d9d6bf8b01827a82f47201c787
[INFO] running `Command { std: "docker" "create" "-v" "/var/lib/crater-agent-workspace/builds/worker-6-tc2/target:/opt/rustwide/target:rw,Z" "-v" "/var/lib/crater-agent-workspace/builds/worker-6-tc2/source:/opt/rustwide/workdir:ro,Z" "-v" "/var/lib/crater-agent-workspace/cargo-home:/opt/rustwide/cargo-home:ro,Z" "-v" "/var/lib/crater-agent-workspace/rustup-home:/opt/rustwide/rustup-home:ro,Z" "-e" "SOURCE_DIR=/opt/rustwide/workdir" "-e" "CARGO_TARGET_DIR=/opt/rustwide/target" "-e" "CARGO_INCREMENTAL=0" "-e" "RUST_BACKTRACE=full" "-e" "RUSTFLAGS=--cap-lints=warn" "-e" "RUSTDOCFLAGS=--cap-lints=warn" "-e" "CARGO_HOME=/opt/rustwide/cargo-home" "-e" "RUSTUP_HOME=/opt/rustwide/rustup-home" "-w" "/opt/rustwide/workdir" "-m" "1610612736" "--user" "0:0" "--network" "none" "ghcr.io/rust-lang/crates-build-env/linux@sha256:2788e3201cd34a07e3172128adcd8b3090168a8e3bcc40d7c032b9dda1df7d1c" "/opt/rustwide/cargo-home/bin/cargo" "+beta-2023-12-22" "test" "--frozen", kill_on_drop: false }`
[INFO] [stdout] 524219c660bf16a9a81f3f0e092720d4b567db6946fffea0cbe416f68b509d30
[INFO] running `Command { std: "docker" "start" "-a" "524219c660bf16a9a81f3f0e092720d4b567db6946fffea0cbe416f68b509d30", kill_on_drop: false }`
[INFO] [stderr] warning: unused import: `RendererOps`
[INFO] [stderr]  --> src/render/renderers/anim.rs:3:43
[INFO] [stderr]   |
[INFO] [stderr] 3 | use crate::render::{Renderable, Renderer, RendererOps};
[INFO] [stderr]   |                                           ^^^^^^^^^^^
[INFO] [stderr]   |
[INFO] [stderr]   = note: `#[warn(unused_imports)]` on by default
[INFO] [stderr] 
[INFO] [stderr] warning: fields `id`, `x`, `y`, `sx`, and `sy` are never read
[INFO] [stderr]   --> src/render/mod.rs:70:5
[INFO] [stderr]    |
[INFO] [stderr] 69 | pub struct Block {
[INFO] [stderr]    |            ----- fields in this struct
[INFO] [stderr] 70 |     id: Index,
[INFO] [stderr]    |     ^^
[INFO] [stderr] 71 |     x: i32,
[INFO] [stderr]    |     ^
[INFO] [stderr] 72 |     y: i32,
[INFO] [stderr]    |     ^
[INFO] [stderr] 73 |     sx: u32,
[INFO] [stderr]    |     ^^
[INFO] [stderr] 74 |     sy: u32,
[INFO] [stderr]    |     ^^
[INFO] [stderr]    |
[INFO] [stderr]    = note: `Block` has derived impls for the traits `Debug` and `Clone`, but these are intentionally ignored during dead code analysis
[INFO] [stderr]    = note: `#[warn(dead_code)]` on by default
[INFO] [stderr] 
[INFO] [stderr] warning: field `frame` is never read
[INFO] [stderr]   --> src/render/renderers/anim.rs:33:5
[INFO] [stderr]    |
[INFO] [stderr] 28 | pub struct Animation<'a, 'f, R: Renderer<'f>> {
[INFO] [stderr]    |            --------- field in this struct
[INFO] [stderr] ...
[INFO] [stderr] 33 |     frame: RefCell<usize>,
[INFO] [stderr]    |     ^^^^^
[INFO] [stderr] 
[INFO] [stderr] warning: bounds on generic parameters are not enforced in type aliases
[INFO] [stderr]  --> src/render/renderers/custom.rs:6:24
[INFO] [stderr]   |
[INFO] [stderr] 6 | pub type CustomFunc<R: Renderable> =
[INFO] [stderr]   |                        ^^^^^^^^^^
[INFO] [stderr]   |
[INFO] [stderr]   = note: `#[warn(type_alias_bounds)]` on by default
[INFO] [stderr] help: the bound will not be checked when the type alias is used, and should be removed
[INFO] [stderr]   |
[INFO] [stderr] 6 - pub type CustomFunc<R: Renderable> =
[INFO] [stderr] 6 + pub type CustomFunc<R> =
[INFO] [stderr]   |
[INFO] [stderr] 
[INFO] [stderr] warning: `mazes` (lib) generated 4 warnings (run `cargo fix --lib -p mazes` to apply 1 suggestion)
[INFO] [stderr] warning: `mazes` (lib test) generated 4 warnings (4 duplicates)
[INFO] [stderr]     Finished test [unoptimized + debuginfo] target(s) in 0.05s
[INFO] [stderr]      Running unittests src/lib.rs (/opt/rustwide/target/debug/deps/mazes-c879090b98c2ebd2)
[INFO] [stdout] 
[INFO] [stdout] running 30 tests
[INFO] [stdout] test iter::tests::iters_iter ... ok
[INFO] [stdout] test iter::tests::iters_nw ... ok
[INFO] [stdout] test iter::tests::iters_ne ... ok
[INFO] [stdout] test iter::tests::iters_random ... ok
[INFO] [stdout] test iter::tests::iters_nested_rev ... ok
[INFO] [stdout] test iter::tests::iters_random_id ... ok
[INFO] [stdout] test iter::tests::iters_random_id_from_list ... ok
[INFO] [stdout] test iter::tests::iters_random_neighbor ... ok
[INFO] [stdout] test iter::tests::iters_rev ... ok
[INFO] [stdout] test iter::tests::iters_se ... ok
[INFO] [stdout] test iter::tests::iters_se_rev ... ok
[INFO] [stdout] test iter::tests::iters_sw ... ok
[INFO] [stdout] test util::tests::major_order_coord_nw ... ok
[INFO] [stdout] test util::tests::major_order_coord_se ... ok
[INFO] [stdout] test util::tests::major_order_coord_ne ... ok
[INFO] [stdout] test util::tests::major_order_coord_sw ... ok
[INFO] [stdout] test maze::sq::tests::render_square_options ... FAILED
[INFO] [stdout] test maze::rect::tests::binary_tree ... FAILED
[INFO] [stdout] test render::renderers::path_map::tests::render_shortest_path ... FAILED
[INFO] [stdout] test maze::sq::tests::render_square_defaults ... FAILED
[INFO] [stdout] test render::renderers::dist_map::tests::render_new_maze ... FAILED
[INFO] [stdout] test render::renderers::dist_map::tests::render_dist_defaults ... FAILED
[INFO] [stdout] test maze::test::wilsons ... FAILED
[INFO] [stdout] test maze::test::aldous_broder ... FAILED
[INFO] [stdout] test render::renderers::dist_map::tests::render_dist_options ... FAILED
[INFO] [stdout] test render::renderers::path_map::tests::longest_path_options ... FAILED
[INFO] [stdout] test maze::rect::tests::sidewinder ... FAILED
[INFO] [stdout] test render::renderers::path_map::tests::longest_path ... FAILED
[INFO] [stdout] test render::renderers::anim::tests::wilsons_animation ... FAILED
[INFO] [stdout] test render::renderers::anim::tests::wilsons_animation_options ... FAILED
[INFO] [stdout] 
[INFO] [stdout] failures:
[INFO] [stdout] 
[INFO] [stdout] ---- maze::sq::tests::render_square_options stdout ----
[INFO] [stdout] Error: IoError(Os { code: 30, kind: ReadOnlyFilesystem, message: "Read-only file system" })
[INFO] [stdout] 
[INFO] [stdout] ---- maze::rect::tests::binary_tree stdout ----
[INFO] [stdout] Error: IoError(Os { code: 30, kind: ReadOnlyFilesystem, message: "Read-only file system" })
[INFO] [stdout] 
[INFO] [stdout] ---- render::renderers::path_map::tests::render_shortest_path stdout ----
[INFO] [stdout] Error: IoError(Os { code: 30, kind: ReadOnlyFilesystem, message: "Read-only file system" })
[INFO] [stdout] 
[INFO] [stdout] ---- maze::sq::tests::render_square_defaults stdout ----
[INFO] [stdout] Error: IoError(Os { code: 30, kind: ReadOnlyFilesystem, message: "Read-only file system" })
[INFO] [stdout] 
[INFO] [stdout] ---- render::renderers::dist_map::tests::render_new_maze stdout ----
[INFO] [stdout] Error: IoError(Os { code: 30, kind: ReadOnlyFilesystem, message: "Read-only file system" })
[INFO] [stdout] 
[INFO] [stdout] ---- render::renderers::dist_map::tests::render_dist_defaults stdout ----
[INFO] [stdout] Error: IoError(Os { code: 30, kind: ReadOnlyFilesystem, message: "Read-only file system" })
[INFO] [stdout] 
[INFO] [stdout] ---- maze::test::wilsons stdout ----
[INFO] [stdout] Error: IoError(Os { code: 30, kind: ReadOnlyFilesystem, message: "Read-only file system" })
[INFO] [stdout] 
[INFO] [stdout] ---- maze::test::aldous_broder stdout ----
[INFO] [stdout] Error: IoError(Os { code: 30, kind: ReadOnlyFilesystem, message: "Read-only file system" })
[INFO] [stdout] 
[INFO] [stdout] ---- render::renderers::dist_map::tests::render_dist_options stdout ----
[INFO] [stdout] Error: IoError(Os { code: 30, kind: ReadOnlyFilesystem, message: "Read-only file system" })
[INFO] [stdout] 
[INFO] [stdout] ---- render::renderers::path_map::tests::longest_path_options stdout ----
[INFO] [stdout] Error: IoError(Os { code: 30, kind: ReadOnlyFilesystem, message: "Read-only file system" })
[INFO] [stdout] 
[INFO] [stdout] ---- maze::rect::tests::sidewinder stdout ----
[INFO] [stdout] Error: IoError(Os { code: 30, kind: ReadOnlyFilesystem, message: "Read-only file system" })
[INFO] [stdout] 
[INFO] [stdout] ---- render::renderers::path_map::tests::longest_path stdout ----
[INFO] [stdout] Error: IoError(Os { code: 30, kind: ReadOnlyFilesystem, message: "Read-only file system" })
[INFO] [stdout] 
[INFO] [stdout] ---- render::renderers::anim::tests::wilsons_animation stdout ----
[INFO] [stdout] thread 'render::renderers::anim::tests::wilsons_animation' panicked at src/render/renderers/anim.rs:81:40:
[INFO] [stdout] Error creating file: Os { code: 30, kind: ReadOnlyFilesystem, message: "Read-only file system" }
[INFO] [stdout] stack backtrace:
[INFO] [stdout]    0:     0x55ce166b29e6 - std::backtrace_rs::backtrace::libunwind::trace::h261606ad26a499c1
[INFO] [stdout]                                at /rustc/0e09125c6c3c2fd70d7de961bcf0e51575235fad/library/std/src/../../backtrace/src/backtrace/libunwind.rs:104:5
[INFO] [stdout]    1:     0x55ce166b29e6 - std::backtrace_rs::backtrace::trace_unsynchronized::hd183f0625477fb28
[INFO] [stdout]                                at /rustc/0e09125c6c3c2fd70d7de961bcf0e51575235fad/library/std/src/../../backtrace/src/backtrace/mod.rs:66:5
[INFO] [stdout]    2:     0x55ce166b29e6 - std::sys_common::backtrace::_print_fmt::hd7f8fef21b4eda67
[INFO] [stdout]                                at /rustc/0e09125c6c3c2fd70d7de961bcf0e51575235fad/library/std/src/sys_common/backtrace.rs:68:5
[INFO] [stdout]    3:     0x55ce166b29e6 - <std::sys_common::backtrace::_print::DisplayBacktrace as core::fmt::Display>::fmt::h623d9b51f2f453f1
[INFO] [stdout]                                at /rustc/0e09125c6c3c2fd70d7de961bcf0e51575235fad/library/std/src/sys_common/backtrace.rs:44:22
[INFO] [stdout]    4:     0x55ce166dc540 - core::fmt::rt::Argument::fmt::h9f417ac76a86f368
[INFO] [stdout]                                at /rustc/0e09125c6c3c2fd70d7de961bcf0e51575235fad/library/core/src/fmt/rt.rs:142:9
[INFO] [stdout]    5:     0x55ce166dc540 - core::fmt::write::hc9b6faf4ac2aeff7
[INFO] [stdout]                                at /rustc/0e09125c6c3c2fd70d7de961bcf0e51575235fad/library/core/src/fmt/mod.rs:1120:17
[INFO] [stdout]    6:     0x55ce166b044f - std::io::Write::write_fmt::he04625a3a989fec3
[INFO] [stdout]                                at /rustc/0e09125c6c3c2fd70d7de961bcf0e51575235fad/library/std/src/io/mod.rs:1810:15
[INFO] [stdout]    7:     0x55ce166b27c4 - std::sys_common::backtrace::_print::hd5d66399c7df88a2
[INFO] [stdout]                                at /rustc/0e09125c6c3c2fd70d7de961bcf0e51575235fad/library/std/src/sys_common/backtrace.rs:47:5
[INFO] [stdout]    8:     0x55ce166b27c4 - std::sys_common::backtrace::print::he81ed2da642d37e5
[INFO] [stdout]                                at /rustc/0e09125c6c3c2fd70d7de961bcf0e51575235fad/library/std/src/sys_common/backtrace.rs:34:9
[INFO] [stdout]    9:     0x55ce166b4537 - std::panicking::default_hook::{{closure}}::h85773f4fa117163d
[INFO] [stdout]   10:     0x55ce166b421d - std::panicking::default_hook::h6a1694a91d09b278
[INFO] [stdout]                                at /rustc/0e09125c6c3c2fd70d7de961bcf0e51575235fad/library/std/src/panicking.rs:289:9
[INFO] [stdout]   11:     0x55ce1655a0a7 - <alloc::boxed::Box<F,A> as core::ops::function::Fn<Args>>::call::h616ac37fa3cd6c8f
[INFO] [stdout]                                at /rustc/0e09125c6c3c2fd70d7de961bcf0e51575235fad/library/alloc/src/boxed.rs:2029:9
[INFO] [stdout]   12:     0x55ce1655a0a7 - test::test_main::{{closure}}::h00d84697cefdcbb6
[INFO] [stdout]                                at /rustc/0e09125c6c3c2fd70d7de961bcf0e51575235fad/library/test/src/lib.rs:138:21
[INFO] [stdout]   13:     0x55ce166b4b56 - <alloc::boxed::Box<F,A> as core::ops::function::Fn<Args>>::call::hcb3fe3b9bb537ba8
[INFO] [stdout]                                at /rustc/0e09125c6c3c2fd70d7de961bcf0e51575235fad/library/alloc/src/boxed.rs:2029:9
[INFO] [stdout]   14:     0x55ce166b4b56 - std::panicking::rust_panic_with_hook::h0a7ad96e90f7145b
[INFO] [stdout]                                at /rustc/0e09125c6c3c2fd70d7de961bcf0e51575235fad/library/std/src/panicking.rs:783:13
[INFO] [stdout]   15:     0x55ce166b48a2 - std::panicking::begin_panic_handler::{{closure}}::h7919090525c6485e
[INFO] [stdout]                                at /rustc/0e09125c6c3c2fd70d7de961bcf0e51575235fad/library/std/src/panicking.rs:657:13
[INFO] [stdout]   16:     0x55ce166b2ee6 - std::sys_common::backtrace::__rust_end_short_backtrace::hf3289479464f7dfe
[INFO] [stdout]                                at /rustc/0e09125c6c3c2fd70d7de961bcf0e51575235fad/library/std/src/sys_common/backtrace.rs:171:18
[INFO] [stdout]   17:     0x55ce166b4600 - rust_begin_unwind
[INFO] [stdout]                                at /rustc/0e09125c6c3c2fd70d7de961bcf0e51575235fad/library/std/src/panicking.rs:645:5
[INFO] [stdout]   18:     0x55ce164ea185 - core::panicking::panic_fmt::hcc9f77c5c132af55
[INFO] [stdout]                                at /rustc/0e09125c6c3c2fd70d7de961bcf0e51575235fad/library/core/src/panicking.rs:72:14
[INFO] [stdout]   19:     0x55ce164ea723 - core::result::unwrap_failed::hbe14f498be1452f9
[INFO] [stdout]                                at /rustc/0e09125c6c3c2fd70d7de961bcf0e51575235fad/library/core/src/result.rs:1649:5
[INFO] [stdout]   20:     0x55ce164fe57d - core::result::Result<T,E>::expect::hff2c3311be7a2f1f
[INFO] [stdout]                                at /rustc/0e09125c6c3c2fd70d7de961bcf0e51575235fad/library/core/src/result.rs:1030:23
[INFO] [stdout]   21:     0x55ce165185d6 - mazes::render::renderers::anim::Animation<R>::save::h69b73a2f1311ba03
[INFO] [stdout]                                at /opt/rustwide/workdir/src/render/renderers/anim.rs:81:21
[INFO] [stdout]   22:     0x55ce16518eb8 - mazes::render::renderers::anim::Animation<R>::animated_wilsons::h08d003b001d1faf9
[INFO] [stdout]                                at /opt/rustwide/workdir/src/render/renderers/anim.rs:136:9
[INFO] [stdout]   23:     0x55ce1650221f - mazes::render::renderers::anim::tests::wilsons_animation::hb33b5c8aece07cff
[INFO] [stdout]                                at /opt/rustwide/workdir/src/render/renderers/anim.rs:192:9
[INFO] [stdout]   24:     0x55ce1650212d - mazes::render::renderers::anim::tests::wilsons_animation::{{closure}}::hc4194b3efded48ed
[INFO] [stdout]                                at /opt/rustwide/workdir/src/render/renderers/anim.rs:188:31
[INFO] [stdout]   25:     0x55ce16520056 - core::ops::function::FnOnce::call_once::h57b6c3c55fadfb2a
[INFO] [stdout]                                at /rustc/0e09125c6c3c2fd70d7de961bcf0e51575235fad/library/core/src/ops/function.rs:250:5
[INFO] [stdout]   26:     0x55ce1655f97f - core::ops::function::FnOnce::call_once::hd64d26f405258157
[INFO] [stdout]                                at /rustc/0e09125c6c3c2fd70d7de961bcf0e51575235fad/library/core/src/ops/function.rs:250:5
[INFO] [stdout]   27:     0x55ce1655f97f - test::__rust_begin_short_backtrace::he21b0b7a6d731bf9
[INFO] [stdout]                                at /rustc/0e09125c6c3c2fd70d7de961bcf0e51575235fad/library/test/src/lib.rs:627:18
[INFO] [stdout]   28:     0x55ce1655e701 - test::run_test_in_process::{{closure}}::hf5c73986d7bdfde2
[INFO] [stdout]                                at /rustc/0e09125c6c3c2fd70d7de961bcf0e51575235fad/library/test/src/lib.rs:650:60
[INFO] [stdout]   29:     0x55ce1655e701 - <core::panic::unwind_safe::AssertUnwindSafe<F> as core::ops::function::FnOnce<()>>::call_once::h330011ad032aadc0
[INFO] [stdout]                                at /rustc/0e09125c6c3c2fd70d7de961bcf0e51575235fad/library/core/src/panic/unwind_safe.rs:272:9
[INFO] [stdout]   30:     0x55ce1655e701 - std::panicking::try::do_call::he61b0a958b795a41
[INFO] [stdout]                                at /rustc/0e09125c6c3c2fd70d7de961bcf0e51575235fad/library/std/src/panicking.rs:552:40
[INFO] [stdout]   31:     0x55ce1655e701 - std::panicking::try::h7309da130f906eb7
[INFO] [stdout]                                at /rustc/0e09125c6c3c2fd70d7de961bcf0e51575235fad/library/std/src/panicking.rs:516:19
[INFO] [stdout]   32:     0x55ce1655e701 - std::panic::catch_unwind::hc5c3a06fdaf0a92a
[INFO] [stdout]                                at /rustc/0e09125c6c3c2fd70d7de961bcf0e51575235fad/library/std/src/panic.rs:142:14
[INFO] [stdout]   33:     0x55ce1655e701 - test::run_test_in_process::h7e7b7c71c3324e0f
[INFO] [stdout]                                at /rustc/0e09125c6c3c2fd70d7de961bcf0e51575235fad/library/test/src/lib.rs:650:27
[INFO] [stdout]   34:     0x55ce1655e701 - test::run_test::{{closure}}::h1f509f28f5cf20b1
[INFO] [stdout]                                at /rustc/0e09125c6c3c2fd70d7de961bcf0e51575235fad/library/test/src/lib.rs:573:43
[INFO] [stdout]   35:     0x55ce16525a36 - test::run_test::{{closure}}::h1754218abf443f6d
[INFO] [stdout]                                at /rustc/0e09125c6c3c2fd70d7de961bcf0e51575235fad/library/test/src/lib.rs:601:41
[INFO] [stdout]   36:     0x55ce16525a36 - std::sys_common::backtrace::__rust_begin_short_backtrace::h2ee174b9d5954948
[INFO] [stdout]                                at /rustc/0e09125c6c3c2fd70d7de961bcf0e51575235fad/library/std/src/sys_common/backtrace.rs:155:18
[INFO] [stdout]   37:     0x55ce1652aa97 - std::thread::Builder::spawn_unchecked_::{{closure}}::{{closure}}::hf60bee9c1a17ef09
[INFO] [stdout]                                at /rustc/0e09125c6c3c2fd70d7de961bcf0e51575235fad/library/std/src/thread/mod.rs:529:17
[INFO] [stdout]   38:     0x55ce1652aa97 - <core::panic::unwind_safe::AssertUnwindSafe<F> as core::ops::function::FnOnce<()>>::call_once::h33d0dddec5216160
[INFO] [stdout]                                at /rustc/0e09125c6c3c2fd70d7de961bcf0e51575235fad/library/core/src/panic/unwind_safe.rs:272:9
[INFO] [stdout]   39:     0x55ce1652aa97 - std::panicking::try::do_call::h144b3048b546f835
[INFO] [stdout]                                at /rustc/0e09125c6c3c2fd70d7de961bcf0e51575235fad/library/std/src/panicking.rs:552:40
[INFO] [stdout]   40:     0x55ce1652aa97 - std::panicking::try::h978244d04646189f
[INFO] [stdout]                                at /rustc/0e09125c6c3c2fd70d7de961bcf0e51575235fad/library/std/src/panicking.rs:516:19
[INFO] [stdout]   41:     0x55ce1652aa97 - std::panic::catch_unwind::hdf436369d188fe86
[INFO] [stdout]                                at /rustc/0e09125c6c3c2fd70d7de961bcf0e51575235fad/library/std/src/panic.rs:142:14
[INFO] [stdout]   42:     0x55ce1652aa97 - std::thread::Builder::spawn_unchecked_::{{closure}}::h87329cbdd33c79ec
[INFO] [stdout]                                at /rustc/0e09125c6c3c2fd70d7de961bcf0e51575235fad/library/std/src/thread/mod.rs:528:30
[INFO] [stdout]   43:     0x55ce1652aa97 - core::ops::function::FnOnce::call_once{{vtable.shim}}::h401abbe67897d450
[INFO] [stdout]                                at /rustc/0e09125c6c3c2fd70d7de961bcf0e51575235fad/library/core/src/ops/function.rs:250:5
[INFO] [stdout]   44:     0x55ce166b9605 - <alloc::boxed::Box<F,A> as core::ops::function::FnOnce<Args>>::call_once::h5d7c8f150ab9c84c
[INFO] [stdout]                                at /rustc/0e09125c6c3c2fd70d7de961bcf0e51575235fad/library/alloc/src/boxed.rs:2015:9
[INFO] [stdout]   45:     0x55ce166b9605 - <alloc::boxed::Box<F,A> as core::ops::function::FnOnce<Args>>::call_once::h570d5b005c242c15
[INFO] [stdout]                                at /rustc/0e09125c6c3c2fd70d7de961bcf0e51575235fad/library/alloc/src/boxed.rs:2015:9
[INFO] [stdout]   46:     0x55ce166b9605 - std::sys::unix::thread::Thread::new::thread_start::h36b0a20c0b2361ad
[INFO] [stdout]                                at /rustc/0e09125c6c3c2fd70d7de961bcf0e51575235fad/library/std/src/sys/unix/thread.rs:108:17
[INFO] [stdout]   47:     0x7feadab33ac3 - <unknown>
[INFO] [stdout]   48:     0x7feadabc4bf4 - __clone
[INFO] [stdout]   49:                0x0 - <unknown>
[INFO] [stdout] 
[INFO] [stdout] ---- render::renderers::anim::tests::wilsons_animation_options stdout ----
[INFO] [stdout] thread 'render::renderers::anim::tests::wilsons_animation_options' panicked at src/render/renderers/anim.rs:81:40:
[INFO] [stdout] Error creating file: Os { code: 30, kind: ReadOnlyFilesystem, message: "Read-only file system" }
[INFO] [stdout] stack backtrace:
[INFO] [stdout]    0:     0x55ce166b29e6 - std::backtrace_rs::backtrace::libunwind::trace::h261606ad26a499c1
[INFO] [stdout]                                at /rustc/0e09125c6c3c2fd70d7de961bcf0e51575235fad/library/std/src/../../backtrace/src/backtrace/libunwind.rs:104:5
[INFO] [stdout]    1:     0x55ce166b29e6 - std::backtrace_rs::backtrace::trace_unsynchronized::hd183f0625477fb28
[INFO] [stdout]                                at /rustc/0e09125c6c3c2fd70d7de961bcf0e51575235fad/library/std/src/../../backtrace/src/backtrace/mod.rs:66:5
[INFO] [stdout]    2:     0x55ce166b29e6 - std::sys_common::backtrace::_print_fmt::hd7f8fef21b4eda67
[INFO] [stdout]                                at /rustc/0e09125c6c3c2fd70d7de961bcf0e51575235fad/library/std/src/sys_common/backtrace.rs:68:5
[INFO] [stdout]    3:     0x55ce166b29e6 - <std::sys_common::backtrace::_print::DisplayBacktrace as core::fmt::Display>::fmt::h623d9b51f2f453f1
[INFO] [stdout]                                at /rustc/0e09125c6c3c2fd70d7de961bcf0e51575235fad/library/std/src/sys_common/backtrace.rs:44:22
[INFO] [stdout]    4:     0x55ce166dc540 - core::fmt::rt::Argument::fmt::h9f417ac76a86f368
[INFO] [stdout]                                at /rustc/0e09125c6c3c2fd70d7de961bcf0e51575235fad/library/core/src/fmt/rt.rs:142:9
[INFO] [stdout]    5:     0x55ce166dc540 - core::fmt::write::hc9b6faf4ac2aeff7
[INFO] [stdout]                                at /rustc/0e09125c6c3c2fd70d7de961bcf0e51575235fad/library/core/src/fmt/mod.rs:1120:17
[INFO] [stdout]    6:     0x55ce166b044f - std::io::Write::write_fmt::he04625a3a989fec3
[INFO] [stdout]                                at /rustc/0e09125c6c3c2fd70d7de961bcf0e51575235fad/library/std/src/io/mod.rs:1810:15
[INFO] [stdout]    7:     0x55ce166b27c4 - std::sys_common::backtrace::_print::hd5d66399c7df88a2
[INFO] [stdout]                                at /rustc/0e09125c6c3c2fd70d7de961bcf0e51575235fad/library/std/src/sys_common/backtrace.rs:47:5
[INFO] [stdout]    8:     0x55ce166b27c4 - std::sys_common::backtrace::print::he81ed2da642d37e5
[INFO] [stdout]                                at /rustc/0e09125c6c3c2fd70d7de961bcf0e51575235fad/library/std/src/sys_common/backtrace.rs:34:9
[INFO] [stdout]    9:     0x55ce166b4537 - std::panicking::default_hook::{{closure}}::h85773f4fa117163d
[INFO] [stdout]   10:     0x55ce166b421d - std::panicking::default_hook::h6a1694a91d09b278
[INFO] [stdout]                                at /rustc/0e09125c6c3c2fd70d7de961bcf0e51575235fad/library/std/src/panicking.rs:289:9
[INFO] [stdout]   11:     0x55ce1655a0a7 - <alloc::boxed::Box<F,A> as core::ops::function::Fn<Args>>::call::h616ac37fa3cd6c8f
[INFO] [stdout]                                at /rustc/0e09125c6c3c2fd70d7de961bcf0e51575235fad/library/alloc/src/boxed.rs:2029:9
[INFO] [stdout]   12:     0x55ce1655a0a7 - test::test_main::{{closure}}::h00d84697cefdcbb6
[INFO] [stdout]                                at /rustc/0e09125c6c3c2fd70d7de961bcf0e51575235fad/library/test/src/lib.rs:138:21
[INFO] [stdout]   13:     0x55ce166b4b56 - <alloc::boxed::Box<F,A> as core::ops::function::Fn<Args>>::call::hcb3fe3b9bb537ba8
[INFO] [stdout]                                at /rustc/0e09125c6c3c2fd70d7de961bcf0e51575235fad/library/alloc/src/boxed.rs:2029:9
[INFO] [stdout]   14:     0x55ce166b4b56 - std::panicking::rust_panic_with_hook::h0a7ad96e90f7145b
[INFO] [stdout]                                at /rustc/0e09125c6c3c2fd70d7de961bcf0e51575235fad/library/std/src/panicking.rs:783:13
[INFO] [stdout]   15:     0x55ce166b48a2 - std::panicking::begin_panic_handler::{{closure}}::h7919090525c6485e
[INFO] [stdout]                                at /rustc/0e09125c6c3c2fd70d7de961bcf0e51575235fad/library/std/src/panicking.rs:657:13
[INFO] [stdout]   16:     0x55ce166b2ee6 - std::sys_common::backtrace::__rust_end_short_backtrace::hf3289479464f7dfe
[INFO] [stdout]                                at /rustc/0e09125c6c3c2fd70d7de961bcf0e51575235fad/library/std/src/sys_common/backtrace.rs:171:18
[INFO] [stdout]   17:     0x55ce166b4600 - rust_begin_unwind
[INFO] [stdout]                                at /rustc/0e09125c6c3c2fd70d7de961bcf0e51575235fad/library/std/src/panicking.rs:645:5
[INFO] [stdout]   18:     0x55ce164ea185 - core::panicking::panic_fmt::hcc9f77c5c132af55
[INFO] [stdout]                                at /rustc/0e09125c6c3c2fd70d7de961bcf0e51575235fad/library/core/src/panicking.rs:72:14
[INFO] [stdout]   19:     0x55ce164ea723 - core::result::unwrap_failed::hbe14f498be1452f9
[INFO] [stdout]                                at /rustc/0e09125c6c3c2fd70d7de961bcf0e51575235fad/library/core/src/result.rs:1649:5
[INFO] [stdout]   20:     0x55ce164fe57d - core::result::Result<T,E>::expect::hff2c3311be7a2f1f
[INFO] [stdout]                                at /rustc/0e09125c6c3c2fd70d7de961bcf0e51575235fad/library/core/src/result.rs:1030:23
[INFO] [stdout]   21:     0x55ce165185d6 - mazes::render::renderers::anim::Animation<R>::save::h69b73a2f1311ba03
[INFO] [stdout]                                at /opt/rustwide/workdir/src/render/renderers/anim.rs:81:21
[INFO] [stdout]   22:     0x55ce16518eb8 - mazes::render::renderers::anim::Animation<R>::animated_wilsons::h08d003b001d1faf9
[INFO] [stdout]                                at /opt/rustwide/workdir/src/render/renderers/anim.rs:136:9
[INFO] [stdout]   23:     0x55ce1650239d - mazes::render::renderers::anim::tests::wilsons_animation_options::h8089535f5771eeb5
[INFO] [stdout]                                at /opt/rustwide/workdir/src/render/renderers/anim.rs:202:9
[INFO] [stdout]   24:     0x55ce1650226d - mazes::render::renderers::anim::tests::wilsons_animation_options::{{closure}}::h97e3b5e2f7c2e22a
[INFO] [stdout]                                at /opt/rustwide/workdir/src/render/renderers/anim.rs:197:39
[INFO] [stdout]   25:     0x55ce165204d6 - core::ops::function::FnOnce::call_once::ha4e2656198bd4bd1
[INFO] [stdout]                                at /rustc/0e09125c6c3c2fd70d7de961bcf0e51575235fad/library/core/src/ops/function.rs:250:5
[INFO] [stdout]   26:     0x55ce1655f97f - core::ops::function::FnOnce::call_once::hd64d26f405258157
[INFO] [stdout]                                at /rustc/0e09125c6c3c2fd70d7de961bcf0e51575235fad/library/core/src/ops/function.rs:250:5
[INFO] [stdout]   27:     0x55ce1655f97f - test::__rust_begin_short_backtrace::he21b0b7a6d731bf9
[INFO] [stdout]                                at /rustc/0e09125c6c3c2fd70d7de961bcf0e51575235fad/library/test/src/lib.rs:627:18
[INFO] [stdout]   28:     0x55ce1655e701 - test::run_test_in_process::{{closure}}::hf5c73986d7bdfde2
[INFO] [stdout]                                at /rustc/0e09125c6c3c2fd70d7de961bcf0e51575235fad/library/test/src/lib.rs:650:60
[INFO] [stdout]   29:     0x55ce1655e701 - <core::panic::unwind_safe::AssertUnwindSafe<F> as core::ops::function::FnOnce<()>>::call_once::h330011ad032aadc0
[INFO] [stdout]                                at /rustc/0e09125c6c3c2fd70d7de961bcf0e51575235fad/library/core/src/panic/unwind_safe.rs:272:9
[INFO] [stdout]   30:     0x55ce1655e701 - std::panicking::try::do_call::he61b0a958b795a41
[INFO] [stdout]                                at /rustc/0e09125c6c3c2fd70d7de961bcf0e51575235fad/library/std/src/panicking.rs:552:40
[INFO] [stdout]   31:     0x55ce1655e701 - std::panicking::try::h7309da130f906eb7
[INFO] [stdout]                                at /rustc/0e09125c6c3c2fd70d7de961bcf0e51575235fad/library/std/src/panicking.rs:516:19
[INFO] [stdout]   32:     0x55ce1655e701 - std::panic::catch_unwind::hc5c3a06fdaf0a92a
[INFO] [stdout]                                at /rustc/0e09125c6c3c2fd70d7de961bcf0e51575235fad/library/std/src/panic.rs:142:14
[INFO] [stdout]   33:     0x55ce1655e701 - test::run_test_in_process::h7e7b7c71c3324e0f
[INFO] [stdout]                                at /rustc/0e09125c6c3c2fd70d7de961bcf0e51575235fad/library/test/src/lib.rs:650:27
[INFO] [stdout]   34:     0x55ce1655e701 - test::run_test::{{closure}}::h1f509f28f5cf20b1
[INFO] [stdout]                                at /rustc/0e09125c6c3c2fd70d7de961bcf0e51575235fad/library/test/src/lib.rs:573:43
[INFO] [stdout]   35:     0x55ce16525a36 - test::run_test::{{closure}}::h1754218abf443f6d
[INFO] [stdout]                                at /rustc/0e09125c6c3c2fd70d7de961bcf0e51575235fad/library/test/src/lib.rs:601:41
[INFO] [stdout]   36:     0x55ce16525a36 - std::sys_common::backtrace::__rust_begin_short_backtrace::h2ee174b9d5954948
[INFO] [stdout]                                at /rustc/0e09125c6c3c2fd70d7de961bcf0e51575235fad/library/std/src/sys_common/backtrace.rs:155:18
[INFO] [stdout]   37:     0x55ce1652aa97 - std::thread::Builder::spawn_unchecked_::{{closure}}::{{closure}}::hf60bee9c1a17ef09
[INFO] [stdout]                                at /rustc/0e09125c6c3c2fd70d7de961bcf0e51575235fad/library/std/src/thread/mod.rs:529:17
[INFO] [stdout]   38:     0x55ce1652aa97 - <core::panic::unwind_safe::AssertUnwindSafe<F> as core::ops::function::FnOnce<()>>::call_once::h33d0dddec5216160
[INFO] [stdout]                                at /rustc/0e09125c6c3c2fd70d7de961bcf0e51575235fad/library/core/src/panic/unwind_safe.rs:272:9
[INFO] [stdout]   39:     0x55ce1652aa97 - std::panicking::try::do_call::h144b3048b546f835
[INFO] [stdout]                                at /rustc/0e09125c6c3c2fd70d7de961bcf0e51575235fad/library/std/src/panicking.rs:552:40
[INFO] [stdout]   40:     0x55ce1652aa97 - std::panicking::try::h978244d04646189f
[INFO] [stdout]                                at /rustc/0e09125c6c3c2fd70d7de961bcf0e51575235fad/library/std/src/panicking.rs:516:19
[INFO] [stdout]   41:     0x55ce1652aa97 - std::panic::catch_unwind::hdf436369d188fe86
[INFO] [stdout]                                at /rustc/0e09125c6c3c2fd70d7de961bcf0e51575235fad/library/std/src/panic.rs:142:14
[INFO] [stdout]   42:     0x55ce1652aa97 - std::thread::Builder::spawn_unchecked_::{{closure}}::h87329cbdd33c79ec
[INFO] [stdout]                                at /rustc/0e09125c6c3c2fd70d7de961bcf0e51575235fad/library/std/src/thread/mod.rs:528:30
[INFO] [stdout]   43:     0x55ce1652aa97 - core::ops::function::FnOnce::call_once{{vtable.shim}}::h401abbe67897d450
[INFO] [stdout]                                at /rustc/0e09125c6c3c2fd70d7de961bcf0e51575235fad/library/core/src/ops/function.rs:250:5
[INFO] [stdout]   44:     0x55ce166b9605 - <alloc::boxed::Box<F,A> as core::ops::function::FnOnce<Args>>::call_once::h5d7c8f150ab9c84c
[INFO] [stdout]                                at /rustc/0e09125c6c3c2fd70d7de961bcf0e51575235fad/library/alloc/src/boxed.rs:2015:9
[INFO] [stdout]   45:     0x55ce166b9605 - <alloc::boxed::Box<F,A> as core::ops::function::FnOnce<Args>>::call_once::h570d5b005c242c15
[INFO] [stdout]                                at /rustc/0e09125c6c3c2fd70d7de961bcf0e51575235fad/library/alloc/src/boxed.rs:2015:9
[INFO] [stdout]   46:     0x55ce166b9605 - std::sys::unix::thread::Thread::new::thread_start::h36b0a20c0b2361ad
[INFO] [stdout]                                at /rustc/0e09125c6c3c2fd70d7de961bcf0e51575235fad/library/std/src/sys/unix/thread.rs:108:17
[INFO] [stdout]   47:     0x7feadab33ac3 - <unknown>
[INFO] [stdout]   48:     0x7feadabc4bf4 - __clone
[INFO] [stdout]   49:                0x0 - <unknown>
[INFO] [stdout] 
[INFO] [stdout] 
[INFO] [stdout] failures:
[INFO] [stdout]     maze::rect::tests::binary_tree
[INFO] [stdout]     maze::rect::tests::sidewinder
[INFO] [stdout]     maze::sq::tests::render_square_defaults
[INFO] [stdout]     maze::sq::tests::render_square_options
[INFO] [stdout]     maze::test::aldous_broder
[INFO] [stdout]     maze::test::wilsons
[INFO] [stdout]     render::renderers::anim::tests::wilsons_animation
[INFO] [stdout]     render::renderers::anim::tests::wilsons_animation_options
[INFO] [stdout]     render::renderers::dist_map::tests::render_dist_defaults
[INFO] [stdout]     render::renderers::dist_map::tests::render_dist_options
[INFO] [stdout]     render::renderers::dist_map::tests::render_new_maze
[INFO] [stdout]     render::renderers::path_map::tests::longest_path
[INFO] [stdout]     render::renderers::path_map::tests::longest_path_options
[INFO] [stdout]     render::renderers::path_map::tests::render_shortest_path
[INFO] [stdout] 
[INFO] [stdout] test result: FAILED. 16 passed; 14 failed; 0 ignored; 0 measured; 0 filtered out; finished in 0.33s
[INFO] [stdout] 
[INFO] [stderr] error: test failed, to rerun pass `--lib`
[INFO] running `Command { std: "docker" "inspect" "524219c660bf16a9a81f3f0e092720d4b567db6946fffea0cbe416f68b509d30", kill_on_drop: false }`
[INFO] running `Command { std: "docker" "rm" "-f" "524219c660bf16a9a81f3f0e092720d4b567db6946fffea0cbe416f68b509d30", kill_on_drop: false }`
[INFO] [stdout] 524219c660bf16a9a81f3f0e092720d4b567db6946fffea0cbe416f68b509d30
