[INFO] cloning repository https://github.com/vinciblu/contracts
[INFO] running `Command { std: "git" "-c" "credential.helper=" "-c" "credential.helper=/workspace/cargo-home/bin/git-credential-null" "clone" "--bare" "https://github.com/vinciblu/contracts" "/workspace/cache/git-repos/https%3A%2F%2Fgithub.com%2Fvinciblu%2Fcontracts", kill_on_drop: false }`
[INFO] [stderr] Cloning into bare repository '/workspace/cache/git-repos/https%3A%2F%2Fgithub.com%2Fvinciblu%2Fcontracts'...
[INFO] running `Command { std: "git" "rev-parse" "HEAD", kill_on_drop: false }`
[INFO] [stdout] 761d8f28d92c435d4273a6b23ec9c9ee093748a4
[INFO] testing vinciblu/contracts against 1.75.0 for beta-1.76-1
[INFO] running `Command { std: "git" "clone" "/workspace/cache/git-repos/https%3A%2F%2Fgithub.com%2Fvinciblu%2Fcontracts" "/workspace/builds/worker-5-tc1/source", kill_on_drop: false }`
[INFO] [stderr] Cloning into '/workspace/builds/worker-5-tc1/source'...
[INFO] [stderr] done.
[INFO] validating manifest of git repo https://github.com/vinciblu/contracts on toolchain 1.75.0
[INFO] running `Command { std: CARGO_HOME="/workspace/cargo-home" RUSTUP_HOME="/workspace/rustup-home" "/workspace/cargo-home/bin/cargo" "+1.75.0" "metadata" "--manifest-path" "Cargo.toml" "--no-deps", kill_on_drop: false }`
[INFO] removed /workspace/builds/worker-5-tc1/source/.cargo/config
[INFO] started tweaking git repo https://github.com/vinciblu/contracts
[INFO] finished tweaking git repo https://github.com/vinciblu/contracts
[INFO] tweaked toml for git repo https://github.com/vinciblu/contracts written to /workspace/builds/worker-5-tc1/source/Cargo.toml
[INFO] crate git repo https://github.com/vinciblu/contracts already has a lockfile, it will not be regenerated
[INFO] running `Command { std: CARGO_HOME="/workspace/cargo-home" RUSTUP_HOME="/workspace/rustup-home" "/workspace/cargo-home/bin/cargo" "+1.75.0" "fetch" "--manifest-path" "Cargo.toml", kill_on_drop: false }`
[INFO] [stderr] warning: virtual workspace defaulting to `resolver = "1"` despite one or more workspace members being on edition 2021 which implies `resolver = "2"`
[INFO] [stderr] note: to keep the current resolver, specify `workspace.resolver = "1"` in the workspace root's manifest
[INFO] [stderr] note: to use the edition 2021 resolver, specify `workspace.resolver = "2"` in the workspace root's manifest
[INFO] [stderr] note: for more details see https://doc.rust-lang.org/cargo/reference/resolver.html#resolver-versions
[INFO] [stderr]  Downloading crates ...
[INFO] [stderr]   Downloaded cosmwasm-schema-derive v1.2.7
[INFO] [stderr]   Downloaded cosmwasm-derive v1.2.7
[INFO] [stderr]   Downloaded cosmwasm-schema v1.2.7
[INFO] [stderr]   Downloaded cosmwasm-std v1.2.7
[INFO] [stderr]   Downloaded cosmwasm-crypto v1.2.7
[INFO] running `Command { std: "docker" "create" "-v" "/var/lib/crater-agent-workspace/builds/worker-5-tc1/target:/opt/rustwide/target:rw,Z" "-v" "/var/lib/crater-agent-workspace/builds/worker-5-tc1/source:/opt/rustwide/workdir:ro,Z" "-v" "/var/lib/crater-agent-workspace/cargo-home:/opt/rustwide/cargo-home:ro,Z" "-v" "/var/lib/crater-agent-workspace/rustup-home:/opt/rustwide/rustup-home:ro,Z" "-e" "SOURCE_DIR=/opt/rustwide/workdir" "-e" "CARGO_TARGET_DIR=/opt/rustwide/target" "-e" "CARGO_HOME=/opt/rustwide/cargo-home" "-e" "RUSTUP_HOME=/opt/rustwide/rustup-home" "-w" "/opt/rustwide/workdir" "-m" "1610612736" "--user" "0:0" "--network" "none" "ghcr.io/rust-lang/crates-build-env/linux@sha256:2788e3201cd34a07e3172128adcd8b3090168a8e3bcc40d7c032b9dda1df7d1c" "/opt/rustwide/cargo-home/bin/cargo" "+1.75.0" "metadata" "--no-deps" "--format-version=1", kill_on_drop: false }`
[INFO] [stdout] 374d0d228ce3b3a0d276161e5599767ab791b67efefb693fea2c213b02e391b0
[INFO] running `Command { std: "docker" "start" "-a" "374d0d228ce3b3a0d276161e5599767ab791b67efefb693fea2c213b02e391b0", kill_on_drop: false }`
[INFO] running `Command { std: "docker" "inspect" "374d0d228ce3b3a0d276161e5599767ab791b67efefb693fea2c213b02e391b0", kill_on_drop: false }`
[INFO] running `Command { std: "docker" "rm" "-f" "374d0d228ce3b3a0d276161e5599767ab791b67efefb693fea2c213b02e391b0", kill_on_drop: false }`
[INFO] [stdout] 374d0d228ce3b3a0d276161e5599767ab791b67efefb693fea2c213b02e391b0
[INFO] running `Command { std: "docker" "create" "-v" "/var/lib/crater-agent-workspace/builds/worker-5-tc1/target:/opt/rustwide/target:rw,Z" "-v" "/var/lib/crater-agent-workspace/builds/worker-5-tc1/source:/opt/rustwide/workdir:ro,Z" "-v" "/var/lib/crater-agent-workspace/cargo-home:/opt/rustwide/cargo-home:ro,Z" "-v" "/var/lib/crater-agent-workspace/rustup-home:/opt/rustwide/rustup-home:ro,Z" "-e" "SOURCE_DIR=/opt/rustwide/workdir" "-e" "CARGO_TARGET_DIR=/opt/rustwide/target" "-e" "CARGO_INCREMENTAL=0" "-e" "RUST_BACKTRACE=full" "-e" "RUSTFLAGS=--cap-lints=warn" "-e" "RUSTDOCFLAGS=--cap-lints=warn" "-e" "CARGO_HOME=/opt/rustwide/cargo-home" "-e" "RUSTUP_HOME=/opt/rustwide/rustup-home" "-w" "/opt/rustwide/workdir" "-m" "1610612736" "--user" "0:0" "--network" "none" "ghcr.io/rust-lang/crates-build-env/linux@sha256:2788e3201cd34a07e3172128adcd8b3090168a8e3bcc40d7c032b9dda1df7d1c" "/opt/rustwide/cargo-home/bin/cargo" "+1.75.0" "build" "--frozen" "--message-format=json", kill_on_drop: false }`
[INFO] [stdout] 74988dccc5dff49883fdbc3423101e3ff4e7975f406f9309d6bcd2d3a2dab2a5
[INFO] running `Command { std: "docker" "start" "-a" "74988dccc5dff49883fdbc3423101e3ff4e7975f406f9309d6bcd2d3a2dab2a5", kill_on_drop: false }`
[INFO] [stderr] warning: virtual workspace defaulting to `resolver = "1"` despite one or more workspace members being on edition 2021 which implies `resolver = "2"`
[INFO] [stderr] note: to keep the current resolver, specify `workspace.resolver = "1"` in the workspace root's manifest
[INFO] [stderr] note: to use the edition 2021 resolver, specify `workspace.resolver = "2"` in the workspace root's manifest
[INFO] [stderr] note: for more details see https://doc.rust-lang.org/cargo/reference/resolver.html#resolver-versions
[INFO] [stderr] warning: profile package spec `cw721-metadata-onchain` in profile `release` did not match any packages
[INFO] [stderr]    Compiling version_check v0.9.4
[INFO] [stderr]    Compiling typenum v1.16.0
[INFO] [stderr]    Compiling proc-macro2 v1.0.63
[INFO] [stderr]    Compiling quote v1.0.29
[INFO] [stderr]    Compiling unicode-ident v1.0.6
[INFO] [stderr]    Compiling cfg-if v1.0.0
[INFO] [stderr]    Compiling libc v0.2.139
[INFO] [stderr]    Compiling subtle v2.4.1
[INFO] [stderr]    Compiling syn v1.0.107
[INFO] [stderr]    Compiling zeroize v1.5.7
[INFO] [stderr]    Compiling const-oid v0.9.1
[INFO] [stderr]    Compiling serde v1.0.164
[INFO] [stderr]    Compiling der v0.6.1
[INFO] [stderr]    Compiling base64ct v1.5.3
[INFO] [stderr]    Compiling generic-array v0.14.6
[INFO] [stderr]    Compiling ahash v0.7.6
[INFO] [stderr]    Compiling base16ct v0.1.1
[INFO] [stderr]    Compiling cpufeatures v0.2.5
[INFO] [stderr]    Compiling once_cell v1.17.0
[INFO] [stderr]    Compiling byteorder v1.4.3
[INFO] [stderr]    Compiling serde_json v1.0.93
[INFO] [stderr]    Compiling thiserror v1.0.38
[INFO] [stderr]    Compiling hex v0.4.3
[INFO] [stderr]    Compiling getrandom v0.2.8
[INFO] [stderr]    Compiling syn v2.0.22
[INFO] [stderr]    Compiling rand_core v0.6.4
[INFO] [stderr]    Compiling ryu v1.0.12
[INFO] [stderr]    Compiling schemars v0.8.12
[INFO] [stderr]    Compiling spki v0.6.0
[INFO] [stderr]    Compiling ff v0.12.1
[INFO] [stderr]    Compiling opaque-debug v0.3.0
[INFO] [stderr]    Compiling itoa v1.0.5
[INFO] [stderr]    Compiling pkcs8 v0.9.0
[INFO] [stderr]    Compiling group v0.12.1
[INFO] [stderr]    Compiling rand_core v0.5.1
[INFO] [stderr]    Compiling crunchy v0.2.2
[INFO] [stderr]    Compiling hashbrown v0.12.3
[INFO] [stderr]    Compiling dyn-clone v1.0.10
[INFO] [stderr]    Compiling static_assertions v1.1.0
[INFO] [stderr]    Compiling forward_ref v1.0.0
[INFO] [stderr]    Compiling base64 v0.13.1
[INFO] [stderr]    Compiling semver v1.0.16
[INFO] [stderr]    Compiling uint v0.9.5
[INFO] [stderr]    Compiling block-buffer v0.10.3
[INFO] [stderr]    Compiling crypto-common v0.1.6
[INFO] [stderr]    Compiling crypto-bigint v0.4.9
[INFO] [stderr]    Compiling digest v0.9.0
[INFO] [stderr]    Compiling sec1 v0.3.0
[INFO] [stderr]    Compiling digest v0.10.6
[INFO] [stderr]    Compiling block-buffer v0.9.0
[INFO] [stderr]    Compiling curve25519-dalek v3.2.0
[INFO] [stderr]    Compiling sha2 v0.9.9
[INFO] [stderr]    Compiling hmac v0.12.1
[INFO] [stderr]    Compiling signature v1.6.4
[INFO] [stderr]    Compiling sha2 v0.10.6
[INFO] [stderr]    Compiling elliptic-curve v0.12.3
[INFO] [stderr]    Compiling rfc6979 v0.3.1
[INFO] [stderr]    Compiling ecdsa v0.14.8
[INFO] [stderr]    Compiling serde_derive v1.0.164
[INFO] [stderr]    Compiling k256 v0.11.6
[INFO] [stderr]    Compiling serde_derive_internals v0.26.0
[INFO] [stderr]    Compiling thiserror-impl v1.0.38
[INFO] [stderr]    Compiling derivative v2.2.0
[INFO] [stderr]    Compiling cosmwasm-derive v1.2.7
[INFO] [stderr]    Compiling cosmwasm-schema-derive v1.2.7
[INFO] [stderr]    Compiling schemars_derive v0.8.12
[INFO] [stderr]    Compiling cw-ownable-derive v0.5.1
[INFO] [stderr]    Compiling ed25519-zebra v3.1.0
[INFO] [stderr]    Compiling serde-json-wasm v0.5.0
[INFO] [stderr]    Compiling cosmwasm-crypto v1.2.7
[INFO] [stderr]    Compiling cosmwasm-std v1.2.7
[INFO] [stderr]    Compiling cosmwasm-schema v1.2.7
[INFO] [stderr]    Compiling cw-storage-plus v1.1.0
[INFO] [stderr]    Compiling cw-storage-plus v0.16.0
[INFO] [stderr]    Compiling cw-address-like v1.0.4
[INFO] [stderr]    Compiling cw2 v0.16.0
[INFO] [stderr]    Compiling cw2 v1.1.0
[INFO] [stderr]    Compiling cw-utils v0.16.0
[INFO] [stderr]    Compiling cw-utils v1.0.1
[INFO] [stderr]    Compiling cw721 v0.16.0
[INFO] [stderr]    Compiling cw721 v0.18.0 (/opt/rustwide/workdir/packages/cw721)
[INFO] [stderr]    Compiling cw-ownable v0.5.1
[INFO] [stderr]    Compiling cw20 v1.1.0
[INFO] [stderr]    Compiling cw721-base v0.16.0
[INFO] [stderr]    Compiling cw721-base v0.18.0 (/opt/rustwide/workdir/contracts/cw721-base)
[INFO] [stderr]    Compiling cw721-fixed-price v0.18.0 (/opt/rustwide/workdir/contracts/cw721-fixed-price)
[INFO] [stderr]    Compiling cw721-non-transferable v0.18.0 (/opt/rustwide/workdir/contracts/cw721-non-transferable)
[INFO] [stderr]    Compiling nft v0.18.0 (/opt/rustwide/workdir/contracts/nft)
[INFO] [stderr]    Compiling cw2981-royalties v0.18.0 (/opt/rustwide/workdir/contracts/vendor)
[INFO] [stdout] warning: unused variable: `token_id`
[INFO] [stdout]   --> contracts/vendor/src/lib.rs:85:13
[INFO] [stdout]    |
[INFO] [stdout] 85 |             token_id,
[INFO] [stdout]    |             ^^^^^^^^ help: try ignoring the field: `token_id: _`
[INFO] [stdout]    |
[INFO] [stdout]    = note: `#[warn(unused_variables)]` on by default
[INFO] [stdout] 
[INFO] [stdout] 
[INFO] [stdout] warning: unused variable: `owner`
[INFO] [stdout]   --> contracts/vendor/src/lib.rs:86:13
[INFO] [stdout]    |
[INFO] [stdout] 86 |             owner,
[INFO] [stdout]    |             ^^^^^ help: try ignoring the field: `owner: _`
[INFO] [stdout] 
[INFO] [stdout] 
[INFO] [stdout] warning: unused variable: `token_uri`
[INFO] [stdout]   --> contracts/vendor/src/lib.rs:87:13
[INFO] [stdout]    |
[INFO] [stdout] 87 |             token_uri,
[INFO] [stdout]    |             ^^^^^^^^^ help: try ignoring the field: `token_uri: _`
[INFO] [stdout] 
[INFO] [stdout] 
[INFO] [stdout] warning: variable does not need to be mutable
[INFO] [stdout]   --> contracts/vendor/src/lib.rs:78:9
[INFO] [stdout]    |
[INFO] [stdout] 78 |         mut deps: DepsMut,
[INFO] [stdout]    |         ----^^^^
[INFO] [stdout]    |         |
[INFO] [stdout]    |         help: remove this `mut`
[INFO] [stdout]    |
[INFO] [stdout]    = note: `#[warn(unused_mut)]` on by default
[INFO] [stdout] 
[INFO] [stdout] 
[INFO] [stdout] warning: 4 warnings emitted
[INFO] [stdout] 
[INFO] [stdout] 
[INFO] [stderr]     Finished dev [unoptimized + debuginfo] target(s) in 18.17s
[INFO] running `Command { std: "docker" "inspect" "74988dccc5dff49883fdbc3423101e3ff4e7975f406f9309d6bcd2d3a2dab2a5", kill_on_drop: false }`
[INFO] running `Command { std: "docker" "rm" "-f" "74988dccc5dff49883fdbc3423101e3ff4e7975f406f9309d6bcd2d3a2dab2a5", kill_on_drop: false }`
[INFO] [stdout] 74988dccc5dff49883fdbc3423101e3ff4e7975f406f9309d6bcd2d3a2dab2a5
[INFO] running `Command { std: "docker" "create" "-v" "/var/lib/crater-agent-workspace/builds/worker-5-tc1/target:/opt/rustwide/target:rw,Z" "-v" "/var/lib/crater-agent-workspace/builds/worker-5-tc1/source:/opt/rustwide/workdir:ro,Z" "-v" "/var/lib/crater-agent-workspace/cargo-home:/opt/rustwide/cargo-home:ro,Z" "-v" "/var/lib/crater-agent-workspace/rustup-home:/opt/rustwide/rustup-home:ro,Z" "-e" "SOURCE_DIR=/opt/rustwide/workdir" "-e" "CARGO_TARGET_DIR=/opt/rustwide/target" "-e" "CARGO_INCREMENTAL=0" "-e" "RUST_BACKTRACE=full" "-e" "RUSTFLAGS=--cap-lints=warn" "-e" "RUSTDOCFLAGS=--cap-lints=warn" "-e" "CARGO_HOME=/opt/rustwide/cargo-home" "-e" "RUSTUP_HOME=/opt/rustwide/rustup-home" "-w" "/opt/rustwide/workdir" "-m" "1610612736" "--user" "0:0" "--network" "none" "ghcr.io/rust-lang/crates-build-env/linux@sha256:2788e3201cd34a07e3172128adcd8b3090168a8e3bcc40d7c032b9dda1df7d1c" "/opt/rustwide/cargo-home/bin/cargo" "+1.75.0" "test" "--frozen" "--no-run" "--message-format=json", kill_on_drop: false }`
[INFO] [stdout] d4536c49da4b2fa2d74e58e781daf5927c60b31e1b79fdbe49e9c318dd4ab016
[INFO] running `Command { std: "docker" "start" "-a" "d4536c49da4b2fa2d74e58e781daf5927c60b31e1b79fdbe49e9c318dd4ab016", kill_on_drop: false }`
[INFO] [stderr] warning: virtual workspace defaulting to `resolver = "1"` despite one or more workspace members being on edition 2021 which implies `resolver = "2"`
[INFO] [stderr] note: to keep the current resolver, specify `workspace.resolver = "1"` in the workspace root's manifest
[INFO] [stderr] note: to use the edition 2021 resolver, specify `workspace.resolver = "2"` in the workspace root's manifest
[INFO] [stderr] note: for more details see https://doc.rust-lang.org/cargo/reference/resolver.html#resolver-versions
[INFO] [stderr] warning: profile package spec `cw721-metadata-onchain` in profile `release` did not match any packages
[INFO] [stderr] warning: output filename collision.
[INFO] [stderr] The example target `schema` in package `cw721 v0.18.0 (/opt/rustwide/workdir/packages/cw721)` has the same output filename as the example target `schema` in package `cw2981-royalties v0.18.0 (/opt/rustwide/workdir/contracts/vendor)`.
[INFO] [stderr] Colliding filename is: /opt/rustwide/target/debug/examples/schema
[INFO] [stderr] The targets should have unique names.
[INFO] [stderr] Consider changing their names to be unique or compiling them separately.
[INFO] [stderr] This may become a hard error in the future; see <https://github.com/rust-lang/cargo/issues/6313>.
[INFO] [stderr] warning: output filename collision.
[INFO] [stderr] The example target `schema` in package `cw721 v0.18.0 (/opt/rustwide/workdir/packages/cw721)` has the same output filename as the example target `schema` in package `cw2981-royalties v0.18.0 (/opt/rustwide/workdir/contracts/vendor)`.
[INFO] [stderr] Colliding filename is: /opt/rustwide/target/debug/examples/schema.dwp
[INFO] [stderr] The targets should have unique names.
[INFO] [stderr] Consider changing their names to be unique or compiling them separately.
[INFO] [stderr] This may become a hard error in the future; see <https://github.com/rust-lang/cargo/issues/6313>.
[INFO] [stderr] warning: output filename collision.
[INFO] [stderr] The example target `schema` in package `cw721-base v0.18.0 (/opt/rustwide/workdir/contracts/cw721-base)` has the same output filename as the example target `schema` in package `cw721 v0.18.0 (/opt/rustwide/workdir/packages/cw721)`.
[INFO] [stderr] Colliding filename is: /opt/rustwide/target/debug/examples/schema
[INFO] [stderr] The targets should have unique names.
[INFO] [stderr] Consider changing their names to be unique or compiling them separately.
[INFO] [stderr] This may become a hard error in the future; see <https://github.com/rust-lang/cargo/issues/6313>.
[INFO] [stderr] warning: output filename collision.
[INFO] [stderr] The example target `schema` in package `cw721-base v0.18.0 (/opt/rustwide/workdir/contracts/cw721-base)` has the same output filename as the example target `schema` in package `cw721 v0.18.0 (/opt/rustwide/workdir/packages/cw721)`.
[INFO] [stderr] Colliding filename is: /opt/rustwide/target/debug/examples/schema.dwp
[INFO] [stderr] The targets should have unique names.
[INFO] [stderr] Consider changing their names to be unique or compiling them separately.
[INFO] [stderr] This may become a hard error in the future; see <https://github.com/rust-lang/cargo/issues/6313>.
[INFO] [stderr] warning: output filename collision.
[INFO] [stderr] The example target `schema` in package `cw721-fixed-price v0.18.0 (/opt/rustwide/workdir/contracts/cw721-fixed-price)` has the same output filename as the example target `schema` in package `cw721-base v0.18.0 (/opt/rustwide/workdir/contracts/cw721-base)`.
[INFO] [stderr] Colliding filename is: /opt/rustwide/target/debug/examples/schema
[INFO] [stderr] The targets should have unique names.
[INFO] [stderr] Consider changing their names to be unique or compiling them separately.
[INFO] [stderr] This may become a hard error in the future; see <https://github.com/rust-lang/cargo/issues/6313>.
[INFO] [stderr] warning: output filename collision.
[INFO] [stderr] The example target `schema` in package `cw721-fixed-price v0.18.0 (/opt/rustwide/workdir/contracts/cw721-fixed-price)` has the same output filename as the example target `schema` in package `cw721-base v0.18.0 (/opt/rustwide/workdir/contracts/cw721-base)`.
[INFO] [stderr] Colliding filename is: /opt/rustwide/target/debug/examples/schema.dwp
[INFO] [stderr] The targets should have unique names.
[INFO] [stderr] Consider changing their names to be unique or compiling them separately.
[INFO] [stderr] This may become a hard error in the future; see <https://github.com/rust-lang/cargo/issues/6313>.
[INFO] [stderr] warning: output filename collision.
[INFO] [stderr] The example target `schema` in package `cw721-non-transferable v0.18.0 (/opt/rustwide/workdir/contracts/cw721-non-transferable)` has the same output filename as the example target `schema` in package `cw721-fixed-price v0.18.0 (/opt/rustwide/workdir/contracts/cw721-fixed-price)`.
[INFO] [stderr] Colliding filename is: /opt/rustwide/target/debug/examples/schema
[INFO] [stderr] The targets should have unique names.
[INFO] [stderr] Consider changing their names to be unique or compiling them separately.
[INFO] [stderr] This may become a hard error in the future; see <https://github.com/rust-lang/cargo/issues/6313>.
[INFO] [stderr] warning: output filename collision.
[INFO] [stderr] The example target `schema` in package `cw721-non-transferable v0.18.0 (/opt/rustwide/workdir/contracts/cw721-non-transferable)` has the same output filename as the example target `schema` in package `cw721-fixed-price v0.18.0 (/opt/rustwide/workdir/contracts/cw721-fixed-price)`.
[INFO] [stderr] Colliding filename is: /opt/rustwide/target/debug/examples/schema.dwp
[INFO] [stderr] The targets should have unique names.
[INFO] [stderr] Consider changing their names to be unique or compiling them separately.
[INFO] [stderr] This may become a hard error in the future; see <https://github.com/rust-lang/cargo/issues/6313>.
[INFO] [stderr] warning: output filename collision.
[INFO] [stderr] The example target `schema` in package `nft v0.18.0 (/opt/rustwide/workdir/contracts/nft)` has the same output filename as the example target `schema` in package `cw721-non-transferable v0.18.0 (/opt/rustwide/workdir/contracts/cw721-non-transferable)`.
[INFO] [stderr] Colliding filename is: /opt/rustwide/target/debug/examples/schema
[INFO] [stderr] The targets should have unique names.
[INFO] [stderr] Consider changing their names to be unique or compiling them separately.
[INFO] [stderr] This may become a hard error in the future; see <https://github.com/rust-lang/cargo/issues/6313>.
[INFO] [stderr] warning: output filename collision.
[INFO] [stderr] The example target `schema` in package `nft v0.18.0 (/opt/rustwide/workdir/contracts/nft)` has the same output filename as the example target `schema` in package `cw721-non-transferable v0.18.0 (/opt/rustwide/workdir/contracts/cw721-non-transferable)`.
[INFO] [stderr] Colliding filename is: /opt/rustwide/target/debug/examples/schema.dwp
[INFO] [stderr] The targets should have unique names.
[INFO] [stderr] Consider changing their names to be unique or compiling them separately.
[INFO] [stderr] This may become a hard error in the future; see <https://github.com/rust-lang/cargo/issues/6313>.
[INFO] [stderr]    Compiling anyhow v1.0.69
[INFO] [stderr]    Compiling either v1.8.1
[INFO] [stderr]    Compiling bytes v1.4.0
[INFO] [stderr]    Compiling cw721 v0.18.0 (/opt/rustwide/workdir/packages/cw721)
[INFO] [stdout] warning: unused variable: `token_id`
[INFO] [stdout]   --> contracts/vendor/src/lib.rs:85:13
[INFO] [stdout]    |
[INFO] [stdout] 85 |             token_id,
[INFO] [stdout]    |             ^^^^^^^^ help: try ignoring the field: `token_id: _`
[INFO] [stdout]    |
[INFO] [stdout]    = note: `#[warn(unused_variables)]` on by default
[INFO] [stdout] 
[INFO] [stdout] 
[INFO] [stdout] warning: unused variable: `owner`
[INFO] [stdout]   --> contracts/vendor/src/lib.rs:86:13
[INFO] [stdout]    |
[INFO] [stdout] 86 |             owner,
[INFO] [stdout]    |             ^^^^^ help: try ignoring the field: `owner: _`
[INFO] [stdout] 
[INFO] [stdout] 
[INFO] [stdout] warning: unused variable: `token_uri`
[INFO] [stdout]   --> contracts/vendor/src/lib.rs:87:13
[INFO] [stdout]    |
[INFO] [stdout] 87 |             token_uri,
[INFO] [stdout]    |             ^^^^^^^^^ help: try ignoring the field: `token_uri: _`
[INFO] [stdout] 
[INFO] [stdout] 
[INFO] [stdout] warning: variable does not need to be mutable
[INFO] [stdout]   --> contracts/vendor/src/lib.rs:78:9
[INFO] [stdout]    |
[INFO] [stdout] 78 |         mut deps: DepsMut,
[INFO] [stdout]    |         ----^^^^
[INFO] [stdout]    |         |
[INFO] [stdout]    |         help: remove this `mut`
[INFO] [stdout]    |
[INFO] [stdout]    = note: `#[warn(unused_mut)]` on by default
[INFO] [stdout] 
[INFO] [stdout] 
[INFO] [stdout] warning: 4 warnings emitted
[INFO] [stdout] 
[INFO] [stdout] 
[INFO] [stderr]    Compiling nft v0.18.0 (/opt/rustwide/workdir/contracts/nft)
[INFO] [stderr]    Compiling cw721-non-transferable v0.18.0 (/opt/rustwide/workdir/contracts/cw721-non-transferable)
[INFO] [stderr]    Compiling cw2981-royalties v0.18.0 (/opt/rustwide/workdir/contracts/vendor)
[INFO] [stderr]    Compiling itertools v0.10.5
[INFO] [stdout] warning: unused variable: `token_id`
[INFO] [stdout]   --> contracts/vendor/src/lib.rs:85:13
[INFO] [stdout]    |
[INFO] [stdout] 85 |             token_id,
[INFO] [stdout]    |             ^^^^^^^^ help: try ignoring the field: `token_id: _`
[INFO] [stdout]    |
[INFO] [stdout]    = note: `#[warn(unused_variables)]` on by default
[INFO] [stdout] 
[INFO] [stdout] 
[INFO] [stdout] warning: unused variable: `owner`
[INFO] [stdout]   --> contracts/vendor/src/lib.rs:86:13
[INFO] [stdout]    |
[INFO] [stdout] 86 |             owner,
[INFO] [stdout]    |             ^^^^^ help: try ignoring the field: `owner: _`
[INFO] [stdout] 
[INFO] [stdout] 
[INFO] [stdout] warning: unused variable: `token_uri`
[INFO] [stdout]   --> contracts/vendor/src/lib.rs:87:13
[INFO] [stdout]    |
[INFO] [stdout] 87 |             token_uri,
[INFO] [stdout]    |             ^^^^^^^^^ help: try ignoring the field: `token_uri: _`
[INFO] [stdout] 
[INFO] [stdout] 
[INFO] [stdout] warning: variable does not need to be mutable
[INFO] [stdout]   --> contracts/vendor/src/lib.rs:78:9
[INFO] [stdout]    |
[INFO] [stdout] 78 |         mut deps: DepsMut,
[INFO] [stdout]    |         ----^^^^
[INFO] [stdout]    |         |
[INFO] [stdout]    |         help: remove this `mut`
[INFO] [stdout]    |
[INFO] [stdout]    = note: `#[warn(unused_mut)]` on by default
[INFO] [stdout] 
[INFO] [stdout] 
[INFO] [stderr]    Compiling prost-derive v0.9.0
[INFO] [stderr]    Compiling prost-derive v0.10.1
[INFO] [stdout] warning: 4 warnings emitted
[INFO] [stdout] 
[INFO] [stdout] 
[INFO] [stderr]    Compiling prost v0.10.4
[INFO] [stderr]    Compiling prost v0.9.0
[INFO] [stderr]    Compiling cw-multi-test v0.16.5
[INFO] [stderr]    Compiling cw721-fixed-price v0.18.0 (/opt/rustwide/workdir/contracts/cw721-fixed-price)
[INFO] [stderr]    Compiling cw721-base v0.18.0 (/opt/rustwide/workdir/contracts/cw721-base)
[INFO] [stderr]     Finished test [unoptimized + debuginfo] target(s) in 5.65s
[INFO] running `Command { std: "docker" "inspect" "d4536c49da4b2fa2d74e58e781daf5927c60b31e1b79fdbe49e9c318dd4ab016", kill_on_drop: false }`
[INFO] running `Command { std: "docker" "rm" "-f" "d4536c49da4b2fa2d74e58e781daf5927c60b31e1b79fdbe49e9c318dd4ab016", kill_on_drop: false }`
[INFO] [stdout] d4536c49da4b2fa2d74e58e781daf5927c60b31e1b79fdbe49e9c318dd4ab016
[INFO] running `Command { std: "docker" "create" "-v" "/var/lib/crater-agent-workspace/builds/worker-5-tc1/target:/opt/rustwide/target:rw,Z" "-v" "/var/lib/crater-agent-workspace/builds/worker-5-tc1/source:/opt/rustwide/workdir:ro,Z" "-v" "/var/lib/crater-agent-workspace/cargo-home:/opt/rustwide/cargo-home:ro,Z" "-v" "/var/lib/crater-agent-workspace/rustup-home:/opt/rustwide/rustup-home:ro,Z" "-e" "SOURCE_DIR=/opt/rustwide/workdir" "-e" "CARGO_TARGET_DIR=/opt/rustwide/target" "-e" "CARGO_INCREMENTAL=0" "-e" "RUST_BACKTRACE=full" "-e" "RUSTFLAGS=--cap-lints=warn" "-e" "RUSTDOCFLAGS=--cap-lints=warn" "-e" "CARGO_HOME=/opt/rustwide/cargo-home" "-e" "RUSTUP_HOME=/opt/rustwide/rustup-home" "-w" "/opt/rustwide/workdir" "-m" "1610612736" "--user" "0:0" "--network" "none" "ghcr.io/rust-lang/crates-build-env/linux@sha256:2788e3201cd34a07e3172128adcd8b3090168a8e3bcc40d7c032b9dda1df7d1c" "/opt/rustwide/cargo-home/bin/cargo" "+1.75.0" "test" "--frozen", kill_on_drop: false }`
[INFO] [stdout] a9863eb56154fa4f07f8f60883059211d115733d709f3f368ec6cb8bd60a3bcb
[INFO] running `Command { std: "docker" "start" "-a" "a9863eb56154fa4f07f8f60883059211d115733d709f3f368ec6cb8bd60a3bcb", kill_on_drop: false }`
[INFO] [stderr] warning: virtual workspace defaulting to `resolver = "1"` despite one or more workspace members being on edition 2021 which implies `resolver = "2"`
[INFO] [stderr] note: to keep the current resolver, specify `workspace.resolver = "1"` in the workspace root's manifest
[INFO] [stderr] note: to use the edition 2021 resolver, specify `workspace.resolver = "2"` in the workspace root's manifest
[INFO] [stderr] note: for more details see https://doc.rust-lang.org/cargo/reference/resolver.html#resolver-versions
[INFO] [stderr] warning: profile package spec `cw721-metadata-onchain` in profile `release` did not match any packages
[INFO] [stderr] warning: output filename collision.
[INFO] [stderr] The example target `schema` in package `cw721 v0.18.0 (/opt/rustwide/workdir/packages/cw721)` has the same output filename as the example target `schema` in package `cw2981-royalties v0.18.0 (/opt/rustwide/workdir/contracts/vendor)`.
[INFO] [stderr] Colliding filename is: /opt/rustwide/target/debug/examples/schema
[INFO] [stderr] The targets should have unique names.
[INFO] [stderr] Consider changing their names to be unique or compiling them separately.
[INFO] [stderr] This may become a hard error in the future; see <https://github.com/rust-lang/cargo/issues/6313>.
[INFO] [stderr] warning: output filename collision.
[INFO] [stderr] The example target `schema` in package `cw721 v0.18.0 (/opt/rustwide/workdir/packages/cw721)` has the same output filename as the example target `schema` in package `cw2981-royalties v0.18.0 (/opt/rustwide/workdir/contracts/vendor)`.
[INFO] [stderr] Colliding filename is: /opt/rustwide/target/debug/examples/schema.dwp
[INFO] [stderr] The targets should have unique names.
[INFO] [stderr] Consider changing their names to be unique or compiling them separately.
[INFO] [stderr] This may become a hard error in the future; see <https://github.com/rust-lang/cargo/issues/6313>.
[INFO] [stderr] warning: output filename collision.
[INFO] [stderr] The example target `schema` in package `cw721-base v0.18.0 (/opt/rustwide/workdir/contracts/cw721-base)` has the same output filename as the example target `schema` in package `cw721 v0.18.0 (/opt/rustwide/workdir/packages/cw721)`.
[INFO] [stderr] Colliding filename is: /opt/rustwide/target/debug/examples/schema
[INFO] [stderr] The targets should have unique names.
[INFO] [stderr] Consider changing their names to be unique or compiling them separately.
[INFO] [stderr] This may become a hard error in the future; see <https://github.com/rust-lang/cargo/issues/6313>.
[INFO] [stderr] warning: output filename collision.
[INFO] [stderr] The example target `schema` in package `cw721-base v0.18.0 (/opt/rustwide/workdir/contracts/cw721-base)` has the same output filename as the example target `schema` in package `cw721 v0.18.0 (/opt/rustwide/workdir/packages/cw721)`.
[INFO] [stderr] Colliding filename is: /opt/rustwide/target/debug/examples/schema.dwp
[INFO] [stderr] The targets should have unique names.
[INFO] [stderr] Consider changing their names to be unique or compiling them separately.
[INFO] [stderr] This may become a hard error in the future; see <https://github.com/rust-lang/cargo/issues/6313>.
[INFO] [stderr] warning: output filename collision.
[INFO] [stderr] The example target `schema` in package `cw721-fixed-price v0.18.0 (/opt/rustwide/workdir/contracts/cw721-fixed-price)` has the same output filename as the example target `schema` in package `cw721-base v0.18.0 (/opt/rustwide/workdir/contracts/cw721-base)`.
[INFO] [stderr] Colliding filename is: /opt/rustwide/target/debug/examples/schema
[INFO] [stderr] The targets should have unique names.
[INFO] [stderr] Consider changing their names to be unique or compiling them separately.
[INFO] [stderr] This may become a hard error in the future; see <https://github.com/rust-lang/cargo/issues/6313>.
[INFO] [stderr] warning: output filename collision.
[INFO] [stderr] The example target `schema` in package `cw721-fixed-price v0.18.0 (/opt/rustwide/workdir/contracts/cw721-fixed-price)` has the same output filename as the example target `schema` in package `cw721-base v0.18.0 (/opt/rustwide/workdir/contracts/cw721-base)`.
[INFO] [stderr] Colliding filename is: /opt/rustwide/target/debug/examples/schema.dwp
[INFO] [stderr] The targets should have unique names.
[INFO] [stderr] Consider changing their names to be unique or compiling them separately.
[INFO] [stderr] This may become a hard error in the future; see <https://github.com/rust-lang/cargo/issues/6313>.
[INFO] [stderr] warning: output filename collision.
[INFO] [stderr] The example target `schema` in package `cw721-non-transferable v0.18.0 (/opt/rustwide/workdir/contracts/cw721-non-transferable)` has the same output filename as the example target `schema` in package `cw721-fixed-price v0.18.0 (/opt/rustwide/workdir/contracts/cw721-fixed-price)`.
[INFO] [stderr] Colliding filename is: /opt/rustwide/target/debug/examples/schema
[INFO] [stderr] The targets should have unique names.
[INFO] [stderr] Consider changing their names to be unique or compiling them separately.
[INFO] [stderr] This may become a hard error in the future; see <https://github.com/rust-lang/cargo/issues/6313>.
[INFO] [stderr] warning: output filename collision.
[INFO] [stderr] The example target `schema` in package `cw721-non-transferable v0.18.0 (/opt/rustwide/workdir/contracts/cw721-non-transferable)` has the same output filename as the example target `schema` in package `cw721-fixed-price v0.18.0 (/opt/rustwide/workdir/contracts/cw721-fixed-price)`.
[INFO] [stderr] Colliding filename is: /opt/rustwide/target/debug/examples/schema.dwp
[INFO] [stderr] The targets should have unique names.
[INFO] [stderr] Consider changing their names to be unique or compiling them separately.
[INFO] [stderr] This may become a hard error in the future; see <https://github.com/rust-lang/cargo/issues/6313>.
[INFO] [stderr] warning: output filename collision.
[INFO] [stderr] The example target `schema` in package `nft v0.18.0 (/opt/rustwide/workdir/contracts/nft)` has the same output filename as the example target `schema` in package `cw721-non-transferable v0.18.0 (/opt/rustwide/workdir/contracts/cw721-non-transferable)`.
[INFO] [stderr] Colliding filename is: /opt/rustwide/target/debug/examples/schema
[INFO] [stderr] The targets should have unique names.
[INFO] [stderr] Consider changing their names to be unique or compiling them separately.
[INFO] [stderr] This may become a hard error in the future; see <https://github.com/rust-lang/cargo/issues/6313>.
[INFO] [stderr] warning: output filename collision.
[INFO] [stderr] The example target `schema` in package `nft v0.18.0 (/opt/rustwide/workdir/contracts/nft)` has the same output filename as the example target `schema` in package `cw721-non-transferable v0.18.0 (/opt/rustwide/workdir/contracts/cw721-non-transferable)`.
[INFO] [stderr] Colliding filename is: /opt/rustwide/target/debug/examples/schema.dwp
[INFO] [stderr] The targets should have unique names.
[INFO] [stderr] Consider changing their names to be unique or compiling them separately.
[INFO] [stderr] This may become a hard error in the future; see <https://github.com/rust-lang/cargo/issues/6313>.
[INFO] [stderr] warning: unused variable: `token_id`
[INFO] [stderr]   --> contracts/vendor/src/lib.rs:85:13
[INFO] [stderr]    |
[INFO] [stderr] 85 |             token_id,
[INFO] [stderr]    |             ^^^^^^^^ help: try ignoring the field: `token_id: _`
[INFO] [stderr]    |
[INFO] [stderr]    = note: `#[warn(unused_variables)]` on by default
[INFO] [stderr] 
[INFO] [stderr] warning: unused variable: `owner`
[INFO] [stderr]   --> contracts/vendor/src/lib.rs:86:13
[INFO] [stderr]    |
[INFO] [stderr] 86 |             owner,
[INFO] [stderr]    |             ^^^^^ help: try ignoring the field: `owner: _`
[INFO] [stderr] 
[INFO] [stderr] warning: unused variable: `token_uri`
[INFO] [stderr]   --> contracts/vendor/src/lib.rs:87:13
[INFO] [stderr]    |
[INFO] [stderr] 87 |             token_uri,
[INFO] [stderr]    |             ^^^^^^^^^ help: try ignoring the field: `token_uri: _`
[INFO] [stderr] 
[INFO] [stderr] warning: variable does not need to be mutable
[INFO] [stderr]   --> contracts/vendor/src/lib.rs:78:9
[INFO] [stderr]    |
[INFO] [stderr] 78 |         mut deps: DepsMut,
[INFO] [stderr]    |         ----^^^^
[INFO] [stderr]    |         |
[INFO] [stderr]    |         help: remove this `mut`
[INFO] [stderr]    |
[INFO] [stderr]    = note: `#[warn(unused_mut)]` on by default
[INFO] [stderr] 
[INFO] [stderr] warning: `cw2981-royalties` (lib) generated 4 warnings (run `cargo fix --lib -p cw2981-royalties` to apply 4 suggestions)
[INFO] [stderr] warning: `cw2981-royalties` (lib test) generated 4 warnings (4 duplicates)
[INFO] [stderr]     Finished test [unoptimized + debuginfo] target(s) in 0.05s
[INFO] [stderr]      Running unittests src/lib.rs (/opt/rustwide/target/debug/deps/cw2981_royalties-664175967ea8e339)
[INFO] [stdout] 
[INFO] [stdout] running 4 tests
[INFO] [stdout] test tests::check_royalties_response ... ok
[INFO] [stdout] test tests::check_token_royalties ... FAILED
[INFO] [stdout] test tests::use_metadata_extension ... FAILED
[INFO] [stdout] test tests::validate_royalty_information ... FAILED
[INFO] [stdout] 
[INFO] [stdout] failures:
[INFO] [stdout] 
[INFO] [stdout] ---- tests::check_token_royalties stdout ----
[INFO] [stdout] thread 'tests::check_token_royalties' panicked at contracts/vendor/src/lib.rs:274:9:
[INFO] [stdout] assertion `left == right` failed
[INFO] [stdout]   left: RoyaltiesInfoResponse { address: "cosmos1um2r2ak2w5xpxuvzqy4kt674qpfak8402j4t62", royalty_amount: Uint128(10) }
[INFO] [stdout]  right: RoyaltiesInfoResponse { address: "jeanluc", royalty_amount: Uint128(10) }
[INFO] [stdout] stack backtrace:
[INFO] [stdout]    0:     0x5589c338a96c - std::backtrace_rs::backtrace::libunwind::trace::ha637c64ce894333a
[INFO] [stdout]                                at /rustc/82e1608dfa6e0b5569232559e3d385fea5a93112/library/std/src/../../backtrace/src/backtrace/libunwind.rs:104:5
[INFO] [stdout]    1:     0x5589c338a96c - std::backtrace_rs::backtrace::trace_unsynchronized::h47f62dea28e0c88d
[INFO] [stdout]                                at /rustc/82e1608dfa6e0b5569232559e3d385fea5a93112/library/std/src/../../backtrace/src/backtrace/mod.rs:66:5
[INFO] [stdout]    2:     0x5589c338a96c - std::sys_common::backtrace::_print_fmt::h9eef0abe20ede486
[INFO] [stdout]                                at /rustc/82e1608dfa6e0b5569232559e3d385fea5a93112/library/std/src/sys_common/backtrace.rs:67:5
[INFO] [stdout]    3:     0x5589c338a96c - <std::sys_common::backtrace::_print::DisplayBacktrace as core::fmt::Display>::fmt::hed7f999df88cc644
[INFO] [stdout]                                at /rustc/82e1608dfa6e0b5569232559e3d385fea5a93112/library/std/src/sys_common/backtrace.rs:44:22
[INFO] [stdout]    4:     0x5589c33b4c80 - core::fmt::rt::Argument::fmt::h1539a9308b8d058d
[INFO] [stdout]                                at /rustc/82e1608dfa6e0b5569232559e3d385fea5a93112/library/core/src/fmt/rt.rs:142:9
[INFO] [stdout]    5:     0x5589c33b4c80 - core::fmt::write::h3a39390d8560d9c9
[INFO] [stdout]                                at /rustc/82e1608dfa6e0b5569232559e3d385fea5a93112/library/core/src/fmt/mod.rs:1120:17
[INFO] [stdout]    6:     0x5589c338831f - std::io::Write::write_fmt::h040b369f3a0f9cbc
[INFO] [stdout]                                at /rustc/82e1608dfa6e0b5569232559e3d385fea5a93112/library/std/src/io/mod.rs:1762:15
[INFO] [stdout]    7:     0x5589c338a754 - std::sys_common::backtrace::_print::h894006fb5c6f3d45
[INFO] [stdout]                                at /rustc/82e1608dfa6e0b5569232559e3d385fea5a93112/library/std/src/sys_common/backtrace.rs:47:5
[INFO] [stdout]    8:     0x5589c338a754 - std::sys_common::backtrace::print::h23a2d212c6fff936
[INFO] [stdout]                                at /rustc/82e1608dfa6e0b5569232559e3d385fea5a93112/library/std/src/sys_common/backtrace.rs:34:9
[INFO] [stdout]    9:     0x5589c338c417 - std::panicking::default_hook::{{closure}}::h8a1d2ee00185001a
[INFO] [stdout]   10:     0x5589c338c103 - std::panicking::default_hook::h6038f2eba384e475
[INFO] [stdout]                                at /rustc/82e1608dfa6e0b5569232559e3d385fea5a93112/library/std/src/panicking.rs:289:9
[INFO] [stdout]   11:     0x5589c32327c7 - <alloc::boxed::Box<F,A> as core::ops::function::Fn<Args>>::call::h0ad024c9bdc6d768
[INFO] [stdout]                                at /rustc/82e1608dfa6e0b5569232559e3d385fea5a93112/library/alloc/src/boxed.rs:2021:9
[INFO] [stdout]   12:     0x5589c32327c7 - test::test_main::{{closure}}::h7500b54257359db6
[INFO] [stdout]                                at /rustc/82e1608dfa6e0b5569232559e3d385fea5a93112/library/test/src/lib.rs:138:21
[INFO] [stdout]   13:     0x5589c338ca28 - <alloc::boxed::Box<F,A> as core::ops::function::Fn<Args>>::call::h1f8f335eaa9cfaee
[INFO] [stdout]                                at /rustc/82e1608dfa6e0b5569232559e3d385fea5a93112/library/alloc/src/boxed.rs:2021:9
[INFO] [stdout]   14:     0x5589c338ca28 - std::panicking::rust_panic_with_hook::h2b5517d590cab22e
[INFO] [stdout]                                at /rustc/82e1608dfa6e0b5569232559e3d385fea5a93112/library/std/src/panicking.rs:783:13
[INFO] [stdout]   15:     0x5589c338c77e - std::panicking::begin_panic_handler::{{closure}}::h233112c06e0ef43e
[INFO] [stdout]                                at /rustc/82e1608dfa6e0b5569232559e3d385fea5a93112/library/std/src/panicking.rs:657:13
[INFO] [stdout]   16:     0x5589c338ae36 - std::sys_common::backtrace::__rust_end_short_backtrace::h6e893f24d7ebbff8
[INFO] [stdout]                                at /rustc/82e1608dfa6e0b5569232559e3d385fea5a93112/library/std/src/sys_common/backtrace.rs:170:18
[INFO] [stdout]   17:     0x5589c338c4e2 - rust_begin_unwind
[INFO] [stdout]                                at /rustc/82e1608dfa6e0b5569232559e3d385fea5a93112/library/std/src/panicking.rs:645:5
[INFO] [stdout]   18:     0x5589c319fcf5 - core::panicking::panic_fmt::hbf0e066aabfa482c
[INFO] [stdout]                                at /rustc/82e1608dfa6e0b5569232559e3d385fea5a93112/library/core/src/panicking.rs:72:14
[INFO] [stdout]   19:     0x5589c31a014b - core::panicking::assert_failed_inner::h0bba8b7c26ee4492
[INFO] [stdout]   20:     0x5589c31cf69e - core::panicking::assert_failed::h83c5f2a3447982a9
[INFO] [stdout]                                at /rustc/82e1608dfa6e0b5569232559e3d385fea5a93112/library/core/src/panicking.rs:279:5
[INFO] [stdout]   21:     0x5589c31d5397 - cw2981_royalties::tests::check_token_royalties::ha94fa9a5a60b5f28
[INFO] [stdout]                                at /opt/rustwide/workdir/contracts/vendor/src/lib.rs:274:9
[INFO] [stdout]   22:     0x5589c31d46f7 - cw2981_royalties::tests::check_token_royalties::{{closure}}::h62e989a354d41e09
[INFO] [stdout]                                at /opt/rustwide/workdir/contracts/vendor/src/lib.rs:241:31
[INFO] [stdout]   23:     0x5589c31e2db6 - core::ops::function::FnOnce::call_once::hca6916a77d8292cb
[INFO] [stdout]                                at /rustc/82e1608dfa6e0b5569232559e3d385fea5a93112/library/core/src/ops/function.rs:250:5
[INFO] [stdout]   24:     0x5589c3237e1f - core::ops::function::FnOnce::call_once::h2b5d431d5046312d
[INFO] [stdout]                                at /rustc/82e1608dfa6e0b5569232559e3d385fea5a93112/library/core/src/ops/function.rs:250:5
[INFO] [stdout]   25:     0x5589c3237e1f - test::__rust_begin_short_backtrace::h7714669af176e207
[INFO] [stdout]                                at /rustc/82e1608dfa6e0b5569232559e3d385fea5a93112/library/test/src/lib.rs:628:18
[INFO] [stdout]   26:     0x5589c3236e35 - test::run_test_in_process::{{closure}}::h85218797dcbcec12
[INFO] [stdout]                                at /rustc/82e1608dfa6e0b5569232559e3d385fea5a93112/library/test/src/lib.rs:651:60
[INFO] [stdout]   27:     0x5589c3236e35 - <core::panic::unwind_safe::AssertUnwindSafe<F> as core::ops::function::FnOnce<()>>::call_once::h76c106ea31c14d7b
[INFO] [stdout]                                at /rustc/82e1608dfa6e0b5569232559e3d385fea5a93112/library/core/src/panic/unwind_safe.rs:272:9
[INFO] [stdout]   28:     0x5589c3236e35 - std::panicking::try::do_call::h3bd5d0f6620ee946
[INFO] [stdout]                                at /rustc/82e1608dfa6e0b5569232559e3d385fea5a93112/library/std/src/panicking.rs:552:40
[INFO] [stdout]   29:     0x5589c3236e35 - std::panicking::try::h232e535e4744fe31
[INFO] [stdout]                                at /rustc/82e1608dfa6e0b5569232559e3d385fea5a93112/library/std/src/panicking.rs:516:19
[INFO] [stdout]   30:     0x5589c3236e35 - std::panic::catch_unwind::h3ce3bd6ca8dbac68
[INFO] [stdout]                                at /rustc/82e1608dfa6e0b5569232559e3d385fea5a93112/library/std/src/panic.rs:142:14
[INFO] [stdout]   31:     0x5589c3236e35 - test::run_test_in_process::hc97b257c9621286a
[INFO] [stdout]                                at /rustc/82e1608dfa6e0b5569232559e3d385fea5a93112/library/test/src/lib.rs:651:27
[INFO] [stdout]   32:     0x5589c3236e35 - test::run_test::{{closure}}::h2aa798823a438d38
[INFO] [stdout]                                at /rustc/82e1608dfa6e0b5569232559e3d385fea5a93112/library/test/src/lib.rs:574:43
[INFO] [stdout]   33:     0x5589c31ff0f6 - test::run_test::{{closure}}::h87d231c78fb59832
[INFO] [stdout]                                at /rustc/82e1608dfa6e0b5569232559e3d385fea5a93112/library/test/src/lib.rs:602:41
[INFO] [stdout]   34:     0x5589c31ff0f6 - std::sys_common::backtrace::__rust_begin_short_backtrace::he6df152596625789
[INFO] [stdout]                                at /rustc/82e1608dfa6e0b5569232559e3d385fea5a93112/library/std/src/sys_common/backtrace.rs:154:18
[INFO] [stdout]   35:     0x5589c32041a7 - std::thread::Builder::spawn_unchecked_::{{closure}}::{{closure}}::ha94be15d1e0acf36
[INFO] [stdout]                                at /rustc/82e1608dfa6e0b5569232559e3d385fea5a93112/library/std/src/thread/mod.rs:529:17
[INFO] [stdout]   36:     0x5589c32041a7 - <core::panic::unwind_safe::AssertUnwindSafe<F> as core::ops::function::FnOnce<()>>::call_once::h9dc6bd6372f16606
[INFO] [stdout]                                at /rustc/82e1608dfa6e0b5569232559e3d385fea5a93112/library/core/src/panic/unwind_safe.rs:272:9
[INFO] [stdout]   37:     0x5589c32041a7 - std::panicking::try::do_call::h9057517f80303cd4
[INFO] [stdout]                                at /rustc/82e1608dfa6e0b5569232559e3d385fea5a93112/library/std/src/panicking.rs:552:40
[INFO] [stdout]   38:     0x5589c32041a7 - std::panicking::try::he3a30b11ee45340c
[INFO] [stdout]                                at /rustc/82e1608dfa6e0b5569232559e3d385fea5a93112/library/std/src/panicking.rs:516:19
[INFO] [stdout]   39:     0x5589c32041a7 - std::panic::catch_unwind::h410458cfd3528b8b
[INFO] [stdout]                                at /rustc/82e1608dfa6e0b5569232559e3d385fea5a93112/library/std/src/panic.rs:142:14
[INFO] [stdout]   40:     0x5589c32041a7 - std::thread::Builder::spawn_unchecked_::{{closure}}::h72ac3bdb567b737b
[INFO] [stdout]                                at /rustc/82e1608dfa6e0b5569232559e3d385fea5a93112/library/std/src/thread/mod.rs:528:30
[INFO] [stdout]   41:     0x5589c32041a7 - core::ops::function::FnOnce::call_once{{vtable.shim}}::h38f34da3654a8344
[INFO] [stdout]                                at /rustc/82e1608dfa6e0b5569232559e3d385fea5a93112/library/core/src/ops/function.rs:250:5
[INFO] [stdout]   42:     0x5589c33914b5 - <alloc::boxed::Box<F,A> as core::ops::function::FnOnce<Args>>::call_once::hc7eafaff61e32df9
[INFO] [stdout]                                at /rustc/82e1608dfa6e0b5569232559e3d385fea5a93112/library/alloc/src/boxed.rs:2007:9
[INFO] [stdout]   43:     0x5589c33914b5 - <alloc::boxed::Box<F,A> as core::ops::function::FnOnce<Args>>::call_once::h6ba4a5de48dd2304
[INFO] [stdout]                                at /rustc/82e1608dfa6e0b5569232559e3d385fea5a93112/library/alloc/src/boxed.rs:2007:9
[INFO] [stdout]   44:     0x5589c33914b5 - std::sys::unix::thread::Thread::new::thread_start::he469335aef763e45
[INFO] [stdout]                                at /rustc/82e1608dfa6e0b5569232559e3d385fea5a93112/library/std/src/sys/unix/thread.rs:108:17
[INFO] [stdout]   45:     0x7fe743ac3ac3 - <unknown>
[INFO] [stdout]   46:     0x7fe743b54bf4 - __clone
[INFO] [stdout]   47:                0x0 - <unknown>
[INFO] [stdout] 
[INFO] [stdout] ---- tests::use_metadata_extension stdout ----
[INFO] [stdout] thread 'tests::use_metadata_extension' panicked at contracts/vendor/src/lib.rs:166:9:
[INFO] [stdout] assertion `left == right` failed
[INFO] [stdout]   left: Some(Metadata { image: None, image_data: None, external_url: None, description: Some("Spaceship with Warp Drive"), name: Some("Starship USS Enterprise"), attributes: None, background_color: None, animation_url: None, youtube_url: None, royalty_percentage: None, royalty_payment_address: Some("cosmos1um2r2ak2w5xpxuvzqy4kt674qpfak8402j4t62") })
[INFO] [stdout]  right: Some(Metadata { image: None, image_data: None, external_url: None, description: Some("Spaceship with Warp Drive"), name: Some("Starship USS Enterprise"), attributes: None, background_color: None, animation_url: None, youtube_url: None, royalty_percentage: None, royalty_payment_address: None })
[INFO] [stdout] stack backtrace:
[INFO] [stdout]    0:     0x5589c338a96c - std::backtrace_rs::backtrace::libunwind::trace::ha637c64ce894333a
[INFO] [stdout]                                at /rustc/82e1608dfa6e0b5569232559e3d385fea5a93112/library/std/src/../../backtrace/src/backtrace/libunwind.rs:104:5
[INFO] [stdout]    1:     0x5589c338a96c - std::backtrace_rs::backtrace::trace_unsynchronized::h47f62dea28e0c88d
[INFO] [stdout]                                at /rustc/82e1608dfa6e0b5569232559e3d385fea5a93112/library/std/src/../../backtrace/src/backtrace/mod.rs:66:5
[INFO] [stdout]    2:     0x5589c338a96c - std::sys_common::backtrace::_print_fmt::h9eef0abe20ede486
[INFO] [stdout]                                at /rustc/82e1608dfa6e0b5569232559e3d385fea5a93112/library/std/src/sys_common/backtrace.rs:67:5
[INFO] [stdout]    3:     0x5589c338a96c - <std::sys_common::backtrace::_print::DisplayBacktrace as core::fmt::Display>::fmt::hed7f999df88cc644
[INFO] [stdout]                                at /rustc/82e1608dfa6e0b5569232559e3d385fea5a93112/library/std/src/sys_common/backtrace.rs:44:22
[INFO] [stdout]    4:     0x5589c33b4c80 - core::fmt::rt::Argument::fmt::h1539a9308b8d058d
[INFO] [stdout]                                at /rustc/82e1608dfa6e0b5569232559e3d385fea5a93112/library/core/src/fmt/rt.rs:142:9
[INFO] [stdout]    5:     0x5589c33b4c80 - core::fmt::write::h3a39390d8560d9c9
[INFO] [stdout]                                at /rustc/82e1608dfa6e0b5569232559e3d385fea5a93112/library/core/src/fmt/mod.rs:1120:17
[INFO] [stdout]    6:     0x5589c338831f - std::io::Write::write_fmt::h040b369f3a0f9cbc
[INFO] [stdout]                                at /rustc/82e1608dfa6e0b5569232559e3d385fea5a93112/library/std/src/io/mod.rs:1762:15
[INFO] [stdout]    7:     0x5589c338a754 - std::sys_common::backtrace::_print::h894006fb5c6f3d45
[INFO] [stdout]                                at /rustc/82e1608dfa6e0b5569232559e3d385fea5a93112/library/std/src/sys_common/backtrace.rs:47:5
[INFO] [stdout]    8:     0x5589c338a754 - std::sys_common::backtrace::print::h23a2d212c6fff936
[INFO] [stdout]                                at /rustc/82e1608dfa6e0b5569232559e3d385fea5a93112/library/std/src/sys_common/backtrace.rs:34:9
[INFO] [stdout]    9:     0x5589c338c417 - std::panicking::default_hook::{{closure}}::h8a1d2ee00185001a
[INFO] [stdout]   10:     0x5589c338c103 - std::panicking::default_hook::h6038f2eba384e475
[INFO] [stdout]                                at /rustc/82e1608dfa6e0b5569232559e3d385fea5a93112/library/std/src/panicking.rs:289:9
[INFO] [stdout]   11:     0x5589c32327c7 - <alloc::boxed::Box<F,A> as core::ops::function::Fn<Args>>::call::h0ad024c9bdc6d768
[INFO] [stdout]                                at /rustc/82e1608dfa6e0b5569232559e3d385fea5a93112/library/alloc/src/boxed.rs:2021:9
[INFO] [stdout]   12:     0x5589c32327c7 - test::test_main::{{closure}}::h7500b54257359db6
[INFO] [stdout]                                at /rustc/82e1608dfa6e0b5569232559e3d385fea5a93112/library/test/src/lib.rs:138:21
[INFO] [stdout]   13:     0x5589c338ca28 - <alloc::boxed::Box<F,A> as core::ops::function::Fn<Args>>::call::h1f8f335eaa9cfaee
[INFO] [stdout]                                at /rustc/82e1608dfa6e0b5569232559e3d385fea5a93112/library/alloc/src/boxed.rs:2021:9
[INFO] [stdout]   14:     0x5589c338ca28 - std::panicking::rust_panic_with_hook::h2b5517d590cab22e
[INFO] [stdout]                                at /rustc/82e1608dfa6e0b5569232559e3d385fea5a93112/library/std/src/panicking.rs:783:13
[INFO] [stdout]   15:     0x5589c338c77e - std::panicking::begin_panic_handler::{{closure}}::h233112c06e0ef43e
[INFO] [stdout]                                at /rustc/82e1608dfa6e0b5569232559e3d385fea5a93112/library/std/src/panicking.rs:657:13
[INFO] [stdout]   16:     0x5589c338ae36 - std::sys_common::backtrace::__rust_end_short_backtrace::h6e893f24d7ebbff8
[INFO] [stdout]                                at /rustc/82e1608dfa6e0b5569232559e3d385fea5a93112/library/std/src/sys_common/backtrace.rs:170:18
[INFO] [stdout]   17:     0x5589c338c4e2 - rust_begin_unwind
[INFO] [stdout]                                at /rustc/82e1608dfa6e0b5569232559e3d385fea5a93112/library/std/src/panicking.rs:645:5
[INFO] [stdout]   18:     0x5589c319fcf5 - core::panicking::panic_fmt::hbf0e066aabfa482c
[INFO] [stdout]                                at /rustc/82e1608dfa6e0b5569232559e3d385fea5a93112/library/core/src/panicking.rs:72:14
[INFO] [stdout]   19:     0x5589c31a014b - core::panicking::assert_failed_inner::h0bba8b7c26ee4492
[INFO] [stdout]   20:     0x5589c31cf61e - core::panicking::assert_failed::h3cb62145fd5a8ed4
[INFO] [stdout]                                at /rustc/82e1608dfa6e0b5569232559e3d385fea5a93112/library/core/src/panicking.rs:279:5
[INFO] [stdout]   21:     0x5589c31d2f3f - cw2981_royalties::tests::use_metadata_extension::hc7906fc80584b555
[INFO] [stdout]                                at /opt/rustwide/workdir/contracts/vendor/src/lib.rs:166:9
[INFO] [stdout]   22:     0x5589c31d2447 - cw2981_royalties::tests::use_metadata_extension::{{closure}}::h9ad8cdae51c10686
[INFO] [stdout]                                at /opt/rustwide/workdir/contracts/vendor/src/lib.rs:137:32
[INFO] [stdout]   23:     0x5589c31e2cb6 - core::ops::function::FnOnce::call_once::ha446675d02e49a74
[INFO] [stdout]                                at /rustc/82e1608dfa6e0b5569232559e3d385fea5a93112/library/core/src/ops/function.rs:250:5
[INFO] [stdout]   24:     0x5589c3237e1f - core::ops::function::FnOnce::call_once::h2b5d431d5046312d
[INFO] [stdout]                                at /rustc/82e1608dfa6e0b5569232559e3d385fea5a93112/library/core/src/ops/function.rs:250:5
[INFO] [stdout]   25:     0x5589c3237e1f - test::__rust_begin_short_backtrace::h7714669af176e207
[INFO] [stdout]                                at /rustc/82e1608dfa6e0b5569232559e3d385fea5a93112/library/test/src/lib.rs:628:18
[INFO] [stdout]   26:     0x5589c3236e35 - test::run_test_in_process::{{closure}}::h85218797dcbcec12
[INFO] [stdout]                                at /rustc/82e1608dfa6e0b5569232559e3d385fea5a93112/library/test/src/lib.rs:651:60
[INFO] [stdout]   27:     0x5589c3236e35 - <core::panic::unwind_safe::AssertUnwindSafe<F> as core::ops::function::FnOnce<()>>::call_once::h76c106ea31c14d7b
[INFO] [stdout]                                at /rustc/82e1608dfa6e0b5569232559e3d385fea5a93112/library/core/src/panic/unwind_safe.rs:272:9
[INFO] [stdout]   28:     0x5589c3236e35 - std::panicking::try::do_call::h3bd5d0f6620ee946
[INFO] [stdout]                                at /rustc/82e1608dfa6e0b5569232559e3d385fea5a93112/library/std/src/panicking.rs:552:40
[INFO] [stdout]   29:     0x5589c3236e35 - std::panicking::try::h232e535e4744fe31
[INFO] [stdout]                                at /rustc/82e1608dfa6e0b5569232559e3d385fea5a93112/library/std/src/panicking.rs:516:19
[INFO] [stdout]   30:     0x5589c3236e35 - std::panic::catch_unwind::h3ce3bd6ca8dbac68
[INFO] [stdout]                                at /rustc/82e1608dfa6e0b5569232559e3d385fea5a93112/library/std/src/panic.rs:142:14
[INFO] [stdout]   31:     0x5589c3236e35 - test::run_test_in_process::hc97b257c9621286a
[INFO] [stdout]                                at /rustc/82e1608dfa6e0b5569232559e3d385fea5a93112/library/test/src/lib.rs:651:27
[INFO] [stdout]   32:     0x5589c3236e35 - test::run_test::{{closure}}::h2aa798823a438d38
[INFO] [stdout]                                at /rustc/82e1608dfa6e0b5569232559e3d385fea5a93112/library/test/src/lib.rs:574:43
[INFO] [stdout]   33:     0x5589c31ff0f6 - test::run_test::{{closure}}::h87d231c78fb59832
[INFO] [stdout]                                at /rustc/82e1608dfa6e0b5569232559e3d385fea5a93112/library/test/src/lib.rs:602:41
[INFO] [stdout]   34:     0x5589c31ff0f6 - std::sys_common::backtrace::__rust_begin_short_backtrace::he6df152596625789
[INFO] [stdout]                                at /rustc/82e1608dfa6e0b5569232559e3d385fea5a93112/library/std/src/sys_common/backtrace.rs:154:18
[INFO] [stdout]   35:     0x5589c32041a7 - std::thread::Builder::spawn_unchecked_::{{closure}}::{{closure}}::ha94be15d1e0acf36
[INFO] [stdout]                                at /rustc/82e1608dfa6e0b5569232559e3d385fea5a93112/library/std/src/thread/mod.rs:529:17
[INFO] [stdout]   36:     0x5589c32041a7 - <core::panic::unwind_safe::AssertUnwindSafe<F> as core::ops::function::FnOnce<()>>::call_once::h9dc6bd6372f16606
[INFO] [stdout]                                at /rustc/82e1608dfa6e0b5569232559e3d385fea5a93112/library/core/src/panic/unwind_safe.rs:272:9
[INFO] [stdout]   37:     0x5589c32041a7 - std::panicking::try::do_call::h9057517f80303cd4
[INFO] [stdout]                                at /rustc/82e1608dfa6e0b5569232559e3d385fea5a93112/library/std/src/panicking.rs:552:40
[INFO] [stdout]   38:     0x5589c32041a7 - std::panicking::try::he3a30b11ee45340c
[INFO] [stdout]                                at /rustc/82e1608dfa6e0b5569232559e3d385fea5a93112/library/std/src/panicking.rs:516:19
[INFO] [stdout]   39:     0x5589c32041a7 - std::panic::catch_unwind::h410458cfd3528b8b
[INFO] [stdout]                                at /rustc/82e1608dfa6e0b5569232559e3d385fea5a93112/library/std/src/panic.rs:142:14
[INFO] [stdout]   40:     0x5589c32041a7 - std::thread::Builder::spawn_unchecked_::{{closure}}::h72ac3bdb567b737b
[INFO] [stdout]                                at /rustc/82e1608dfa6e0b5569232559e3d385fea5a93112/library/std/src/thread/mod.rs:528:30
[INFO] [stdout]   41:     0x5589c32041a7 - core::ops::function::FnOnce::call_once{{vtable.shim}}::h38f34da3654a8344
[INFO] [stdout]                                at /rustc/82e1608dfa6e0b5569232559e3d385fea5a93112/library/core/src/ops/function.rs:250:5
[INFO] [stdout]   42:     0x5589c33914b5 - <alloc::boxed::Box<F,A> as core::ops::function::FnOnce<Args>>::call_once::hc7eafaff61e32df9
[INFO] [stdout]                                at /rustc/82e1608dfa6e0b5569232559e3d385fea5a93112/library/alloc/src/boxed.rs:2007:9
[INFO] [stdout]   43:     0x5589c33914b5 - <alloc::boxed::Box<F,A> as core::ops::function::FnOnce<Args>>::call_once::h6ba4a5de48dd2304
[INFO] [stdout]                                at /rustc/82e1608dfa6e0b5569232559e3d385fea5a93112/library/alloc/src/boxed.rs:2007:9
[INFO] [stdout]   44:     0x5589c33914b5 - std::sys::unix::thread::Thread::new::thread_start::he469335aef763e45
[INFO] [stdout]                                at /rustc/82e1608dfa6e0b5569232559e3d385fea5a93112/library/std/src/sys/unix/thread.rs:108:17
[INFO] [stdout]   45:     0x7fe743ac3ac3 - <unknown>
[INFO] [stdout]   46:     0x7fe743b54bf4 - __clone
[INFO] [stdout]   47:                0x0 - <unknown>
[INFO] [stdout] 
[INFO] [stdout] ---- tests::validate_royalty_information stdout ----
[INFO] [stdout] thread 'tests::validate_royalty_information' panicked at contracts/vendor/src/lib.rs:195:77:
[INFO] [stdout] called `Result::unwrap_err()` on an `Ok` value: Response { messages: [], attributes: [Attribute { key: "action", value: "mint" }, Attribute { key: "minter", value: "creator" }, Attribute { key: "owner", value: "john" }, Attribute { key: "token_id", value: "Enterprise" }], events: [], data: None }
[INFO] [stdout] stack backtrace:
[INFO] [stdout]    0:     0x5589c338a96c - std::backtrace_rs::backtrace::libunwind::trace::ha637c64ce894333a
[INFO] [stdout]                                at /rustc/82e1608dfa6e0b5569232559e3d385fea5a93112/library/std/src/../../backtrace/src/backtrace/libunwind.rs:104:5
[INFO] [stdout]    1:     0x5589c338a96c - std::backtrace_rs::backtrace::trace_unsynchronized::h47f62dea28e0c88d
[INFO] [stdout]                                at /rustc/82e1608dfa6e0b5569232559e3d385fea5a93112/library/std/src/../../backtrace/src/backtrace/mod.rs:66:5
[INFO] [stdout]    2:     0x5589c338a96c - std::sys_common::backtrace::_print_fmt::h9eef0abe20ede486
[INFO] [stdout]                                at /rustc/82e1608dfa6e0b5569232559e3d385fea5a93112/library/std/src/sys_common/backtrace.rs:67:5
[INFO] [stdout]    3:     0x5589c338a96c - <std::sys_common::backtrace::_print::DisplayBacktrace as core::fmt::Display>::fmt::hed7f999df88cc644
[INFO] [stdout]                                at /rustc/82e1608dfa6e0b5569232559e3d385fea5a93112/library/std/src/sys_common/backtrace.rs:44:22
[INFO] [stdout]    4:     0x5589c33b4c80 - core::fmt::rt::Argument::fmt::h1539a9308b8d058d
[INFO] [stdout]                                at /rustc/82e1608dfa6e0b5569232559e3d385fea5a93112/library/core/src/fmt/rt.rs:142:9
[INFO] [stdout]    5:     0x5589c33b4c80 - core::fmt::write::h3a39390d8560d9c9
[INFO] [stdout]                                at /rustc/82e1608dfa6e0b5569232559e3d385fea5a93112/library/core/src/fmt/mod.rs:1120:17
[INFO] [stdout]    6:     0x5589c338831f - std::io::Write::write_fmt::h040b369f3a0f9cbc
[INFO] [stdout]                                at /rustc/82e1608dfa6e0b5569232559e3d385fea5a93112/library/std/src/io/mod.rs:1762:15
[INFO] [stdout]    7:     0x5589c338a754 - std::sys_common::backtrace::_print::h894006fb5c6f3d45
[INFO] [stdout]                                at /rustc/82e1608dfa6e0b5569232559e3d385fea5a93112/library/std/src/sys_common/backtrace.rs:47:5
[INFO] [stdout]    8:     0x5589c338a754 - std::sys_common::backtrace::print::h23a2d212c6fff936
[INFO] [stdout]                                at /rustc/82e1608dfa6e0b5569232559e3d385fea5a93112/library/std/src/sys_common/backtrace.rs:34:9
[INFO] [stdout]    9:     0x5589c338c417 - std::panicking::default_hook::{{closure}}::h8a1d2ee00185001a
[INFO] [stdout]   10:     0x5589c338c103 - std::panicking::default_hook::h6038f2eba384e475
[INFO] [stdout]                                at /rustc/82e1608dfa6e0b5569232559e3d385fea5a93112/library/std/src/panicking.rs:289:9
[INFO] [stdout]   11:     0x5589c32327c7 - <alloc::boxed::Box<F,A> as core::ops::function::Fn<Args>>::call::h0ad024c9bdc6d768
[INFO] [stdout]                                at /rustc/82e1608dfa6e0b5569232559e3d385fea5a93112/library/alloc/src/boxed.rs:2021:9
[INFO] [stdout]   12:     0x5589c32327c7 - test::test_main::{{closure}}::h7500b54257359db6
[INFO] [stdout]                                at /rustc/82e1608dfa6e0b5569232559e3d385fea5a93112/library/test/src/lib.rs:138:21
[INFO] [stdout]   13:     0x5589c338ca28 - <alloc::boxed::Box<F,A> as core::ops::function::Fn<Args>>::call::h1f8f335eaa9cfaee
[INFO] [stdout]                                at /rustc/82e1608dfa6e0b5569232559e3d385fea5a93112/library/alloc/src/boxed.rs:2021:9
[INFO] [stdout]   14:     0x5589c338ca28 - std::panicking::rust_panic_with_hook::h2b5517d590cab22e
[INFO] [stdout]                                at /rustc/82e1608dfa6e0b5569232559e3d385fea5a93112/library/std/src/panicking.rs:783:13
[INFO] [stdout]   15:     0x5589c338c77e - std::panicking::begin_panic_handler::{{closure}}::h233112c06e0ef43e
[INFO] [stdout]                                at /rustc/82e1608dfa6e0b5569232559e3d385fea5a93112/library/std/src/panicking.rs:657:13
[INFO] [stdout]   16:     0x5589c338ae36 - std::sys_common::backtrace::__rust_end_short_backtrace::h6e893f24d7ebbff8
[INFO] [stdout]                                at /rustc/82e1608dfa6e0b5569232559e3d385fea5a93112/library/std/src/sys_common/backtrace.rs:170:18
[INFO] [stdout]   17:     0x5589c338c4e2 - rust_begin_unwind
[INFO] [stdout]                                at /rustc/82e1608dfa6e0b5569232559e3d385fea5a93112/library/std/src/panicking.rs:645:5
[INFO] [stdout]   18:     0x5589c319fcf5 - core::panicking::panic_fmt::hbf0e066aabfa482c
[INFO] [stdout]                                at /rustc/82e1608dfa6e0b5569232559e3d385fea5a93112/library/core/src/panicking.rs:72:14
[INFO] [stdout]   19:     0x5589c31a02c3 - core::result::unwrap_failed::hddb4fea594200c52
[INFO] [stdout]                                at /rustc/82e1608dfa6e0b5569232559e3d385fea5a93112/library/core/src/result.rs:1653:5
[INFO] [stdout]   20:     0x5589c31a3fb1 - core::result::Result<T,E>::unwrap_err::h100417e5344f88c4
[INFO] [stdout]                                at /rustc/82e1608dfa6e0b5569232559e3d385fea5a93112/library/core/src/result.rs:1171:22
[INFO] [stdout]   21:     0x5589c31d38c3 - cw2981_royalties::tests::validate_royalty_information::h9981b09f96e4f546
[INFO] [stdout]                                at /opt/rustwide/workdir/contracts/vendor/src/lib.rs:195:19
[INFO] [stdout]   22:     0x5589c31d3027 - cw2981_royalties::tests::validate_royalty_information::{{closure}}::h71cd1dd62fb88ecb
[INFO] [stdout]                                at /opt/rustwide/workdir/contracts/vendor/src/lib.rs:170:38
[INFO] [stdout]   23:     0x5589c31e2e36 - core::ops::function::FnOnce::call_once::hcbd645e54f4d8a19
[INFO] [stdout]                                at /rustc/82e1608dfa6e0b5569232559e3d385fea5a93112/library/core/src/ops/function.rs:250:5
[INFO] [stdout]   24:     0x5589c3237e1f - core::ops::function::FnOnce::call_once::h2b5d431d5046312d
[INFO] [stdout]                                at /rustc/82e1608dfa6e0b5569232559e3d385fea5a93112/library/core/src/ops/function.rs:250:5
[INFO] [stdout]   25:     0x5589c3237e1f - test::__rust_begin_short_backtrace::h7714669af176e207
[INFO] [stdout]                                at /rustc/82e1608dfa6e0b5569232559e3d385fea5a93112/library/test/src/lib.rs:628:18
[INFO] [stdout]   26:     0x5589c3236e35 - test::run_test_in_process::{{closure}}::h85218797dcbcec12
[INFO] [stdout]                                at /rustc/82e1608dfa6e0b5569232559e3d385fea5a93112/library/test/src/lib.rs:651:60
[INFO] [stdout]   27:     0x5589c3236e35 - <core::panic::unwind_safe::AssertUnwindSafe<F> as core::ops::function::FnOnce<()>>::call_once::h76c106ea31c14d7b
[INFO] [stdout]                                at /rustc/82e1608dfa6e0b5569232559e3d385fea5a93112/library/core/src/panic/unwind_safe.rs:272:9
[INFO] [stdout]   28:     0x5589c3236e35 - std::panicking::try::do_call::h3bd5d0f6620ee946
[INFO] [stdout]                                at /rustc/82e1608dfa6e0b5569232559e3d385fea5a93112/library/std/src/panicking.rs:552:40
[INFO] [stdout]   29:     0x5589c3236e35 - std::panicking::try::h232e535e4744fe31
[INFO] [stdout]                                at /rustc/82e1608dfa6e0b5569232559e3d385fea5a93112/library/std/src/panicking.rs:516:19
[INFO] [stdout]   30:     0x5589c3236e35 - std::panic::catch_unwind::h3ce3bd6ca8dbac68
[INFO] [stdout]                                at /rustc/82e1608dfa6e0b5569232559e3d385fea5a93112/library/std/src/panic.rs:142:14
[INFO] [stdout]   31:     0x5589c3236e35 - test::run_test_in_process::hc97b257c9621286a
[INFO] [stdout]                                at /rustc/82e1608dfa6e0b5569232559e3d385fea5a93112/library/test/src/lib.rs:651:27
[INFO] [stdout]   32:     0x5589c3236e35 - test::run_test::{{closure}}::h2aa798823a438d38
[INFO] [stdout]                                at /rustc/82e1608dfa6e0b5569232559e3d385fea5a93112/library/test/src/lib.rs:574:43
[INFO] [stdout]   33:     0x5589c31ff0f6 - test::run_test::{{closure}}::h87d231c78fb59832
[INFO] [stdout]                                at /rustc/82e1608dfa6e0b5569232559e3d385fea5a93112/library/test/src/lib.rs:602:41
[INFO] [stdout]   34:     0x5589c31ff0f6 - std::sys_common::backtrace::__rust_begin_short_backtrace::he6df152596625789
[INFO] [stdout]                                at /rustc/82e1608dfa6e0b5569232559e3d385fea5a93112/library/std/src/sys_common/backtrace.rs:154:18
[INFO] [stdout]   35:     0x5589c32041a7 - std::thread::Builder::spawn_unchecked_::{{closure}}::{{closure}}::ha94be15d1e0acf36
[INFO] [stdout]                                at /rustc/82e1608dfa6e0b5569232559e3d385fea5a93112/library/std/src/thread/mod.rs:529:17
[INFO] [stdout]   36:     0x5589c32041a7 - <core::panic::unwind_safe::AssertUnwindSafe<F> as core::ops::function::FnOnce<()>>::call_once::h9dc6bd6372f16606
[INFO] [stdout]                                at /rustc/82e1608dfa6e0b5569232559e3d385fea5a93112/library/core/src/panic/unwind_safe.rs:272:9
[INFO] [stdout]   37:     0x5589c32041a7 - std::panicking::try::do_call::h9057517f80303cd4
[INFO] [stdout]                                at /rustc/82e1608dfa6e0b5569232559e3d385fea5a93112/library/std/src/panicking.rs:552:40
[INFO] [stdout]   38:     0x5589c32041a7 - std::panicking::try::he3a30b11ee45340c
[INFO] [stdout]                                at /rustc/82e1608dfa6e0b5569232559e3d385fea5a93112/library/std/src/panicking.rs:516:19
[INFO] [stdout]   39:     0x5589c32041a7 - std::panic::catch_unwind::h410458cfd3528b8b
[INFO] [stdout]                                at /rustc/82e1608dfa6e0b5569232559e3d385fea5a93112/library/std/src/panic.rs:142:14
[INFO] [stdout]   40:     0x5589c32041a7 - std::thread::Builder::spawn_unchecked_::{{closure}}::h72ac3bdb567b737b
[INFO] [stdout]                                at /rustc/82e1608dfa6e0b5569232559e3d385fea5a93112/library/std/src/thread/mod.rs:528:30
[INFO] [stdout]   41:     0x5589c32041a7 - core::ops::function::FnOnce::call_once{{vtable.shim}}::h38f34da3654a8344
[INFO] [stdout]                                at /rustc/82e1608dfa6e0b5569232559e3d385fea5a93112/library/core/src/ops/function.rs:250:5
[INFO] [stdout]   42:     0x5589c33914b5 - <alloc::boxed::Box<F,A> as core::ops::function::FnOnce<Args>>::call_once::hc7eafaff61e32df9
[INFO] [stdout]                                at /rustc/82e1608dfa6e0b5569232559e3d385fea5a93112/library/alloc/src/boxed.rs:2007:9
[INFO] [stdout]   43:     0x5589c33914b5 - <alloc::boxed::Box<F,A> as core::ops::function::FnOnce<Args>>::call_once::h6ba4a5de48dd2304
[INFO] [stdout]                                at /rustc/82e1608dfa6e0b5569232559e3d385fea5a93112/library/alloc/src/boxed.rs:2007:9
[INFO] [stdout]   44:     0x5589c33914b5 - std::sys::unix::thread::Thread::new::thread_start::he469335aef763e45
[INFO] [stdout]                                at /rustc/82e1608dfa6e0b5569232559e3d385fea5a93112/library/std/src/sys/unix/thread.rs:108:17
[INFO] [stdout]   45:     0x7fe743ac3ac3 - <unknown>
[INFO] [stdout]   46:     0x7fe743b54bf4 - __clone
[INFO] [stdout]   47:                0x0 - <unknown>
[INFO] [stdout] 
[INFO] [stdout] 
[INFO] [stdout] failures:
[INFO] [stdout]     tests::check_token_royalties
[INFO] [stdout]     tests::use_metadata_extension
[INFO] [stdout]     tests::validate_royalty_information
[INFO] [stdout] 
[INFO] [stdout] test result: FAILED. 1 passed; 3 failed; 0 ignored; 0 measured; 0 filtered out; finished in 0.02s
[INFO] [stdout] 
[INFO] [stderr] error: test failed, to rerun pass `-p cw2981-royalties --lib`
[INFO] running `Command { std: "docker" "inspect" "a9863eb56154fa4f07f8f60883059211d115733d709f3f368ec6cb8bd60a3bcb", kill_on_drop: false }`
[INFO] running `Command { std: "docker" "rm" "-f" "a9863eb56154fa4f07f8f60883059211d115733d709f3f368ec6cb8bd60a3bcb", kill_on_drop: false }`
[INFO] [stdout] a9863eb56154fa4f07f8f60883059211d115733d709f3f368ec6cb8bd60a3bcb
[INFO] testing vinciblu/contracts against beta-2023-12-22 for beta-1.76-1
[INFO] running `Command { std: "git" "clone" "/workspace/cache/git-repos/https%3A%2F%2Fgithub.com%2Fvinciblu%2Fcontracts" "/workspace/builds/worker-5-tc2/source", kill_on_drop: false }`
[INFO] [stderr] Cloning into '/workspace/builds/worker-5-tc2/source'...
[INFO] [stderr] done.
[INFO] validating manifest of git repo https://github.com/vinciblu/contracts on toolchain beta-2023-12-22
[INFO] running `Command { std: CARGO_HOME="/workspace/cargo-home" RUSTUP_HOME="/workspace/rustup-home" "/workspace/cargo-home/bin/cargo" "+beta-2023-12-22" "metadata" "--manifest-path" "Cargo.toml" "--no-deps", kill_on_drop: false }`
[INFO] removed /workspace/builds/worker-5-tc2/source/.cargo/config
[INFO] started tweaking git repo https://github.com/vinciblu/contracts
[INFO] finished tweaking git repo https://github.com/vinciblu/contracts
[INFO] tweaked toml for git repo https://github.com/vinciblu/contracts written to /workspace/builds/worker-5-tc2/source/Cargo.toml
[INFO] crate git repo https://github.com/vinciblu/contracts already has a lockfile, it will not be regenerated
[INFO] running `Command { std: CARGO_HOME="/workspace/cargo-home" RUSTUP_HOME="/workspace/rustup-home" "/workspace/cargo-home/bin/cargo" "+beta-2023-12-22" "fetch" "--manifest-path" "Cargo.toml", kill_on_drop: false }`
[INFO] [stderr] warning: virtual workspace defaulting to `resolver = "1"` despite one or more workspace members being on edition 2021 which implies `resolver = "2"`
[INFO] [stderr] note: to keep the current resolver, specify `workspace.resolver = "1"` in the workspace root's manifest
[INFO] [stderr] note: to use the edition 2021 resolver, specify `workspace.resolver = "2"` in the workspace root's manifest
[INFO] [stderr] note: for more details see https://doc.rust-lang.org/cargo/reference/resolver.html#resolver-versions
[INFO] running `Command { std: "docker" "create" "-v" "/var/lib/crater-agent-workspace/builds/worker-5-tc2/target:/opt/rustwide/target:rw,Z" "-v" "/var/lib/crater-agent-workspace/builds/worker-5-tc2/source:/opt/rustwide/workdir:ro,Z" "-v" "/var/lib/crater-agent-workspace/cargo-home:/opt/rustwide/cargo-home:ro,Z" "-v" "/var/lib/crater-agent-workspace/rustup-home:/opt/rustwide/rustup-home:ro,Z" "-e" "SOURCE_DIR=/opt/rustwide/workdir" "-e" "CARGO_TARGET_DIR=/opt/rustwide/target" "-e" "CARGO_HOME=/opt/rustwide/cargo-home" "-e" "RUSTUP_HOME=/opt/rustwide/rustup-home" "-w" "/opt/rustwide/workdir" "-m" "1610612736" "--user" "0:0" "--network" "none" "ghcr.io/rust-lang/crates-build-env/linux@sha256:2788e3201cd34a07e3172128adcd8b3090168a8e3bcc40d7c032b9dda1df7d1c" "/opt/rustwide/cargo-home/bin/cargo" "+beta-2023-12-22" "metadata" "--no-deps" "--format-version=1", kill_on_drop: false }`
[INFO] [stdout] c0df74a3162427c0adcffcbaa5e1955dd6283e205e325badddce6259a0c0caf4
[INFO] running `Command { std: "docker" "start" "-a" "c0df74a3162427c0adcffcbaa5e1955dd6283e205e325badddce6259a0c0caf4", kill_on_drop: false }`
[INFO] running `Command { std: "docker" "inspect" "c0df74a3162427c0adcffcbaa5e1955dd6283e205e325badddce6259a0c0caf4", kill_on_drop: false }`
[INFO] running `Command { std: "docker" "rm" "-f" "c0df74a3162427c0adcffcbaa5e1955dd6283e205e325badddce6259a0c0caf4", kill_on_drop: false }`
[INFO] [stdout] c0df74a3162427c0adcffcbaa5e1955dd6283e205e325badddce6259a0c0caf4
[INFO] running `Command { std: "docker" "create" "-v" "/var/lib/crater-agent-workspace/builds/worker-5-tc2/target:/opt/rustwide/target:rw,Z" "-v" "/var/lib/crater-agent-workspace/builds/worker-5-tc2/source:/opt/rustwide/workdir:ro,Z" "-v" "/var/lib/crater-agent-workspace/cargo-home:/opt/rustwide/cargo-home:ro,Z" "-v" "/var/lib/crater-agent-workspace/rustup-home:/opt/rustwide/rustup-home:ro,Z" "-e" "SOURCE_DIR=/opt/rustwide/workdir" "-e" "CARGO_TARGET_DIR=/opt/rustwide/target" "-e" "CARGO_INCREMENTAL=0" "-e" "RUST_BACKTRACE=full" "-e" "RUSTFLAGS=--cap-lints=warn" "-e" "RUSTDOCFLAGS=--cap-lints=warn" "-e" "CARGO_HOME=/opt/rustwide/cargo-home" "-e" "RUSTUP_HOME=/opt/rustwide/rustup-home" "-w" "/opt/rustwide/workdir" "-m" "1610612736" "--user" "0:0" "--network" "none" "ghcr.io/rust-lang/crates-build-env/linux@sha256:2788e3201cd34a07e3172128adcd8b3090168a8e3bcc40d7c032b9dda1df7d1c" "/opt/rustwide/cargo-home/bin/cargo" "+beta-2023-12-22" "build" "--frozen" "--message-format=json", kill_on_drop: false }`
[INFO] [stdout] 4fdedf32998e54adc104b0d71a1fd585208730fb8bf0925e3b7d6b0c60c3799a
[INFO] running `Command { std: "docker" "start" "-a" "4fdedf32998e54adc104b0d71a1fd585208730fb8bf0925e3b7d6b0c60c3799a", kill_on_drop: false }`
[INFO] [stderr] warning: virtual workspace defaulting to `resolver = "1"` despite one or more workspace members being on edition 2021 which implies `resolver = "2"`
[INFO] [stderr] note: to keep the current resolver, specify `workspace.resolver = "1"` in the workspace root's manifest
[INFO] [stderr] note: to use the edition 2021 resolver, specify `workspace.resolver = "2"` in the workspace root's manifest
[INFO] [stderr] note: for more details see https://doc.rust-lang.org/cargo/reference/resolver.html#resolver-versions
[INFO] [stderr] warning: profile package spec `cw721-metadata-onchain` in profile `release` did not match any packages
[INFO] [stderr]    Compiling version_check v0.9.4
[INFO] [stderr]    Compiling proc-macro2 v1.0.63
[INFO] [stderr]    Compiling typenum v1.16.0
[INFO] [stderr]    Compiling quote v1.0.29
[INFO] [stderr]    Compiling unicode-ident v1.0.6
[INFO] [stderr]    Compiling cfg-if v1.0.0
[INFO] [stderr]    Compiling libc v0.2.139
[INFO] [stderr]    Compiling subtle v2.4.1
[INFO] [stderr]    Compiling syn v1.0.107
[INFO] [stderr]    Compiling zeroize v1.5.7
[INFO] [stderr]    Compiling serde v1.0.164
[INFO] [stderr]    Compiling const-oid v0.9.1
[INFO] [stderr]    Compiling base64ct v1.5.3
[INFO] [stderr]    Compiling generic-array v0.14.6
[INFO] [stderr]    Compiling der v0.6.1
[INFO] [stderr]    Compiling ahash v0.7.6
[INFO] [stderr]    Compiling base16ct v0.1.1
[INFO] [stderr]    Compiling cpufeatures v0.2.5
[INFO] [stderr]    Compiling once_cell v1.17.0
[INFO] [stderr]    Compiling serde_json v1.0.93
[INFO] [stderr]    Compiling byteorder v1.4.3
[INFO] [stderr]    Compiling thiserror v1.0.38
[INFO] [stderr]    Compiling getrandom v0.2.8
[INFO] [stderr]    Compiling syn v2.0.22
[INFO] [stderr]    Compiling rand_core v0.6.4
[INFO] [stderr]    Compiling spki v0.6.0
[INFO] [stderr]    Compiling opaque-debug v0.3.0
[INFO] [stderr]    Compiling ff v0.12.1
[INFO] [stderr]    Compiling pkcs8 v0.9.0
[INFO] [stderr]    Compiling group v0.12.1
[INFO] [stderr]    Compiling rand_core v0.5.1
[INFO] [stderr]    Compiling itoa v1.0.5
[INFO] [stderr]    Compiling hex v0.4.3
[INFO] [stderr]    Compiling schemars v0.8.12
[INFO] [stderr]    Compiling crunchy v0.2.2
[INFO] [stderr]    Compiling ryu v1.0.12
[INFO] [stderr]    Compiling hashbrown v0.12.3
[INFO] [stderr]    Compiling dyn-clone v1.0.10
[INFO] [stderr]    Compiling static_assertions v1.1.0
[INFO] [stderr]    Compiling base64 v0.13.1
[INFO] [stderr]    Compiling forward_ref v1.0.0
[INFO] [stderr]    Compiling semver v1.0.16
[INFO] [stderr]    Compiling block-buffer v0.10.3
[INFO] [stderr]    Compiling crypto-common v0.1.6
[INFO] [stderr]    Compiling crypto-bigint v0.4.9
[INFO] [stderr]    Compiling digest v0.10.6
[INFO] [stderr]    Compiling digest v0.9.0
[INFO] [stderr]    Compiling sec1 v0.3.0
[INFO] [stderr]    Compiling block-buffer v0.9.0
[INFO] [stderr]    Compiling curve25519-dalek v3.2.0
[INFO] [stderr]    Compiling hmac v0.12.1
[INFO] [stderr]    Compiling signature v1.6.4
[INFO] [stderr]    Compiling sha2 v0.10.6
[INFO] [stderr]    Compiling sha2 v0.9.9
[INFO] [stderr]    Compiling uint v0.9.5
[INFO] [stderr]    Compiling elliptic-curve v0.12.3
[INFO] [stderr]    Compiling rfc6979 v0.3.1
[INFO] [stderr]    Compiling ecdsa v0.14.8
[INFO] [stderr]    Compiling k256 v0.11.6
[INFO] [stderr]    Compiling serde_derive v1.0.164
[INFO] [stderr]    Compiling serde_derive_internals v0.26.0
[INFO] [stderr]    Compiling thiserror-impl v1.0.38
[INFO] [stderr]    Compiling schemars_derive v0.8.12
[INFO] [stderr]    Compiling cosmwasm-derive v1.2.7
[INFO] [stderr]    Compiling derivative v2.2.0
[INFO] [stderr]    Compiling cosmwasm-schema-derive v1.2.7
[INFO] [stderr]    Compiling cw-ownable-derive v0.5.1
[INFO] [stderr]    Compiling ed25519-zebra v3.1.0
[INFO] [stderr]    Compiling serde-json-wasm v0.5.0
[INFO] [stderr]    Compiling cosmwasm-crypto v1.2.7
[INFO] [stderr]    Compiling cosmwasm-std v1.2.7
[INFO] [stderr]    Compiling cosmwasm-schema v1.2.7
[INFO] [stderr]    Compiling cw-storage-plus v1.1.0
[INFO] [stderr]    Compiling cw-storage-plus v0.16.0
[INFO] [stderr]    Compiling cw-address-like v1.0.4
[INFO] [stderr]    Compiling cw2 v1.1.0
[INFO] [stderr]    Compiling cw2 v0.16.0
[INFO] [stderr]    Compiling cw-utils v1.0.1
[INFO] [stderr]    Compiling cw-utils v0.16.0
[INFO] [stderr]    Compiling cw-ownable v0.5.1
[INFO] [stderr]    Compiling cw721 v0.18.0 (/opt/rustwide/workdir/packages/cw721)
[INFO] [stderr]    Compiling cw20 v1.1.0
[INFO] [stderr]    Compiling cw721 v0.16.0
[INFO] [stderr]    Compiling cw721-base v0.16.0
[INFO] [stderr]    Compiling cw721-base v0.18.0 (/opt/rustwide/workdir/contracts/cw721-base)
[INFO] [stderr]    Compiling nft v0.18.0 (/opt/rustwide/workdir/contracts/nft)
[INFO] [stderr]    Compiling cw721-non-transferable v0.18.0 (/opt/rustwide/workdir/contracts/cw721-non-transferable)
[INFO] [stderr]    Compiling cw2981-royalties v0.18.0 (/opt/rustwide/workdir/contracts/vendor)
[INFO] [stderr]    Compiling cw721-fixed-price v0.18.0 (/opt/rustwide/workdir/contracts/cw721-fixed-price)
[INFO] [stdout] warning: unused variable: `token_id`
[INFO] [stdout]   --> contracts/vendor/src/lib.rs:85:13
[INFO] [stdout]    |
[INFO] [stdout] 85 |             token_id,
[INFO] [stdout]    |             ^^^^^^^^ help: try ignoring the field: `token_id: _`
[INFO] [stdout]    |
[INFO] [stdout]    = note: `#[warn(unused_variables)]` on by default
[INFO] [stdout] 
[INFO] [stdout] 
[INFO] [stdout] warning: unused variable: `owner`
[INFO] [stdout]   --> contracts/vendor/src/lib.rs:86:13
[INFO] [stdout]    |
[INFO] [stdout] 86 |             owner,
[INFO] [stdout]    |             ^^^^^ help: try ignoring the field: `owner: _`
[INFO] [stdout] 
[INFO] [stdout] 
[INFO] [stdout] warning: unused variable: `token_uri`
[INFO] [stdout]   --> contracts/vendor/src/lib.rs:87:13
[INFO] [stdout]    |
[INFO] [stdout] 87 |             token_uri,
[INFO] [stdout]    |             ^^^^^^^^^ help: try ignoring the field: `token_uri: _`
[INFO] [stdout] 
[INFO] [stdout] 
[INFO] [stdout] warning: variable does not need to be mutable
[INFO] [stdout]   --> contracts/vendor/src/lib.rs:78:9
[INFO] [stdout]    |
[INFO] [stdout] 78 |         mut deps: DepsMut,
[INFO] [stdout]    |         ----^^^^
[INFO] [stdout]    |         |
[INFO] [stdout]    |         help: remove this `mut`
[INFO] [stdout]    |
[INFO] [stdout]    = note: `#[warn(unused_mut)]` on by default
[INFO] [stdout] 
[INFO] [stdout] 
[INFO] [stdout] warning: 4 warnings emitted
[INFO] [stdout] 
[INFO] [stdout] 
[INFO] [stderr]     Finished dev [unoptimized + debuginfo] target(s) in 22.01s
[INFO] running `Command { std: "docker" "inspect" "4fdedf32998e54adc104b0d71a1fd585208730fb8bf0925e3b7d6b0c60c3799a", kill_on_drop: false }`
[INFO] running `Command { std: "docker" "rm" "-f" "4fdedf32998e54adc104b0d71a1fd585208730fb8bf0925e3b7d6b0c60c3799a", kill_on_drop: false }`
[INFO] [stdout] 4fdedf32998e54adc104b0d71a1fd585208730fb8bf0925e3b7d6b0c60c3799a
[INFO] running `Command { std: "docker" "create" "-v" "/var/lib/crater-agent-workspace/builds/worker-5-tc2/target:/opt/rustwide/target:rw,Z" "-v" "/var/lib/crater-agent-workspace/builds/worker-5-tc2/source:/opt/rustwide/workdir:ro,Z" "-v" "/var/lib/crater-agent-workspace/cargo-home:/opt/rustwide/cargo-home:ro,Z" "-v" "/var/lib/crater-agent-workspace/rustup-home:/opt/rustwide/rustup-home:ro,Z" "-e" "SOURCE_DIR=/opt/rustwide/workdir" "-e" "CARGO_TARGET_DIR=/opt/rustwide/target" "-e" "CARGO_INCREMENTAL=0" "-e" "RUST_BACKTRACE=full" "-e" "RUSTFLAGS=--cap-lints=warn" "-e" "RUSTDOCFLAGS=--cap-lints=warn" "-e" "CARGO_HOME=/opt/rustwide/cargo-home" "-e" "RUSTUP_HOME=/opt/rustwide/rustup-home" "-w" "/opt/rustwide/workdir" "-m" "1610612736" "--user" "0:0" "--network" "none" "ghcr.io/rust-lang/crates-build-env/linux@sha256:2788e3201cd34a07e3172128adcd8b3090168a8e3bcc40d7c032b9dda1df7d1c" "/opt/rustwide/cargo-home/bin/cargo" "+beta-2023-12-22" "test" "--frozen" "--no-run" "--message-format=json", kill_on_drop: false }`
[INFO] [stdout] 24fcce20095beb17b88afb50284006b3c40cf9f5b05f5726a9c8a6d4940e8b50
[INFO] running `Command { std: "docker" "start" "-a" "24fcce20095beb17b88afb50284006b3c40cf9f5b05f5726a9c8a6d4940e8b50", kill_on_drop: false }`
[INFO] [stderr] warning: virtual workspace defaulting to `resolver = "1"` despite one or more workspace members being on edition 2021 which implies `resolver = "2"`
[INFO] [stderr] note: to keep the current resolver, specify `workspace.resolver = "1"` in the workspace root's manifest
[INFO] [stderr] note: to use the edition 2021 resolver, specify `workspace.resolver = "2"` in the workspace root's manifest
[INFO] [stderr] note: for more details see https://doc.rust-lang.org/cargo/reference/resolver.html#resolver-versions
[INFO] [stderr] warning: profile package spec `cw721-metadata-onchain` in profile `release` did not match any packages
[INFO] [stderr] warning: output filename collision.
[INFO] [stderr] The example target `schema` in package `cw721 v0.18.0 (/opt/rustwide/workdir/packages/cw721)` has the same output filename as the example target `schema` in package `cw2981-royalties v0.18.0 (/opt/rustwide/workdir/contracts/vendor)`.
[INFO] [stderr] Colliding filename is: /opt/rustwide/target/debug/examples/schema
[INFO] [stderr] The targets should have unique names.
[INFO] [stderr] Consider changing their names to be unique or compiling them separately.
[INFO] [stderr] This may become a hard error in the future; see <https://github.com/rust-lang/cargo/issues/6313>.
[INFO] [stderr] warning: output filename collision.
[INFO] [stderr] The example target `schema` in package `cw721 v0.18.0 (/opt/rustwide/workdir/packages/cw721)` has the same output filename as the example target `schema` in package `cw2981-royalties v0.18.0 (/opt/rustwide/workdir/contracts/vendor)`.
[INFO] [stderr] Colliding filename is: /opt/rustwide/target/debug/examples/schema.dwp
[INFO] [stderr] The targets should have unique names.
[INFO] [stderr] Consider changing their names to be unique or compiling them separately.
[INFO] [stderr] This may become a hard error in the future; see <https://github.com/rust-lang/cargo/issues/6313>.
[INFO] [stderr] warning: output filename collision.
[INFO] [stderr] The example target `schema` in package `cw721-base v0.18.0 (/opt/rustwide/workdir/contracts/cw721-base)` has the same output filename as the example target `schema` in package `cw721 v0.18.0 (/opt/rustwide/workdir/packages/cw721)`.
[INFO] [stderr] Colliding filename is: /opt/rustwide/target/debug/examples/schema
[INFO] [stderr] The targets should have unique names.
[INFO] [stderr] Consider changing their names to be unique or compiling them separately.
[INFO] [stderr] This may become a hard error in the future; see <https://github.com/rust-lang/cargo/issues/6313>.
[INFO] [stderr] warning: output filename collision.
[INFO] [stderr] The example target `schema` in package `cw721-base v0.18.0 (/opt/rustwide/workdir/contracts/cw721-base)` has the same output filename as the example target `schema` in package `cw721 v0.18.0 (/opt/rustwide/workdir/packages/cw721)`.
[INFO] [stderr] Colliding filename is: /opt/rustwide/target/debug/examples/schema.dwp
[INFO] [stderr] The targets should have unique names.
[INFO] [stderr] Consider changing their names to be unique or compiling them separately.
[INFO] [stderr] This may become a hard error in the future; see <https://github.com/rust-lang/cargo/issues/6313>.
[INFO] [stderr] warning: output filename collision.
[INFO] [stderr] The example target `schema` in package `cw721-fixed-price v0.18.0 (/opt/rustwide/workdir/contracts/cw721-fixed-price)` has the same output filename as the example target `schema` in package `cw721-base v0.18.0 (/opt/rustwide/workdir/contracts/cw721-base)`.
[INFO] [stderr] Colliding filename is: /opt/rustwide/target/debug/examples/schema
[INFO] [stderr] The targets should have unique names.
[INFO] [stderr] Consider changing their names to be unique or compiling them separately.
[INFO] [stderr] This may become a hard error in the future; see <https://github.com/rust-lang/cargo/issues/6313>.
[INFO] [stderr] warning: output filename collision.
[INFO] [stderr] The example target `schema` in package `cw721-fixed-price v0.18.0 (/opt/rustwide/workdir/contracts/cw721-fixed-price)` has the same output filename as the example target `schema` in package `cw721-base v0.18.0 (/opt/rustwide/workdir/contracts/cw721-base)`.
[INFO] [stderr] Colliding filename is: /opt/rustwide/target/debug/examples/schema.dwp
[INFO] [stderr] The targets should have unique names.
[INFO] [stderr] Consider changing their names to be unique or compiling them separately.
[INFO] [stderr] This may become a hard error in the future; see <https://github.com/rust-lang/cargo/issues/6313>.
[INFO] [stderr] warning: output filename collision.
[INFO] [stderr] The example target `schema` in package `cw721-non-transferable v0.18.0 (/opt/rustwide/workdir/contracts/cw721-non-transferable)` has the same output filename as the example target `schema` in package `cw721-fixed-price v0.18.0 (/opt/rustwide/workdir/contracts/cw721-fixed-price)`.
[INFO] [stderr] Colliding filename is: /opt/rustwide/target/debug/examples/schema
[INFO] [stderr] The targets should have unique names.
[INFO] [stderr] Consider changing their names to be unique or compiling them separately.
[INFO] [stderr] This may become a hard error in the future; see <https://github.com/rust-lang/cargo/issues/6313>.
[INFO] [stderr] warning: output filename collision.
[INFO] [stderr] The example target `schema` in package `cw721-non-transferable v0.18.0 (/opt/rustwide/workdir/contracts/cw721-non-transferable)` has the same output filename as the example target `schema` in package `cw721-fixed-price v0.18.0 (/opt/rustwide/workdir/contracts/cw721-fixed-price)`.
[INFO] [stderr] Colliding filename is: /opt/rustwide/target/debug/examples/schema.dwp
[INFO] [stderr] The targets should have unique names.
[INFO] [stderr] Consider changing their names to be unique or compiling them separately.
[INFO] [stderr] This may become a hard error in the future; see <https://github.com/rust-lang/cargo/issues/6313>.
[INFO] [stderr] warning: output filename collision.
[INFO] [stderr] The example target `schema` in package `nft v0.18.0 (/opt/rustwide/workdir/contracts/nft)` has the same output filename as the example target `schema` in package `cw721-non-transferable v0.18.0 (/opt/rustwide/workdir/contracts/cw721-non-transferable)`.
[INFO] [stderr] Colliding filename is: /opt/rustwide/target/debug/examples/schema
[INFO] [stderr] The targets should have unique names.
[INFO] [stderr] Consider changing their names to be unique or compiling them separately.
[INFO] [stderr] This may become a hard error in the future; see <https://github.com/rust-lang/cargo/issues/6313>.
[INFO] [stderr] warning: output filename collision.
[INFO] [stderr] The example target `schema` in package `nft v0.18.0 (/opt/rustwide/workdir/contracts/nft)` has the same output filename as the example target `schema` in package `cw721-non-transferable v0.18.0 (/opt/rustwide/workdir/contracts/cw721-non-transferable)`.
[INFO] [stderr] Colliding filename is: /opt/rustwide/target/debug/examples/schema.dwp
[INFO] [stderr] The targets should have unique names.
[INFO] [stderr] Consider changing their names to be unique or compiling them separately.
[INFO] [stderr] This may become a hard error in the future; see <https://github.com/rust-lang/cargo/issues/6313>.
[INFO] [stderr]    Compiling anyhow v1.0.69
[INFO] [stderr]    Compiling either v1.8.1
[INFO] [stderr]    Compiling bytes v1.4.0
[INFO] [stderr]    Compiling cw721 v0.18.0 (/opt/rustwide/workdir/packages/cw721)
[INFO] [stdout] warning: unused variable: `token_id`
[INFO] [stdout]   --> contracts/vendor/src/lib.rs:85:13
[INFO] [stdout]    |
[INFO] [stdout] 85 |             token_id,
[INFO] [stdout]    |             ^^^^^^^^ help: try ignoring the field: `token_id: _`
[INFO] [stdout]    |
[INFO] [stdout]    = note: `#[warn(unused_variables)]` on by default
[INFO] [stdout] 
[INFO] [stdout] 
[INFO] [stdout] warning: unused variable: `owner`
[INFO] [stdout]   --> contracts/vendor/src/lib.rs:86:13
[INFO] [stdout]    |
[INFO] [stdout] 86 |             owner,
[INFO] [stdout]    |             ^^^^^ help: try ignoring the field: `owner: _`
[INFO] [stdout] 
[INFO] [stdout] 
[INFO] [stdout] warning: unused variable: `token_uri`
[INFO] [stdout]   --> contracts/vendor/src/lib.rs:87:13
[INFO] [stdout]    |
[INFO] [stdout] 87 |             token_uri,
[INFO] [stdout]    |             ^^^^^^^^^ help: try ignoring the field: `token_uri: _`
[INFO] [stdout] 
[INFO] [stdout] 
[INFO] [stdout] warning: variable does not need to be mutable
[INFO] [stdout]   --> contracts/vendor/src/lib.rs:78:9
[INFO] [stdout]    |
[INFO] [stdout] 78 |         mut deps: DepsMut,
[INFO] [stdout]    |         ----^^^^
[INFO] [stdout]    |         |
[INFO] [stdout]    |         help: remove this `mut`
[INFO] [stdout]    |
[INFO] [stdout]    = note: `#[warn(unused_mut)]` on by default
[INFO] [stdout] 
[INFO] [stdout] 
[INFO] [stdout] warning: 4 warnings emitted
[INFO] [stdout] 
[INFO] [stdout] 
[INFO] [stderr]    Compiling nft v0.18.0 (/opt/rustwide/workdir/contracts/nft)
[INFO] [stderr]    Compiling cw721-non-transferable v0.18.0 (/opt/rustwide/workdir/contracts/cw721-non-transferable)
[INFO] [stderr]    Compiling cw2981-royalties v0.18.0 (/opt/rustwide/workdir/contracts/vendor)
[INFO] [stderr]    Compiling itertools v0.10.5
[INFO] [stdout] warning: unused variable: `token_id`
[INFO] [stdout]   --> contracts/vendor/src/lib.rs:85:13
[INFO] [stdout]    |
[INFO] [stdout] 85 |             token_id,
[INFO] [stdout]    |             ^^^^^^^^ help: try ignoring the field: `token_id: _`
[INFO] [stdout]    |
[INFO] [stdout]    = note: `#[warn(unused_variables)]` on by default
[INFO] [stdout] 
[INFO] [stdout] 
[INFO] [stdout] warning: unused variable: `owner`
[INFO] [stdout]   --> contracts/vendor/src/lib.rs:86:13
[INFO] [stdout]    |
[INFO] [stdout] 86 |             owner,
[INFO] [stdout]    |             ^^^^^ help: try ignoring the field: `owner: _`
[INFO] [stdout] 
[INFO] [stdout] 
[INFO] [stdout] warning: unused variable: `token_uri`
[INFO] [stdout]   --> contracts/vendor/src/lib.rs:87:13
[INFO] [stdout]    |
[INFO] [stdout] 87 |             token_uri,
[INFO] [stdout]    |             ^^^^^^^^^ help: try ignoring the field: `token_uri: _`
[INFO] [stdout] 
[INFO] [stdout] 
[INFO] [stdout] warning: variable does not need to be mutable
[INFO] [stdout]   --> contracts/vendor/src/lib.rs:78:9
[INFO] [stdout]    |
[INFO] [stdout] 78 |         mut deps: DepsMut,
[INFO] [stdout]    |         ----^^^^
[INFO] [stdout]    |         |
[INFO] [stdout]    |         help: remove this `mut`
[INFO] [stdout]    |
[INFO] [stdout]    = note: `#[warn(unused_mut)]` on by default
[INFO] [stdout] 
[INFO] [stdout] 
[INFO] [stderr]    Compiling prost-derive v0.9.0
[INFO] [stderr]    Compiling prost-derive v0.10.1
[INFO] [stdout] warning: 4 warnings emitted
[INFO] [stdout] 
[INFO] [stdout] 
[INFO] [stderr]    Compiling prost v0.10.4
[INFO] [stderr]    Compiling prost v0.9.0
[INFO] [stderr]    Compiling cw-multi-test v0.16.5
[INFO] [stderr]    Compiling cw721-fixed-price v0.18.0 (/opt/rustwide/workdir/contracts/cw721-fixed-price)
[INFO] [stderr]    Compiling cw721-base v0.18.0 (/opt/rustwide/workdir/contracts/cw721-base)
[INFO] [stderr]     Finished test [unoptimized + debuginfo] target(s) in 5.93s
[INFO] running `Command { std: "docker" "inspect" "24fcce20095beb17b88afb50284006b3c40cf9f5b05f5726a9c8a6d4940e8b50", kill_on_drop: false }`
[INFO] running `Command { std: "docker" "rm" "-f" "24fcce20095beb17b88afb50284006b3c40cf9f5b05f5726a9c8a6d4940e8b50", kill_on_drop: false }`
[INFO] [stdout] 24fcce20095beb17b88afb50284006b3c40cf9f5b05f5726a9c8a6d4940e8b50
[INFO] running `Command { std: "docker" "create" "-v" "/var/lib/crater-agent-workspace/builds/worker-5-tc2/target:/opt/rustwide/target:rw,Z" "-v" "/var/lib/crater-agent-workspace/builds/worker-5-tc2/source:/opt/rustwide/workdir:ro,Z" "-v" "/var/lib/crater-agent-workspace/cargo-home:/opt/rustwide/cargo-home:ro,Z" "-v" "/var/lib/crater-agent-workspace/rustup-home:/opt/rustwide/rustup-home:ro,Z" "-e" "SOURCE_DIR=/opt/rustwide/workdir" "-e" "CARGO_TARGET_DIR=/opt/rustwide/target" "-e" "CARGO_INCREMENTAL=0" "-e" "RUST_BACKTRACE=full" "-e" "RUSTFLAGS=--cap-lints=warn" "-e" "RUSTDOCFLAGS=--cap-lints=warn" "-e" "CARGO_HOME=/opt/rustwide/cargo-home" "-e" "RUSTUP_HOME=/opt/rustwide/rustup-home" "-w" "/opt/rustwide/workdir" "-m" "1610612736" "--user" "0:0" "--network" "none" "ghcr.io/rust-lang/crates-build-env/linux@sha256:2788e3201cd34a07e3172128adcd8b3090168a8e3bcc40d7c032b9dda1df7d1c" "/opt/rustwide/cargo-home/bin/cargo" "+beta-2023-12-22" "test" "--frozen", kill_on_drop: false }`
[INFO] [stdout] ad7ccc273a4d6a8d896e9e133439b5848c7e51517c1ade040a2dc160e38f1634
[INFO] running `Command { std: "docker" "start" "-a" "ad7ccc273a4d6a8d896e9e133439b5848c7e51517c1ade040a2dc160e38f1634", kill_on_drop: false }`
[INFO] [stderr] warning: virtual workspace defaulting to `resolver = "1"` despite one or more workspace members being on edition 2021 which implies `resolver = "2"`
[INFO] [stderr] note: to keep the current resolver, specify `workspace.resolver = "1"` in the workspace root's manifest
[INFO] [stderr] note: to use the edition 2021 resolver, specify `workspace.resolver = "2"` in the workspace root's manifest
[INFO] [stderr] note: for more details see https://doc.rust-lang.org/cargo/reference/resolver.html#resolver-versions
[INFO] [stderr] warning: profile package spec `cw721-metadata-onchain` in profile `release` did not match any packages
[INFO] [stderr] warning: output filename collision.
[INFO] [stderr] The example target `schema` in package `cw721 v0.18.0 (/opt/rustwide/workdir/packages/cw721)` has the same output filename as the example target `schema` in package `cw2981-royalties v0.18.0 (/opt/rustwide/workdir/contracts/vendor)`.
[INFO] [stderr] Colliding filename is: /opt/rustwide/target/debug/examples/schema
[INFO] [stderr] The targets should have unique names.
[INFO] [stderr] Consider changing their names to be unique or compiling them separately.
[INFO] [stderr] This may become a hard error in the future; see <https://github.com/rust-lang/cargo/issues/6313>.
[INFO] [stderr] warning: output filename collision.
[INFO] [stderr] The example target `schema` in package `cw721 v0.18.0 (/opt/rustwide/workdir/packages/cw721)` has the same output filename as the example target `schema` in package `cw2981-royalties v0.18.0 (/opt/rustwide/workdir/contracts/vendor)`.
[INFO] [stderr] Colliding filename is: /opt/rustwide/target/debug/examples/schema.dwp
[INFO] [stderr] The targets should have unique names.
[INFO] [stderr] Consider changing their names to be unique or compiling them separately.
[INFO] [stderr] This may become a hard error in the future; see <https://github.com/rust-lang/cargo/issues/6313>.
[INFO] [stderr] warning: output filename collision.
[INFO] [stderr] The example target `schema` in package `cw721-base v0.18.0 (/opt/rustwide/workdir/contracts/cw721-base)` has the same output filename as the example target `schema` in package `cw721 v0.18.0 (/opt/rustwide/workdir/packages/cw721)`.
[INFO] [stderr] Colliding filename is: /opt/rustwide/target/debug/examples/schema
[INFO] [stderr] The targets should have unique names.
[INFO] [stderr] Consider changing their names to be unique or compiling them separately.
[INFO] [stderr] This may become a hard error in the future; see <https://github.com/rust-lang/cargo/issues/6313>.
[INFO] [stderr] warning: output filename collision.
[INFO] [stderr] The example target `schema` in package `cw721-base v0.18.0 (/opt/rustwide/workdir/contracts/cw721-base)` has the same output filename as the example target `schema` in package `cw721 v0.18.0 (/opt/rustwide/workdir/packages/cw721)`.
[INFO] [stderr] Colliding filename is: /opt/rustwide/target/debug/examples/schema.dwp
[INFO] [stderr] The targets should have unique names.
[INFO] [stderr] Consider changing their names to be unique or compiling them separately.
[INFO] [stderr] This may become a hard error in the future; see <https://github.com/rust-lang/cargo/issues/6313>.
[INFO] [stderr] warning: output filename collision.
[INFO] [stderr] The example target `schema` in package `cw721-fixed-price v0.18.0 (/opt/rustwide/workdir/contracts/cw721-fixed-price)` has the same output filename as the example target `schema` in package `cw721-base v0.18.0 (/opt/rustwide/workdir/contracts/cw721-base)`.
[INFO] [stderr] Colliding filename is: /opt/rustwide/target/debug/examples/schema
[INFO] [stderr] The targets should have unique names.
[INFO] [stderr] Consider changing their names to be unique or compiling them separately.
[INFO] [stderr] This may become a hard error in the future; see <https://github.com/rust-lang/cargo/issues/6313>.
[INFO] [stderr] warning: output filename collision.
[INFO] [stderr] The example target `schema` in package `cw721-fixed-price v0.18.0 (/opt/rustwide/workdir/contracts/cw721-fixed-price)` has the same output filename as the example target `schema` in package `cw721-base v0.18.0 (/opt/rustwide/workdir/contracts/cw721-base)`.
[INFO] [stderr] Colliding filename is: /opt/rustwide/target/debug/examples/schema.dwp
[INFO] [stderr] The targets should have unique names.
[INFO] [stderr] Consider changing their names to be unique or compiling them separately.
[INFO] [stderr] This may become a hard error in the future; see <https://github.com/rust-lang/cargo/issues/6313>.
[INFO] [stderr] warning: output filename collision.
[INFO] [stderr] The example target `schema` in package `cw721-non-transferable v0.18.0 (/opt/rustwide/workdir/contracts/cw721-non-transferable)` has the same output filename as the example target `schema` in package `cw721-fixed-price v0.18.0 (/opt/rustwide/workdir/contracts/cw721-fixed-price)`.
[INFO] [stderr] Colliding filename is: /opt/rustwide/target/debug/examples/schema
[INFO] [stderr] The targets should have unique names.
[INFO] [stderr] Consider changing their names to be unique or compiling them separately.
[INFO] [stderr] This may become a hard error in the future; see <https://github.com/rust-lang/cargo/issues/6313>.
[INFO] [stderr] warning: output filename collision.
[INFO] [stderr] The example target `schema` in package `cw721-non-transferable v0.18.0 (/opt/rustwide/workdir/contracts/cw721-non-transferable)` has the same output filename as the example target `schema` in package `cw721-fixed-price v0.18.0 (/opt/rustwide/workdir/contracts/cw721-fixed-price)`.
[INFO] [stderr] Colliding filename is: /opt/rustwide/target/debug/examples/schema.dwp
[INFO] [stderr] The targets should have unique names.
[INFO] [stderr] Consider changing their names to be unique or compiling them separately.
[INFO] [stderr] This may become a hard error in the future; see <https://github.com/rust-lang/cargo/issues/6313>.
[INFO] [stderr] warning: output filename collision.
[INFO] [stderr] The example target `schema` in package `nft v0.18.0 (/opt/rustwide/workdir/contracts/nft)` has the same output filename as the example target `schema` in package `cw721-non-transferable v0.18.0 (/opt/rustwide/workdir/contracts/cw721-non-transferable)`.
[INFO] [stderr] Colliding filename is: /opt/rustwide/target/debug/examples/schema
[INFO] [stderr] The targets should have unique names.
[INFO] [stderr] Consider changing their names to be unique or compiling them separately.
[INFO] [stderr] This may become a hard error in the future; see <https://github.com/rust-lang/cargo/issues/6313>.
[INFO] [stderr] warning: output filename collision.
[INFO] [stderr] The example target `schema` in package `nft v0.18.0 (/opt/rustwide/workdir/contracts/nft)` has the same output filename as the example target `schema` in package `cw721-non-transferable v0.18.0 (/opt/rustwide/workdir/contracts/cw721-non-transferable)`.
[INFO] [stderr] Colliding filename is: /opt/rustwide/target/debug/examples/schema.dwp
[INFO] [stderr] The targets should have unique names.
[INFO] [stderr] Consider changing their names to be unique or compiling them separately.
[INFO] [stderr] This may become a hard error in the future; see <https://github.com/rust-lang/cargo/issues/6313>.
[INFO] [stderr] warning: unused variable: `token_id`
[INFO] [stderr]   --> contracts/vendor/src/lib.rs:85:13
[INFO] [stderr]    |
[INFO] [stderr] 85 |             token_id,
[INFO] [stderr]    |             ^^^^^^^^ help: try ignoring the field: `token_id: _`
[INFO] [stderr]    |
[INFO] [stderr]    = note: `#[warn(unused_variables)]` on by default
[INFO] [stderr] 
[INFO] [stderr] warning: unused variable: `owner`
[INFO] [stderr]   --> contracts/vendor/src/lib.rs:86:13
[INFO] [stderr]    |
[INFO] [stderr] 86 |             owner,
[INFO] [stderr]    |             ^^^^^ help: try ignoring the field: `owner: _`
[INFO] [stderr] 
[INFO] [stderr] warning: unused variable: `token_uri`
[INFO] [stderr]   --> contracts/vendor/src/lib.rs:87:13
[INFO] [stderr]    |
[INFO] [stderr] 87 |             token_uri,
[INFO] [stderr]    |             ^^^^^^^^^ help: try ignoring the field: `token_uri: _`
[INFO] [stderr] 
[INFO] [stderr] warning: variable does not need to be mutable
[INFO] [stderr]   --> contracts/vendor/src/lib.rs:78:9
[INFO] [stderr]    |
[INFO] [stderr] 78 |         mut deps: DepsMut,
[INFO] [stderr]    |         ----^^^^
[INFO] [stderr]    |         |
[INFO] [stderr]    |         help: remove this `mut`
[INFO] [stderr]    |
[INFO] [stderr]    = note: `#[warn(unused_mut)]` on by default
[INFO] [stderr] 
[INFO] [stderr] warning: `cw2981-royalties` (lib) generated 4 warnings (run `cargo fix --lib -p cw2981-royalties` to apply 4 suggestions)
[INFO] [stderr] warning: `cw2981-royalties` (lib test) generated 4 warnings (4 duplicates)
[INFO] [stderr]     Finished test [unoptimized + debuginfo] target(s) in 0.05s
[INFO] [stderr]      Running unittests src/lib.rs (/opt/rustwide/target/debug/deps/cw2981_royalties-f408889fb02347ce)
[INFO] [stdout] 
[INFO] [stdout] running 4 tests
[INFO] [stdout] test tests::check_royalties_response ... ok
[INFO] [stdout] test tests::validate_royalty_information ... FAILED
[INFO] [stdout] test tests::check_token_royalties ... FAILED
[INFO] [stdout] test tests::use_metadata_extension ... FAILED
[INFO] [stdout] 
[INFO] [stdout] failures:
[INFO] [stdout] 
[INFO] [stdout] ---- tests::validate_royalty_information stdout ----
[INFO] [stdout] thread 'tests::validate_royalty_information' panicked at contracts/vendor/src/lib.rs:195:77:
[INFO] [stdout] called `Result::unwrap_err()` on an `Ok` value: Response { messages: [], attributes: [Attribute { key: "action", value: "mint" }, Attribute { key: "minter", value: "creator" }, Attribute { key: "owner", value: "john" }, Attribute { key: "token_id", value: "Enterprise" }], events: [], data: None }
[INFO] [stdout] stack backtrace:
[INFO] [stdout]    0:     0x556d32662926 - std::backtrace_rs::backtrace::libunwind::trace::h261606ad26a499c1
[INFO] [stdout]                                at /rustc/0e09125c6c3c2fd70d7de961bcf0e51575235fad/library/std/src/../../backtrace/src/backtrace/libunwind.rs:104:5
[INFO] [stdout]    1:     0x556d32662926 - std::backtrace_rs::backtrace::trace_unsynchronized::hd183f0625477fb28
[INFO] [stdout]                                at /rustc/0e09125c6c3c2fd70d7de961bcf0e51575235fad/library/std/src/../../backtrace/src/backtrace/mod.rs:66:5
[INFO] [stdout]    2:     0x556d32662926 - std::sys_common::backtrace::_print_fmt::hd7f8fef21b4eda67
[INFO] [stdout]                                at /rustc/0e09125c6c3c2fd70d7de961bcf0e51575235fad/library/std/src/sys_common/backtrace.rs:68:5
[INFO] [stdout]    3:     0x556d32662926 - <std::sys_common::backtrace::_print::DisplayBacktrace as core::fmt::Display>::fmt::h623d9b51f2f453f1
[INFO] [stdout]                                at /rustc/0e09125c6c3c2fd70d7de961bcf0e51575235fad/library/std/src/sys_common/backtrace.rs:44:22
[INFO] [stdout]    4:     0x556d3268bf40 - core::fmt::rt::Argument::fmt::h9f417ac76a86f368
[INFO] [stdout]                                at /rustc/0e09125c6c3c2fd70d7de961bcf0e51575235fad/library/core/src/fmt/rt.rs:142:9
[INFO] [stdout]    5:     0x556d3268bf40 - core::fmt::write::hc9b6faf4ac2aeff7
[INFO] [stdout]                                at /rustc/0e09125c6c3c2fd70d7de961bcf0e51575235fad/library/core/src/fmt/mod.rs:1120:17
[INFO] [stdout]    6:     0x556d3266038f - std::io::Write::write_fmt::he04625a3a989fec3
[INFO] [stdout]                                at /rustc/0e09125c6c3c2fd70d7de961bcf0e51575235fad/library/std/src/io/mod.rs:1810:15
[INFO] [stdout]    7:     0x556d32662704 - std::sys_common::backtrace::_print::hd5d66399c7df88a2
[INFO] [stdout]                                at /rustc/0e09125c6c3c2fd70d7de961bcf0e51575235fad/library/std/src/sys_common/backtrace.rs:47:5
[INFO] [stdout]    8:     0x556d32662704 - std::sys_common::backtrace::print::he81ed2da642d37e5
[INFO] [stdout]                                at /rustc/0e09125c6c3c2fd70d7de961bcf0e51575235fad/library/std/src/sys_common/backtrace.rs:34:9
[INFO] [stdout]    9:     0x556d32664477 - std::panicking::default_hook::{{closure}}::h85773f4fa117163d
[INFO] [stdout]   10:     0x556d3266415d - std::panicking::default_hook::h6a1694a91d09b278
[INFO] [stdout]                                at /rustc/0e09125c6c3c2fd70d7de961bcf0e51575235fad/library/std/src/panicking.rs:289:9
[INFO] [stdout]   11:     0x556d3250adf7 - <alloc::boxed::Box<F,A> as core::ops::function::Fn<Args>>::call::h616ac37fa3cd6c8f
[INFO] [stdout]                                at /rustc/0e09125c6c3c2fd70d7de961bcf0e51575235fad/library/alloc/src/boxed.rs:2029:9
[INFO] [stdout]   12:     0x556d3250adf7 - test::test_main::{{closure}}::h00d84697cefdcbb6
[INFO] [stdout]                                at /rustc/0e09125c6c3c2fd70d7de961bcf0e51575235fad/library/test/src/lib.rs:138:21
[INFO] [stdout]   13:     0x556d32664a96 - <alloc::boxed::Box<F,A> as core::ops::function::Fn<Args>>::call::hcb3fe3b9bb537ba8
[INFO] [stdout]                                at /rustc/0e09125c6c3c2fd70d7de961bcf0e51575235fad/library/alloc/src/boxed.rs:2029:9
[INFO] [stdout]   14:     0x556d32664a96 - std::panicking::rust_panic_with_hook::h0a7ad96e90f7145b
[INFO] [stdout]                                at /rustc/0e09125c6c3c2fd70d7de961bcf0e51575235fad/library/std/src/panicking.rs:783:13
[INFO] [stdout]   15:     0x556d326647e2 - std::panicking::begin_panic_handler::{{closure}}::h7919090525c6485e
[INFO] [stdout]                                at /rustc/0e09125c6c3c2fd70d7de961bcf0e51575235fad/library/std/src/panicking.rs:657:13
[INFO] [stdout]   16:     0x556d32662e26 - std::sys_common::backtrace::__rust_end_short_backtrace::hf3289479464f7dfe
[INFO] [stdout]                                at /rustc/0e09125c6c3c2fd70d7de961bcf0e51575235fad/library/std/src/sys_common/backtrace.rs:171:18
[INFO] [stdout]   17:     0x556d32664540 - rust_begin_unwind
[INFO] [stdout]                                at /rustc/0e09125c6c3c2fd70d7de961bcf0e51575235fad/library/std/src/panicking.rs:645:5
[INFO] [stdout]   18:     0x556d32477cd5 - core::panicking::panic_fmt::hcc9f77c5c132af55
[INFO] [stdout]                                at /rustc/0e09125c6c3c2fd70d7de961bcf0e51575235fad/library/core/src/panicking.rs:72:14
[INFO] [stdout]   19:     0x556d324782b3 - core::result::unwrap_failed::hbe14f498be1452f9
[INFO] [stdout]                                at /rustc/0e09125c6c3c2fd70d7de961bcf0e51575235fad/library/core/src/result.rs:1649:5
[INFO] [stdout]   20:     0x556d32487667 - core::result::Result<T,E>::unwrap_err::ha8cd95e38c830881
[INFO] [stdout]                                at /rustc/0e09125c6c3c2fd70d7de961bcf0e51575235fad/library/core/src/result.rs:1167:22
[INFO] [stdout]   21:     0x556d324c7493 - cw2981_royalties::tests::validate_royalty_information::hd6bd3f7d4fb22a31
[INFO] [stdout]                                at /opt/rustwide/workdir/contracts/vendor/src/lib.rs:195:19
[INFO] [stdout]   22:     0x556d324c6bf7 - cw2981_royalties::tests::validate_royalty_information::{{closure}}::he463e235698e4f29
[INFO] [stdout]                                at /opt/rustwide/workdir/contracts/vendor/src/lib.rs:170:38
[INFO] [stdout]   23:     0x556d324b1fc6 - core::ops::function::FnOnce::call_once::h1784d1e2a8565290
[INFO] [stdout]                                at /rustc/0e09125c6c3c2fd70d7de961bcf0e51575235fad/library/core/src/ops/function.rs:250:5
[INFO] [stdout]   24:     0x556d325106cf - core::ops::function::FnOnce::call_once::hd64d26f405258157
[INFO] [stdout]                                at /rustc/0e09125c6c3c2fd70d7de961bcf0e51575235fad/library/core/src/ops/function.rs:250:5
[INFO] [stdout]   25:     0x556d325106cf - test::__rust_begin_short_backtrace::he21b0b7a6d731bf9
[INFO] [stdout]                                at /rustc/0e09125c6c3c2fd70d7de961bcf0e51575235fad/library/test/src/lib.rs:627:18
[INFO] [stdout]   26:     0x556d3250f451 - test::run_test_in_process::{{closure}}::hf5c73986d7bdfde2
[INFO] [stdout]                                at /rustc/0e09125c6c3c2fd70d7de961bcf0e51575235fad/library/test/src/lib.rs:650:60
[INFO] [stdout]   27:     0x556d3250f451 - <core::panic::unwind_safe::AssertUnwindSafe<F> as core::ops::function::FnOnce<()>>::call_once::h330011ad032aadc0
[INFO] [stdout]                                at /rustc/0e09125c6c3c2fd70d7de961bcf0e51575235fad/library/core/src/panic/unwind_safe.rs:272:9
[INFO] [stdout]   28:     0x556d3250f451 - std::panicking::try::do_call::he61b0a958b795a41
[INFO] [stdout]                                at /rustc/0e09125c6c3c2fd70d7de961bcf0e51575235fad/library/std/src/panicking.rs:552:40
[INFO] [stdout]   29:     0x556d3250f451 - std::panicking::try::h7309da130f906eb7
[INFO] [stdout]                                at /rustc/0e09125c6c3c2fd70d7de961bcf0e51575235fad/library/std/src/panicking.rs:516:19
[INFO] [stdout]   30:     0x556d3250f451 - std::panic::catch_unwind::hc5c3a06fdaf0a92a
[INFO] [stdout]                                at /rustc/0e09125c6c3c2fd70d7de961bcf0e51575235fad/library/std/src/panic.rs:142:14
[INFO] [stdout]   31:     0x556d3250f451 - test::run_test_in_process::h7e7b7c71c3324e0f
[INFO] [stdout]                                at /rustc/0e09125c6c3c2fd70d7de961bcf0e51575235fad/library/test/src/lib.rs:650:27
[INFO] [stdout]   32:     0x556d3250f451 - test::run_test::{{closure}}::h1f509f28f5cf20b1
[INFO] [stdout]                                at /rustc/0e09125c6c3c2fd70d7de961bcf0e51575235fad/library/test/src/lib.rs:573:43
[INFO] [stdout]   33:     0x556d324d6786 - test::run_test::{{closure}}::h1754218abf443f6d
[INFO] [stdout]                                at /rustc/0e09125c6c3c2fd70d7de961bcf0e51575235fad/library/test/src/lib.rs:601:41
[INFO] [stdout]   34:     0x556d324d6786 - std::sys_common::backtrace::__rust_begin_short_backtrace::h2ee174b9d5954948
[INFO] [stdout]                                at /rustc/0e09125c6c3c2fd70d7de961bcf0e51575235fad/library/std/src/sys_common/backtrace.rs:155:18
[INFO] [stdout]   35:     0x556d324db7e7 - std::thread::Builder::spawn_unchecked_::{{closure}}::{{closure}}::hf60bee9c1a17ef09
[INFO] [stdout]                                at /rustc/0e09125c6c3c2fd70d7de961bcf0e51575235fad/library/std/src/thread/mod.rs:529:17
[INFO] [stdout]   36:     0x556d324db7e7 - <core::panic::unwind_safe::AssertUnwindSafe<F> as core::ops::function::FnOnce<()>>::call_once::h33d0dddec5216160
[INFO] [stdout]                                at /rustc/0e09125c6c3c2fd70d7de961bcf0e51575235fad/library/core/src/panic/unwind_safe.rs:272:9
[INFO] [stdout]   37:     0x556d324db7e7 - std::panicking::try::do_call::h144b3048b546f835
[INFO] [stdout]                                at /rustc/0e09125c6c3c2fd70d7de961bcf0e51575235fad/library/std/src/panicking.rs:552:40
[INFO] [stdout]   38:     0x556d324db7e7 - std::panicking::try::h978244d04646189f
[INFO] [stdout]                                at /rustc/0e09125c6c3c2fd70d7de961bcf0e51575235fad/library/std/src/panicking.rs:516:19
[INFO] [stdout]   39:     0x556d324db7e7 - std::panic::catch_unwind::hdf436369d188fe86
[INFO] [stdout]                                at /rustc/0e09125c6c3c2fd70d7de961bcf0e51575235fad/library/std/src/panic.rs:142:14
[INFO] [stdout]   40:     0x556d324db7e7 - std::thread::Builder::spawn_unchecked_::{{closure}}::h87329cbdd33c79ec
[INFO] [stdout]                                at /rustc/0e09125c6c3c2fd70d7de961bcf0e51575235fad/library/std/src/thread/mod.rs:528:30
[INFO] [stdout]   41:     0x556d324db7e7 - core::ops::function::FnOnce::call_once{{vtable.shim}}::h401abbe67897d450
[INFO] [stdout]                                at /rustc/0e09125c6c3c2fd70d7de961bcf0e51575235fad/library/core/src/ops/function.rs:250:5
[INFO] [stdout]   42:     0x556d32669545 - <alloc::boxed::Box<F,A> as core::ops::function::FnOnce<Args>>::call_once::h5d7c8f150ab9c84c
[INFO] [stdout]                                at /rustc/0e09125c6c3c2fd70d7de961bcf0e51575235fad/library/alloc/src/boxed.rs:2015:9
[INFO] [stdout]   43:     0x556d32669545 - <alloc::boxed::Box<F,A> as core::ops::function::FnOnce<Args>>::call_once::h570d5b005c242c15
[INFO] [stdout]                                at /rustc/0e09125c6c3c2fd70d7de961bcf0e51575235fad/library/alloc/src/boxed.rs:2015:9
[INFO] [stdout]   44:     0x556d32669545 - std::sys::unix::thread::Thread::new::thread_start::h36b0a20c0b2361ad
[INFO] [stdout]                                at /rustc/0e09125c6c3c2fd70d7de961bcf0e51575235fad/library/std/src/sys/unix/thread.rs:108:17
[INFO] [stdout]   45:     0x7f58aca7bac3 - <unknown>
[INFO] [stdout]   46:     0x7f58acb0cbf4 - __clone
[INFO] [stdout]   47:                0x0 - <unknown>
[INFO] [stdout] 
[INFO] [stdout] ---- tests::check_token_royalties stdout ----
[INFO] [stdout] thread 'tests::check_token_royalties' panicked at contracts/vendor/src/lib.rs:274:9:
[INFO] [stdout] assertion `left == right` failed
[INFO] [stdout]   left: RoyaltiesInfoResponse { address: "cosmos1um2r2ak2w5xpxuvzqy4kt674qpfak8402j4t62", royalty_amount: Uint128(10) }
[INFO] [stdout]  right: RoyaltiesInfoResponse { address: "jeanluc", royalty_amount: Uint128(10) }
[INFO] [stdout] stack backtrace:
[INFO] [stdout]    0:     0x556d32662926 - std::backtrace_rs::backtrace::libunwind::trace::h261606ad26a499c1
[INFO] [stdout]                                at /rustc/0e09125c6c3c2fd70d7de961bcf0e51575235fad/library/std/src/../../backtrace/src/backtrace/libunwind.rs:104:5
[INFO] [stdout]    1:     0x556d32662926 - std::backtrace_rs::backtrace::trace_unsynchronized::hd183f0625477fb28
[INFO] [stdout]                                at /rustc/0e09125c6c3c2fd70d7de961bcf0e51575235fad/library/std/src/../../backtrace/src/backtrace/mod.rs:66:5
[INFO] [stdout]    2:     0x556d32662926 - std::sys_common::backtrace::_print_fmt::hd7f8fef21b4eda67
[INFO] [stdout]                                at /rustc/0e09125c6c3c2fd70d7de961bcf0e51575235fad/library/std/src/sys_common/backtrace.rs:68:5
[INFO] [stdout]    3:     0x556d32662926 - <std::sys_common::backtrace::_print::DisplayBacktrace as core::fmt::Display>::fmt::h623d9b51f2f453f1
[INFO] [stdout]                                at /rustc/0e09125c6c3c2fd70d7de961bcf0e51575235fad/library/std/src/sys_common/backtrace.rs:44:22
[INFO] [stdout]    4:     0x556d3268bf40 - core::fmt::rt::Argument::fmt::h9f417ac76a86f368
[INFO] [stdout]                                at /rustc/0e09125c6c3c2fd70d7de961bcf0e51575235fad/library/core/src/fmt/rt.rs:142:9
[INFO] [stdout]    5:     0x556d3268bf40 - core::fmt::write::hc9b6faf4ac2aeff7
[INFO] [stdout]                                at /rustc/0e09125c6c3c2fd70d7de961bcf0e51575235fad/library/core/src/fmt/mod.rs:1120:17
[INFO] [stdout]    6:     0x556d3266038f - std::io::Write::write_fmt::he04625a3a989fec3
[INFO] [stdout]                                at /rustc/0e09125c6c3c2fd70d7de961bcf0e51575235fad/library/std/src/io/mod.rs:1810:15
[INFO] [stdout]    7:     0x556d32662704 - std::sys_common::backtrace::_print::hd5d66399c7df88a2
[INFO] [stdout]                                at /rustc/0e09125c6c3c2fd70d7de961bcf0e51575235fad/library/std/src/sys_common/backtrace.rs:47:5
[INFO] [stdout]    8:     0x556d32662704 - std::sys_common::backtrace::print::he81ed2da642d37e5
[INFO] [stdout]                                at /rustc/0e09125c6c3c2fd70d7de961bcf0e51575235fad/library/std/src/sys_common/backtrace.rs:34:9
[INFO] [stdout]    9:     0x556d32664477 - std::panicking::default_hook::{{closure}}::h85773f4fa117163d
[INFO] [stdout]   10:     0x556d3266415d - std::panicking::default_hook::h6a1694a91d09b278
[INFO] [stdout]                                at /rustc/0e09125c6c3c2fd70d7de961bcf0e51575235fad/library/std/src/panicking.rs:289:9
[INFO] [stdout]   11:     0x556d3250adf7 - <alloc::boxed::Box<F,A> as core::ops::function::Fn<Args>>::call::h616ac37fa3cd6c8f
[INFO] [stdout]                                at /rustc/0e09125c6c3c2fd70d7de961bcf0e51575235fad/library/alloc/src/boxed.rs:2029:9
[INFO] [stdout]   12:     0x556d3250adf7 - test::test_main::{{closure}}::h00d84697cefdcbb6
[INFO] [stdout]                                at /rustc/0e09125c6c3c2fd70d7de961bcf0e51575235fad/library/test/src/lib.rs:138:21
[INFO] [stdout]   13:     0x556d32664a96 - <alloc::boxed::Box<F,A> as core::ops::function::Fn<Args>>::call::hcb3fe3b9bb537ba8
[INFO] [stdout]                                at /rustc/0e09125c6c3c2fd70d7de961bcf0e51575235fad/library/alloc/src/boxed.rs:2029:9
[INFO] [stdout]   14:     0x556d32664a96 - std::panicking::rust_panic_with_hook::h0a7ad96e90f7145b
[INFO] [stdout]                                at /rustc/0e09125c6c3c2fd70d7de961bcf0e51575235fad/library/std/src/panicking.rs:783:13
[INFO] [stdout]   15:     0x556d326647e2 - std::panicking::begin_panic_handler::{{closure}}::h7919090525c6485e
[INFO] [stdout]                                at /rustc/0e09125c6c3c2fd70d7de961bcf0e51575235fad/library/std/src/panicking.rs:657:13
[INFO] [stdout]   16:     0x556d32662e26 - std::sys_common::backtrace::__rust_end_short_backtrace::hf3289479464f7dfe
[INFO] [stdout]                                at /rustc/0e09125c6c3c2fd70d7de961bcf0e51575235fad/library/std/src/sys_common/backtrace.rs:171:18
[INFO] [stdout]   17:     0x556d32664540 - rust_begin_unwind
[INFO] [stdout]                                at /rustc/0e09125c6c3c2fd70d7de961bcf0e51575235fad/library/std/src/panicking.rs:645:5
[INFO] [stdout]   18:     0x556d32477cd5 - core::panicking::panic_fmt::hcc9f77c5c132af55
[INFO] [stdout]                                at /rustc/0e09125c6c3c2fd70d7de961bcf0e51575235fad/library/core/src/panicking.rs:72:14
[INFO] [stdout]   19:     0x556d3247814b - core::panicking::assert_failed_inner::h9f13e27dd63c3a08
[INFO] [stdout]                                at /rustc/0e09125c6c3c2fd70d7de961bcf0e51575235fad/library/core/src/panicking.rs:342:17
[INFO] [stdout]   20:     0x556d324a880e - core::panicking::assert_failed::hb7db25444e954ec9
[INFO] [stdout]                                at /rustc/0e09125c6c3c2fd70d7de961bcf0e51575235fad/library/core/src/panicking.rs:297:5
[INFO] [stdout]   21:     0x556d324c8f67 - cw2981_royalties::tests::check_token_royalties::ha05e9c5fa5dacaf9
[INFO] [stdout]                                at /opt/rustwide/workdir/contracts/vendor/src/lib.rs:274:9
[INFO] [stdout]   22:     0x556d324c82c7 - cw2981_royalties::tests::check_token_royalties::{{closure}}::h9e313b50888f9797
[INFO] [stdout]                                at /opt/rustwide/workdir/contracts/vendor/src/lib.rs:241:31
[INFO] [stdout]   23:     0x556d324b1f56 - core::ops::function::FnOnce::call_once::h05b8017c792f70dc
[INFO] [stdout]                                at /rustc/0e09125c6c3c2fd70d7de961bcf0e51575235fad/library/core/src/ops/function.rs:250:5
[INFO] [stdout]   24:     0x556d325106cf - core::ops::function::FnOnce::call_once::hd64d26f405258157
[INFO] [stdout]                                at /rustc/0e09125c6c3c2fd70d7de961bcf0e51575235fad/library/core/src/ops/function.rs:250:5
[INFO] [stdout]   25:     0x556d325106cf - test::__rust_begin_short_backtrace::he21b0b7a6d731bf9
[INFO] [stdout]                                at /rustc/0e09125c6c3c2fd70d7de961bcf0e51575235fad/library/test/src/lib.rs:627:18
[INFO] [stdout]   26:     0x556d3250f451 - test::run_test_in_process::{{closure}}::hf5c73986d7bdfde2
[INFO] [stdout]                                at /rustc/0e09125c6c3c2fd70d7de961bcf0e51575235fad/library/test/src/lib.rs:650:60
[INFO] [stdout]   27:     0x556d3250f451 - <core::panic::unwind_safe::AssertUnwindSafe<F> as core::ops::function::FnOnce<()>>::call_once::h330011ad032aadc0
[INFO] [stdout]                                at /rustc/0e09125c6c3c2fd70d7de961bcf0e51575235fad/library/core/src/panic/unwind_safe.rs:272:9
[INFO] [stdout]   28:     0x556d3250f451 - std::panicking::try::do_call::he61b0a958b795a41
[INFO] [stdout]                                at /rustc/0e09125c6c3c2fd70d7de961bcf0e51575235fad/library/std/src/panicking.rs:552:40
[INFO] [stdout]   29:     0x556d3250f451 - std::panicking::try::h7309da130f906eb7
[INFO] [stdout]                                at /rustc/0e09125c6c3c2fd70d7de961bcf0e51575235fad/library/std/src/panicking.rs:516:19
[INFO] [stdout]   30:     0x556d3250f451 - std::panic::catch_unwind::hc5c3a06fdaf0a92a
[INFO] [stdout]                                at /rustc/0e09125c6c3c2fd70d7de961bcf0e51575235fad/library/std/src/panic.rs:142:14
[INFO] [stdout]   31:     0x556d3250f451 - test::run_test_in_process::h7e7b7c71c3324e0f
[INFO] [stdout]                                at /rustc/0e09125c6c3c2fd70d7de961bcf0e51575235fad/library/test/src/lib.rs:650:27
[INFO] [stdout]   32:     0x556d3250f451 - test::run_test::{{closure}}::h1f509f28f5cf20b1
[INFO] [stdout]                                at /rustc/0e09125c6c3c2fd70d7de961bcf0e51575235fad/library/test/src/lib.rs:573:43
[INFO] [stdout]   33:     0x556d324d6786 - test::run_test::{{closure}}::h1754218abf443f6d
[INFO] [stdout]                                at /rustc/0e09125c6c3c2fd70d7de961bcf0e51575235fad/library/test/src/lib.rs:601:41
[INFO] [stdout]   34:     0x556d324d6786 - std::sys_common::backtrace::__rust_begin_short_backtrace::h2ee174b9d5954948
[INFO] [stdout]                                at /rustc/0e09125c6c3c2fd70d7de961bcf0e51575235fad/library/std/src/sys_common/backtrace.rs:155:18
[INFO] [stdout]   35:     0x556d324db7e7 - std::thread::Builder::spawn_unchecked_::{{closure}}::{{closure}}::hf60bee9c1a17ef09
[INFO] [stdout]                                at /rustc/0e09125c6c3c2fd70d7de961bcf0e51575235fad/library/std/src/thread/mod.rs:529:17
[INFO] [stdout]   36:     0x556d324db7e7 - <core::panic::unwind_safe::AssertUnwindSafe<F> as core::ops::function::FnOnce<()>>::call_once::h33d0dddec5216160
[INFO] [stdout]                                at /rustc/0e09125c6c3c2fd70d7de961bcf0e51575235fad/library/core/src/panic/unwind_safe.rs:272:9
[INFO] [stdout]   37:     0x556d324db7e7 - std::panicking::try::do_call::h144b3048b546f835
[INFO] [stdout]                                at /rustc/0e09125c6c3c2fd70d7de961bcf0e51575235fad/library/std/src/panicking.rs:552:40
[INFO] [stdout]   38:     0x556d324db7e7 - std::panicking::try::h978244d04646189f
[INFO] [stdout]                                at /rustc/0e09125c6c3c2fd70d7de961bcf0e51575235fad/library/std/src/panicking.rs:516:19
[INFO] [stdout]   39:     0x556d324db7e7 - std::panic::catch_unwind::hdf436369d188fe86
[INFO] [stdout]                                at /rustc/0e09125c6c3c2fd70d7de961bcf0e51575235fad/library/std/src/panic.rs:142:14
[INFO] [stdout]   40:     0x556d324db7e7 - std::thread::Builder::spawn_unchecked_::{{closure}}::h87329cbdd33c79ec
[INFO] [stdout]                                at /rustc/0e09125c6c3c2fd70d7de961bcf0e51575235fad/library/std/src/thread/mod.rs:528:30
[INFO] [stdout]   41:     0x556d324db7e7 - core::ops::function::FnOnce::call_once{{vtable.shim}}::h401abbe67897d450
[INFO] [stdout]                                at /rustc/0e09125c6c3c2fd70d7de961bcf0e51575235fad/library/core/src/ops/function.rs:250:5
[INFO] [stdout]   42:     0x556d32669545 - <alloc::boxed::Box<F,A> as core::ops::function::FnOnce<Args>>::call_once::h5d7c8f150ab9c84c
[INFO] [stdout]                                at /rustc/0e09125c6c3c2fd70d7de961bcf0e51575235fad/library/alloc/src/boxed.rs:2015:9
[INFO] [stdout]   43:     0x556d32669545 - <alloc::boxed::Box<F,A> as core::ops::function::FnOnce<Args>>::call_once::h570d5b005c242c15
[INFO] [stdout]                                at /rustc/0e09125c6c3c2fd70d7de961bcf0e51575235fad/library/alloc/src/boxed.rs:2015:9
[INFO] [stdout]   44:     0x556d32669545 - std::sys::unix::thread::Thread::new::thread_start::h36b0a20c0b2361ad
[INFO] [stdout]                                at /rustc/0e09125c6c3c2fd70d7de961bcf0e51575235fad/library/std/src/sys/unix/thread.rs:108:17
[INFO] [stdout]   45:     0x7f58aca7bac3 - <unknown>
[INFO] [stdout]   46:     0x7f58acb0cbf4 - __clone
[INFO] [stdout]   47:                0x0 - <unknown>
[INFO] [stdout] 
[INFO] [stdout] ---- tests::use_metadata_extension stdout ----
[INFO] [stdout] thread 'tests::use_metadata_extension' panicked at contracts/vendor/src/lib.rs:166:9:
[INFO] [stdout] assertion `left == right` failed
[INFO] [stdout]   left: Some(Metadata { image: None, image_data: None, external_url: None, description: Some("Spaceship with Warp Drive"), name: Some("Starship USS Enterprise"), attributes: None, background_color: None, animation_url: None, youtube_url: None, royalty_percentage: None, royalty_payment_address: Some("cosmos1um2r2ak2w5xpxuvzqy4kt674qpfak8402j4t62") })
[INFO] [stdout]  right: Some(Metadata { image: None, image_data: None, external_url: None, description: Some("Spaceship with Warp Drive"), name: Some("Starship USS Enterprise"), attributes: None, background_color: None, animation_url: None, youtube_url: None, royalty_percentage: None, royalty_payment_address: None })
[INFO] [stdout] stack backtrace:
[INFO] [stdout]    0:     0x556d32662926 - std::backtrace_rs::backtrace::libunwind::trace::h261606ad26a499c1
[INFO] [stdout]                                at /rustc/0e09125c6c3c2fd70d7de961bcf0e51575235fad/library/std/src/../../backtrace/src/backtrace/libunwind.rs:104:5
[INFO] [stdout]    1:     0x556d32662926 - std::backtrace_rs::backtrace::trace_unsynchronized::hd183f0625477fb28
[INFO] [stdout]                                at /rustc/0e09125c6c3c2fd70d7de961bcf0e51575235fad/library/std/src/../../backtrace/src/backtrace/mod.rs:66:5
[INFO] [stdout]    2:     0x556d32662926 - std::sys_common::backtrace::_print_fmt::hd7f8fef21b4eda67
[INFO] [stdout]                                at /rustc/0e09125c6c3c2fd70d7de961bcf0e51575235fad/library/std/src/sys_common/backtrace.rs:68:5
[INFO] [stdout]    3:     0x556d32662926 - <std::sys_common::backtrace::_print::DisplayBacktrace as core::fmt::Display>::fmt::h623d9b51f2f453f1
[INFO] [stdout]                                at /rustc/0e09125c6c3c2fd70d7de961bcf0e51575235fad/library/std/src/sys_common/backtrace.rs:44:22
[INFO] [stdout]    4:     0x556d3268bf40 - core::fmt::rt::Argument::fmt::h9f417ac76a86f368
[INFO] [stdout]                                at /rustc/0e09125c6c3c2fd70d7de961bcf0e51575235fad/library/core/src/fmt/rt.rs:142:9
[INFO] [stdout]    5:     0x556d3268bf40 - core::fmt::write::hc9b6faf4ac2aeff7
[INFO] [stdout]                                at /rustc/0e09125c6c3c2fd70d7de961bcf0e51575235fad/library/core/src/fmt/mod.rs:1120:17
[INFO] [stdout]    6:     0x556d3266038f - std::io::Write::write_fmt::he04625a3a989fec3
[INFO] [stdout]                                at /rustc/0e09125c6c3c2fd70d7de961bcf0e51575235fad/library/std/src/io/mod.rs:1810:15
[INFO] [stdout]    7:     0x556d32662704 - std::sys_common::backtrace::_print::hd5d66399c7df88a2
[INFO] [stdout]                                at /rustc/0e09125c6c3c2fd70d7de961bcf0e51575235fad/library/std/src/sys_common/backtrace.rs:47:5
[INFO] [stdout]    8:     0x556d32662704 - std::sys_common::backtrace::print::he81ed2da642d37e5
[INFO] [stdout]                                at /rustc/0e09125c6c3c2fd70d7de961bcf0e51575235fad/library/std/src/sys_common/backtrace.rs:34:9
[INFO] [stdout]    9:     0x556d32664477 - std::panicking::default_hook::{{closure}}::h85773f4fa117163d
[INFO] [stdout]   10:     0x556d3266415d - std::panicking::default_hook::h6a1694a91d09b278
[INFO] [stdout]                                at /rustc/0e09125c6c3c2fd70d7de961bcf0e51575235fad/library/std/src/panicking.rs:289:9
[INFO] [stdout]   11:     0x556d3250adf7 - <alloc::boxed::Box<F,A> as core::ops::function::Fn<Args>>::call::h616ac37fa3cd6c8f
[INFO] [stdout]                                at /rustc/0e09125c6c3c2fd70d7de961bcf0e51575235fad/library/alloc/src/boxed.rs:2029:9
[INFO] [stdout]   12:     0x556d3250adf7 - test::test_main::{{closure}}::h00d84697cefdcbb6
[INFO] [stdout]                                at /rustc/0e09125c6c3c2fd70d7de961bcf0e51575235fad/library/test/src/lib.rs:138:21
[INFO] [stdout]   13:     0x556d32664a96 - <alloc::boxed::Box<F,A> as core::ops::function::Fn<Args>>::call::hcb3fe3b9bb537ba8
[INFO] [stdout]                                at /rustc/0e09125c6c3c2fd70d7de961bcf0e51575235fad/library/alloc/src/boxed.rs:2029:9
[INFO] [stdout]   14:     0x556d32664a96 - std::panicking::rust_panic_with_hook::h0a7ad96e90f7145b
[INFO] [stdout]                                at /rustc/0e09125c6c3c2fd70d7de961bcf0e51575235fad/library/std/src/panicking.rs:783:13
[INFO] [stdout]   15:     0x556d326647e2 - std::panicking::begin_panic_handler::{{closure}}::h7919090525c6485e
[INFO] [stdout]                                at /rustc/0e09125c6c3c2fd70d7de961bcf0e51575235fad/library/std/src/panicking.rs:657:13
[INFO] [stdout]   16:     0x556d32662e26 - std::sys_common::backtrace::__rust_end_short_backtrace::hf3289479464f7dfe
[INFO] [stdout]                                at /rustc/0e09125c6c3c2fd70d7de961bcf0e51575235fad/library/std/src/sys_common/backtrace.rs:171:18
[INFO] [stdout]   17:     0x556d32664540 - rust_begin_unwind
[INFO] [stdout]                                at /rustc/0e09125c6c3c2fd70d7de961bcf0e51575235fad/library/std/src/panicking.rs:645:5
[INFO] [stdout]   18:     0x556d32477cd5 - core::panicking::panic_fmt::hcc9f77c5c132af55
[INFO] [stdout]                                at /rustc/0e09125c6c3c2fd70d7de961bcf0e51575235fad/library/core/src/panicking.rs:72:14
[INFO] [stdout]   19:     0x556d3247814b - core::panicking::assert_failed_inner::h9f13e27dd63c3a08
[INFO] [stdout]                                at /rustc/0e09125c6c3c2fd70d7de961bcf0e51575235fad/library/core/src/panicking.rs:342:17
[INFO] [stdout]   20:     0x556d324a878e - core::panicking::assert_failed::h840aba8d9d2a1726
[INFO] [stdout]                                at /rustc/0e09125c6c3c2fd70d7de961bcf0e51575235fad/library/core/src/panicking.rs:297:5
[INFO] [stdout]   21:     0x556d324c6b0f - cw2981_royalties::tests::use_metadata_extension::hee24c1f2369b2a07
[INFO] [stdout]                                at /opt/rustwide/workdir/contracts/vendor/src/lib.rs:166:9
[INFO] [stdout]   22:     0x556d324c6017 - cw2981_royalties::tests::use_metadata_extension::{{closure}}::h5fbaa2b36f591dc5
[INFO] [stdout]                                at /opt/rustwide/workdir/contracts/vendor/src/lib.rs:137:32
[INFO] [stdout]   23:     0x556d324b2106 - core::ops::function::FnOnce::call_once::h41a573b34c7ff4dd
[INFO] [stdout]                                at /rustc/0e09125c6c3c2fd70d7de961bcf0e51575235fad/library/core/src/ops/function.rs:250:5
[INFO] [stdout]   24:     0x556d325106cf - core::ops::function::FnOnce::call_once::hd64d26f405258157
[INFO] [stdout]                                at /rustc/0e09125c6c3c2fd70d7de961bcf0e51575235fad/library/core/src/ops/function.rs:250:5
[INFO] [stdout]   25:     0x556d325106cf - test::__rust_begin_short_backtrace::he21b0b7a6d731bf9
[INFO] [stdout]                                at /rustc/0e09125c6c3c2fd70d7de961bcf0e51575235fad/library/test/src/lib.rs:627:18
[INFO] [stdout]   26:     0x556d3250f451 - test::run_test_in_process::{{closure}}::hf5c73986d7bdfde2
[INFO] [stdout]                                at /rustc/0e09125c6c3c2fd70d7de961bcf0e51575235fad/library/test/src/lib.rs:650:60
[INFO] [stdout]   27:     0x556d3250f451 - <core::panic::unwind_safe::AssertUnwindSafe<F> as core::ops::function::FnOnce<()>>::call_once::h330011ad032aadc0
[INFO] [stdout]                                at /rustc/0e09125c6c3c2fd70d7de961bcf0e51575235fad/library/core/src/panic/unwind_safe.rs:272:9
[INFO] [stdout]   28:     0x556d3250f451 - std::panicking::try::do_call::he61b0a958b795a41
[INFO] [stdout]                                at /rustc/0e09125c6c3c2fd70d7de961bcf0e51575235fad/library/std/src/panicking.rs:552:40
[INFO] [stdout]   29:     0x556d3250f451 - std::panicking::try::h7309da130f906eb7
[INFO] [stdout]                                at /rustc/0e09125c6c3c2fd70d7de961bcf0e51575235fad/library/std/src/panicking.rs:516:19
[INFO] [stdout]   30:     0x556d3250f451 - std::panic::catch_unwind::hc5c3a06fdaf0a92a
[INFO] [stdout]                                at /rustc/0e09125c6c3c2fd70d7de961bcf0e51575235fad/library/std/src/panic.rs:142:14
[INFO] [stdout]   31:     0x556d3250f451 - test::run_test_in_process::h7e7b7c71c3324e0f
[INFO] [stdout]                                at /rustc/0e09125c6c3c2fd70d7de961bcf0e51575235fad/library/test/src/lib.rs:650:27
[INFO] [stdout]   32:     0x556d3250f451 - test::run_test::{{closure}}::h1f509f28f5cf20b1
[INFO] [stdout]                                at /rustc/0e09125c6c3c2fd70d7de961bcf0e51575235fad/library/test/src/lib.rs:573:43
[INFO] [stdout]   33:     0x556d324d6786 - test::run_test::{{closure}}::h1754218abf443f6d
[INFO] [stdout]                                at /rustc/0e09125c6c3c2fd70d7de961bcf0e51575235fad/library/test/src/lib.rs:601:41
[INFO] [stdout]   34:     0x556d324d6786 - std::sys_common::backtrace::__rust_begin_short_backtrace::h2ee174b9d5954948
[INFO] [stdout]                                at /rustc/0e09125c6c3c2fd70d7de961bcf0e51575235fad/library/std/src/sys_common/backtrace.rs:155:18
[INFO] [stdout]   35:     0x556d324db7e7 - std::thread::Builder::spawn_unchecked_::{{closure}}::{{closure}}::hf60bee9c1a17ef09
[INFO] [stdout]                                at /rustc/0e09125c6c3c2fd70d7de961bcf0e51575235fad/library/std/src/thread/mod.rs:529:17
[INFO] [stdout]   36:     0x556d324db7e7 - <core::panic::unwind_safe::AssertUnwindSafe<F> as core::ops::function::FnOnce<()>>::call_once::h33d0dddec5216160
[INFO] [stdout]                                at /rustc/0e09125c6c3c2fd70d7de961bcf0e51575235fad/library/core/src/panic/unwind_safe.rs:272:9
[INFO] [stdout]   37:     0x556d324db7e7 - std::panicking::try::do_call::h144b3048b546f835
[INFO] [stdout]                                at /rustc/0e09125c6c3c2fd70d7de961bcf0e51575235fad/library/std/src/panicking.rs:552:40
[INFO] [stdout]   38:     0x556d324db7e7 - std::panicking::try::h978244d04646189f
[INFO] [stdout]                                at /rustc/0e09125c6c3c2fd70d7de961bcf0e51575235fad/library/std/src/panicking.rs:516:19
[INFO] [stdout]   39:     0x556d324db7e7 - std::panic::catch_unwind::hdf436369d188fe86
[INFO] [stdout]                                at /rustc/0e09125c6c3c2fd70d7de961bcf0e51575235fad/library/std/src/panic.rs:142:14
[INFO] [stdout]   40:     0x556d324db7e7 - std::thread::Builder::spawn_unchecked_::{{closure}}::h87329cbdd33c79ec
[INFO] [stdout]                                at /rustc/0e09125c6c3c2fd70d7de961bcf0e51575235fad/library/std/src/thread/mod.rs:528:30
[INFO] [stdout]   41:     0x556d324db7e7 - core::ops::function::FnOnce::call_once{{vtable.shim}}::h401abbe67897d450
[INFO] [stdout]                                at /rustc/0e09125c6c3c2fd70d7de961bcf0e51575235fad/library/core/src/ops/function.rs:250:5
[INFO] [stdout]   42:     0x556d32669545 - <alloc::boxed::Box<F,A> as core::ops::function::FnOnce<Args>>::call_once::h5d7c8f150ab9c84c
[INFO] [stdout]                                at /rustc/0e09125c6c3c2fd70d7de961bcf0e51575235fad/library/alloc/src/boxed.rs:2015:9
[INFO] [stdout]   43:     0x556d32669545 - <alloc::boxed::Box<F,A> as core::ops::function::FnOnce<Args>>::call_once::h570d5b005c242c15
[INFO] [stdout]                                at /rustc/0e09125c6c3c2fd70d7de961bcf0e51575235fad/library/alloc/src/boxed.rs:2015:9
[INFO] [stdout]   44:     0x556d32669545 - std::sys::unix::thread::Thread::new::thread_start::h36b0a20c0b2361ad
[INFO] [stdout]                                at /rustc/0e09125c6c3c2fd70d7de961bcf0e51575235fad/library/std/src/sys/unix/thread.rs:108:17
[INFO] [stdout]   45:     0x7f58aca7bac3 - <unknown>
[INFO] [stdout]   46:     0x7f58acb0cbf4 - __clone
[INFO] [stdout]   47:                0x0 - <unknown>
[INFO] [stdout] 
[INFO] [stdout] 
[INFO] [stdout] failures:
[INFO] [stdout]     tests::check_token_royalties
[INFO] [stdout]     tests::use_metadata_extension
[INFO] [stdout]     tests::validate_royalty_information
[INFO] [stdout] 
[INFO] [stdout] test result: FAILED. 1 passed; 3 failed; 0 ignored; 0 measured; 0 filtered out; finished in 0.02s
[INFO] [stdout] 
[INFO] [stderr] error: test failed, to rerun pass `-p cw2981-royalties --lib`
[INFO] running `Command { std: "docker" "inspect" "ad7ccc273a4d6a8d896e9e133439b5848c7e51517c1ade040a2dc160e38f1634", kill_on_drop: false }`
[INFO] running `Command { std: "docker" "rm" "-f" "ad7ccc273a4d6a8d896e9e133439b5848c7e51517c1ade040a2dc160e38f1634", kill_on_drop: false }`
[INFO] [stdout] ad7ccc273a4d6a8d896e9e133439b5848c7e51517c1ade040a2dc160e38f1634
