[INFO] cloning repository https://github.com/vincent-thomas/clier
[INFO] running `Command { std: "git" "-c" "credential.helper=" "-c" "credential.helper=/workspace/cargo-home/bin/git-credential-null" "clone" "--bare" "https://github.com/vincent-thomas/clier" "/workspace/cache/git-repos/https%3A%2F%2Fgithub.com%2Fvincent-thomas%2Fclier", kill_on_drop: false }`
[INFO] [stderr] Cloning into bare repository '/workspace/cache/git-repos/https%3A%2F%2Fgithub.com%2Fvincent-thomas%2Fclier'...
[INFO] running `Command { std: "git" "rev-parse" "HEAD", kill_on_drop: false }`
[INFO] [stdout] 30592c54508e61c9241fa1805dd49dd10ef80889
[INFO] testing vincent-thomas/clier against 1.75.0 for beta-1.76-1
[INFO] running `Command { std: "git" "clone" "/workspace/cache/git-repos/https%3A%2F%2Fgithub.com%2Fvincent-thomas%2Fclier" "/workspace/builds/worker-1-tc1/source", kill_on_drop: false }`
[INFO] [stderr] Cloning into '/workspace/builds/worker-1-tc1/source'...
[INFO] [stderr] done.
[INFO] validating manifest of git repo https://github.com/vincent-thomas/clier on toolchain 1.75.0
[INFO] running `Command { std: CARGO_HOME="/workspace/cargo-home" RUSTUP_HOME="/workspace/rustup-home" "/workspace/cargo-home/bin/cargo" "+1.75.0" "metadata" "--manifest-path" "Cargo.toml" "--no-deps", kill_on_drop: false }`
[INFO] started tweaking git repo https://github.com/vincent-thomas/clier
[INFO] finished tweaking git repo https://github.com/vincent-thomas/clier
[INFO] tweaked toml for git repo https://github.com/vincent-thomas/clier written to /workspace/builds/worker-1-tc1/source/Cargo.toml
[INFO] crate git repo https://github.com/vincent-thomas/clier already has a lockfile, it will not be regenerated
[INFO] running `Command { std: CARGO_HOME="/workspace/cargo-home" RUSTUP_HOME="/workspace/rustup-home" "/workspace/cargo-home/bin/cargo" "+1.75.0" "fetch" "--manifest-path" "Cargo.toml", kill_on_drop: false }`
[INFO] running `Command { std: "docker" "create" "-v" "/var/lib/crater-agent-workspace/builds/worker-1-tc1/target:/opt/rustwide/target:rw,Z" "-v" "/var/lib/crater-agent-workspace/builds/worker-1-tc1/source:/opt/rustwide/workdir:ro,Z" "-v" "/var/lib/crater-agent-workspace/cargo-home:/opt/rustwide/cargo-home:ro,Z" "-v" "/var/lib/crater-agent-workspace/rustup-home:/opt/rustwide/rustup-home:ro,Z" "-e" "SOURCE_DIR=/opt/rustwide/workdir" "-e" "CARGO_TARGET_DIR=/opt/rustwide/target" "-e" "CARGO_HOME=/opt/rustwide/cargo-home" "-e" "RUSTUP_HOME=/opt/rustwide/rustup-home" "-w" "/opt/rustwide/workdir" "-m" "1610612736" "--user" "0:0" "--network" "none" "ghcr.io/rust-lang/crates-build-env/linux@sha256:2788e3201cd34a07e3172128adcd8b3090168a8e3bcc40d7c032b9dda1df7d1c" "/opt/rustwide/cargo-home/bin/cargo" "+1.75.0" "metadata" "--no-deps" "--format-version=1", kill_on_drop: false }`
[INFO] [stdout] 54f759cd32e227336aa0a31f9072e709ad9fcc76ddf39a5967674881e7ffbf7b
[INFO] running `Command { std: "docker" "start" "-a" "54f759cd32e227336aa0a31f9072e709ad9fcc76ddf39a5967674881e7ffbf7b", kill_on_drop: false }`
[INFO] running `Command { std: "docker" "inspect" "54f759cd32e227336aa0a31f9072e709ad9fcc76ddf39a5967674881e7ffbf7b", kill_on_drop: false }`
[INFO] running `Command { std: "docker" "rm" "-f" "54f759cd32e227336aa0a31f9072e709ad9fcc76ddf39a5967674881e7ffbf7b", kill_on_drop: false }`
[INFO] [stdout] 54f759cd32e227336aa0a31f9072e709ad9fcc76ddf39a5967674881e7ffbf7b
[INFO] running `Command { std: "docker" "create" "-v" "/var/lib/crater-agent-workspace/builds/worker-1-tc1/target:/opt/rustwide/target:rw,Z" "-v" "/var/lib/crater-agent-workspace/builds/worker-1-tc1/source:/opt/rustwide/workdir:ro,Z" "-v" "/var/lib/crater-agent-workspace/cargo-home:/opt/rustwide/cargo-home:ro,Z" "-v" "/var/lib/crater-agent-workspace/rustup-home:/opt/rustwide/rustup-home:ro,Z" "-e" "SOURCE_DIR=/opt/rustwide/workdir" "-e" "CARGO_TARGET_DIR=/opt/rustwide/target" "-e" "CARGO_INCREMENTAL=0" "-e" "RUST_BACKTRACE=full" "-e" "RUSTFLAGS=--cap-lints=warn" "-e" "RUSTDOCFLAGS=--cap-lints=warn" "-e" "CARGO_HOME=/opt/rustwide/cargo-home" "-e" "RUSTUP_HOME=/opt/rustwide/rustup-home" "-w" "/opt/rustwide/workdir" "-m" "1610612736" "--user" "0:0" "--network" "none" "ghcr.io/rust-lang/crates-build-env/linux@sha256:2788e3201cd34a07e3172128adcd8b3090168a8e3bcc40d7c032b9dda1df7d1c" "/opt/rustwide/cargo-home/bin/cargo" "+1.75.0" "build" "--frozen" "--message-format=json", kill_on_drop: false }`
[INFO] [stdout] b55ff2033673e4755c31a9f8b01bddf0d62287d70b90732515d8a9526ec096b4
[INFO] running `Command { std: "docker" "start" "-a" "b55ff2033673e4755c31a9f8b01bddf0d62287d70b90732515d8a9526ec096b4", kill_on_drop: false }`
[INFO] [stderr]    Compiling proc-macro2 v1.0.67
[INFO] [stderr]    Compiling unicode-ident v1.0.12
[INFO] [stderr]    Compiling libc v0.2.148
[INFO] [stderr]    Compiling either v1.9.0
[INFO] [stderr]    Compiling serde v1.0.188
[INFO] [stderr]    Compiling thiserror v1.0.49
[INFO] [stderr]    Compiling serde_json v1.0.107
[INFO] [stderr]    Compiling unicode-width v0.1.11
[INFO] [stderr]    Compiling lazy_static v1.4.0
[INFO] [stderr]    Compiling ryu v1.0.15
[INFO] [stderr]    Compiling itoa v1.0.9
[INFO] [stderr]    Compiling itertools v0.11.0
[INFO] [stderr]    Compiling quote v1.0.33
[INFO] [stderr]    Compiling syn v2.0.37
[INFO] [stderr]    Compiling console v0.15.7
[INFO] [stderr]    Compiling clier_parser v0.7.3 (/opt/rustwide/workdir/clier_parser)
[INFO] [stderr]    Compiling serde_derive v1.0.188
[INFO] [stderr]    Compiling thiserror-impl v1.0.49
[INFO] [stderr]    Compiling clier v0.6.4 (/opt/rustwide/workdir/clier)
[INFO] [stderr]    Compiling clier_cli v0.6.2 (/opt/rustwide/workdir/clier_cli)
[INFO] [stderr]     Finished dev [unoptimized + debuginfo] target(s) in 5.99s
[INFO] running `Command { std: "docker" "inspect" "b55ff2033673e4755c31a9f8b01bddf0d62287d70b90732515d8a9526ec096b4", kill_on_drop: false }`
[INFO] running `Command { std: "docker" "rm" "-f" "b55ff2033673e4755c31a9f8b01bddf0d62287d70b90732515d8a9526ec096b4", kill_on_drop: false }`
[INFO] [stdout] b55ff2033673e4755c31a9f8b01bddf0d62287d70b90732515d8a9526ec096b4
[INFO] running `Command { std: "docker" "create" "-v" "/var/lib/crater-agent-workspace/builds/worker-1-tc1/target:/opt/rustwide/target:rw,Z" "-v" "/var/lib/crater-agent-workspace/builds/worker-1-tc1/source:/opt/rustwide/workdir:ro,Z" "-v" "/var/lib/crater-agent-workspace/cargo-home:/opt/rustwide/cargo-home:ro,Z" "-v" "/var/lib/crater-agent-workspace/rustup-home:/opt/rustwide/rustup-home:ro,Z" "-e" "SOURCE_DIR=/opt/rustwide/workdir" "-e" "CARGO_TARGET_DIR=/opt/rustwide/target" "-e" "CARGO_INCREMENTAL=0" "-e" "RUST_BACKTRACE=full" "-e" "RUSTFLAGS=--cap-lints=warn" "-e" "RUSTDOCFLAGS=--cap-lints=warn" "-e" "CARGO_HOME=/opt/rustwide/cargo-home" "-e" "RUSTUP_HOME=/opt/rustwide/rustup-home" "-w" "/opt/rustwide/workdir" "-m" "1610612736" "--user" "0:0" "--network" "none" "ghcr.io/rust-lang/crates-build-env/linux@sha256:2788e3201cd34a07e3172128adcd8b3090168a8e3bcc40d7c032b9dda1df7d1c" "/opt/rustwide/cargo-home/bin/cargo" "+1.75.0" "test" "--frozen" "--no-run" "--message-format=json", kill_on_drop: false }`
[INFO] [stdout] a8545a74e78a86ffe54f4617965e940cc3f3ba34790db9753376810747f9c5b6
[INFO] running `Command { std: "docker" "start" "-a" "a8545a74e78a86ffe54f4617965e940cc3f3ba34790db9753376810747f9c5b6", kill_on_drop: false }`
[INFO] [stderr]    Compiling autocfg v1.1.0
[INFO] [stderr]    Compiling crossbeam-utils v0.8.16
[INFO] [stderr]    Compiling serde v1.0.188
[INFO] [stderr]    Compiling cfg-if v1.0.0
[INFO] [stderr]    Compiling scopeguard v1.2.0
[INFO] [stderr]    Compiling rustix v0.38.15
[INFO] [stderr]    Compiling rayon-core v1.12.0
[INFO] [stderr]    Compiling anstyle v1.0.4
[INFO] [stderr]    Compiling plotters-backend v0.3.5
[INFO] [stderr]    Compiling clap_lex v0.5.1
[INFO] [stderr]    Compiling ciborium-io v0.2.1
[INFO] [stderr]    Compiling bitflags v2.4.0
[INFO] [stderr]    Compiling half v1.8.2
[INFO] [stderr]    Compiling linux-raw-sys v0.4.8
[INFO] [stderr]    Compiling regex-syntax v0.7.5
[INFO] [stderr]    Compiling memoffset v0.9.0
[INFO] [stderr]    Compiling crossbeam-epoch v0.9.15
[INFO] [stderr]    Compiling num-traits v0.2.16
[INFO] [stderr]    Compiling ciborium-ll v0.2.1
[INFO] [stderr]    Compiling plotters-svg v0.3.5
[INFO] [stderr]    Compiling clap_builder v4.4.6
[INFO] [stderr]    Compiling itertools v0.10.5
[INFO] [stderr]    Compiling same-file v1.0.6
[INFO] [stderr]    Compiling crossbeam-deque v0.8.3
[INFO] [stderr]    Compiling cast v0.3.0
[INFO] [stderr]    Compiling walkdir v2.4.0
[INFO] [stderr]    Compiling regex-automata v0.3.9
[INFO] [stderr]    Compiling rayon v1.8.0
[INFO] [stderr]    Compiling plotters v0.3.5
[INFO] [stderr]    Compiling is-terminal v0.4.9
[INFO] [stderr]    Compiling criterion-plot v0.5.0
[INFO] [stderr]    Compiling once_cell v1.18.0
[INFO] [stderr]    Compiling oorandom v11.1.3
[INFO] [stderr]    Compiling clap v4.4.6
[INFO] [stderr]    Compiling anes v0.1.6
[INFO] [stderr]    Compiling clier v0.6.4 (/opt/rustwide/workdir/clier)
[INFO] [stderr]    Compiling regex v1.9.6
[INFO] [stderr]    Compiling serde_json v1.0.107
[INFO] [stderr]    Compiling ciborium v0.2.1
[INFO] [stderr]    Compiling tinytemplate v1.2.1
[INFO] [stderr]    Compiling criterion v0.5.1
[INFO] [stderr]    Compiling clier_cli v0.6.2 (/opt/rustwide/workdir/clier_cli)
[INFO] [stderr]    Compiling clier_parser v0.7.3 (/opt/rustwide/workdir/clier_parser)
[INFO] [stderr]     Finished test [unoptimized + debuginfo] target(s) in 6.88s
[INFO] running `Command { std: "docker" "inspect" "a8545a74e78a86ffe54f4617965e940cc3f3ba34790db9753376810747f9c5b6", kill_on_drop: false }`
[INFO] running `Command { std: "docker" "rm" "-f" "a8545a74e78a86ffe54f4617965e940cc3f3ba34790db9753376810747f9c5b6", kill_on_drop: false }`
[INFO] [stdout] a8545a74e78a86ffe54f4617965e940cc3f3ba34790db9753376810747f9c5b6
[INFO] running `Command { std: "docker" "create" "-v" "/var/lib/crater-agent-workspace/builds/worker-1-tc1/target:/opt/rustwide/target:rw,Z" "-v" "/var/lib/crater-agent-workspace/builds/worker-1-tc1/source:/opt/rustwide/workdir:ro,Z" "-v" "/var/lib/crater-agent-workspace/cargo-home:/opt/rustwide/cargo-home:ro,Z" "-v" "/var/lib/crater-agent-workspace/rustup-home:/opt/rustwide/rustup-home:ro,Z" "-e" "SOURCE_DIR=/opt/rustwide/workdir" "-e" "CARGO_TARGET_DIR=/opt/rustwide/target" "-e" "CARGO_INCREMENTAL=0" "-e" "RUST_BACKTRACE=full" "-e" "RUSTFLAGS=--cap-lints=warn" "-e" "RUSTDOCFLAGS=--cap-lints=warn" "-e" "CARGO_HOME=/opt/rustwide/cargo-home" "-e" "RUSTUP_HOME=/opt/rustwide/rustup-home" "-w" "/opt/rustwide/workdir" "-m" "1610612736" "--user" "0:0" "--network" "none" "ghcr.io/rust-lang/crates-build-env/linux@sha256:2788e3201cd34a07e3172128adcd8b3090168a8e3bcc40d7c032b9dda1df7d1c" "/opt/rustwide/cargo-home/bin/cargo" "+1.75.0" "test" "--frozen", kill_on_drop: false }`
[INFO] [stdout] cf6814a7a166181608c7e02e99b5e88dc21f9720747d3e60d116063308edf9cf
[INFO] running `Command { std: "docker" "start" "-a" "cf6814a7a166181608c7e02e99b5e88dc21f9720747d3e60d116063308edf9cf", kill_on_drop: false }`
[INFO] [stderr]     Finished test [unoptimized + debuginfo] target(s) in 0.04s
[INFO] [stderr]      Running unittests src/lib.rs (/opt/rustwide/target/debug/deps/clier-ed55300713288290)
[INFO] [stdout] 
[INFO] [stdout] running 5 tests
[INFO] [stdout] test run::resolver::tests::command::test_resolve_commands ... ok
[INFO] [stdout] test run::resolver::tests::flag_resolver::test_flag_resolver ... ok
[INFO] [stdout] test runtime::hooks::use_flag::test_use_flag ... ok
[INFO] [stdout] test runtime::hooks::use_flags::test_use_flags ... ok
[INFO] [stdout] test run::resolver::tests::global_flags::test_flags ... ok
[INFO] [stdout] 
[INFO] [stdout] test result: ok. 5 passed; 0 failed; 0 ignored; 0 measured; 0 filtered out; finished in 0.00s
[INFO] [stdout] 
[INFO] [stderr]      Running unittests src/main.rs (/opt/rustwide/target/debug/deps/clier-83572479e1a1d9ed)
[INFO] [stdout] 
[INFO] [stdout] running 0 tests
[INFO] [stdout] 
[INFO] [stdout] test result: ok. 0 passed; 0 failed; 0 ignored; 0 measured; 0 filtered out; finished in 0.00s
[INFO] [stdout] 
[INFO] [stderr]      Running unittests src/lib.rs (/opt/rustwide/target/debug/deps/clier_parser-bda48a55d17e8e87)
[INFO] [stdout] 
[INFO] [stdout] running 5 tests
[INFO] [stdout] test commands_argv::test_filtering_commands ... ok
[INFO] [stdout] test utils::test_long_flag ... ok
[INFO] [stdout] test utils::test_dashash ... ok
[INFO] [stdout] test utils::test_short_flag ... ok
[INFO] [stdout] test utils::test_strip_dash ... ok
[INFO] [stdout] 
[INFO] [stdout] test result: ok. 5 passed; 0 failed; 0 ignored; 0 measured; 0 filtered out; finished in 0.00s
[INFO] [stdout] 
[INFO] [stderr]      Running tests/parsing.rs (/opt/rustwide/target/debug/deps/parsing-4e9e1be5e947722c)
[INFO] [stdout] 
[INFO] [stdout] running 1 test
[INFO] [stdout] test argv_from ... ok
[INFO] [stdout] 
[INFO] [stdout] test result: ok. 1 passed; 0 failed; 0 ignored; 0 measured; 0 filtered out; finished in 0.00s
[INFO] [stdout] 
[INFO] [stderr]    Doc-tests clier
[INFO] [stdout] 
[INFO] [stdout] running 5 tests
[INFO] [stdout] test clier/src/lib.rs - (line 18) ... FAILED
[INFO] [stdout] test clier/src/builder/command.rs - builder::command::RCommand::new (line 68) ... FAILED
[INFO] [stdout] test clier/src/builder/command.rs - builder::command::RCommand (line 34) ... FAILED
[INFO] [stdout] test clier/src/builder/command.rs - builder::command::RCommand::subcommand (line 120) ... FAILED
[INFO] [stdout] test clier/src/lib.rs - (line 48) ... FAILED
[INFO] [stdout] 
[INFO] [stdout] failures:
[INFO] [stdout] 
[INFO] [stdout] ---- clier/src/lib.rs - (line 18) stdout ----
[INFO] [stdout] error[E0603]: struct `Argv` is private
[INFO] [stdout]   --> clier/src/lib.rs:20:12
[INFO] [stdout]    |
[INFO] [stdout] 4  | use clier::Argv;
[INFO] [stdout]    |            ^^^^ private struct
[INFO] [stdout]    |
[INFO] [stdout] note: the struct `Argv` is defined here
[INFO] [stdout]   --> /opt/rustwide/workdir/clier/src/lib.rs:18:5
[INFO] [stdout]    |
[INFO] [stdout] 18 | use clier_parser::Argv;
[INFO] [stdout]    |     ^^^^^^^^^^^^^^^^^^
[INFO] [stdout] 
[INFO] [stdout] error: aborting due to previous error
[INFO] [stdout] 
[INFO] [stdout] For more information about this error, try `rustc --explain E0603`.
[INFO] [stdout] Couldn't compile the test.
[INFO] [stdout] ---- clier/src/builder/command.rs - builder::command::RCommand::new (line 68) stdout ----
[INFO] [stdout] error[E0599]: no method named `usage` found for struct `RCommand` in the current scope
[INFO] [stdout]   --> clier/src/builder/command.rs:79:2
[INFO] [stdout]    |
[INFO] [stdout] 7  |   let command = RCommand::new(
[INFO] [stdout]    |  _______________-
[INFO] [stdout] 8  | | /* command name: */ "command",
[INFO] [stdout] 9  | | /* description: */ "description",
[INFO] [stdout] 10 | | /* handler: */ |_args| {
[INFO] [stdout] ...  |
[INFO] [stdout] 13 | | })
[INFO] [stdout] 14 | | .usage("command [usage text]")
[INFO] [stdout]    | | -^^^^^ method not found in `RCommand`
[INFO] [stdout]    | |_|
[INFO] [stdout]    | 
[INFO] [stdout] 
[INFO] [stdout] error: aborting due to previous error
[INFO] [stdout] 
[INFO] [stdout] For more information about this error, try `rustc --explain E0599`.
[INFO] [stdout] Couldn't compile the test.
[INFO] [stdout] ---- clier/src/builder/command.rs - builder::command::RCommand (line 34) stdout ----
[INFO] [stdout] error[E0599]: no method named `usage` found for struct `RCommand` in the current scope
[INFO] [stdout]   --> clier/src/builder/command.rs:45:2
[INFO] [stdout]    |
[INFO] [stdout] 7  |   let command = RCommand::new(
[INFO] [stdout]    |  _______________-
[INFO] [stdout] 8  | | /* command name: */ "command",
[INFO] [stdout] 9  | | /* description: */ "description",
[INFO] [stdout] 10 | | /* handler: */ |_args| {
[INFO] [stdout] ...  |
[INFO] [stdout] 13 | | })
[INFO] [stdout] 14 | | .usage("command [usage text]")
[INFO] [stdout]    | | -^^^^^ method not found in `RCommand`
[INFO] [stdout]    | |_|
[INFO] [stdout]    | 
[INFO] [stdout] 
[INFO] [stdout] error: aborting due to previous error
[INFO] [stdout] 
[INFO] [stdout] For more information about this error, try `rustc --explain E0599`.
[INFO] [stdout] Couldn't compile the test.
[INFO] [stdout] ---- clier/src/builder/command.rs - builder::command::RCommand::subcommand (line 120) stdout ----
[INFO] [stdout] error[E0599]: no method named `usage` found for struct `RCommand` in the current scope
[INFO] [stdout]   --> clier/src/builder/command.rs:131:2
[INFO] [stdout]    |
[INFO] [stdout] 7  |   let command = RCommand::new(
[INFO] [stdout]    |  _______________-
[INFO] [stdout] 8  | | /* command name: */ "command",
[INFO] [stdout] 9  | | /* description: */ "description",
[INFO] [stdout] 10 | | /* handler: */ |_args| {
[INFO] [stdout] ...  |
[INFO] [stdout] 13 | | })
[INFO] [stdout] 14 | | .usage("command [usage text]")
[INFO] [stdout]    | | -^^^^^ method not found in `RCommand`
[INFO] [stdout]    | |_|
[INFO] [stdout]    | 
[INFO] [stdout] 
[INFO] [stdout] error: aborting due to previous error
[INFO] [stdout] 
[INFO] [stdout] For more information about this error, try `rustc --explain E0599`.
[INFO] [stdout] Couldn't compile the test.
[INFO] [stdout] ---- clier/src/lib.rs - (line 48) stdout ----
[INFO] [stdout] error[E0599]: no method named `usage` found for struct `RCommand` in the current scope
[INFO] [stdout]   --> clier/src/lib.rs:66:6
[INFO] [stdout]    |
[INFO] [stdout] 19 |     let first_command = RCommand::new("first-command", "Command description", first_command_handler)
[INFO] [stdout]    |  _______________________-
[INFO] [stdout] 20 | |     .usage("test")
[INFO] [stdout]    | |     -^^^^^ method not found in `RCommand`
[INFO] [stdout]    | |_____|
[INFO] [stdout]    | 
[INFO] [stdout] 
[INFO] [stdout] error: aborting due to previous error
[INFO] [stdout] 
[INFO] [stdout] For more information about this error, try `rustc --explain E0599`.
[INFO] [stdout] Couldn't compile the test.
[INFO] [stdout] 
[INFO] [stdout] failures:
[INFO] [stdout]     clier/src/builder/command.rs - builder::command::RCommand (line 34)
[INFO] [stdout]     clier/src/builder/command.rs - builder::command::RCommand::new (line 68)
[INFO] [stdout]     clier/src/builder/command.rs - builder::command::RCommand::subcommand (line 120)
[INFO] [stdout]     clier/src/lib.rs - (line 18)
[INFO] [stdout]     clier/src/lib.rs - (line 48)
[INFO] [stdout] 
[INFO] [stdout] test result: FAILED. 0 passed; 5 failed; 0 ignored; 0 measured; 0 filtered out; finished in 0.04s
[INFO] [stdout] 
[INFO] [stderr] error: doctest failed, to rerun pass `-p clier --doc`
[INFO] running `Command { std: "docker" "inspect" "cf6814a7a166181608c7e02e99b5e88dc21f9720747d3e60d116063308edf9cf", kill_on_drop: false }`
[INFO] running `Command { std: "docker" "rm" "-f" "cf6814a7a166181608c7e02e99b5e88dc21f9720747d3e60d116063308edf9cf", kill_on_drop: false }`
[INFO] [stdout] cf6814a7a166181608c7e02e99b5e88dc21f9720747d3e60d116063308edf9cf
