[INFO] cloning repository https://github.com/vickyylopezz/Taller-de-Programacion-95.08-Ej2-diff
[INFO] running `Command { std: "git" "-c" "credential.helper=" "-c" "credential.helper=/workspace/cargo-home/bin/git-credential-null" "clone" "--bare" "https://github.com/vickyylopezz/Taller-de-Programacion-95.08-Ej2-diff" "/workspace/cache/git-repos/https%3A%2F%2Fgithub.com%2Fvickyylopezz%2FTaller-de-Programacion-95.08-Ej2-diff", kill_on_drop: false }`
[INFO] [stderr] Cloning into bare repository '/workspace/cache/git-repos/https%3A%2F%2Fgithub.com%2Fvickyylopezz%2FTaller-de-Programacion-95.08-Ej2-diff'...
[INFO] running `Command { std: "git" "rev-parse" "HEAD", kill_on_drop: false }`
[INFO] [stdout] 470d52a19efd727bf98ff4d359d46d5f70f3365b
[INFO] testing vickyylopezz/Taller-de-Programacion-95.08-Ej2-diff against 1.75.0 for beta-1.76-1
[INFO] running `Command { std: "git" "clone" "/workspace/cache/git-repos/https%3A%2F%2Fgithub.com%2Fvickyylopezz%2FTaller-de-Programacion-95.08-Ej2-diff" "/workspace/builds/worker-0-tc1/source", kill_on_drop: false }`
[INFO] [stderr] Cloning into '/workspace/builds/worker-0-tc1/source'...
[INFO] [stderr] done.
[INFO] validating manifest of git repo https://github.com/vickyylopezz/Taller-de-Programacion-95.08-Ej2-diff on toolchain 1.75.0
[INFO] running `Command { std: CARGO_HOME="/workspace/cargo-home" RUSTUP_HOME="/workspace/rustup-home" "/workspace/cargo-home/bin/cargo" "+1.75.0" "metadata" "--manifest-path" "Cargo.toml" "--no-deps", kill_on_drop: false }`
[INFO] started tweaking git repo https://github.com/vickyylopezz/Taller-de-Programacion-95.08-Ej2-diff
[INFO] finished tweaking git repo https://github.com/vickyylopezz/Taller-de-Programacion-95.08-Ej2-diff
[INFO] tweaked toml for git repo https://github.com/vickyylopezz/Taller-de-Programacion-95.08-Ej2-diff written to /workspace/builds/worker-0-tc1/source/Cargo.toml
[INFO] crate git repo https://github.com/vickyylopezz/Taller-de-Programacion-95.08-Ej2-diff already has a lockfile, it will not be regenerated
[INFO] running `Command { std: CARGO_HOME="/workspace/cargo-home" RUSTUP_HOME="/workspace/rustup-home" "/workspace/cargo-home/bin/cargo" "+1.75.0" "fetch" "--manifest-path" "Cargo.toml", kill_on_drop: false }`
[INFO] running `Command { std: "docker" "create" "-v" "/var/lib/crater-agent-workspace/builds/worker-0-tc1/target:/opt/rustwide/target:rw,Z" "-v" "/var/lib/crater-agent-workspace/builds/worker-0-tc1/source:/opt/rustwide/workdir:ro,Z" "-v" "/var/lib/crater-agent-workspace/cargo-home:/opt/rustwide/cargo-home:ro,Z" "-v" "/var/lib/crater-agent-workspace/rustup-home:/opt/rustwide/rustup-home:ro,Z" "-e" "SOURCE_DIR=/opt/rustwide/workdir" "-e" "CARGO_TARGET_DIR=/opt/rustwide/target" "-e" "CARGO_HOME=/opt/rustwide/cargo-home" "-e" "RUSTUP_HOME=/opt/rustwide/rustup-home" "-w" "/opt/rustwide/workdir" "-m" "1610612736" "--user" "0:0" "--network" "none" "ghcr.io/rust-lang/crates-build-env/linux@sha256:2788e3201cd34a07e3172128adcd8b3090168a8e3bcc40d7c032b9dda1df7d1c" "/opt/rustwide/cargo-home/bin/cargo" "+1.75.0" "metadata" "--no-deps" "--format-version=1", kill_on_drop: false }`
[INFO] [stdout] ce2b5a5ceff487957eb6e31d209266c06316b0f1329bf376150782e87bc7def8
[INFO] running `Command { std: "docker" "start" "-a" "ce2b5a5ceff487957eb6e31d209266c06316b0f1329bf376150782e87bc7def8", kill_on_drop: false }`
[INFO] running `Command { std: "docker" "inspect" "ce2b5a5ceff487957eb6e31d209266c06316b0f1329bf376150782e87bc7def8", kill_on_drop: false }`
[INFO] running `Command { std: "docker" "rm" "-f" "ce2b5a5ceff487957eb6e31d209266c06316b0f1329bf376150782e87bc7def8", kill_on_drop: false }`
[INFO] [stdout] ce2b5a5ceff487957eb6e31d209266c06316b0f1329bf376150782e87bc7def8
[INFO] running `Command { std: "docker" "create" "-v" "/var/lib/crater-agent-workspace/builds/worker-0-tc1/target:/opt/rustwide/target:rw,Z" "-v" "/var/lib/crater-agent-workspace/builds/worker-0-tc1/source:/opt/rustwide/workdir:ro,Z" "-v" "/var/lib/crater-agent-workspace/cargo-home:/opt/rustwide/cargo-home:ro,Z" "-v" "/var/lib/crater-agent-workspace/rustup-home:/opt/rustwide/rustup-home:ro,Z" "-e" "SOURCE_DIR=/opt/rustwide/workdir" "-e" "CARGO_TARGET_DIR=/opt/rustwide/target" "-e" "CARGO_INCREMENTAL=0" "-e" "RUST_BACKTRACE=full" "-e" "RUSTFLAGS=--cap-lints=warn" "-e" "RUSTDOCFLAGS=--cap-lints=warn" "-e" "CARGO_HOME=/opt/rustwide/cargo-home" "-e" "RUSTUP_HOME=/opt/rustwide/rustup-home" "-w" "/opt/rustwide/workdir" "-m" "1610612736" "--user" "0:0" "--network" "none" "ghcr.io/rust-lang/crates-build-env/linux@sha256:2788e3201cd34a07e3172128adcd8b3090168a8e3bcc40d7c032b9dda1df7d1c" "/opt/rustwide/cargo-home/bin/cargo" "+1.75.0" "build" "--frozen" "--message-format=json", kill_on_drop: false }`
[INFO] [stdout] 0f6eb78a7a72e893444ebaff8f6ba19069349010cda522c5bc74fecb01a802cd
[INFO] running `Command { std: "docker" "start" "-a" "0f6eb78a7a72e893444ebaff8f6ba19069349010cda522c5bc74fecb01a802cd", kill_on_drop: false }`
[INFO] [stderr]    Compiling ej2-diff v0.1.0 (/opt/rustwide/workdir)
[INFO] [stderr]     Finished dev [unoptimized + debuginfo] target(s) in 0.37s
[INFO] running `Command { std: "docker" "inspect" "0f6eb78a7a72e893444ebaff8f6ba19069349010cda522c5bc74fecb01a802cd", kill_on_drop: false }`
[INFO] running `Command { std: "docker" "rm" "-f" "0f6eb78a7a72e893444ebaff8f6ba19069349010cda522c5bc74fecb01a802cd", kill_on_drop: false }`
[INFO] [stdout] 0f6eb78a7a72e893444ebaff8f6ba19069349010cda522c5bc74fecb01a802cd
[INFO] running `Command { std: "docker" "create" "-v" "/var/lib/crater-agent-workspace/builds/worker-0-tc1/target:/opt/rustwide/target:rw,Z" "-v" "/var/lib/crater-agent-workspace/builds/worker-0-tc1/source:/opt/rustwide/workdir:ro,Z" "-v" "/var/lib/crater-agent-workspace/cargo-home:/opt/rustwide/cargo-home:ro,Z" "-v" "/var/lib/crater-agent-workspace/rustup-home:/opt/rustwide/rustup-home:ro,Z" "-e" "SOURCE_DIR=/opt/rustwide/workdir" "-e" "CARGO_TARGET_DIR=/opt/rustwide/target" "-e" "CARGO_INCREMENTAL=0" "-e" "RUST_BACKTRACE=full" "-e" "RUSTFLAGS=--cap-lints=warn" "-e" "RUSTDOCFLAGS=--cap-lints=warn" "-e" "CARGO_HOME=/opt/rustwide/cargo-home" "-e" "RUSTUP_HOME=/opt/rustwide/rustup-home" "-w" "/opt/rustwide/workdir" "-m" "1610612736" "--user" "0:0" "--network" "none" "ghcr.io/rust-lang/crates-build-env/linux@sha256:2788e3201cd34a07e3172128adcd8b3090168a8e3bcc40d7c032b9dda1df7d1c" "/opt/rustwide/cargo-home/bin/cargo" "+1.75.0" "test" "--frozen" "--no-run" "--message-format=json", kill_on_drop: false }`
[INFO] [stdout] 9f8200d6ea15c25f201036c0a5823b425bd7add59f4d576d2ee28f123fa2d22c
[INFO] running `Command { std: "docker" "start" "-a" "9f8200d6ea15c25f201036c0a5823b425bd7add59f4d576d2ee28f123fa2d22c", kill_on_drop: false }`
[INFO] [stderr]    Compiling ej2-diff v0.1.0 (/opt/rustwide/workdir)
[INFO] [stderr]     Finished test [unoptimized + debuginfo] target(s) in 0.20s
[INFO] running `Command { std: "docker" "inspect" "9f8200d6ea15c25f201036c0a5823b425bd7add59f4d576d2ee28f123fa2d22c", kill_on_drop: false }`
[INFO] running `Command { std: "docker" "rm" "-f" "9f8200d6ea15c25f201036c0a5823b425bd7add59f4d576d2ee28f123fa2d22c", kill_on_drop: false }`
[INFO] [stdout] 9f8200d6ea15c25f201036c0a5823b425bd7add59f4d576d2ee28f123fa2d22c
[INFO] running `Command { std: "docker" "create" "-v" "/var/lib/crater-agent-workspace/builds/worker-0-tc1/target:/opt/rustwide/target:rw,Z" "-v" "/var/lib/crater-agent-workspace/builds/worker-0-tc1/source:/opt/rustwide/workdir:ro,Z" "-v" "/var/lib/crater-agent-workspace/cargo-home:/opt/rustwide/cargo-home:ro,Z" "-v" "/var/lib/crater-agent-workspace/rustup-home:/opt/rustwide/rustup-home:ro,Z" "-e" "SOURCE_DIR=/opt/rustwide/workdir" "-e" "CARGO_TARGET_DIR=/opt/rustwide/target" "-e" "CARGO_INCREMENTAL=0" "-e" "RUST_BACKTRACE=full" "-e" "RUSTFLAGS=--cap-lints=warn" "-e" "RUSTDOCFLAGS=--cap-lints=warn" "-e" "CARGO_HOME=/opt/rustwide/cargo-home" "-e" "RUSTUP_HOME=/opt/rustwide/rustup-home" "-w" "/opt/rustwide/workdir" "-m" "1610612736" "--user" "0:0" "--network" "none" "ghcr.io/rust-lang/crates-build-env/linux@sha256:2788e3201cd34a07e3172128adcd8b3090168a8e3bcc40d7c032b9dda1df7d1c" "/opt/rustwide/cargo-home/bin/cargo" "+1.75.0" "test" "--frozen", kill_on_drop: false }`
[INFO] [stdout] 76deb100e60d8ad8c8ba753ea49b4d1c56505d4f7553254f15f11bcf17ffe05d
[INFO] running `Command { std: "docker" "start" "-a" "76deb100e60d8ad8c8ba753ea49b4d1c56505d4f7553254f15f11bcf17ffe05d", kill_on_drop: false }`
[INFO] [stderr]     Finished test [unoptimized + debuginfo] target(s) in 0.00s
[INFO] [stderr]      Running unittests src/lib.rs (/opt/rustwide/target/debug/deps/ej2_diff-fd08d3744120187d)
[INFO] [stdout] 
[INFO] [stdout] running 0 tests
[INFO] [stdout] 
[INFO] [stdout] test result: ok. 0 passed; 0 failed; 0 ignored; 0 measured; 0 filtered out; finished in 0.00s
[INFO] [stdout] 
[INFO] [stderr]      Running unittests src/main.rs (/opt/rustwide/target/debug/deps/ej2_diff-36813a4a9df37ead)
[INFO] [stdout] 
[INFO] [stdout] running 0 tests
[INFO] [stdout] 
[INFO] [stdout] test result: ok. 0 passed; 0 failed; 0 ignored; 0 measured; 0 filtered out; finished in 0.00s
[INFO] [stdout] 
[INFO] [stderr]    Doc-tests ej2-diff
[INFO] [stdout] 
[INFO] [stdout] running 4 tests
[INFO] [stdout] test src/matriz.rs - matriz::MatrizLCS::new (line 11) ... FAILED
[INFO] [stdout] test src/diff.rs - diff::print_diff (line 6) ... FAILED
[INFO] [stdout] test src/matriz.rs - matriz::MatrizLCS::lcs (line 24) ... FAILED
[INFO] [stdout] test src/matriz.rs - matriz::MatrizLCS::elemento_en_pos (line 45) ... FAILED
[INFO] [stdout] 
[INFO] [stdout] failures:
[INFO] [stdout] 
[INFO] [stdout] ---- src/matriz.rs - matriz::MatrizLCS::new (line 11) stdout ----
[INFO] [stdout] error[E0433]: failed to resolve: use of undeclared type `MatrizLCS`
[INFO] [stdout]  --> src/matriz.rs:12:14
[INFO] [stdout]   |
[INFO] [stdout] 3 | let matriz = MatrizLCS::new(cantLineasArchivo1, cantLineasArchivo2);
[INFO] [stdout]   |              ^^^^^^^^^ use of undeclared type `MatrizLCS`
[INFO] [stdout]   |
[INFO] [stdout] help: consider importing this struct
[INFO] [stdout]   |
[INFO] [stdout] 2 + use ej2_diff::matriz::MatrizLCS;
[INFO] [stdout]   |
[INFO] [stdout] 
[INFO] [stdout] error[E0425]: cannot find value `cantLineasArchivo1` in this scope
[INFO] [stdout]  --> src/matriz.rs:12:29
[INFO] [stdout]   |
[INFO] [stdout] 3 | let matriz = MatrizLCS::new(cantLineasArchivo1, cantLineasArchivo2);
[INFO] [stdout]   |                             ^^^^^^^^^^^^^^^^^^ not found in this scope
[INFO] [stdout] 
[INFO] [stdout] error[E0425]: cannot find value `cantLineasArchivo2` in this scope
[INFO] [stdout]  --> src/matriz.rs:12:49
[INFO] [stdout]   |
[INFO] [stdout] 3 | let matriz = MatrizLCS::new(cantLineasArchivo1, cantLineasArchivo2);
[INFO] [stdout]   |                                                 ^^^^^^^^^^^^^^^^^^ not found in this scope
[INFO] [stdout] 
[INFO] [stdout] error: aborting due to 3 previous errors
[INFO] [stdout] 
[INFO] [stdout] Some errors have detailed explanations: E0425, E0433.
[INFO] [stdout] For more information about an error, try `rustc --explain E0425`.
[INFO] [stdout] Couldn't compile the test.
[INFO] [stdout] ---- src/diff.rs - diff::print_diff (line 6) stdout ----
[INFO] [stdout] error[E0433]: failed to resolve: use of undeclared crate or module `diff`
[INFO] [stdout]  --> src/diff.rs:7:1
[INFO] [stdout]   |
[INFO] [stdout] 3 | diff::print_diff(&unaMatrizLCS, &lineasArchivo1, &lineasArchivo2, tamanioArchivo1, tamanioArchivo2);
[INFO] [stdout]   | ^^^^ use of undeclared crate or module `diff`
[INFO] [stdout]   |
[INFO] [stdout] help: consider importing this module
[INFO] [stdout]   |
[INFO] [stdout] 2 + use ej2_diff::diff;
[INFO] [stdout]   |
[INFO] [stdout] 
[INFO] [stdout] error[E0425]: cannot find value `unaMatrizLCS` in this scope
[INFO] [stdout]  --> src/diff.rs:7:19
[INFO] [stdout]   |
[INFO] [stdout] 3 | diff::print_diff(&unaMatrizLCS, &lineasArchivo1, &lineasArchivo2, tamanioArchivo1, tamanioArchivo2);
[INFO] [stdout]   |                   ^^^^^^^^^^^^ not found in this scope
[INFO] [stdout] 
[INFO] [stdout] error[E0425]: cannot find value `lineasArchivo1` in this scope
[INFO] [stdout]  --> src/diff.rs:7:34
[INFO] [stdout]   |
[INFO] [stdout] 3 | diff::print_diff(&unaMatrizLCS, &lineasArchivo1, &lineasArchivo2, tamanioArchivo1, tamanioArchivo2);
[INFO] [stdout]   |                                  ^^^^^^^^^^^^^^ not found in this scope
[INFO] [stdout] 
[INFO] [stdout] error[E0425]: cannot find value `lineasArchivo2` in this scope
[INFO] [stdout]  --> src/diff.rs:7:51
[INFO] [stdout]   |
[INFO] [stdout] 3 | diff::print_diff(&unaMatrizLCS, &lineasArchivo1, &lineasArchivo2, tamanioArchivo1, tamanioArchivo2);
[INFO] [stdout]   |                                                   ^^^^^^^^^^^^^^ not found in this scope
[INFO] [stdout] 
[INFO] [stdout] error[E0425]: cannot find value `tamanioArchivo1` in this scope
[INFO] [stdout]  --> src/diff.rs:7:67
[INFO] [stdout]   |
[INFO] [stdout] 3 | diff::print_diff(&unaMatrizLCS, &lineasArchivo1, &lineasArchivo2, tamanioArchivo1, tamanioArchivo2);
[INFO] [stdout]   |                                                                   ^^^^^^^^^^^^^^^ not found in this scope
[INFO] [stdout] 
[INFO] [stdout] error[E0425]: cannot find value `tamanioArchivo2` in this scope
[INFO] [stdout]  --> src/diff.rs:7:84
[INFO] [stdout]   |
[INFO] [stdout] 3 | diff::print_diff(&unaMatrizLCS, &lineasArchivo1, &lineasArchivo2, tamanioArchivo1, tamanioArchivo2);
[INFO] [stdout]   |                                                                                    ^^^^^^^^^^^^^^^ not found in this scope
[INFO] [stdout] 
[INFO] [stdout] error: aborting due to 6 previous errors
[INFO] [stdout] 
[INFO] [stdout] Some errors have detailed explanations: E0425, E0433.
[INFO] [stdout] For more information about an error, try `rustc --explain E0425`.
[INFO] [stdout] Couldn't compile the test.
[INFO] [stdout] ---- src/matriz.rs - matriz::MatrizLCS::lcs (line 24) stdout ----
[INFO] [stdout] error[E0425]: cannot find value `lineasArchivo1` in this scope
[INFO] [stdout]  --> src/matriz.rs:25:5
[INFO] [stdout]   |
[INFO] [stdout] 3 | lcs(lineasArchivo1, lineasArchivo2);
[INFO] [stdout]   |     ^^^^^^^^^^^^^^ not found in this scope
[INFO] [stdout] 
[INFO] [stdout] error[E0425]: cannot find value `lineasArchivo2` in this scope
[INFO] [stdout]  --> src/matriz.rs:25:21
[INFO] [stdout]   |
[INFO] [stdout] 3 | lcs(lineasArchivo1, lineasArchivo2);
[INFO] [stdout]   |                     ^^^^^^^^^^^^^^ not found in this scope
[INFO] [stdout] 
[INFO] [stdout] error[E0425]: cannot find function `lcs` in this scope
[INFO] [stdout]  --> src/matriz.rs:25:1
[INFO] [stdout]   |
[INFO] [stdout] 3 | lcs(lineasArchivo1, lineasArchivo2);
[INFO] [stdout]   | ^^^ not found in this scope
[INFO] [stdout] 
[INFO] [stdout] error: aborting due to 3 previous errors
[INFO] [stdout] 
[INFO] [stdout] For more information about this error, try `rustc --explain E0425`.
[INFO] [stdout] Couldn't compile the test.
[INFO] [stdout] ---- src/matriz.rs - matriz::MatrizLCS::elemento_en_pos (line 45) stdout ----
[INFO] [stdout] error[E0425]: cannot find value `numfil` in this scope
[INFO] [stdout]  --> src/matriz.rs:46:17
[INFO] [stdout]   |
[INFO] [stdout] 3 | elemento_en_pos(numfil, numCol);
[INFO] [stdout]   |                 ^^^^^^ not found in this scope
[INFO] [stdout] 
[INFO] [stdout] error[E0425]: cannot find value `numCol` in this scope
[INFO] [stdout]  --> src/matriz.rs:46:25
[INFO] [stdout]   |
[INFO] [stdout] 3 | elemento_en_pos(numfil, numCol);
[INFO] [stdout]   |                         ^^^^^^ not found in this scope
[INFO] [stdout] 
[INFO] [stdout] error[E0425]: cannot find function `elemento_en_pos` in this scope
[INFO] [stdout]  --> src/matriz.rs:46:1
[INFO] [stdout]   |
[INFO] [stdout] 3 | elemento_en_pos(numfil, numCol);
[INFO] [stdout]   | ^^^^^^^^^^^^^^^ not found in this scope
[INFO] [stdout] 
[INFO] [stdout] error: aborting due to 3 previous errors
[INFO] [stdout] 
[INFO] [stdout] For more information about this error, try `rustc --explain E0425`.
[INFO] [stdout] Couldn't compile the test.
[INFO] [stdout] 
[INFO] [stdout] failures:
[INFO] [stdout]     src/diff.rs - diff::print_diff (line 6)
[INFO] [stdout]     src/matriz.rs - matriz::MatrizLCS::elemento_en_pos (line 45)
[INFO] [stdout]     src/matriz.rs - matriz::MatrizLCS::lcs (line 24)
[INFO] [stdout]     src/matriz.rs - matriz::MatrizLCS::new (line 11)
[INFO] [stdout] 
[INFO] [stdout] test result: FAILED. 0 passed; 4 failed; 0 ignored; 0 measured; 0 filtered out; finished in 0.04s
[INFO] [stdout] 
[INFO] [stderr] error: doctest failed, to rerun pass `--doc`
[INFO] running `Command { std: "docker" "inspect" "76deb100e60d8ad8c8ba753ea49b4d1c56505d4f7553254f15f11bcf17ffe05d", kill_on_drop: false }`
[INFO] running `Command { std: "docker" "rm" "-f" "76deb100e60d8ad8c8ba753ea49b4d1c56505d4f7553254f15f11bcf17ffe05d", kill_on_drop: false }`
[INFO] [stdout] 76deb100e60d8ad8c8ba753ea49b4d1c56505d4f7553254f15f11bcf17ffe05d
[INFO] testing vickyylopezz/Taller-de-Programacion-95.08-Ej2-diff against beta-2023-12-22 for beta-1.76-1
[INFO] running `Command { std: "git" "clone" "/workspace/cache/git-repos/https%3A%2F%2Fgithub.com%2Fvickyylopezz%2FTaller-de-Programacion-95.08-Ej2-diff" "/workspace/builds/worker-0-tc2/source", kill_on_drop: false }`
[INFO] [stderr] Cloning into '/workspace/builds/worker-0-tc2/source'...
[INFO] [stderr] done.
[INFO] validating manifest of git repo https://github.com/vickyylopezz/Taller-de-Programacion-95.08-Ej2-diff on toolchain beta-2023-12-22
[INFO] running `Command { std: CARGO_HOME="/workspace/cargo-home" RUSTUP_HOME="/workspace/rustup-home" "/workspace/cargo-home/bin/cargo" "+beta-2023-12-22" "metadata" "--manifest-path" "Cargo.toml" "--no-deps", kill_on_drop: false }`
[INFO] started tweaking git repo https://github.com/vickyylopezz/Taller-de-Programacion-95.08-Ej2-diff
[INFO] finished tweaking git repo https://github.com/vickyylopezz/Taller-de-Programacion-95.08-Ej2-diff
[INFO] tweaked toml for git repo https://github.com/vickyylopezz/Taller-de-Programacion-95.08-Ej2-diff written to /workspace/builds/worker-0-tc2/source/Cargo.toml
[INFO] crate git repo https://github.com/vickyylopezz/Taller-de-Programacion-95.08-Ej2-diff already has a lockfile, it will not be regenerated
[INFO] running `Command { std: CARGO_HOME="/workspace/cargo-home" RUSTUP_HOME="/workspace/rustup-home" "/workspace/cargo-home/bin/cargo" "+beta-2023-12-22" "fetch" "--manifest-path" "Cargo.toml", kill_on_drop: false }`
[INFO] running `Command { std: "docker" "create" "-v" "/var/lib/crater-agent-workspace/builds/worker-0-tc2/target:/opt/rustwide/target:rw,Z" "-v" "/var/lib/crater-agent-workspace/builds/worker-0-tc2/source:/opt/rustwide/workdir:ro,Z" "-v" "/var/lib/crater-agent-workspace/cargo-home:/opt/rustwide/cargo-home:ro,Z" "-v" "/var/lib/crater-agent-workspace/rustup-home:/opt/rustwide/rustup-home:ro,Z" "-e" "SOURCE_DIR=/opt/rustwide/workdir" "-e" "CARGO_TARGET_DIR=/opt/rustwide/target" "-e" "CARGO_HOME=/opt/rustwide/cargo-home" "-e" "RUSTUP_HOME=/opt/rustwide/rustup-home" "-w" "/opt/rustwide/workdir" "-m" "1610612736" "--user" "0:0" "--network" "none" "ghcr.io/rust-lang/crates-build-env/linux@sha256:2788e3201cd34a07e3172128adcd8b3090168a8e3bcc40d7c032b9dda1df7d1c" "/opt/rustwide/cargo-home/bin/cargo" "+beta-2023-12-22" "metadata" "--no-deps" "--format-version=1", kill_on_drop: false }`
[INFO] [stdout] 4451b3c7549d8cb35ea8a911be17898c42c78f7415086a2b4b3c3ded6b2ef890
[INFO] running `Command { std: "docker" "start" "-a" "4451b3c7549d8cb35ea8a911be17898c42c78f7415086a2b4b3c3ded6b2ef890", kill_on_drop: false }`
[INFO] running `Command { std: "docker" "inspect" "4451b3c7549d8cb35ea8a911be17898c42c78f7415086a2b4b3c3ded6b2ef890", kill_on_drop: false }`
[INFO] running `Command { std: "docker" "rm" "-f" "4451b3c7549d8cb35ea8a911be17898c42c78f7415086a2b4b3c3ded6b2ef890", kill_on_drop: false }`
[INFO] [stdout] 4451b3c7549d8cb35ea8a911be17898c42c78f7415086a2b4b3c3ded6b2ef890
[INFO] running `Command { std: "docker" "create" "-v" "/var/lib/crater-agent-workspace/builds/worker-0-tc2/target:/opt/rustwide/target:rw,Z" "-v" "/var/lib/crater-agent-workspace/builds/worker-0-tc2/source:/opt/rustwide/workdir:ro,Z" "-v" "/var/lib/crater-agent-workspace/cargo-home:/opt/rustwide/cargo-home:ro,Z" "-v" "/var/lib/crater-agent-workspace/rustup-home:/opt/rustwide/rustup-home:ro,Z" "-e" "SOURCE_DIR=/opt/rustwide/workdir" "-e" "CARGO_TARGET_DIR=/opt/rustwide/target" "-e" "CARGO_INCREMENTAL=0" "-e" "RUST_BACKTRACE=full" "-e" "RUSTFLAGS=--cap-lints=warn" "-e" "RUSTDOCFLAGS=--cap-lints=warn" "-e" "CARGO_HOME=/opt/rustwide/cargo-home" "-e" "RUSTUP_HOME=/opt/rustwide/rustup-home" "-w" "/opt/rustwide/workdir" "-m" "1610612736" "--user" "0:0" "--network" "none" "ghcr.io/rust-lang/crates-build-env/linux@sha256:2788e3201cd34a07e3172128adcd8b3090168a8e3bcc40d7c032b9dda1df7d1c" "/opt/rustwide/cargo-home/bin/cargo" "+beta-2023-12-22" "build" "--frozen" "--message-format=json", kill_on_drop: false }`
[INFO] [stdout] 9cdf22ad7159d4f8a2dc0e1db3f090fc573296130744523c473c07e1fdc19648
[INFO] running `Command { std: "docker" "start" "-a" "9cdf22ad7159d4f8a2dc0e1db3f090fc573296130744523c473c07e1fdc19648", kill_on_drop: false }`
[INFO] [stderr]    Compiling ej2-diff v0.1.0 (/opt/rustwide/workdir)
[INFO] [stderr]     Finished dev [unoptimized + debuginfo] target(s) in 0.38s
[INFO] running `Command { std: "docker" "inspect" "9cdf22ad7159d4f8a2dc0e1db3f090fc573296130744523c473c07e1fdc19648", kill_on_drop: false }`
[INFO] running `Command { std: "docker" "rm" "-f" "9cdf22ad7159d4f8a2dc0e1db3f090fc573296130744523c473c07e1fdc19648", kill_on_drop: false }`
[INFO] [stdout] 9cdf22ad7159d4f8a2dc0e1db3f090fc573296130744523c473c07e1fdc19648
[INFO] running `Command { std: "docker" "create" "-v" "/var/lib/crater-agent-workspace/builds/worker-0-tc2/target:/opt/rustwide/target:rw,Z" "-v" "/var/lib/crater-agent-workspace/builds/worker-0-tc2/source:/opt/rustwide/workdir:ro,Z" "-v" "/var/lib/crater-agent-workspace/cargo-home:/opt/rustwide/cargo-home:ro,Z" "-v" "/var/lib/crater-agent-workspace/rustup-home:/opt/rustwide/rustup-home:ro,Z" "-e" "SOURCE_DIR=/opt/rustwide/workdir" "-e" "CARGO_TARGET_DIR=/opt/rustwide/target" "-e" "CARGO_INCREMENTAL=0" "-e" "RUST_BACKTRACE=full" "-e" "RUSTFLAGS=--cap-lints=warn" "-e" "RUSTDOCFLAGS=--cap-lints=warn" "-e" "CARGO_HOME=/opt/rustwide/cargo-home" "-e" "RUSTUP_HOME=/opt/rustwide/rustup-home" "-w" "/opt/rustwide/workdir" "-m" "1610612736" "--user" "0:0" "--network" "none" "ghcr.io/rust-lang/crates-build-env/linux@sha256:2788e3201cd34a07e3172128adcd8b3090168a8e3bcc40d7c032b9dda1df7d1c" "/opt/rustwide/cargo-home/bin/cargo" "+beta-2023-12-22" "test" "--frozen" "--no-run" "--message-format=json", kill_on_drop: false }`
[INFO] [stdout] 247f7060836f197e2faf37da39726e8a5758482964b097f18f78b800a61dd41f
[INFO] running `Command { std: "docker" "start" "-a" "247f7060836f197e2faf37da39726e8a5758482964b097f18f78b800a61dd41f", kill_on_drop: false }`
[INFO] [stderr]    Compiling ej2-diff v0.1.0 (/opt/rustwide/workdir)
[INFO] [stderr]     Finished test [unoptimized + debuginfo] target(s) in 0.21s
[INFO] running `Command { std: "docker" "inspect" "247f7060836f197e2faf37da39726e8a5758482964b097f18f78b800a61dd41f", kill_on_drop: false }`
[INFO] running `Command { std: "docker" "rm" "-f" "247f7060836f197e2faf37da39726e8a5758482964b097f18f78b800a61dd41f", kill_on_drop: false }`
[INFO] [stdout] 247f7060836f197e2faf37da39726e8a5758482964b097f18f78b800a61dd41f
[INFO] running `Command { std: "docker" "create" "-v" "/var/lib/crater-agent-workspace/builds/worker-0-tc2/target:/opt/rustwide/target:rw,Z" "-v" "/var/lib/crater-agent-workspace/builds/worker-0-tc2/source:/opt/rustwide/workdir:ro,Z" "-v" "/var/lib/crater-agent-workspace/cargo-home:/opt/rustwide/cargo-home:ro,Z" "-v" "/var/lib/crater-agent-workspace/rustup-home:/opt/rustwide/rustup-home:ro,Z" "-e" "SOURCE_DIR=/opt/rustwide/workdir" "-e" "CARGO_TARGET_DIR=/opt/rustwide/target" "-e" "CARGO_INCREMENTAL=0" "-e" "RUST_BACKTRACE=full" "-e" "RUSTFLAGS=--cap-lints=warn" "-e" "RUSTDOCFLAGS=--cap-lints=warn" "-e" "CARGO_HOME=/opt/rustwide/cargo-home" "-e" "RUSTUP_HOME=/opt/rustwide/rustup-home" "-w" "/opt/rustwide/workdir" "-m" "1610612736" "--user" "0:0" "--network" "none" "ghcr.io/rust-lang/crates-build-env/linux@sha256:2788e3201cd34a07e3172128adcd8b3090168a8e3bcc40d7c032b9dda1df7d1c" "/opt/rustwide/cargo-home/bin/cargo" "+beta-2023-12-22" "test" "--frozen", kill_on_drop: false }`
[INFO] [stdout] 0ed6e1dd855ac04bfaa1520832dd8b3031e5d47f08db2c9c93761edf4dec538e
[INFO] running `Command { std: "docker" "start" "-a" "0ed6e1dd855ac04bfaa1520832dd8b3031e5d47f08db2c9c93761edf4dec538e", kill_on_drop: false }`
[INFO] [stderr]     Finished test [unoptimized + debuginfo] target(s) in 0.00s
[INFO] [stderr]      Running unittests src/lib.rs (/opt/rustwide/target/debug/deps/ej2_diff-ef42f401d3eb4e0d)
[INFO] [stdout] 
[INFO] [stdout] running 0 tests
[INFO] [stdout] 
[INFO] [stdout] test result: ok. 0 passed; 0 failed; 0 ignored; 0 measured; 0 filtered out; finished in 0.00s
[INFO] [stdout] 
[INFO] [stderr]      Running unittests src/main.rs (/opt/rustwide/target/debug/deps/ej2_diff-a1238f1da1157fec)
[INFO] [stdout] 
[INFO] [stdout] running 0 tests
[INFO] [stdout] 
[INFO] [stdout] test result: ok. 0 passed; 0 failed; 0 ignored; 0 measured; 0 filtered out; finished in 0.00s
[INFO] [stdout] 
[INFO] [stderr]    Doc-tests ej2-diff
[INFO] [stdout] 
[INFO] [stdout] running 4 tests
[INFO] [stdout] test src/diff.rs - diff::print_diff (line 6) ... FAILED
[INFO] [stdout] test src/matriz.rs - matriz::MatrizLCS::elemento_en_pos (line 45) ... FAILED
[INFO] [stdout] test src/matriz.rs - matriz::MatrizLCS::lcs (line 24) ... FAILED
[INFO] [stdout] test src/matriz.rs - matriz::MatrizLCS::new (line 11) ... FAILED
[INFO] [stdout] 
[INFO] [stdout] failures:
[INFO] [stdout] 
[INFO] [stdout] ---- src/diff.rs - diff::print_diff (line 6) stdout ----
[INFO] [stdout] error[E0433]: failed to resolve: use of undeclared crate or module `diff`
[INFO] [stdout]  --> src/diff.rs:7:1
[INFO] [stdout]   |
[INFO] [stdout] 3 | diff::print_diff(&unaMatrizLCS, &lineasArchivo1, &lineasArchivo2, tamanioArchivo1, tamanioArchivo2);
[INFO] [stdout]   | ^^^^ use of undeclared crate or module `diff`
[INFO] [stdout]   |
[INFO] [stdout] help: consider importing this module
[INFO] [stdout]   |
[INFO] [stdout] 2 + use ej2_diff::diff;
[INFO] [stdout]   |
[INFO] [stdout] 
[INFO] [stdout] error[E0425]: cannot find value `unaMatrizLCS` in this scope
[INFO] [stdout]  --> src/diff.rs:7:19
[INFO] [stdout]   |
[INFO] [stdout] 3 | diff::print_diff(&unaMatrizLCS, &lineasArchivo1, &lineasArchivo2, tamanioArchivo1, tamanioArchivo2);
[INFO] [stdout]   |                   ^^^^^^^^^^^^ not found in this scope
[INFO] [stdout] 
[INFO] [stdout] error[E0425]: cannot find value `lineasArchivo1` in this scope
[INFO] [stdout]  --> src/diff.rs:7:34
[INFO] [stdout]   |
[INFO] [stdout] 3 | diff::print_diff(&unaMatrizLCS, &lineasArchivo1, &lineasArchivo2, tamanioArchivo1, tamanioArchivo2);
[INFO] [stdout]   |                                  ^^^^^^^^^^^^^^ not found in this scope
[INFO] [stdout] 
[INFO] [stdout] error[E0425]: cannot find value `lineasArchivo2` in this scope
[INFO] [stdout]  --> src/diff.rs:7:51
[INFO] [stdout]   |
[INFO] [stdout] 3 | diff::print_diff(&unaMatrizLCS, &lineasArchivo1, &lineasArchivo2, tamanioArchivo1, tamanioArchivo2);
[INFO] [stdout]   |                                                   ^^^^^^^^^^^^^^ not found in this scope
[INFO] [stdout] 
[INFO] [stdout] error[E0425]: cannot find value `tamanioArchivo1` in this scope
[INFO] [stdout]  --> src/diff.rs:7:67
[INFO] [stdout]   |
[INFO] [stdout] 3 | diff::print_diff(&unaMatrizLCS, &lineasArchivo1, &lineasArchivo2, tamanioArchivo1, tamanioArchivo2);
[INFO] [stdout]   |                                                                   ^^^^^^^^^^^^^^^ not found in this scope
[INFO] [stdout] 
[INFO] [stdout] error[E0425]: cannot find value `tamanioArchivo2` in this scope
[INFO] [stdout]  --> src/diff.rs:7:84
[INFO] [stdout]   |
[INFO] [stdout] 3 | diff::print_diff(&unaMatrizLCS, &lineasArchivo1, &lineasArchivo2, tamanioArchivo1, tamanioArchivo2);
[INFO] [stdout]   |                                                                                    ^^^^^^^^^^^^^^^ not found in this scope
[INFO] [stdout] 
[INFO] [stdout] error: aborting due to 6 previous errors
[INFO] [stdout] 
[INFO] [stdout] Some errors have detailed explanations: E0425, E0433.
[INFO] [stdout] For more information about an error, try `rustc --explain E0425`.
[INFO] [stdout] Couldn't compile the test.
[INFO] [stdout] ---- src/matriz.rs - matriz::MatrizLCS::elemento_en_pos (line 45) stdout ----
[INFO] [stdout] error[E0425]: cannot find value `numfil` in this scope
[INFO] [stdout]  --> src/matriz.rs:46:17
[INFO] [stdout]   |
[INFO] [stdout] 3 | elemento_en_pos(numfil, numCol);
[INFO] [stdout]   |                 ^^^^^^ not found in this scope
[INFO] [stdout] 
[INFO] [stdout] error[E0425]: cannot find value `numCol` in this scope
[INFO] [stdout]  --> src/matriz.rs:46:25
[INFO] [stdout]   |
[INFO] [stdout] 3 | elemento_en_pos(numfil, numCol);
[INFO] [stdout]   |                         ^^^^^^ not found in this scope
[INFO] [stdout] 
[INFO] [stdout] error[E0425]: cannot find function `elemento_en_pos` in this scope
[INFO] [stdout]  --> src/matriz.rs:46:1
[INFO] [stdout]   |
[INFO] [stdout] 3 | elemento_en_pos(numfil, numCol);
[INFO] [stdout]   | ^^^^^^^^^^^^^^^ not found in this scope
[INFO] [stdout] 
[INFO] [stdout] error: aborting due to 3 previous errors
[INFO] [stdout] 
[INFO] [stdout] For more information about this error, try `rustc --explain E0425`.
[INFO] [stdout] Couldn't compile the test.
[INFO] [stdout] ---- src/matriz.rs - matriz::MatrizLCS::lcs (line 24) stdout ----
[INFO] [stdout] error[E0425]: cannot find value `lineasArchivo1` in this scope
[INFO] [stdout]  --> src/matriz.rs:25:5
[INFO] [stdout]   |
[INFO] [stdout] 3 | lcs(lineasArchivo1, lineasArchivo2);
[INFO] [stdout]   |     ^^^^^^^^^^^^^^ not found in this scope
[INFO] [stdout] 
[INFO] [stdout] error[E0425]: cannot find value `lineasArchivo2` in this scope
[INFO] [stdout]  --> src/matriz.rs:25:21
[INFO] [stdout]   |
[INFO] [stdout] 3 | lcs(lineasArchivo1, lineasArchivo2);
[INFO] [stdout]   |                     ^^^^^^^^^^^^^^ not found in this scope
[INFO] [stdout] 
[INFO] [stdout] error[E0425]: cannot find function `lcs` in this scope
[INFO] [stdout]  --> src/matriz.rs:25:1
[INFO] [stdout]   |
[INFO] [stdout] 3 | lcs(lineasArchivo1, lineasArchivo2);
[INFO] [stdout]   | ^^^ not found in this scope
[INFO] [stdout] 
[INFO] [stdout] error: aborting due to 3 previous errors
[INFO] [stdout] 
[INFO] [stdout] For more information about this error, try `rustc --explain E0425`.
[INFO] [stdout] Couldn't compile the test.
[INFO] [stdout] ---- src/matriz.rs - matriz::MatrizLCS::new (line 11) stdout ----
[INFO] [stdout] error[E0433]: failed to resolve: use of undeclared type `MatrizLCS`
[INFO] [stdout]  --> src/matriz.rs:12:14
[INFO] [stdout]   |
[INFO] [stdout] 3 | let matriz = MatrizLCS::new(cantLineasArchivo1, cantLineasArchivo2);
[INFO] [stdout]   |              ^^^^^^^^^ use of undeclared type `MatrizLCS`
[INFO] [stdout]   |
[INFO] [stdout] help: consider importing this struct
[INFO] [stdout]   |
[INFO] [stdout] 2 + use ej2_diff::matriz::MatrizLCS;
[INFO] [stdout]   |
[INFO] [stdout] 
[INFO] [stdout] error[E0425]: cannot find value `cantLineasArchivo1` in this scope
[INFO] [stdout]  --> src/matriz.rs:12:29
[INFO] [stdout]   |
[INFO] [stdout] 3 | let matriz = MatrizLCS::new(cantLineasArchivo1, cantLineasArchivo2);
[INFO] [stdout]   |                             ^^^^^^^^^^^^^^^^^^ not found in this scope
[INFO] [stdout] 
[INFO] [stdout] error[E0425]: cannot find value `cantLineasArchivo2` in this scope
[INFO] [stdout]  --> src/matriz.rs:12:49
[INFO] [stdout]   |
[INFO] [stdout] 3 | let matriz = MatrizLCS::new(cantLineasArchivo1, cantLineasArchivo2);
[INFO] [stdout]   |                                                 ^^^^^^^^^^^^^^^^^^ not found in this scope
[INFO] [stdout] 
[INFO] [stdout] error: aborting due to 3 previous errors
[INFO] [stdout] 
[INFO] [stdout] Some errors have detailed explanations: E0425, E0433.
[INFO] [stdout] For more information about an error, try `rustc --explain E0425`.
[INFO] [stdout] Couldn't compile the test.
[INFO] [stdout] 
[INFO] [stdout] failures:
[INFO] [stdout]     src/diff.rs - diff::print_diff (line 6)
[INFO] [stdout]     src/matriz.rs - matriz::MatrizLCS::elemento_en_pos (line 45)
[INFO] [stdout]     src/matriz.rs - matriz::MatrizLCS::lcs (line 24)
[INFO] [stdout]     src/matriz.rs - matriz::MatrizLCS::new (line 11)
[INFO] [stdout] 
[INFO] [stdout] test result: FAILED. 0 passed; 4 failed; 0 ignored; 0 measured; 0 filtered out; finished in 0.04s
[INFO] [stdout] 
[INFO] [stderr] error: doctest failed, to rerun pass `--doc`
[INFO] running `Command { std: "docker" "inspect" "0ed6e1dd855ac04bfaa1520832dd8b3031e5d47f08db2c9c93761edf4dec538e", kill_on_drop: false }`
[INFO] running `Command { std: "docker" "rm" "-f" "0ed6e1dd855ac04bfaa1520832dd8b3031e5d47f08db2c9c93761edf4dec538e", kill_on_drop: false }`
[INFO] [stdout] 0ed6e1dd855ac04bfaa1520832dd8b3031e5d47f08db2c9c93761edf4dec538e
